--
--

\connect keycloak;
SELECT pg_catalog.set_config('search_path', '', false);



--
-- Name: admin_event_entity; Type: TABLE; Schema: public; Owner: keycloak
--

CREATE TABLE public.admin_event_entity (
    id character varying(36) NOT NULL,
    admin_event_time bigint,
    realm_id character varying(255),
    operation_type character varying(255),
    auth_realm_id character varying(255),
    auth_client_id character varying(255),
    auth_user_id character varying(255),
    ip_address character varying(255),
    resource_path character varying(2550),
    representation text,
    error character varying(255),
    resource_type character varying(64)
);


ALTER TABLE public.admin_event_entity OWNER TO keycloak;

--
-- Name: associated_policy; Type: TABLE; Schema: public; Owner: keycloak
--

CREATE TABLE public.associated_policy (
    policy_id character varying(36) NOT NULL,
    associated_policy_id character varying(36) NOT NULL
);


ALTER TABLE public.associated_policy OWNER TO keycloak;

--
-- Name: authentication_execution; Type: TABLE; Schema: public; Owner: keycloak
--

CREATE TABLE public.authentication_execution (
    id character varying(36) NOT NULL,
    alias character varying(255),
    authenticator character varying(36),
    realm_id character varying(36),
    flow_id character varying(36),
    requirement integer,
    priority integer,
    authenticator_flow boolean DEFAULT false NOT NULL,
    auth_flow_id character varying(36),
    auth_config character varying(36)
);


ALTER TABLE public.authentication_execution OWNER TO keycloak;

--
-- Name: authentication_flow; Type: TABLE; Schema: public; Owner: keycloak
--

CREATE TABLE public.authentication_flow (
    id character varying(36) NOT NULL,
    alias character varying(255),
    description character varying(255),
    realm_id character varying(36),
    provider_id character varying(36) DEFAULT 'basic-flow'::character varying NOT NULL,
    top_level boolean DEFAULT false NOT NULL,
    built_in boolean DEFAULT false NOT NULL
);


ALTER TABLE public.authentication_flow OWNER TO keycloak;

--
-- Name: authenticator_config; Type: TABLE; Schema: public; Owner: keycloak
--

CREATE TABLE public.authenticator_config (
    id character varying(36) NOT NULL,
    alias character varying(255),
    realm_id character varying(36)
);


ALTER TABLE public.authenticator_config OWNER TO keycloak;

--
-- Name: authenticator_config_entry; Type: TABLE; Schema: public; Owner: keycloak
--

CREATE TABLE public.authenticator_config_entry (
    authenticator_id character varying(36) NOT NULL,
    value text,
    name character varying(255) NOT NULL
);


ALTER TABLE public.authenticator_config_entry OWNER TO keycloak;

--
-- Name: broker_link; Type: TABLE; Schema: public; Owner: keycloak
--

CREATE TABLE public.broker_link (
    identity_provider character varying(255) NOT NULL,
    storage_provider_id character varying(255),
    realm_id character varying(36) NOT NULL,
    broker_user_id character varying(255),
    broker_username character varying(255),
    token text,
    user_id character varying(255) NOT NULL
);


ALTER TABLE public.broker_link OWNER TO keycloak;

--
-- Name: client; Type: TABLE; Schema: public; Owner: keycloak
--

CREATE TABLE public.client (
    id character varying(36) NOT NULL,
    enabled boolean DEFAULT false NOT NULL,
    full_scope_allowed boolean DEFAULT false NOT NULL,
    client_id character varying(255),
    not_before integer,
    public_client boolean DEFAULT false NOT NULL,
    secret character varying(255),
    base_url character varying(255),
    bearer_only boolean DEFAULT false NOT NULL,
    management_url character varying(255),
    surrogate_auth_required boolean DEFAULT false NOT NULL,
    realm_id character varying(36),
    protocol character varying(255),
    node_rereg_timeout integer DEFAULT 0,
    frontchannel_logout boolean DEFAULT false NOT NULL,
    consent_required boolean DEFAULT false NOT NULL,
    name character varying(255),
    service_accounts_enabled boolean DEFAULT false NOT NULL,
    client_authenticator_type character varying(255),
    root_url character varying(255),
    description character varying(255),
    registration_token character varying(255),
    standard_flow_enabled boolean DEFAULT true NOT NULL,
    implicit_flow_enabled boolean DEFAULT false NOT NULL,
    direct_access_grants_enabled boolean DEFAULT false NOT NULL,
    always_display_in_console boolean DEFAULT false NOT NULL
);


ALTER TABLE public.client OWNER TO keycloak;

--
-- Name: client_attributes; Type: TABLE; Schema: public; Owner: keycloak
--

CREATE TABLE public.client_attributes (
    client_id character varying(36) NOT NULL,
    value character varying(4000),
    name character varying(255) NOT NULL
);


ALTER TABLE public.client_attributes OWNER TO keycloak;

--
-- Name: client_auth_flow_bindings; Type: TABLE; Schema: public; Owner: keycloak
--

CREATE TABLE public.client_auth_flow_bindings (
    client_id character varying(36) NOT NULL,
    flow_id character varying(36),
    binding_name character varying(255) NOT NULL
);


ALTER TABLE public.client_auth_flow_bindings OWNER TO keycloak;

--
-- Name: client_default_roles; Type: TABLE; Schema: public; Owner: keycloak
--

CREATE TABLE public.client_default_roles (
    client_id character varying(36) NOT NULL,
    role_id character varying(36) NOT NULL
);


ALTER TABLE public.client_default_roles OWNER TO keycloak;

--
-- Name: client_initial_access; Type: TABLE; Schema: public; Owner: keycloak
--

CREATE TABLE public.client_initial_access (
    id character varying(36) NOT NULL,
    realm_id character varying(36) NOT NULL,
    "timestamp" integer,
    expiration integer,
    count integer,
    remaining_count integer
);


ALTER TABLE public.client_initial_access OWNER TO keycloak;

--
-- Name: client_node_registrations; Type: TABLE; Schema: public; Owner: keycloak
--

CREATE TABLE public.client_node_registrations (
    client_id character varying(36) NOT NULL,
    value integer,
    name character varying(255) NOT NULL
);


ALTER TABLE public.client_node_registrations OWNER TO keycloak;

--
-- Name: client_scope; Type: TABLE; Schema: public; Owner: keycloak
--

CREATE TABLE public.client_scope (
    id character varying(36) NOT NULL,
    name character varying(255),
    realm_id character varying(36),
    description character varying(255),
    protocol character varying(255)
);


ALTER TABLE public.client_scope OWNER TO keycloak;

--
-- Name: client_scope_attributes; Type: TABLE; Schema: public; Owner: keycloak
--

CREATE TABLE public.client_scope_attributes (
    scope_id character varying(36) NOT NULL,
    value character varying(2048),
    name character varying(255) NOT NULL
);


ALTER TABLE public.client_scope_attributes OWNER TO keycloak;

--
-- Name: client_scope_client; Type: TABLE; Schema: public; Owner: keycloak
--

CREATE TABLE public.client_scope_client (
    client_id character varying(36) NOT NULL,
    scope_id character varying(36) NOT NULL,
    default_scope boolean DEFAULT false NOT NULL
);


ALTER TABLE public.client_scope_client OWNER TO keycloak;

--
-- Name: client_scope_role_mapping; Type: TABLE; Schema: public; Owner: keycloak
--

CREATE TABLE public.client_scope_role_mapping (
    scope_id character varying(36) NOT NULL,
    role_id character varying(36) NOT NULL
);


ALTER TABLE public.client_scope_role_mapping OWNER TO keycloak;

--
-- Name: client_session; Type: TABLE; Schema: public; Owner: keycloak
--

CREATE TABLE public.client_session (
    id character varying(36) NOT NULL,
    client_id character varying(36),
    redirect_uri character varying(255),
    state character varying(255),
    "timestamp" integer,
    session_id character varying(36),
    auth_method character varying(255),
    realm_id character varying(255),
    auth_user_id character varying(36),
    current_action character varying(36)
);


ALTER TABLE public.client_session OWNER TO keycloak;

--
-- Name: client_session_auth_status; Type: TABLE; Schema: public; Owner: keycloak
--

CREATE TABLE public.client_session_auth_status (
    authenticator character varying(36) NOT NULL,
    status integer,
    client_session character varying(36) NOT NULL
);


ALTER TABLE public.client_session_auth_status OWNER TO keycloak;

--
-- Name: client_session_note; Type: TABLE; Schema: public; Owner: keycloak
--

CREATE TABLE public.client_session_note (
    name character varying(255) NOT NULL,
    value character varying(255),
    client_session character varying(36) NOT NULL
);


ALTER TABLE public.client_session_note OWNER TO keycloak;

--
-- Name: client_session_prot_mapper; Type: TABLE; Schema: public; Owner: keycloak
--

CREATE TABLE public.client_session_prot_mapper (
    protocol_mapper_id character varying(36) NOT NULL,
    client_session character varying(36) NOT NULL
);


ALTER TABLE public.client_session_prot_mapper OWNER TO keycloak;

--
-- Name: client_session_role; Type: TABLE; Schema: public; Owner: keycloak
--

CREATE TABLE public.client_session_role (
    role_id character varying(255) NOT NULL,
    client_session character varying(36) NOT NULL
);


ALTER TABLE public.client_session_role OWNER TO keycloak;

--
-- Name: client_user_session_note; Type: TABLE; Schema: public; Owner: keycloak
--

CREATE TABLE public.client_user_session_note (
    name character varying(255) NOT NULL,
    value character varying(2048),
    client_session character varying(36) NOT NULL
);


ALTER TABLE public.client_user_session_note OWNER TO keycloak;

--
-- Name: component; Type: TABLE; Schema: public; Owner: keycloak
--

CREATE TABLE public.component (
    id character varying(36) NOT NULL,
    name character varying(255),
    parent_id character varying(36),
    provider_id character varying(36),
    provider_type character varying(255),
    realm_id character varying(36),
    sub_type character varying(255)
);


ALTER TABLE public.component OWNER TO keycloak;

--
-- Name: component_config; Type: TABLE; Schema: public; Owner: keycloak
--

CREATE TABLE public.component_config (
    id character varying(36) NOT NULL,
    component_id character varying(36) NOT NULL,
    name character varying(255) NOT NULL,
    value character varying(4000)
);


ALTER TABLE public.component_config OWNER TO keycloak;

--
-- Name: composite_role; Type: TABLE; Schema: public; Owner: keycloak
--

CREATE TABLE public.composite_role (
    composite character varying(36) NOT NULL,
    child_role character varying(36) NOT NULL
);


ALTER TABLE public.composite_role OWNER TO keycloak;

--
-- Name: credential; Type: TABLE; Schema: public; Owner: keycloak
--

CREATE TABLE public.credential (
    id character varying(36) NOT NULL,
    salt bytea,
    type character varying(255),
    user_id character varying(36),
    created_date bigint,
    user_label character varying(255),
    secret_data text,
    credential_data text,
    priority integer
);


ALTER TABLE public.credential OWNER TO keycloak;

--
-- Name: databasechangelog; Type: TABLE; Schema: public; Owner: keycloak
--
CREATE TABLE public.databasechangelog (
    id character varying(255) NOT NULL,
    author character varying(255) NOT NULL,
    filename character varying(255) NOT NULL,
    dateexecuted timestamp without time zone NOT NULL,
    orderexecuted integer NOT NULL,
    exectype character varying(10) NOT NULL,
    md5sum character varying(35),
    description character varying(255),
    comments character varying(255),
    tag character varying(255),
    liquibase character varying(20),
    contexts character varying(255),
    labels character varying(255),
    deployment_id character varying(10)
);


ALTER TABLE public.databasechangelog OWNER TO keycloak;

--
-- Name: databasechangeloglock; Type: TABLE; Schema: public; Owner: keycloak
--
CREATE TABLE public.databasechangeloglock (
    id integer NOT NULL,
    locked boolean NOT NULL,
    lockgranted timestamp without time zone,
    lockedby character varying(255)
);


ALTER TABLE public.databasechangeloglock OWNER TO keycloak;

--
-- Name: default_client_scope; Type: TABLE; Schema: public; Owner: keycloak
--

CREATE TABLE public.default_client_scope (
    realm_id character varying(36) NOT NULL,
    scope_id character varying(36) NOT NULL,
    default_scope boolean DEFAULT false NOT NULL
);


ALTER TABLE public.default_client_scope OWNER TO keycloak;

--
-- Name: event_entity; Type: TABLE; Schema: public; Owner: keycloak
--

CREATE TABLE public.event_entity (
    id character varying(36) NOT NULL,
    client_id character varying(255),
    details_json character varying(2550),
    error character varying(255),
    ip_address character varying(255),
    realm_id character varying(255),
    session_id character varying(255),
    event_time bigint,
    type character varying(255),
    user_id character varying(255)
);


ALTER TABLE public.event_entity OWNER TO keycloak;

--
-- Name: fed_user_attribute; Type: TABLE; Schema: public; Owner: keycloak
--

CREATE TABLE public.fed_user_attribute (
    id character varying(36) NOT NULL,
    name character varying(255) NOT NULL,
    user_id character varying(255) NOT NULL,
    realm_id character varying(36) NOT NULL,
    storage_provider_id character varying(36),
    value character varying(2024)
);


ALTER TABLE public.fed_user_attribute OWNER TO keycloak;

--
-- Name: fed_user_consent; Type: TABLE; Schema: public; Owner: keycloak
--

CREATE TABLE public.fed_user_consent (
    id character varying(36) NOT NULL,
    client_id character varying(255),
    user_id character varying(255) NOT NULL,
    realm_id character varying(36) NOT NULL,
    storage_provider_id character varying(36),
    created_date bigint,
    last_updated_date bigint,
    client_storage_provider character varying(36),
    external_client_id character varying(255)
);


ALTER TABLE public.fed_user_consent OWNER TO keycloak;

--
-- Name: fed_user_consent_cl_scope; Type: TABLE; Schema: public; Owner: keycloak
--

CREATE TABLE public.fed_user_consent_cl_scope (
    user_consent_id character varying(36) NOT NULL,
    scope_id character varying(36) NOT NULL
);


ALTER TABLE public.fed_user_consent_cl_scope OWNER TO keycloak;

--
-- Name: fed_user_credential; Type: TABLE; Schema: public; Owner: keycloak
--

CREATE TABLE public.fed_user_credential (
    id character varying(36) NOT NULL,
    salt bytea,
    type character varying(255),
    created_date bigint,
    user_id character varying(255) NOT NULL,
    realm_id character varying(36) NOT NULL,
    storage_provider_id character varying(36),
    user_label character varying(255),
    secret_data text,
    credential_data text,
    priority integer
);


ALTER TABLE public.fed_user_credential OWNER TO keycloak;

--
-- Name: fed_user_group_membership; Type: TABLE; Schema: public; Owner: keycloak
--

CREATE TABLE public.fed_user_group_membership (
    group_id character varying(36) NOT NULL,
    user_id character varying(255) NOT NULL,
    realm_id character varying(36) NOT NULL,
    storage_provider_id character varying(36)
);


ALTER TABLE public.fed_user_group_membership OWNER TO keycloak;

--
-- Name: fed_user_required_action; Type: TABLE; Schema: public; Owner: keycloak
--

CREATE TABLE public.fed_user_required_action (
    required_action character varying(255) DEFAULT ' '::character varying NOT NULL,
    user_id character varying(255) NOT NULL,
    realm_id character varying(36) NOT NULL,
    storage_provider_id character varying(36)
);


ALTER TABLE public.fed_user_required_action OWNER TO keycloak;

--
-- Name: fed_user_role_mapping; Type: TABLE; Schema: public; Owner: keycloak
--

CREATE TABLE public.fed_user_role_mapping (
    role_id character varying(36) NOT NULL,
    user_id character varying(255) NOT NULL,
    realm_id character varying(36) NOT NULL,
    storage_provider_id character varying(36)
);


ALTER TABLE public.fed_user_role_mapping OWNER TO keycloak;

--
-- Name: federated_identity; Type: TABLE; Schema: public; Owner: keycloak
--

CREATE TABLE public.federated_identity (
    identity_provider character varying(255) NOT NULL,
    realm_id character varying(36),
    federated_user_id character varying(255),
    federated_username character varying(255),
    token text,
    user_id character varying(36) NOT NULL
);


ALTER TABLE public.federated_identity OWNER TO keycloak;

--
-- Name: federated_user; Type: TABLE; Schema: public; Owner: keycloak
--

CREATE TABLE public.federated_user (
    id character varying(255) NOT NULL,
    storage_provider_id character varying(255),
    realm_id character varying(36) NOT NULL
);


ALTER TABLE public.federated_user OWNER TO keycloak;

--
-- Name: group_attribute; Type: TABLE; Schema: public; Owner: keycloak
--

CREATE TABLE public.group_attribute (
    id character varying(36) DEFAULT 'sybase-needs-something-here'::character varying NOT NULL,
    name character varying(255) NOT NULL,
    value character varying(255),
    group_id character varying(36) NOT NULL
);


ALTER TABLE public.group_attribute OWNER TO keycloak;

--
-- Name: group_role_mapping; Type: TABLE; Schema: public; Owner: keycloak
--

CREATE TABLE public.group_role_mapping (
    role_id character varying(36) NOT NULL,
    group_id character varying(36) NOT NULL
);


ALTER TABLE public.group_role_mapping OWNER TO keycloak;

--
-- Name: identity_provider; Type: TABLE; Schema: public; Owner: keycloak
--

CREATE TABLE public.identity_provider (
    internal_id character varying(36) NOT NULL,
    enabled boolean DEFAULT false NOT NULL,
    provider_alias character varying(255),
    provider_id character varying(255),
    store_token boolean DEFAULT false NOT NULL,
    authenticate_by_default boolean DEFAULT false NOT NULL,
    realm_id character varying(36),
    add_token_role boolean DEFAULT true NOT NULL,
    trust_email boolean DEFAULT false NOT NULL,
    first_broker_login_flow_id character varying(36),
    post_broker_login_flow_id character varying(36),
    provider_display_name character varying(255),
    link_only boolean DEFAULT false NOT NULL
);


ALTER TABLE public.identity_provider OWNER TO keycloak;

--
-- Name: identity_provider_config; Type: TABLE; Schema: public; Owner: keycloak
--

CREATE TABLE public.identity_provider_config (
    identity_provider_id character varying(36) NOT NULL,
    value text,
    name character varying(255) NOT NULL
);


ALTER TABLE public.identity_provider_config OWNER TO keycloak;

--
-- Name: identity_provider_mapper; Type: TABLE; Schema: public; Owner: keycloak
--

CREATE TABLE public.identity_provider_mapper (
    id character varying(36) NOT NULL,
    name character varying(255) NOT NULL,
    idp_alias character varying(255) NOT NULL,
    idp_mapper_name character varying(255) NOT NULL,
    realm_id character varying(36) NOT NULL
);


ALTER TABLE public.identity_provider_mapper OWNER TO keycloak;

--
-- Name: idp_mapper_config; Type: TABLE; Schema: public; Owner: keycloak
--

CREATE TABLE public.idp_mapper_config (
    idp_mapper_id character varying(36) NOT NULL,
    value text,
    name character varying(255) NOT NULL
);


ALTER TABLE public.idp_mapper_config OWNER TO keycloak;

--
-- Name: keycloak_group; Type: TABLE; Schema: public; Owner: keycloak
--

CREATE TABLE public.keycloak_group (
    id character varying(36) NOT NULL,
    name character varying(255),
    parent_group character varying(36) NOT NULL,
    realm_id character varying(36)
);


ALTER TABLE public.keycloak_group OWNER TO keycloak;

--
-- Name: keycloak_role; Type: TABLE; Schema: public; Owner: keycloak
--

CREATE TABLE public.keycloak_role (
    id character varying(36) NOT NULL,
    client_realm_constraint character varying(255),
    client_role boolean DEFAULT false NOT NULL,
    description character varying(255),
    name character varying(255),
    realm_id character varying(255),
    client character varying(36),
    realm character varying(36)
);


ALTER TABLE public.keycloak_role OWNER TO keycloak;

--
-- Name: migration_model; Type: TABLE; Schema: public; Owner: keycloak
--

CREATE TABLE public.migration_model (
    id character varying(36) NOT NULL,
    version character varying(36),
    update_time bigint DEFAULT 0 NOT NULL
);


ALTER TABLE public.migration_model OWNER TO keycloak;

--
-- Name: offline_client_session; Type: TABLE; Schema: public; Owner: keycloak
--

CREATE TABLE public.offline_client_session (
    user_session_id character varying(36) NOT NULL,
    client_id character varying(255) NOT NULL,
    offline_flag character varying(4) NOT NULL,
    "timestamp" integer,
    data text,
    client_storage_provider character varying(36) DEFAULT 'local'::character varying NOT NULL,
    external_client_id character varying(255) DEFAULT 'local'::character varying NOT NULL
);


ALTER TABLE public.offline_client_session OWNER TO keycloak;

--
-- Name: offline_user_session; Type: TABLE; Schema: public; Owner: keycloak
--

CREATE TABLE public.offline_user_session (
    user_session_id character varying(36) NOT NULL,
    user_id character varying(255) NOT NULL,
    realm_id character varying(36) NOT NULL,
    created_on integer NOT NULL,
    offline_flag character varying(4) NOT NULL,
    data text,
    last_session_refresh integer DEFAULT 0 NOT NULL
);


ALTER TABLE public.offline_user_session OWNER TO keycloak;

--
-- Name: policy_config; Type: TABLE; Schema: public; Owner: keycloak
--

CREATE TABLE public.policy_config (
    policy_id character varying(36) NOT NULL,
    name character varying(255) NOT NULL,
    value text
);


ALTER TABLE public.policy_config OWNER TO keycloak;

--
-- Name: protocol_mapper; Type: TABLE; Schema: public; Owner: keycloak
--

CREATE TABLE public.protocol_mapper (
    id character varying(36) NOT NULL,
    name character varying(255) NOT NULL,
    protocol character varying(255) NOT NULL,
    protocol_mapper_name character varying(255) NOT NULL,
    client_id character varying(36),
    client_scope_id character varying(36)
);


ALTER TABLE public.protocol_mapper OWNER TO keycloak;

--
-- Name: protocol_mapper_config; Type: TABLE; Schema: public; Owner: keycloak
--

CREATE TABLE public.protocol_mapper_config (
    protocol_mapper_id character varying(36) NOT NULL,
    value text,
    name character varying(255) NOT NULL
);


ALTER TABLE public.protocol_mapper_config OWNER TO keycloak;

--
-- Name: realm; Type: TABLE; Schema: public; Owner: keycloak
--

CREATE TABLE public.realm (
    id character varying(36) NOT NULL,
    access_code_lifespan integer,
    user_action_lifespan integer,
    access_token_lifespan integer,
    account_theme character varying(255),
    admin_theme character varying(255),
    email_theme character varying(255),
    enabled boolean DEFAULT false NOT NULL,
    events_enabled boolean DEFAULT false NOT NULL,
    events_expiration bigint,
    login_theme character varying(255),
    name character varying(255),
    not_before integer,
    password_policy character varying(2550),
    registration_allowed boolean DEFAULT false NOT NULL,
    remember_me boolean DEFAULT false NOT NULL,
    reset_password_allowed boolean DEFAULT false NOT NULL,
    social boolean DEFAULT false NOT NULL,
    ssl_required character varying(255),
    sso_idle_timeout integer,
    sso_max_lifespan integer,
    update_profile_on_soc_login boolean DEFAULT false NOT NULL,
    verify_email boolean DEFAULT false NOT NULL,
    master_admin_client character varying(36),
    login_lifespan integer,
    internationalization_enabled boolean DEFAULT false NOT NULL,
    default_locale character varying(255),
    reg_email_as_username boolean DEFAULT false NOT NULL,
    admin_events_enabled boolean DEFAULT false NOT NULL,
    admin_events_details_enabled boolean DEFAULT false NOT NULL,
    edit_username_allowed boolean DEFAULT false NOT NULL,
    otp_policy_counter integer DEFAULT 0,
    otp_policy_window integer DEFAULT 1,
    otp_policy_period integer DEFAULT 30,
    otp_policy_digits integer DEFAULT 6,
    otp_policy_alg character varying(36) DEFAULT 'HmacSHA1'::character varying,
    otp_policy_type character varying(36) DEFAULT 'totp'::character varying,
    browser_flow character varying(36),
    registration_flow character varying(36),
    direct_grant_flow character varying(36),
    reset_credentials_flow character varying(36),
    client_auth_flow character varying(36),
    offline_session_idle_timeout integer DEFAULT 0,
    revoke_refresh_token boolean DEFAULT false NOT NULL,
    access_token_life_implicit integer DEFAULT 0,
    login_with_email_allowed boolean DEFAULT true NOT NULL,
    duplicate_emails_allowed boolean DEFAULT false NOT NULL,
    docker_auth_flow character varying(36),
    refresh_token_max_reuse integer DEFAULT 0,
    allow_user_managed_access boolean DEFAULT false NOT NULL,
    sso_max_lifespan_remember_me integer DEFAULT 0 NOT NULL,
    sso_idle_timeout_remember_me integer DEFAULT 0 NOT NULL
);


ALTER TABLE public.realm OWNER TO keycloak;

--
-- Name: realm_attribute; Type: TABLE; Schema: public; Owner: keycloak
--

CREATE TABLE public.realm_attribute (
    name character varying(255) NOT NULL,
    value character varying(255),
    realm_id character varying(36) NOT NULL
);


ALTER TABLE public.realm_attribute OWNER TO keycloak;

--
-- Name: realm_default_groups; Type: TABLE; Schema: public; Owner: keycloak
--

CREATE TABLE public.realm_default_groups (
    realm_id character varying(36) NOT NULL,
    group_id character varying(36) NOT NULL
);


ALTER TABLE public.realm_default_groups OWNER TO keycloak;

--
-- Name: realm_default_roles; Type: TABLE; Schema: public; Owner: keycloak
--

CREATE TABLE public.realm_default_roles (
    realm_id character varying(36) NOT NULL,
    role_id character varying(36) NOT NULL
);


ALTER TABLE public.realm_default_roles OWNER TO keycloak;

--
-- Name: realm_enabled_event_types; Type: TABLE; Schema: public; Owner: keycloak
--

CREATE TABLE public.realm_enabled_event_types (
    realm_id character varying(36) NOT NULL,
    value character varying(255) NOT NULL
);


ALTER TABLE public.realm_enabled_event_types OWNER TO keycloak;

--
-- Name: realm_events_listeners; Type: TABLE; Schema: public; Owner: keycloak
--

CREATE TABLE public.realm_events_listeners (
    realm_id character varying(36) NOT NULL,
    value character varying(255) NOT NULL
);


ALTER TABLE public.realm_events_listeners OWNER TO keycloak;

--
-- Name: realm_localizations; Type: TABLE; Schema: public; Owner: keycloak
--

CREATE TABLE public.realm_localizations (
    realm_id character varying(255) NOT NULL,
    locale character varying(255) NOT NULL,
    texts text NOT NULL
);


ALTER TABLE public.realm_localizations OWNER TO keycloak;

--
-- Name: realm_required_credential; Type: TABLE; Schema: public; Owner: keycloak
--

CREATE TABLE public.realm_required_credential (
    type character varying(255) NOT NULL,
    form_label character varying(255),
    input boolean DEFAULT false NOT NULL,
    secret boolean DEFAULT false NOT NULL,
    realm_id character varying(36) NOT NULL
);


ALTER TABLE public.realm_required_credential OWNER TO keycloak;

--
-- Name: realm_smtp_config; Type: TABLE; Schema: public; Owner: keycloak
--

CREATE TABLE public.realm_smtp_config (
    realm_id character varying(36) NOT NULL,
    value character varying(255),
    name character varying(255) NOT NULL
);


ALTER TABLE public.realm_smtp_config OWNER TO keycloak;

--
-- Name: realm_supported_locales; Type: TABLE; Schema: public; Owner: keycloak
--

CREATE TABLE public.realm_supported_locales (
    realm_id character varying(36) NOT NULL,
    value character varying(255) NOT NULL
);


ALTER TABLE public.realm_supported_locales OWNER TO keycloak;

--
-- Name: redirect_uris; Type: TABLE; Schema: public; Owner: keycloak
--

CREATE TABLE public.redirect_uris (
    client_id character varying(36) NOT NULL,
    value character varying(255) NOT NULL
);


ALTER TABLE public.redirect_uris OWNER TO keycloak;

--
-- Name: required_action_config; Type: TABLE; Schema: public; Owner: keycloak
--

CREATE TABLE public.required_action_config (
    required_action_id character varying(36) NOT NULL,
    value text,
    name character varying(255) NOT NULL
);


ALTER TABLE public.required_action_config OWNER TO keycloak;

--
-- Name: required_action_provider; Type: TABLE; Schema: public; Owner: keycloak
--

CREATE TABLE public.required_action_provider (
    id character varying(36) NOT NULL,
    alias character varying(255),
    name character varying(255),
    realm_id character varying(36),
    enabled boolean DEFAULT false NOT NULL,
    default_action boolean DEFAULT false NOT NULL,
    provider_id character varying(255),
    priority integer
);


ALTER TABLE public.required_action_provider OWNER TO keycloak;

--
-- Name: resource_attribute; Type: TABLE; Schema: public; Owner: keycloak
--

CREATE TABLE public.resource_attribute (
    id character varying(36) DEFAULT 'sybase-needs-something-here'::character varying NOT NULL,
    name character varying(255) NOT NULL,
    value character varying(255),
    resource_id character varying(36) NOT NULL
);


ALTER TABLE public.resource_attribute OWNER TO keycloak;

--
-- Name: resource_policy; Type: TABLE; Schema: public; Owner: keycloak
--

CREATE TABLE public.resource_policy (
    resource_id character varying(36) NOT NULL,
    policy_id character varying(36) NOT NULL
);


ALTER TABLE public.resource_policy OWNER TO keycloak;

--
-- Name: resource_scope; Type: TABLE; Schema: public; Owner: keycloak
--

CREATE TABLE public.resource_scope (
    resource_id character varying(36) NOT NULL,
    scope_id character varying(36) NOT NULL
);


ALTER TABLE public.resource_scope OWNER TO keycloak;

--
-- Name: resource_server; Type: TABLE; Schema: public; Owner: keycloak
--

CREATE TABLE public.resource_server (
    id character varying(36) NOT NULL,
    allow_rs_remote_mgmt boolean DEFAULT false NOT NULL,
    policy_enforce_mode character varying(15) NOT NULL,
    decision_strategy smallint DEFAULT 1 NOT NULL
);


ALTER TABLE public.resource_server OWNER TO keycloak;

--
-- Name: resource_server_perm_ticket; Type: TABLE; Schema: public; Owner: keycloak
--

CREATE TABLE public.resource_server_perm_ticket (
    id character varying(36) NOT NULL,
    owner character varying(255) NOT NULL,
    requester character varying(255) NOT NULL,
    created_timestamp bigint NOT NULL,
    granted_timestamp bigint,
    resource_id character varying(36) NOT NULL,
    scope_id character varying(36),
    resource_server_id character varying(36) NOT NULL,
    policy_id character varying(36)
);


ALTER TABLE public.resource_server_perm_ticket OWNER TO keycloak;

--
-- Name: resource_server_policy; Type: TABLE; Schema: public; Owner: keycloak
--

CREATE TABLE public.resource_server_policy (
    id character varying(36) NOT NULL,
    name character varying(255) NOT NULL,
    description character varying(255),
    type character varying(255) NOT NULL,
    decision_strategy character varying(20),
    logic character varying(20),
    resource_server_id character varying(36) NOT NULL,
    owner character varying(255)
);


ALTER TABLE public.resource_server_policy OWNER TO keycloak;

--
-- Name: resource_server_resource; Type: TABLE; Schema: public; Owner: keycloak
--

CREATE TABLE public.resource_server_resource (
    id character varying(36) NOT NULL,
    name character varying(255) NOT NULL,
    type character varying(255),
    icon_uri character varying(255),
    owner character varying(255) NOT NULL,
    resource_server_id character varying(36) NOT NULL,
    owner_managed_access boolean DEFAULT false NOT NULL,
    display_name character varying(255)
);


ALTER TABLE public.resource_server_resource OWNER TO keycloak;

--
-- Name: resource_server_scope; Type: TABLE; Schema: public; Owner: keycloak
--

CREATE TABLE public.resource_server_scope (
    id character varying(36) NOT NULL,
    name character varying(255) NOT NULL,
    icon_uri character varying(255),
    resource_server_id character varying(36) NOT NULL,
    display_name character varying(255)
);


ALTER TABLE public.resource_server_scope OWNER TO keycloak;

--
-- Name: resource_uris; Type: TABLE; Schema: public; Owner: keycloak
--

CREATE TABLE public.resource_uris (
    resource_id character varying(36) NOT NULL,
    value character varying(255) NOT NULL
);


ALTER TABLE public.resource_uris OWNER TO keycloak;

--
-- Name: role_attribute; Type: TABLE; Schema: public; Owner: keycloak
--

CREATE TABLE public.role_attribute (
    id character varying(36) NOT NULL,
    role_id character varying(36) NOT NULL,
    name character varying(255) NOT NULL,
    value character varying(255)
);


ALTER TABLE public.role_attribute OWNER TO keycloak;

--
-- Name: scope_mapping; Type: TABLE; Schema: public; Owner: keycloak
--

CREATE TABLE public.scope_mapping (
    client_id character varying(36) NOT NULL,
    role_id character varying(36) NOT NULL
);


ALTER TABLE public.scope_mapping OWNER TO keycloak;

--
-- Name: scope_policy; Type: TABLE; Schema: public; Owner: keycloak
--

CREATE TABLE public.scope_policy (
    scope_id character varying(36) NOT NULL,
    policy_id character varying(36) NOT NULL
);


ALTER TABLE public.scope_policy OWNER TO keycloak;

--
-- Name: user_attribute; Type: TABLE; Schema: public; Owner: keycloak
--

CREATE TABLE public.user_attribute (
    name character varying(255) NOT NULL,
    value character varying(255),
    user_id character varying(36) NOT NULL,
    id character varying(36) DEFAULT 'sybase-needs-something-here'::character varying NOT NULL
);


ALTER TABLE public.user_attribute OWNER TO keycloak;

--
-- Name: user_consent; Type: TABLE; Schema: public; Owner: keycloak
--

CREATE TABLE public.user_consent (
    id character varying(36) NOT NULL,
    client_id character varying(255),
    user_id character varying(36) NOT NULL,
    created_date bigint,
    last_updated_date bigint,
    client_storage_provider character varying(36),
    external_client_id character varying(255)
);


ALTER TABLE public.user_consent OWNER TO keycloak;

--
-- Name: user_consent_client_scope; Type: TABLE; Schema: public; Owner: keycloak
--

CREATE TABLE public.user_consent_client_scope (
    user_consent_id character varying(36) NOT NULL,
    scope_id character varying(36) NOT NULL
);


ALTER TABLE public.user_consent_client_scope OWNER TO keycloak;

--
-- Name: user_entity; Type: TABLE; Schema: public; Owner: keycloak
--

CREATE TABLE public.user_entity (
    id character varying(36) NOT NULL,
    email character varying(255),
    email_constraint character varying(255),
    email_verified boolean DEFAULT false NOT NULL,
    enabled boolean DEFAULT false NOT NULL,
    federation_link character varying(255),
    first_name character varying(255),
    last_name character varying(255),
    realm_id character varying(255),
    username character varying(255),
    created_timestamp bigint,
    service_account_client_link character varying(255),
    not_before integer DEFAULT 0 NOT NULL
);


ALTER TABLE public.user_entity OWNER TO keycloak;

--
-- Name: user_federation_config; Type: TABLE; Schema: public; Owner: keycloak
--

CREATE TABLE public.user_federation_config (
    user_federation_provider_id character varying(36) NOT NULL,
    value character varying(255),
    name character varying(255) NOT NULL
);


ALTER TABLE public.user_federation_config OWNER TO keycloak;

--
-- Name: user_federation_mapper; Type: TABLE; Schema: public; Owner: keycloak
--

CREATE TABLE public.user_federation_mapper (
    id character varying(36) NOT NULL,
    name character varying(255) NOT NULL,
    federation_provider_id character varying(36) NOT NULL,
    federation_mapper_type character varying(255) NOT NULL,
    realm_id character varying(36) NOT NULL
);


ALTER TABLE public.user_federation_mapper OWNER TO keycloak;

--
-- Name: user_federation_mapper_config; Type: TABLE; Schema: public; Owner: keycloak
--

CREATE TABLE public.user_federation_mapper_config (
    user_federation_mapper_id character varying(36) NOT NULL,
    value character varying(255),
    name character varying(255) NOT NULL
);


ALTER TABLE public.user_federation_mapper_config OWNER TO keycloak;

--
-- Name: user_federation_provider; Type: TABLE; Schema: public; Owner: keycloak
--

CREATE TABLE public.user_federation_provider (
    id character varying(36) NOT NULL,
    changed_sync_period integer,
    display_name character varying(255),
    full_sync_period integer,
    last_sync integer,
    priority integer,
    provider_name character varying(255),
    realm_id character varying(36)
);


ALTER TABLE public.user_federation_provider OWNER TO keycloak;

--
-- Name: user_group_membership; Type: TABLE; Schema: public; Owner: keycloak
--

CREATE TABLE public.user_group_membership (
    group_id character varying(36) NOT NULL,
    user_id character varying(36) NOT NULL
);


ALTER TABLE public.user_group_membership OWNER TO keycloak;

--
-- Name: user_required_action; Type: TABLE; Schema: public; Owner: keycloak
--

CREATE TABLE public.user_required_action (
    user_id character varying(36) NOT NULL,
    required_action character varying(255) DEFAULT ' '::character varying NOT NULL
);


ALTER TABLE public.user_required_action OWNER TO keycloak;

--
-- Name: user_role_mapping; Type: TABLE; Schema: public; Owner: keycloak
--

CREATE TABLE public.user_role_mapping (
    role_id character varying(255) NOT NULL,
    user_id character varying(36) NOT NULL
);


ALTER TABLE public.user_role_mapping OWNER TO keycloak;

--
-- Name: user_session; Type: TABLE; Schema: public; Owner: keycloak
--

CREATE TABLE public.user_session (
    id character varying(36) NOT NULL,
    auth_method character varying(255),
    ip_address character varying(255),
    last_session_refresh integer,
    login_username character varying(255),
    realm_id character varying(255),
    remember_me boolean DEFAULT false NOT NULL,
    started integer,
    user_id character varying(255),
    user_session_state integer,
    broker_session_id character varying(255),
    broker_user_id character varying(255)
);


ALTER TABLE public.user_session OWNER TO keycloak;

--
-- Name: user_session_note; Type: TABLE; Schema: public; Owner: keycloak
--

CREATE TABLE public.user_session_note (
    user_session character varying(36) NOT NULL,
    name character varying(255) NOT NULL,
    value character varying(2048)
);


ALTER TABLE public.user_session_note OWNER TO keycloak;

--
-- Name: username_login_failure; Type: TABLE; Schema: public; Owner: keycloak
--

CREATE TABLE public.username_login_failure (
    realm_id character varying(36) NOT NULL,
    username character varying(255) NOT NULL,
    failed_login_not_before integer,
    last_failure bigint,
    last_ip_failure character varying(255),
    num_failures integer
);


ALTER TABLE public.username_login_failure OWNER TO keycloak;

--
-- Name: web_origins; Type: TABLE; Schema: public; Owner: keycloak
--

CREATE TABLE public.web_origins (
    client_id character varying(36) NOT NULL,
    value character varying(255) NOT NULL
);


ALTER TABLE public.web_origins OWNER TO keycloak;

--
-- Data for Name: admin_event_entity; Type: TABLE DATA; Schema: public; Owner: keycloak
--

COPY public.admin_event_entity (id, admin_event_time, realm_id, operation_type, auth_realm_id, auth_client_id, auth_user_id, ip_address, resource_path, representation, error, resource_type) FROM stdin;
8a213d05-f4d3-4e51-816d-34e377ea5366	1629642701751	master	UPDATE	master	4517fc46-ede2-439d-a2df-ce5df9730041	0423c7be-303d-4c55-abcc-7f1dd3db7600	77.22.17.173	events/config	\N	\N	REALM
a3e8e59d-91c0-4a27-8ce0-469637c07bb2	1629642710881	master	DELETE	master	4517fc46-ede2-439d-a2df-ce5df9730041	0423c7be-303d-4c55-abcc-7f1dd3db7600	77.22.17.173	users/9327c87a-a85c-4868-a035-2effc26686f9	\N	\N	USER
fb5e034e-d3e7-4e6b-b63d-db867addc355	1629647955558	master	CREATE	master	3afd73f2-22a0-4426-9fad-2518ad895eea	0423c7be-303d-4c55-abcc-7f1dd3db7600	77.22.17.173	users/8b42fef8-7ba1-4276-8391-4f12dd7a75ea	\N	\N	USER
94ac7e85-e0f8-445d-b7cb-9ebc29c72dfa	1629647991863	master	CREATE	master	3afd73f2-22a0-4426-9fad-2518ad895eea	0423c7be-303d-4c55-abcc-7f1dd3db7600	77.22.17.173	users/8ab752c4-1ef4-4a37-a48d-17861f230f24	\N	\N	USER
bed8c130-e509-4188-bf2d-66e74e4c985b	1629787600981	master	CREATE	master	4517fc46-ede2-439d-a2df-ce5df9730041	0423c7be-303d-4c55-abcc-7f1dd3db7600	122.161.69.44	roles/shfitAdmin	\N	\N	REALM_ROLE
3ad6bb1b-dbc3-449b-a403-d96171373176	1629787636017	master	CREATE	master	4517fc46-ede2-439d-a2df-ce5df9730041	0423c7be-303d-4c55-abcc-7f1dd3db7600	122.161.69.44	users/bbf70689-2360-44b2-9245-2e0aa9a4b03e/role-mappings/realm	\N	\N	REALM_ROLE_MAPPING
55c7fff7-fe5f-4c90-8191-1140d694e306	1629787849862	master	CREATE	master	4517fc46-ede2-439d-a2df-ce5df9730041	0423c7be-303d-4c55-abcc-7f1dd3db7600	122.161.69.44	users/0423c7be-303d-4c55-abcc-7f1dd3db7600/role-mappings/realm	\N	\N	REALM_ROLE_MAPPING
ec864368-2536-4ecb-8be5-d399772468ab	1629788004337	master	DELETE	master	4517fc46-ede2-439d-a2df-ce5df9730041	0423c7be-303d-4c55-abcc-7f1dd3db7600	122.161.69.44	roles-by-id/7b8fba71-4472-4267-8680-1014584652d8	\N	\N	REALM_ROLE
fb4523dd-874e-4831-b68d-7fe45f2f818b	1629788021989	master	CREATE	master	4517fc46-ede2-439d-a2df-ce5df9730041	0423c7be-303d-4c55-abcc-7f1dd3db7600	122.161.69.44	roles/shiftAdmin	\N	\N	REALM_ROLE
267f34d1-40a2-45b2-aefa-dba50bc4a64a	1629788031193	master	CREATE	master	4517fc46-ede2-439d-a2df-ce5df9730041	0423c7be-303d-4c55-abcc-7f1dd3db7600	122.161.69.44	users/0423c7be-303d-4c55-abcc-7f1dd3db7600/role-mappings/realm	\N	\N	REALM_ROLE_MAPPING
8aebd82a-946d-4a64-98ac-bdb562576e39	1629898601009	master	DELETE	master	4517fc46-ede2-439d-a2df-ce5df9730041	0423c7be-303d-4c55-abcc-7f1dd3db7600	122.161.69.44	users/bbf70689-2360-44b2-9245-2e0aa9a4b03e	\N	\N	USER
a1100b77-2476-47a5-9d17-8fe61c880766	1629898742941	master	CREATE	master	4517fc46-ede2-439d-a2df-ce5df9730041	0423c7be-303d-4c55-abcc-7f1dd3db7600	122.161.69.44	users/8fd72a57-4704-4242-ac13-b73e23cfc164/role-mappings/realm	\N	\N	REALM_ROLE_MAPPING
92f36cd0-86b3-412a-a16e-11c45c9a1b53	1630655524255	master	CREATE	master	4517fc46-ede2-439d-a2df-ce5df9730041	0423c7be-303d-4c55-abcc-7f1dd3db7600	122.161.69.44	users/1a7e2fde-c037-4e6f-982c-d7f51d2abddd/role-mappings/realm	\N	\N	REALM_ROLE_MAPPING
d2722dfe-1c33-4aa7-b67c-aef483f8a727	1630916349302	master	UPDATE	master	4517fc46-ede2-439d-a2df-ce5df9730041	0423c7be-303d-4c55-abcc-7f1dd3db7600	188.74.3.186	users/657248ee-c877-488c-a57a-43395220bc53	\N	\N	USER
bf3cd3ea-1375-494c-8de0-49f0182f0ad1	1630997235402	master	UPDATE	master	4517fc46-ede2-439d-a2df-ce5df9730041	0423c7be-303d-4c55-abcc-7f1dd3db7600	87.133.76.226	\N	\N	\N	REALM
f8632356-c1e7-4c43-8c00-fa5c86e1620f	1630997245199	master	UPDATE	master	4517fc46-ede2-439d-a2df-ce5df9730041	0423c7be-303d-4c55-abcc-7f1dd3db7600	87.133.76.226	\N	\N	\N	REALM
68334fc4-1ddd-45bd-a462-44cbdaa3edc1	1630997286918	master	UPDATE	master	4517fc46-ede2-439d-a2df-ce5df9730041	0423c7be-303d-4c55-abcc-7f1dd3db7600	87.133.76.226	\N	\N	\N	REALM
a8c9cc1b-eaa5-4989-aeb7-29871e7736e4	1630997567860	master	CREATE	master	4517fc46-ede2-439d-a2df-ce5df9730041	0423c7be-303d-4c55-abcc-7f1dd3db7600	87.133.76.226	users/903e88e3-9aa0-443d-a5da-9a4655ec123f/role-mappings/clients/d4c798da-74aa-4070-9d39-fe2f2d5fb873	\N	\N	CLIENT_ROLE_MAPPING
c4b61ea2-c6e3-4722-af02-0618db8aed6a	1630998267733	master	UPDATE	master	4517fc46-ede2-439d-a2df-ce5df9730041	0423c7be-303d-4c55-abcc-7f1dd3db7600	87.133.76.226	authentication/required-actions/delete_account	\N	\N	REQUIRED_ACTION
572472cc-2ab9-4122-8b53-45732194c909	1630998391378	master	UPDATE	master	4517fc46-ede2-439d-a2df-ce5df9730041	0423c7be-303d-4c55-abcc-7f1dd3db7600	87.133.76.226	authentication/required-actions/delete_account	\N	\N	REQUIRED_ACTION
c1d2ca6d-8fbb-4b25-ad83-d2ea830f4b9e	1630998492995	master	UPDATE	master	4517fc46-ede2-439d-a2df-ce5df9730041	0423c7be-303d-4c55-abcc-7f1dd3db7600	87.133.76.226	authentication/required-actions/delete_account	\N	\N	REQUIRED_ACTION
6b59803c-09f5-4a29-80cc-6485c51e9d76	1630998621602	master	UPDATE	master	4517fc46-ede2-439d-a2df-ce5df9730041	0423c7be-303d-4c55-abcc-7f1dd3db7600	87.133.76.226	authentication/required-actions/delete_account	\N	\N	REQUIRED_ACTION
a4055034-f0d1-447f-bbe4-0f005943fd99	1630998703804	master	UPDATE	master	4517fc46-ede2-439d-a2df-ce5df9730041	0423c7be-303d-4c55-abcc-7f1dd3db7600	87.133.76.226	authentication/required-actions/delete_account	\N	\N	REQUIRED_ACTION
737b132e-7973-4c3b-a78d-2afbb2a2b789	1631016797604	master	DELETE	master	4517fc46-ede2-439d-a2df-ce5df9730041	0423c7be-303d-4c55-abcc-7f1dd3db7600	122.161.77.231	users/8fd72a57-4704-4242-ac13-b73e23cfc164	\N	\N	USER
0ef5d663-5e7d-40d3-a77f-a2e86e373e41	1631017112261	master	CREATE	master	4517fc46-ede2-439d-a2df-ce5df9730041	0423c7be-303d-4c55-abcc-7f1dd3db7600	122.161.77.231	users/a9c62b54-609b-48ab-b919-06dfb2419878/role-mappings/realm	\N	\N	REALM_ROLE_MAPPING
cc91c0b3-3f86-4066-8915-5d6829000725	1632651136955	master	CREATE	master	3afd73f2-22a0-4426-9fad-2518ad895eea	0423c7be-303d-4c55-abcc-7f1dd3db7600	77.22.17.173	users/1facde33-6fa7-474c-ac06-b6d68150f3b5	\N	\N	USER
3446bb1f-4007-4d75-86d2-42370abcf9d3	1632680039083	master	CREATE	master	3afd73f2-22a0-4426-9fad-2518ad895eea	0423c7be-303d-4c55-abcc-7f1dd3db7600	77.22.17.173	users/3ff07ff5-80c8-4b46-8baa-591dafeeff76	\N	\N	USER
05688692-a439-4eec-b276-1b29e96e5b74	1632753267723	master	CREATE	master	3afd73f2-22a0-4426-9fad-2518ad895eea	0423c7be-303d-4c55-abcc-7f1dd3db7600	77.22.17.173	users/effc6ab7-f805-4c76-a175-0d88a414ed98	\N	\N	USER
e78dc1d7-05df-45f2-8be5-26752f7ef098	1632753395139	master	CREATE	master	4517fc46-ede2-439d-a2df-ce5df9730041	0423c7be-303d-4c55-abcc-7f1dd3db7600	77.22.17.173	groups/af022ac0-121f-4bb2-9033-b4f3540087e1	\N	\N	GROUP
92de7060-5064-4043-bb53-54147f305940	1632753399509	master	CREATE	master	4517fc46-ede2-439d-a2df-ce5df9730041	0423c7be-303d-4c55-abcc-7f1dd3db7600	77.22.17.173	groups/af022ac0-121f-4bb2-9033-b4f3540087e1/role-mappings/realm	\N	\N	REALM_ROLE_MAPPING
578554b4-869b-4196-9b59-593cf5983711	1632753456727	master	CREATE	master	3afd73f2-22a0-4426-9fad-2518ad895eea	0423c7be-303d-4c55-abcc-7f1dd3db7600	77.22.17.173	users/b9131d99-f3a6-43b7-ba0c-8f751274dcf8	\N	\N	USER
ec45fe8a-d6b5-4fe7-90c1-dced13a2626a	1632925197427	master	CREATE	master	3afd73f2-22a0-4426-9fad-2518ad895eea	0423c7be-303d-4c55-abcc-7f1dd3db7600	77.22.17.173	users/d1206711-656f-41cd-9435-990454c7911f	\N	\N	USER
15ee365f-9f53-4276-823b-135c728fae3b	1632925223034	master	CREATE	master	3afd73f2-22a0-4426-9fad-2518ad895eea	0423c7be-303d-4c55-abcc-7f1dd3db7600	77.22.17.173	users/e83b8e45-a3a4-46ab-bf88-492a6e1fa325	\N	\N	USER
78f553a8-e3db-4165-96e6-6f62a4f4636b	1632929610541	master	CREATE	master	3afd73f2-22a0-4426-9fad-2518ad895eea	0423c7be-303d-4c55-abcc-7f1dd3db7600	77.22.17.173	users/f1548d34-6871-412e-abda-f929afc4c150	\N	\N	USER
c0771b58-5d9b-46e3-a24f-1cf205439192	1632931762393	master	CREATE	master	3afd73f2-22a0-4426-9fad-2518ad895eea	0423c7be-303d-4c55-abcc-7f1dd3db7600	77.22.17.173	users/83b47208-8be0-477c-b9c5-32b8fc4513f3	\N	\N	USER
18d4f7c0-0538-4ab6-8068-167fcb657253	1632932159043	master	CREATE	master	3afd73f2-22a0-4426-9fad-2518ad895eea	0423c7be-303d-4c55-abcc-7f1dd3db7600	77.22.17.173	users/19bdded3-c567-4fa6-9263-c027d43bcfa5	\N	\N	USER
4aede1f5-9ea3-4d17-be81-4dccfc639499	1633019465367	master	CREATE	master	3afd73f2-22a0-4426-9fad-2518ad895eea	0423c7be-303d-4c55-abcc-7f1dd3db7600	77.22.17.173	users/2ba28eb7-10d6-408c-a590-2134cc63c1ab	\N	\N	USER
487c9f35-2fec-4c74-804d-d8c6c012aa44	1633352710522	master	CREATE	master	4517fc46-ede2-439d-a2df-ce5df9730041	0423c7be-303d-4c55-abcc-7f1dd3db7600	77.7.105.179	roles/poweruser	\N	\N	REALM_ROLE
93263c73-4662-4d3c-b94f-ce51ef73de45	1633356367449	master	DELETE	master	4517fc46-ede2-439d-a2df-ce5df9730041	0423c7be-303d-4c55-abcc-7f1dd3db7600	77.7.105.179	roles-by-id/99405cec-523d-4692-b55a-90c13c1d4860	\N	\N	REALM_ROLE
7246e6ce-6ca0-414b-baf0-27bc6cf4d071	1632925257221	master	CREATE	master	3afd73f2-22a0-4426-9fad-2518ad895eea	0423c7be-303d-4c55-abcc-7f1dd3db7600	77.22.17.173	users/df8f7a66-3638-45a0-bcf1-969eba9ec874	\N	\N	USER
397fb5ae-1a01-4da4-a612-29678b0fe031	1632929923927	master	CREATE	master	3afd73f2-22a0-4426-9fad-2518ad895eea	0423c7be-303d-4c55-abcc-7f1dd3db7600	77.22.17.173	users/260768d2-1582-4fc9-865b-fe2d5477afd7	\N	\N	USER
7dae957e-24d0-4d74-99db-809fd48653fd	1632931983723	master	CREATE	master	3afd73f2-22a0-4426-9fad-2518ad895eea	0423c7be-303d-4c55-abcc-7f1dd3db7600	77.22.17.173	users/de686928-5411-4f0f-9331-4ee38d265b51	\N	\N	USER
c5aded7b-6c0a-4c96-80e9-2ec06016bef9	1633017531770	master	CREATE	master	3afd73f2-22a0-4426-9fad-2518ad895eea	0423c7be-303d-4c55-abcc-7f1dd3db7600	77.22.17.173	users/e38d524e-cae0-4c51-8039-0688cb0050a9	\N	\N	USER
8575fde5-8ce7-4604-bf97-e12979eb7784	1633017545863	master	CREATE	master	3afd73f2-22a0-4426-9fad-2518ad895eea	0423c7be-303d-4c55-abcc-7f1dd3db7600	77.22.17.173	users/660bb3cb-1ca7-48d7-a6b3-9a7f84c87a78	\N	\N	USER
e6b4bdc9-329a-4979-aa94-8ee9f97fdab7	1633074763573	master	CREATE	master	4517fc46-ede2-439d-a2df-ce5df9730041	0423c7be-303d-4c55-abcc-7f1dd3db7600	122.161.77.46	users/a9c62b54-609b-48ab-b919-06dfb2419878/role-mappings/realm	\N	\N	REALM_ROLE_MAPPING
b938fd25-85b4-4932-9e3a-cd73ee2c78fe	1633352717919	master	CREATE	master	4517fc46-ede2-439d-a2df-ce5df9730041	0423c7be-303d-4c55-abcc-7f1dd3db7600	77.7.105.179	users/0423c7be-303d-4c55-abcc-7f1dd3db7600/role-mappings/realm	\N	\N	REALM_ROLE_MAPPING
cb949098-837b-4019-8843-219958627115	1633352740832	master	DELETE	master	4517fc46-ede2-439d-a2df-ce5df9730041	0423c7be-303d-4c55-abcc-7f1dd3db7600	77.7.105.179	roles-by-id/1e25a49a-e945-4a42-bdca-76b8bcd06ea8	\N	\N	REALM_ROLE
820326d8-71ce-410b-9d7a-74f0a8ec6926	1633355502783	master	CREATE	master	4517fc46-ede2-439d-a2df-ce5df9730041	0423c7be-303d-4c55-abcc-7f1dd3db7600	77.7.105.179	roles/powerusergroup	\N	\N	REALM_ROLE
22fe0e1a-a119-46b3-934c-75c97711bc32	1633355512975	master	CREATE	master	4517fc46-ede2-439d-a2df-ce5df9730041	0423c7be-303d-4c55-abcc-7f1dd3db7600	77.7.105.179	users/0423c7be-303d-4c55-abcc-7f1dd3db7600/role-mappings/realm	\N	\N	REALM_ROLE_MAPPING
243b5b03-9325-41fe-a1b6-e086a3087bc4	1633356397246	master	CREATE	master	4517fc46-ede2-439d-a2df-ce5df9730041	0423c7be-303d-4c55-abcc-7f1dd3db7600	77.7.105.179	users/0423c7be-303d-4c55-abcc-7f1dd3db7600/groups/af022ac0-121f-4bb2-9033-b4f3540087e1	\N	\N	GROUP_MEMBERSHIP
8d4092ed-5622-48a9-88ee-74736f53eef7	1633424114361	master	UPDATE	master	4517fc46-ede2-439d-a2df-ce5df9730041	0423c7be-303d-4c55-abcc-7f1dd3db7600	188.74.3.179	\N	\N	\N	REALM
9353ed52-12f9-4fc8-bb9c-a98e91f20580	1633426314290	master	UPDATE	master	4517fc46-ede2-439d-a2df-ce5df9730041	0423c7be-303d-4c55-abcc-7f1dd3db7600	103.75.227.210	users/0423c7be-303d-4c55-abcc-7f1dd3db7600	\N	\N	USER
71c3ea4a-5750-47dc-882b-3451eddaa05e	1633429794985	master	CREATE	master	3afd73f2-22a0-4426-9fad-2518ad895eea	0423c7be-303d-4c55-abcc-7f1dd3db7600	77.22.17.173	users/a1ab8a4b-c997-4ec8-9e25-6bcb66378298	\N	\N	USER
147f454e-6862-4bd3-9112-213416a139d0	1633528623172	master	UPDATE	master	4517fc46-ede2-439d-a2df-ce5df9730041	0423c7be-303d-4c55-abcc-7f1dd3db7600	188.74.3.10	\N	\N	\N	REALM
49015020-6fc6-4cc0-a8b1-edfad8d9ee86	1633528715177	master	UPDATE	master	4517fc46-ede2-439d-a2df-ce5df9730041	0423c7be-303d-4c55-abcc-7f1dd3db7600	188.74.3.10	\N	\N	\N	REALM
917c262f-8bad-44a8-8704-d955b43cd4c7	1633528760798	master	UPDATE	master	4517fc46-ede2-439d-a2df-ce5df9730041	0423c7be-303d-4c55-abcc-7f1dd3db7600	188.74.3.10	\N	\N	\N	REALM
c8d7ef69-0451-476d-b014-bfd42477d72c	1633529012555	master	UPDATE	master	4517fc46-ede2-439d-a2df-ce5df9730041	0423c7be-303d-4c55-abcc-7f1dd3db7600	188.74.3.10	\N	\N	\N	REALM
791e1749-5c10-4b7d-a7dd-11b33d95ca47	1633529034316	master	UPDATE	master	4517fc46-ede2-439d-a2df-ce5df9730041	0423c7be-303d-4c55-abcc-7f1dd3db7600	188.74.3.10	\N	\N	\N	REALM
d906d220-c195-43a4-9bec-5cc1385a3874	1633529127309	master	UPDATE	master	4517fc46-ede2-439d-a2df-ce5df9730041	0423c7be-303d-4c55-abcc-7f1dd3db7600	188.74.3.10	\N	\N	\N	REALM
a292645f-6e9f-49dd-8c1f-591e610c7049	1633529248219	master	UPDATE	master	4517fc46-ede2-439d-a2df-ce5df9730041	0423c7be-303d-4c55-abcc-7f1dd3db7600	188.74.3.10	\N	\N	\N	REALM
6d6c7285-62a1-4789-8981-2eba0163ddd0	1633589526902	master	UPDATE	master	4517fc46-ede2-439d-a2df-ce5df9730041	0423c7be-303d-4c55-abcc-7f1dd3db7600	103.75.227.210	\N	\N	\N	REALM
57cc256f-8862-4249-98b6-e8586f6d3b21	1633590713115	master	UPDATE	master	4517fc46-ede2-439d-a2df-ce5df9730041	0423c7be-303d-4c55-abcc-7f1dd3db7600	87.133.59.95	users/c921cd3e-1f82-43a4-b55e-fd06565dc21a	\N	\N	USER
22c11216-16bb-41ee-8765-b4989c2f3df6	1633590736123	master	DELETE	master	4517fc46-ede2-439d-a2df-ce5df9730041	0423c7be-303d-4c55-abcc-7f1dd3db7600	87.133.59.95	users/9d95bca8-4b08-4173-9494-d318d5fcd4c7	\N	\N	USER
4ed27364-a677-45ca-b87d-a625ab163d1f	1633590738034	master	DELETE	master	4517fc46-ede2-439d-a2df-ce5df9730041	0423c7be-303d-4c55-abcc-7f1dd3db7600	87.133.59.95	users/639f2f35-5d93-4a9a-a6cb-4a27aa1c9aa7	\N	\N	USER
b5e22d5f-7f2c-43cf-8890-8ae46867212c	1633590740205	master	DELETE	master	4517fc46-ede2-439d-a2df-ce5df9730041	0423c7be-303d-4c55-abcc-7f1dd3db7600	87.133.59.95	users/e03771f4-3d2b-4dd1-b507-73abd03973c6	\N	\N	USER
220d02a4-e3d1-4ec3-a49d-11af114b7b43	1633590742444	master	DELETE	master	4517fc46-ede2-439d-a2df-ce5df9730041	0423c7be-303d-4c55-abcc-7f1dd3db7600	87.133.59.95	users/a7def812-dada-4ea1-be7a-e0b53f8e8ee8	\N	\N	USER
9aef0dec-b12e-4230-a77d-df603dd0227e	1633590744714	master	DELETE	master	4517fc46-ede2-439d-a2df-ce5df9730041	0423c7be-303d-4c55-abcc-7f1dd3db7600	87.133.59.95	users/ed5af42f-a33f-435c-b637-1037e77ace15	\N	\N	USER
0cba24fa-fd7c-4170-ab20-edd40d27ae2d	1633590748312	master	DELETE	master	4517fc46-ede2-439d-a2df-ce5df9730041	0423c7be-303d-4c55-abcc-7f1dd3db7600	87.133.59.95	users/2c1dbf0d-b747-4c5d-8171-611e31576841	\N	\N	USER
8f8e3c92-7b2a-467d-a7c1-a18a14d0ed6a	1633590750221	master	DELETE	master	4517fc46-ede2-439d-a2df-ce5df9730041	0423c7be-303d-4c55-abcc-7f1dd3db7600	87.133.59.95	users/2ea7d6a9-290b-461b-a4dd-307df366c268	\N	\N	USER
13932d5b-0819-4d93-9879-4f8c5c9028ce	1633590752004	master	DELETE	master	4517fc46-ede2-439d-a2df-ce5df9730041	0423c7be-303d-4c55-abcc-7f1dd3db7600	87.133.59.95	users/6bae68fc-7bc5-4463-b169-b5bccdb60d51	\N	\N	USER
128c88da-1665-4e84-bebd-6b5b7e142b7d	1633590754103	master	DELETE	master	4517fc46-ede2-439d-a2df-ce5df9730041	0423c7be-303d-4c55-abcc-7f1dd3db7600	87.133.59.95	users/8301787d-cee1-4e96-a3ba-6fe1df3e3eb1	\N	\N	USER
3884f6aa-048c-4063-a8cb-ca5461b1601e	1633590756079	master	DELETE	master	4517fc46-ede2-439d-a2df-ce5df9730041	0423c7be-303d-4c55-abcc-7f1dd3db7600	87.133.59.95	users/87fbfc48-6fbb-4dc9-9226-5d00690df184	\N	\N	USER
552323cb-21ea-4af8-92f3-1ed01f2b8266	1633590758116	master	DELETE	master	4517fc46-ede2-439d-a2df-ce5df9730041	0423c7be-303d-4c55-abcc-7f1dd3db7600	87.133.59.95	users/28816ddc-8c13-4985-8215-4b9c3a882bac	\N	\N	USER
2e6720a9-df41-47fb-b67e-76fbedae1180	1633590760662	master	DELETE	master	4517fc46-ede2-439d-a2df-ce5df9730041	0423c7be-303d-4c55-abcc-7f1dd3db7600	87.133.59.95	users/89fa2444-8d3f-49b6-883d-948b4a040916	\N	\N	USER
86a7e4c5-a918-4bf5-906f-4c1163bd8311	1633590762943	master	DELETE	master	4517fc46-ede2-439d-a2df-ce5df9730041	0423c7be-303d-4c55-abcc-7f1dd3db7600	87.133.59.95	users/47f9596f-02d5-4c17-9bba-5f156fc37807	\N	\N	USER
4843afff-a40a-40f3-8d7c-4ea1f570afa9	1633590764834	master	DELETE	master	4517fc46-ede2-439d-a2df-ce5df9730041	0423c7be-303d-4c55-abcc-7f1dd3db7600	87.133.59.95	users/c8a6eaf8-22e3-499f-9631-78d0e0303701	\N	\N	USER
e0611f3c-8f5d-4f05-8ae1-10d04f41a733	1633590766901	master	DELETE	master	4517fc46-ede2-439d-a2df-ce5df9730041	0423c7be-303d-4c55-abcc-7f1dd3db7600	87.133.59.95	users/c921cd3e-1f82-43a4-b55e-fd06565dc21a	\N	\N	USER
520d2a6b-773d-4b65-babf-59df63357742	1633590769179	master	DELETE	master	4517fc46-ede2-439d-a2df-ce5df9730041	0423c7be-303d-4c55-abcc-7f1dd3db7600	87.133.59.95	users/b122f223-9112-4906-a129-4102a23467ab	\N	\N	USER
25930edc-4732-4d9c-84d2-935ec38bbafe	1633590771003	master	DELETE	master	4517fc46-ede2-439d-a2df-ce5df9730041	0423c7be-303d-4c55-abcc-7f1dd3db7600	87.133.59.95	users/a501aef4-4615-45ab-97b6-02e983466f2b	\N	\N	USER
ed9e573d-381f-4066-9a00-9701ae4fb2d9	1633590772898	master	DELETE	master	4517fc46-ede2-439d-a2df-ce5df9730041	0423c7be-303d-4c55-abcc-7f1dd3db7600	87.133.59.95	users/0f1bdc90-aebd-4a4f-8907-06bc5ea07c71	\N	\N	USER
fd90a9ed-3804-49b7-ad26-c54cb473c514	1633590774841	master	DELETE	master	4517fc46-ede2-439d-a2df-ce5df9730041	0423c7be-303d-4c55-abcc-7f1dd3db7600	87.133.59.95	users/102642a2-4d4d-44a7-afea-0122cf6608e8	\N	\N	USER
2709c0bb-7b01-4407-b3d9-5385ed24b3b8	1633590776699	master	DELETE	master	4517fc46-ede2-439d-a2df-ce5df9730041	0423c7be-303d-4c55-abcc-7f1dd3db7600	87.133.59.95	users/a793dcdf-03e6-4533-a5d6-bcbef8f4c3d7	\N	\N	USER
0cdb30eb-ecdf-4948-8628-a3d9759fa821	1633590779823	master	DELETE	master	4517fc46-ede2-439d-a2df-ce5df9730041	0423c7be-303d-4c55-abcc-7f1dd3db7600	87.133.59.95	users/a0eac81a-7bb7-4b33-a913-7d53a2670d25	\N	\N	USER
65809f0d-e8ea-47da-b2fb-7b82fca08eb9	1633590782178	master	DELETE	master	4517fc46-ede2-439d-a2df-ce5df9730041	0423c7be-303d-4c55-abcc-7f1dd3db7600	87.133.59.95	users/903e88e3-9aa0-443d-a5da-9a4655ec123f	\N	\N	USER
4f1281e7-f089-4520-b1eb-97ea2252669f	1633591553260	master	UPDATE	master	4517fc46-ede2-439d-a2df-ce5df9730041	0423c7be-303d-4c55-abcc-7f1dd3db7600	87.133.59.95	users/8788c72d-94d2-4ab0-9c72-ca2c003a8d6b	\N	\N	USER
7a7e646b-1985-432f-a271-cdfe30fde9b2	1633601557868	master	UPDATE	master	4517fc46-ede2-439d-a2df-ce5df9730041	0423c7be-303d-4c55-abcc-7f1dd3db7600	188.74.2.223	\N	\N	\N	REALM
e6ba938c-2497-4ae7-88e6-b323b03e137c	1633601767462	master	UPDATE	master	4517fc46-ede2-439d-a2df-ce5df9730041	0423c7be-303d-4c55-abcc-7f1dd3db7600	188.74.2.223	\N	\N	\N	REALM
856a3400-b98f-4d8c-9a63-78fd9c075917	1633702875160	master	UPDATE	master	4517fc46-ede2-439d-a2df-ce5df9730041	0423c7be-303d-4c55-abcc-7f1dd3db7600	188.74.3.190	\N	\N	\N	REALM
42352d15-ba49-4516-9ff0-e76b5d9927ff	1633702926931	master	UPDATE	master	4517fc46-ede2-439d-a2df-ce5df9730041	0423c7be-303d-4c55-abcc-7f1dd3db7600	188.74.3.190	\N	\N	\N	REALM
5a042263-47a4-40c5-bb39-ec6c560f568f	1633703780433	master	UPDATE	master	4517fc46-ede2-439d-a2df-ce5df9730041	0423c7be-303d-4c55-abcc-7f1dd3db7600	188.74.3.190	\N	\N	\N	REALM
392f34a3-fd14-468d-b36c-f784371af151	1633704332544	master	UPDATE	master	4517fc46-ede2-439d-a2df-ce5df9730041	0423c7be-303d-4c55-abcc-7f1dd3db7600	188.74.3.190	\N	\N	\N	REALM
ad7a6f9f-b6ec-4775-8e35-00cd5aca40cb	1633590784896	master	DELETE	master	4517fc46-ede2-439d-a2df-ce5df9730041	0423c7be-303d-4c55-abcc-7f1dd3db7600	87.133.59.95	users/15d897af-cfea-4d79-b98c-da1b3016376d	\N	\N	USER
1bcaddf8-9739-47d2-b88d-b063d4606c8a	1633590786623	master	DELETE	master	4517fc46-ede2-439d-a2df-ce5df9730041	0423c7be-303d-4c55-abcc-7f1dd3db7600	87.133.59.95	users/7424a2ef-97ee-4195-8467-f27658e30007	\N	\N	USER
1af2fa72-d13c-4cde-a55c-3879b79c366c	1633590788315	master	DELETE	master	4517fc46-ede2-439d-a2df-ce5df9730041	0423c7be-303d-4c55-abcc-7f1dd3db7600	87.133.59.95	users/6a4a44d5-afc2-4bcc-9729-f474ea0fa799	\N	\N	USER
e3ea38ce-e60f-48a9-98ee-ba20c3a33e93	1633590790179	master	DELETE	master	4517fc46-ede2-439d-a2df-ce5df9730041	0423c7be-303d-4c55-abcc-7f1dd3db7600	87.133.59.95	users/40c6096d-7449-4607-84c0-ae066861742c	\N	\N	USER
1b8fa413-98cb-4fbb-ab7c-02f78a8b24ab	1633591562696	master	CREATE	master	4517fc46-ede2-439d-a2df-ce5df9730041	0423c7be-303d-4c55-abcc-7f1dd3db7600	87.133.59.95	users/8788c72d-94d2-4ab0-9c72-ca2c003a8d6b/role-mappings/realm	\N	\N	REALM_ROLE_MAPPING
4c7f2e5b-466d-4ecb-be3b-8f89ec5e0e21	1633591564192	master	CREATE	master	4517fc46-ede2-439d-a2df-ce5df9730041	0423c7be-303d-4c55-abcc-7f1dd3db7600	87.133.59.95	users/8788c72d-94d2-4ab0-9c72-ca2c003a8d6b/role-mappings/realm	\N	\N	REALM_ROLE_MAPPING
4733e1b2-8984-4e1c-9f8c-2a1f4b25c6cd	1633591573686	master	CREATE	master	4517fc46-ede2-439d-a2df-ce5df9730041	0423c7be-303d-4c55-abcc-7f1dd3db7600	87.133.59.95	users/8788c72d-94d2-4ab0-9c72-ca2c003a8d6b/role-mappings/realm	\N	\N	REALM_ROLE_MAPPING
3e1edbe8-892c-4250-82bf-4fbe597bdf83	1633591609943	master	CREATE	master	4517fc46-ede2-439d-a2df-ce5df9730041	0423c7be-303d-4c55-abcc-7f1dd3db7600	87.133.59.95	users/8788c72d-94d2-4ab0-9c72-ca2c003a8d6b/groups/af022ac0-121f-4bb2-9033-b4f3540087e1	\N	\N	GROUP_MEMBERSHIP
55dcb999-ad55-4dab-accd-bc9a43982056	1633591611934	master	CREATE	master	4517fc46-ede2-439d-a2df-ce5df9730041	0423c7be-303d-4c55-abcc-7f1dd3db7600	87.133.59.95	users/8788c72d-94d2-4ab0-9c72-ca2c003a8d6b/groups/2e5928ca-1b7e-4de3-b1ab-791949441793	\N	\N	GROUP_MEMBERSHIP
bc821629-1e85-4b26-ac35-710088117f2d	1633602458183	master	UPDATE	master	4517fc46-ede2-439d-a2df-ce5df9730041	0423c7be-303d-4c55-abcc-7f1dd3db7600	188.74.2.223	\N	\N	\N	REALM
8ce70fd8-8fd2-4c1b-9973-7d43e44419e9	1633696726171	master	UPDATE	master	4517fc46-ede2-439d-a2df-ce5df9730041	0423c7be-303d-4c55-abcc-7f1dd3db7600	188.74.3.190	users/e7f05a2d-5058-4ec9-9002-840188dff060	\N	\N	USER
debc9aea-e9d8-4bab-a5f6-102abade4204	1633702859872	master	UPDATE	master	4517fc46-ede2-439d-a2df-ce5df9730041	0423c7be-303d-4c55-abcc-7f1dd3db7600	188.74.3.190	\N	\N	\N	REALM
138bda5f-9b77-440e-a251-456289c1c359	1633702907963	master	UPDATE	master	4517fc46-ede2-439d-a2df-ce5df9730041	0423c7be-303d-4c55-abcc-7f1dd3db7600	188.74.3.190	\N	\N	\N	REALM
49ee901a-a1ba-4b95-b67c-90224ba7c7ad	1633703758703	master	UPDATE	master	4517fc46-ede2-439d-a2df-ce5df9730041	0423c7be-303d-4c55-abcc-7f1dd3db7600	188.74.3.190	\N	\N	\N	REALM
d44183ed-9423-48fd-ac5f-ef300f6b0c74	1633703793685	master	UPDATE	master	4517fc46-ede2-439d-a2df-ce5df9730041	0423c7be-303d-4c55-abcc-7f1dd3db7600	188.74.3.190	\N	\N	\N	REALM
8b78652f-3d5e-4919-93dd-96e2173bf631	1633703795784	master	UPDATE	master	4517fc46-ede2-439d-a2df-ce5df9730041	0423c7be-303d-4c55-abcc-7f1dd3db7600	188.74.3.190	\N	\N	\N	REALM
d40b104f-1c04-4001-8a92-024f36a9a91b	1633704451263	master	UPDATE	master	4517fc46-ede2-439d-a2df-ce5df9730041	0423c7be-303d-4c55-abcc-7f1dd3db7600	188.74.3.190	\N	\N	\N	REALM
427d0e1c-8764-4f39-a4d8-02c56f2219f7	1633704491871	master	UPDATE	master	4517fc46-ede2-439d-a2df-ce5df9730041	0423c7be-303d-4c55-abcc-7f1dd3db7600	188.74.3.190	\N	\N	\N	REALM
b5670380-8346-458e-a6e3-b3c92b6cd460	1633704573601	master	UPDATE	master	4517fc46-ede2-439d-a2df-ce5df9730041	0423c7be-303d-4c55-abcc-7f1dd3db7600	188.74.3.190	\N	\N	\N	REALM
b922bfe0-fef2-4bf1-9e8c-750e7968dd5c	1633704594074	master	UPDATE	master	4517fc46-ede2-439d-a2df-ce5df9730041	0423c7be-303d-4c55-abcc-7f1dd3db7600	188.74.3.190	\N	\N	\N	REALM
e225c3f5-d001-42ab-a03b-a848e83d1588	1634546079678	master	UPDATE	master	4517fc46-ede2-439d-a2df-ce5df9730041	0423c7be-303d-4c55-abcc-7f1dd3db7600	103.75.227.210	authentication/required-actions/delete_account	\N	\N	REQUIRED_ACTION
1c7886b2-ce69-4327-b557-ea025760a5c2	1634546679487	master	UPDATE	master	4517fc46-ede2-439d-a2df-ce5df9730041	0423c7be-303d-4c55-abcc-7f1dd3db7600	103.75.227.210	\N	\N	\N	REALM
7908e6ea-5ce1-4a1d-9529-c7231ea2ba67	1634547179737	master	CREATE	master	4517fc46-ede2-439d-a2df-ce5df9730041	b615e4a5-d762-464f-8e17-ac720d49712f	103.75.227.210	users/330c14ad-9694-4ae4-bde3-7a41e120906e/role-mappings/clients/d4c798da-74aa-4070-9d39-fe2f2d5fb873	\N	\N	CLIENT_ROLE_MAPPING
253eab5e-9137-4488-a40b-13f96802551b	1634547208057	master	CREATE	master	4517fc46-ede2-439d-a2df-ce5df9730041	b615e4a5-d762-464f-8e17-ac720d49712f	103.75.227.210	users/b615e4a5-d762-464f-8e17-ac720d49712f/role-mappings/clients/d4c798da-74aa-4070-9d39-fe2f2d5fb873	\N	\N	CLIENT_ROLE_MAPPING
6538b981-1257-4b2f-b347-f57d50b278bb	1634547484730	master	UPDATE	master	4517fc46-ede2-439d-a2df-ce5df9730041	0423c7be-303d-4c55-abcc-7f1dd3db7600	103.75.227.210	\N	\N	\N	REALM
4ec552ad-4d6b-462f-b659-2eb0a2504e7f	1634547494101	master	UPDATE	master	4517fc46-ede2-439d-a2df-ce5df9730041	0423c7be-303d-4c55-abcc-7f1dd3db7600	103.75.227.210	authentication/required-actions/delete_account/lower-priority	\N	\N	REQUIRED_ACTION
9512f5e6-8e6e-49a2-b164-c0bfb41281ec	1634547496494	master	UPDATE	master	4517fc46-ede2-439d-a2df-ce5df9730041	0423c7be-303d-4c55-abcc-7f1dd3db7600	103.75.227.210	authentication/required-actions/delete_account/raise-priority	\N	\N	REQUIRED_ACTION
4c1349d7-74fd-4849-8968-ce3e89c768ec	1634547506199	master	UPDATE	master	4517fc46-ede2-439d-a2df-ce5df9730041	0423c7be-303d-4c55-abcc-7f1dd3db7600	103.75.227.210	authentication/required-actions/delete_account	\N	\N	REQUIRED_ACTION
b240b874-deaa-4a2a-b8bc-5689d44a7452	1634547506310	master	UPDATE	master	4517fc46-ede2-439d-a2df-ce5df9730041	0423c7be-303d-4c55-abcc-7f1dd3db7600	103.75.227.210	authentication/required-actions/delete_account	\N	\N	REQUIRED_ACTION
f69596cc-2a0b-46a0-b335-645a83089a97	1634547521425	master	UPDATE	master	4517fc46-ede2-439d-a2df-ce5df9730041	0423c7be-303d-4c55-abcc-7f1dd3db7600	103.75.227.210	authentication/required-actions/delete_account	\N	\N	REQUIRED_ACTION
5d202ad5-dc74-40e8-adf8-dd0c9e2683c0	1634547666721	master	CREATE	master	4517fc46-ede2-439d-a2df-ce5df9730041	0423c7be-303d-4c55-abcc-7f1dd3db7600	103.75.227.210	users/839054d3-da68-488a-9e1e-f9afd8a00987/role-mappings/clients/d4c798da-74aa-4070-9d39-fe2f2d5fb873	\N	\N	CLIENT_ROLE_MAPPING
5f5fd47d-f207-460c-ba7a-a75eca9dfc32	1634547720582	master	UPDATE	master	4517fc46-ede2-439d-a2df-ce5df9730041	0423c7be-303d-4c55-abcc-7f1dd3db7600	103.75.227.210	authentication/required-actions/delete_account	\N	\N	REQUIRED_ACTION
9a5e06d4-df15-4fe6-b591-99069f2a9d3c	1634547973981	master	UPDATE	master	4517fc46-ede2-439d-a2df-ce5df9730041	0423c7be-303d-4c55-abcc-7f1dd3db7600	103.75.227.210	authentication/required-actions/delete_account	\N	\N	REQUIRED_ACTION
f0e32dce-a755-45fd-8722-31d087086660	1634548067139	master	UPDATE	master	4517fc46-ede2-439d-a2df-ce5df9730041	0423c7be-303d-4c55-abcc-7f1dd3db7600	103.75.227.210	users/839054d3-da68-488a-9e1e-f9afd8a00987	\N	\N	USER
94fc892e-f928-488e-a5e6-ec21b07f44cc	1634557780756	master	CREATE	master	4517fc46-ede2-439d-a2df-ce5df9730041	0423c7be-303d-4c55-abcc-7f1dd3db7600	95.114.113.84	users/92746ce6-d5ce-4127-9e45-30fef19cf7a6	\N	\N	USER
c4cc8a9e-333c-4782-b779-d213545ffeca	1634557833083	master	ACTION	master	4517fc46-ede2-439d-a2df-ce5df9730041	0423c7be-303d-4c55-abcc-7f1dd3db7600	95.114.113.84	users/92746ce6-d5ce-4127-9e45-30fef19cf7a6/reset-password	\N	\N	USER
bb387840-308a-42f8-8192-b23f0ec95248	1634557844374	master	CREATE	master	4517fc46-ede2-439d-a2df-ce5df9730041	0423c7be-303d-4c55-abcc-7f1dd3db7600	95.114.113.84	users/92746ce6-d5ce-4127-9e45-30fef19cf7a6/role-mappings/realm	\N	\N	REALM_ROLE_MAPPING
de09724c-24f0-4e6c-abe0-661d8103b16c	1634624626961	master	CREATE	master	4517fc46-ede2-439d-a2df-ce5df9730041	0423c7be-303d-4c55-abcc-7f1dd3db7600	103.75.227.210	roles-by-id/346807ae-684e-4288-bf0c-f228ba3e5b89/composites	\N	\N	REALM_ROLE
311371fd-cd7b-4e16-8182-18386fe15bde	1634624632442	master	CREATE	master	4517fc46-ede2-439d-a2df-ce5df9730041	0423c7be-303d-4c55-abcc-7f1dd3db7600	103.75.227.210	roles-by-id/346807ae-684e-4288-bf0c-f228ba3e5b89/composites	\N	\N	REALM_ROLE
3a6967a7-5eb7-450d-9945-700744b7407d	1634624638201	master	CREATE	master	4517fc46-ede2-439d-a2df-ce5df9730041	0423c7be-303d-4c55-abcc-7f1dd3db7600	103.75.227.210	roles-by-id/346807ae-684e-4288-bf0c-f228ba3e5b89/composites	\N	\N	REALM_ROLE
c5307a0d-dd95-4336-bbe0-b881940bddbc	1634624976210	master	UPDATE	master	4517fc46-ede2-439d-a2df-ce5df9730041	b615e4a5-d762-464f-8e17-ac720d49712f	103.75.227.210	\N	\N	\N	REALM
e52c029b-2d7c-4f28-bd3f-e32c6446bdc2	1634669811761	master	CREATE	master	3afd73f2-22a0-4426-9fad-2518ad895eea	0423c7be-303d-4c55-abcc-7f1dd3db7600	77.22.17.10	users/66710868-5216-45e0-a24e-084c92d1d0af	\N	\N	USER
277a9d5a-9325-4966-8611-133d61ac210b	1634670584305	master	CREATE	master	3afd73f2-22a0-4426-9fad-2518ad895eea	0423c7be-303d-4c55-abcc-7f1dd3db7600	77.22.17.10	users/1f8eb111-316d-42b0-b5da-faa7d3daba18	\N	\N	USER
a9776caa-e396-42e6-869f-cad941e1df90	1634748711315	master	CREATE	master	3afd73f2-22a0-4426-9fad-2518ad895eea	0423c7be-303d-4c55-abcc-7f1dd3db7600	77.22.17.10	users/d3bd95f9-b9a9-463d-a1fe-4039155a1098	\N	\N	USER
0711a047-6167-455c-942d-9d115562def8	1634749087968	master	CREATE	master	3afd73f2-22a0-4426-9fad-2518ad895eea	0423c7be-303d-4c55-abcc-7f1dd3db7600	77.22.17.10	users/2c8aa767-66ab-4e30-89f9-d71c22fcef35	\N	\N	USER
eda1de71-f5b7-4d05-8811-7ba326a04a72	1635489359259	master	CREATE	master	4517fc46-ede2-439d-a2df-ce5df9730041	8788c72d-94d2-4ab0-9c72-ca2c003a8d6b	87.132.194.60	users/e5106271-5024-4657-834f-acd9972fdd5c/role-mappings/clients/d4c798da-74aa-4070-9d39-fe2f2d5fb873	\N	\N	CLIENT_ROLE_MAPPING
c78808bb-04d0-45e3-b075-a138e31147f1	1635835727957	master	UPDATE	master	4517fc46-ede2-439d-a2df-ce5df9730041	0423c7be-303d-4c55-abcc-7f1dd3db7600	103.138.28.17	users/b615e4a5-d762-464f-8e17-ac720d49712f	\N	\N	USER
7646a615-e0d1-4f92-93b4-5eb55e192ed1	1635836937192	master	UPDATE	master	4517fc46-ede2-439d-a2df-ce5df9730041	0423c7be-303d-4c55-abcc-7f1dd3db7600	103.138.28.17	users/b615e4a5-d762-464f-8e17-ac720d49712f	\N	\N	USER
30c8be00-69a6-483e-934d-b513fc1d4443	1635836997023	master	CREATE	master	4517fc46-ede2-439d-a2df-ce5df9730041	0423c7be-303d-4c55-abcc-7f1dd3db7600	103.138.28.17	users/b615e4a5-d762-464f-8e17-ac720d49712f/role-mappings/clients/d4c798da-74aa-4070-9d39-fe2f2d5fb873	\N	\N	CLIENT_ROLE_MAPPING
73f9347c-8b59-4c81-b258-31eef7cbb17a	1635838468173	master	UPDATE	master	4517fc46-ede2-439d-a2df-ce5df9730041	0423c7be-303d-4c55-abcc-7f1dd3db7600	103.138.28.17	\N	\N	\N	REALM
16c9b50a-0631-4c2b-8917-8f02b57c260d	1635838555633	master	UPDATE	master	4517fc46-ede2-439d-a2df-ce5df9730041	0423c7be-303d-4c55-abcc-7f1dd3db7600	103.138.28.17	\N	\N	\N	REALM
3210eaf8-c1e7-4151-b0e1-fc434a354b41	1635838603358	master	UPDATE	master	4517fc46-ede2-439d-a2df-ce5df9730041	0423c7be-303d-4c55-abcc-7f1dd3db7600	103.138.28.17	\N	\N	\N	REALM
f64311e6-b8a6-4976-be1b-e5a27caaf824	1635838873264	master	UPDATE	master	4517fc46-ede2-439d-a2df-ce5df9730041	b615e4a5-d762-464f-8e17-ac720d49712f	103.138.28.17	\N	\N	\N	REALM
25b81bd3-8a79-4c68-805e-4fe91450f6a1	1635840063528	master	CREATE	master	4517fc46-ede2-439d-a2df-ce5df9730041	0423c7be-303d-4c55-abcc-7f1dd3db7600	103.138.28.17	groups/2e5928ca-1b7e-4de3-b1ab-791949441793/role-mappings/clients/d4c798da-74aa-4070-9d39-fe2f2d5fb873	\N	\N	CLIENT_ROLE_MAPPING
d73a2450-c6fb-4f28-8116-3f3ca6115936	1635840066459	master	CREATE	master	4517fc46-ede2-439d-a2df-ce5df9730041	0423c7be-303d-4c55-abcc-7f1dd3db7600	103.138.28.17	groups/2e5928ca-1b7e-4de3-b1ab-791949441793/role-mappings/clients/d4c798da-74aa-4070-9d39-fe2f2d5fb873	\N	\N	CLIENT_ROLE_MAPPING
6946730d-9f9f-4b3e-90c9-c2ed478303c7	1635840071671	master	CREATE	master	4517fc46-ede2-439d-a2df-ce5df9730041	0423c7be-303d-4c55-abcc-7f1dd3db7600	103.138.28.17	groups/2e5928ca-1b7e-4de3-b1ab-791949441793/role-mappings/clients/d4c798da-74aa-4070-9d39-fe2f2d5fb873	\N	\N	CLIENT_ROLE_MAPPING
2db1c8de-b8ff-4b72-9900-8901f9b8eb67	1635840075581	master	CREATE	master	4517fc46-ede2-439d-a2df-ce5df9730041	0423c7be-303d-4c55-abcc-7f1dd3db7600	103.138.28.17	groups/2e5928ca-1b7e-4de3-b1ab-791949441793/role-mappings/clients/d4c798da-74aa-4070-9d39-fe2f2d5fb873	\N	\N	CLIENT_ROLE_MAPPING
c4236033-b01c-4194-8415-9a7195464a56	1635840464961	master	CREATE	master	4517fc46-ede2-439d-a2df-ce5df9730041	0423c7be-303d-4c55-abcc-7f1dd3db7600	103.138.28.17	default-groups/2e5928ca-1b7e-4de3-b1ab-791949441793	\N	\N	GROUP
01f244ac-3ed1-48af-b168-2a16b0113d9c	1635864718385	master	CREATE	master	4517fc46-ede2-439d-a2df-ce5df9730041	0423c7be-303d-4c55-abcc-7f1dd3db7600	188.74.1.58	users/3236f06f-1792-49f5-9651-e063f1e82455/role-mappings/realm	\N	\N	REALM_ROLE_MAPPING
400191c5-2d4e-4243-adac-f94f03d67df0	1635864720129	master	CREATE	master	4517fc46-ede2-439d-a2df-ce5df9730041	0423c7be-303d-4c55-abcc-7f1dd3db7600	188.74.1.58	users/3236f06f-1792-49f5-9651-e063f1e82455/role-mappings/realm	\N	\N	REALM_ROLE_MAPPING
002100f5-aa1a-4721-992e-0f67b534b8ab	1635864742671	master	CREATE	master	4517fc46-ede2-439d-a2df-ce5df9730041	0423c7be-303d-4c55-abcc-7f1dd3db7600	188.74.1.58	users/3236f06f-1792-49f5-9651-e063f1e82455/role-mappings/realm	\N	\N	REALM_ROLE_MAPPING
51f5e146-859a-4483-a323-23bd5015e2e0	1635925355415	master	CREATE	master	4517fc46-ede2-439d-a2df-ce5df9730041	1a7e2fde-c037-4e6f-982c-d7f51d2abddd	89.247.165.61	users/6decc31f-4e8f-477b-ac9c-9715f93e8440/role-mappings/clients/d4c798da-74aa-4070-9d39-fe2f2d5fb873	\N	\N	CLIENT_ROLE_MAPPING
267c29ed-934f-42f1-8e59-6282ad5c5203	1635925359341	master	CREATE	master	4517fc46-ede2-439d-a2df-ce5df9730041	1a7e2fde-c037-4e6f-982c-d7f51d2abddd	89.247.165.61	users/6decc31f-4e8f-477b-ac9c-9715f93e8440/role-mappings/clients/d4c798da-74aa-4070-9d39-fe2f2d5fb873	\N	\N	CLIENT_ROLE_MAPPING
de4c6475-6540-4565-a919-d738b57ec56c	1635925367438	master	CREATE	master	4517fc46-ede2-439d-a2df-ce5df9730041	1a7e2fde-c037-4e6f-982c-d7f51d2abddd	89.247.165.61	users/6decc31f-4e8f-477b-ac9c-9715f93e8440/role-mappings/realm	\N	\N	REALM_ROLE_MAPPING
900a0971-6c55-4caa-92e7-f7115831ac67	1635925369883	master	CREATE	master	4517fc46-ede2-439d-a2df-ce5df9730041	1a7e2fde-c037-4e6f-982c-d7f51d2abddd	89.247.165.61	users/6decc31f-4e8f-477b-ac9c-9715f93e8440/role-mappings/realm	\N	\N	REALM_ROLE_MAPPING
b7a82920-8d57-46e2-9075-e72777258027	1635925371892	master	CREATE	master	4517fc46-ede2-439d-a2df-ce5df9730041	1a7e2fde-c037-4e6f-982c-d7f51d2abddd	89.247.165.61	users/6decc31f-4e8f-477b-ac9c-9715f93e8440/role-mappings/realm	\N	\N	REALM_ROLE_MAPPING
f67eff63-0c84-4096-9c92-c4a8dfda0ce4	1635925374264	master	CREATE	master	4517fc46-ede2-439d-a2df-ce5df9730041	1a7e2fde-c037-4e6f-982c-d7f51d2abddd	89.247.165.61	users/6decc31f-4e8f-477b-ac9c-9715f93e8440/role-mappings/realm	\N	\N	REALM_ROLE_MAPPING
359c76f6-0a65-413e-840b-25cec12d67d3	1635925376925	master	CREATE	master	4517fc46-ede2-439d-a2df-ce5df9730041	1a7e2fde-c037-4e6f-982c-d7f51d2abddd	89.247.165.61	users/6decc31f-4e8f-477b-ac9c-9715f93e8440/role-mappings/realm	\N	\N	REALM_ROLE_MAPPING
e473a035-2763-47b7-a22a-73b65adaa9ce	1635925439171	master	DELETE	master	4517fc46-ede2-439d-a2df-ce5df9730041	6decc31f-4e8f-477b-ac9c-9715f93e8440	89.247.165.61	users/b1c51795-c00b-4f51-b864-a898972e8678	\N	\N	USER
5529a883-a701-417f-bcc8-42967094dd57	1635925441793	master	DELETE	master	4517fc46-ede2-439d-a2df-ce5df9730041	6decc31f-4e8f-477b-ac9c-9715f93e8440	89.247.165.61	users/4711ffc5-9ed8-46d8-b91a-94c29354e60d	\N	\N	USER
d5659bb5-66e3-47f8-86f0-0b0ce4070d01	1635925444193	master	DELETE	master	4517fc46-ede2-439d-a2df-ce5df9730041	6decc31f-4e8f-477b-ac9c-9715f93e8440	89.247.165.61	users/d8916a9d-8e0e-46a5-aec9-08be620cf19b	\N	\N	USER
f93b9c56-513e-4a53-b5e2-9e320351d4cb	1635925446689	master	DELETE	master	4517fc46-ede2-439d-a2df-ce5df9730041	6decc31f-4e8f-477b-ac9c-9715f93e8440	89.247.165.61	users/58d885e0-3b9f-4f75-a6bd-eb20161f528d	\N	\N	USER
6b800ce5-0840-48cf-afdc-560a57b17f2e	1635925449364	master	DELETE	master	4517fc46-ede2-439d-a2df-ce5df9730041	6decc31f-4e8f-477b-ac9c-9715f93e8440	89.247.165.61	users/1a7e2fde-c037-4e6f-982c-d7f51d2abddd	\N	\N	USER
ad7197b7-16f4-4143-b7d5-1dcd8d75b086	1635925792903	master	CREATE	master	4517fc46-ede2-439d-a2df-ce5df9730041	6decc31f-4e8f-477b-ac9c-9715f93e8440	89.247.165.61	users/9f90ce28-1b7c-4bd1-be1d-d9cfed9fe75d/role-mappings/realm	\N	\N	REALM_ROLE_MAPPING
ea92f2ab-cd59-441a-889b-8a05baa1c738	1636585377799	master	CREATE	master	3afd73f2-22a0-4426-9fad-2518ad895eea	0423c7be-303d-4c55-abcc-7f1dd3db7600	31.17.130.90	users/4b8a697a-69f6-446e-a367-3665fb05fc66	\N	\N	USER
60b906c7-2c2c-45d7-8cfa-d01b9b23b87d	1636585618184	master	CREATE	master	3afd73f2-22a0-4426-9fad-2518ad895eea	0423c7be-303d-4c55-abcc-7f1dd3db7600	31.17.130.90	users/39b87e9b-2d55-466a-8c50-cb3b8463a8e9	\N	\N	USER
af09b498-331f-4e04-9795-403a0a8bfe1b	1636589800640	master	CREATE	master	3afd73f2-22a0-4426-9fad-2518ad895eea	0423c7be-303d-4c55-abcc-7f1dd3db7600	31.17.130.90	users/155c487a-2112-40c3-a32f-845ff360f963	\N	\N	USER
36af4d46-ce06-4c8c-b677-cf386bf19097	1636887892359	master	CREATE	master	4517fc46-ede2-439d-a2df-ce5df9730041	0423c7be-303d-4c55-abcc-7f1dd3db7600	31.17.130.90	clients/c618eed0-c36f-4a8a-886a-bf29fbc91de5	\N	\N	CLIENT
d15fe982-d7ca-4eb1-a230-ed46bd3c6522	1636888075827	master	CREATE	master	3afd73f2-22a0-4426-9fad-2518ad895eea	0423c7be-303d-4c55-abcc-7f1dd3db7600	31.17.130.90	users/cf32fecd-a65b-4515-a5f8-940f03e3b129	\N	\N	USER
b46a9cec-805b-44a3-ab68-f6f1f58ff3fb	1636888256989	master	UPDATE	master	4517fc46-ede2-439d-a2df-ce5df9730041	0423c7be-303d-4c55-abcc-7f1dd3db7600	31.17.130.90	clients/c618eed0-c36f-4a8a-886a-bf29fbc91de5	\N	\N	CLIENT
99c99f30-a972-4591-b22d-5d4104f6da0c	1636888845233	master	UPDATE	master	4517fc46-ede2-439d-a2df-ce5df9730041	0423c7be-303d-4c55-abcc-7f1dd3db7600	31.17.130.90	clients/c618eed0-c36f-4a8a-886a-bf29fbc91de5	\N	\N	CLIENT
db5da054-15ce-41e0-beba-734fed9e52b9	1636888845240	master	UPDATE	master	4517fc46-ede2-439d-a2df-ce5df9730041	0423c7be-303d-4c55-abcc-7f1dd3db7600	31.17.130.90	clients/c618eed0-c36f-4a8a-886a-bf29fbc91de5	\N	\N	CLIENT
875edead-0ae6-4042-ae09-0955279f84af	1636888849310	master	CREATE	master	4517fc46-ede2-439d-a2df-ce5df9730041	0423c7be-303d-4c55-abcc-7f1dd3db7600	31.17.130.90	clients/c618eed0-c36f-4a8a-886a-bf29fbc91de5/scope-mappings/realm	\N	\N	REALM_SCOPE_MAPPING
f245dba0-47cf-494a-ab87-40dc7ce01c9f	1636888851934	master	CREATE	master	4517fc46-ede2-439d-a2df-ce5df9730041	0423c7be-303d-4c55-abcc-7f1dd3db7600	31.17.130.90	clients/c618eed0-c36f-4a8a-886a-bf29fbc91de5/scope-mappings/realm	\N	\N	REALM_SCOPE_MAPPING
a7884836-4c13-471f-bba0-899707e8518f	1636888855373	master	CREATE	master	4517fc46-ede2-439d-a2df-ce5df9730041	0423c7be-303d-4c55-abcc-7f1dd3db7600	31.17.130.90	clients/c618eed0-c36f-4a8a-886a-bf29fbc91de5/scope-mappings/realm	\N	\N	REALM_SCOPE_MAPPING
04616c87-b112-4bd9-afda-96c50aa7cfb0	1636888906944	master	DELETE	master	4517fc46-ede2-439d-a2df-ce5df9730041	0423c7be-303d-4c55-abcc-7f1dd3db7600	31.17.130.90	clients/c618eed0-c36f-4a8a-886a-bf29fbc91de5/default-client-scopes/a2422a25-8c95-4c92-9f82-c5f188e1675f	\N	\N	CLIENT
6077ce20-9851-4b5a-971c-0f2bcc664f88	1636888906944	master	DELETE	master	4517fc46-ede2-439d-a2df-ce5df9730041	0423c7be-303d-4c55-abcc-7f1dd3db7600	31.17.130.90	clients/c618eed0-c36f-4a8a-886a-bf29fbc91de5/default-client-scopes/ec5ec5ef-3ef1-48ff-8d11-81c1b9053b12	\N	\N	CLIENT
a8a6e8d8-ad34-493e-8b8b-ad9c4dafdfcb	1636888906946	master	DELETE	master	4517fc46-ede2-439d-a2df-ce5df9730041	0423c7be-303d-4c55-abcc-7f1dd3db7600	31.17.130.90	clients/c618eed0-c36f-4a8a-886a-bf29fbc91de5/default-client-scopes/e9f0cd4c-732f-491f-976f-b54c942aec34	\N	\N	CLIENT
0e2c1b58-6b3f-42d4-8647-35c4f5f84b6d	1636888906965	master	DELETE	master	4517fc46-ede2-439d-a2df-ce5df9730041	0423c7be-303d-4c55-abcc-7f1dd3db7600	31.17.130.90	clients/c618eed0-c36f-4a8a-886a-bf29fbc91de5/default-client-scopes/a13256d9-749b-4c21-93d2-238d5ab8b2b1	\N	\N	CLIENT
eb95024b-f2b9-48be-9a42-337a8390b40e	1636888911736	master	DELETE	master	4517fc46-ede2-439d-a2df-ce5df9730041	0423c7be-303d-4c55-abcc-7f1dd3db7600	31.17.130.90	clients/c618eed0-c36f-4a8a-886a-bf29fbc91de5/optional-client-scopes/e6cc7977-21ce-4ff2-9cf8-df0dcef128da	\N	\N	CLIENT
5d32ff0f-8dce-42b2-b0ab-fa7f6722272c	1636888911736	master	DELETE	master	4517fc46-ede2-439d-a2df-ce5df9730041	0423c7be-303d-4c55-abcc-7f1dd3db7600	31.17.130.90	clients/c618eed0-c36f-4a8a-886a-bf29fbc91de5/optional-client-scopes/6e9d2f68-7923-4f81-b42b-a3a7b76da030	\N	\N	CLIENT
71b851b4-d102-4db7-92b4-a3acd11b32a4	1636888911736	master	DELETE	master	4517fc46-ede2-439d-a2df-ce5df9730041	0423c7be-303d-4c55-abcc-7f1dd3db7600	31.17.130.90	clients/c618eed0-c36f-4a8a-886a-bf29fbc91de5/optional-client-scopes/3eb9f439-4826-4ea4-b57c-1705db920981	\N	\N	CLIENT
138a8271-fbaf-4f83-8572-938066dc2300	1636888911739	master	DELETE	master	4517fc46-ede2-439d-a2df-ce5df9730041	0423c7be-303d-4c55-abcc-7f1dd3db7600	31.17.130.90	clients/c618eed0-c36f-4a8a-886a-bf29fbc91de5/optional-client-scopes/0a049876-89a7-4cf2-8732-e6f7a7aee90d	\N	\N	CLIENT
6e3d55a5-7fe9-4288-9daa-39fd9791e493	1636889713750	master	UPDATE	master	4517fc46-ede2-439d-a2df-ce5df9730041	0423c7be-303d-4c55-abcc-7f1dd3db7600	31.17.130.90	clients/c618eed0-c36f-4a8a-886a-bf29fbc91de5	\N	\N	CLIENT
b20db4e6-f0a8-425c-8aec-6aed8195cfaa	1636890316674	master	UPDATE	master	4517fc46-ede2-439d-a2df-ce5df9730041	0423c7be-303d-4c55-abcc-7f1dd3db7600	31.17.130.90	clients/e86dd8c7-374e-49a1-bc67-18565e5d5af0	\N	\N	CLIENT
cb4ef6ec-23b7-4813-8f24-0e92baa3f2e7	1636890536145	master	UPDATE	master	4517fc46-ede2-439d-a2df-ce5df9730041	0423c7be-303d-4c55-abcc-7f1dd3db7600	31.17.130.90	clients/e86dd8c7-374e-49a1-bc67-18565e5d5af0	\N	\N	CLIENT
f9c85398-b884-4122-ac17-2ee48254b331	1636890571136	master	UPDATE	master	4517fc46-ede2-439d-a2df-ce5df9730041	0423c7be-303d-4c55-abcc-7f1dd3db7600	31.17.130.90	clients/c618eed0-c36f-4a8a-886a-bf29fbc91de5	\N	\N	CLIENT
327fdaab-5e85-427d-90b3-718aaa167451	1636890587339	master	UPDATE	master	4517fc46-ede2-439d-a2df-ce5df9730041	0423c7be-303d-4c55-abcc-7f1dd3db7600	31.17.130.90	clients/c618eed0-c36f-4a8a-886a-bf29fbc91de5	\N	\N	CLIENT
9d92fc86-493c-47e3-bbd1-c7829142cddf	1636979058478	master	UPDATE	master	4517fc46-ede2-439d-a2df-ce5df9730041	0423c7be-303d-4c55-abcc-7f1dd3db7600	77.4.131.136	\N	\N	\N	REALM
c108ed4c-02e3-4881-8ae9-0169707ac7bf	1636979083073	master	UPDATE	master	4517fc46-ede2-439d-a2df-ce5df9730041	0423c7be-303d-4c55-abcc-7f1dd3db7600	77.4.131.136	\N	\N	\N	REALM
f1539704-c49c-4b30-a105-973ea39d8f13	1636979144832	master	UPDATE	master	4517fc46-ede2-439d-a2df-ce5df9730041	0423c7be-303d-4c55-abcc-7f1dd3db7600	77.4.131.136	\N	\N	\N	REALM
dfe60457-407a-48f5-bc9b-fdec6eb18b03	1636979162409	master	UPDATE	master	4517fc46-ede2-439d-a2df-ce5df9730041	0423c7be-303d-4c55-abcc-7f1dd3db7600	77.4.131.136	\N	\N	\N	REALM
b2c5564e-3689-4aed-bc9c-6e38934bfa4a	1636979205962	master	UPDATE	master	4517fc46-ede2-439d-a2df-ce5df9730041	0423c7be-303d-4c55-abcc-7f1dd3db7600	77.4.131.136	\N	\N	\N	REALM
39b15afb-757b-4330-8b67-ee89a6a865f9	1636979209152	master	UPDATE	master	4517fc46-ede2-439d-a2df-ce5df9730041	0423c7be-303d-4c55-abcc-7f1dd3db7600	77.4.131.136	\N	\N	\N	REALM
0f7bb4f0-161f-4356-bfbc-5990891403db	1636979229009	master	UPDATE	master	4517fc46-ede2-439d-a2df-ce5df9730041	0423c7be-303d-4c55-abcc-7f1dd3db7600	77.4.131.136	\N	\N	\N	REALM
d1a6a078-6c14-4a2a-ba84-9cf6286341f6	1636979249940	master	UPDATE	master	4517fc46-ede2-439d-a2df-ce5df9730041	0423c7be-303d-4c55-abcc-7f1dd3db7600	77.4.131.136	\N	\N	\N	REALM
a40c5ab5-20ca-4d14-9546-49b773eae8ce	1637147854128	master	UPDATE	master	4517fc46-ede2-439d-a2df-ce5df9730041	0423c7be-303d-4c55-abcc-7f1dd3db7600	31.17.130.90	clients/c618eed0-c36f-4a8a-886a-bf29fbc91de5	\N	\N	CLIENT
416727d8-436e-4ee5-a7ec-661ea1b5a03e	1637147972019	master	UPDATE	master	4517fc46-ede2-439d-a2df-ce5df9730041	0423c7be-303d-4c55-abcc-7f1dd3db7600	31.17.130.90	clients/c618eed0-c36f-4a8a-886a-bf29fbc91de5	\N	\N	CLIENT
6e0cc2b1-d1c7-450e-9954-dbde8c1d30c6	1637148184421	master	UPDATE	master	4517fc46-ede2-439d-a2df-ce5df9730041	0423c7be-303d-4c55-abcc-7f1dd3db7600	31.17.130.90	clients/c618eed0-c36f-4a8a-886a-bf29fbc91de5	\N	\N	CLIENT
e45e51c4-4e50-4a27-91bd-0fc68b3ad69d	1637148239943	master	UPDATE	master	4517fc46-ede2-439d-a2df-ce5df9730041	0423c7be-303d-4c55-abcc-7f1dd3db7600	31.17.130.90	clients/c618eed0-c36f-4a8a-886a-bf29fbc91de5	\N	\N	CLIENT
74bef612-d9b6-494c-a3a8-b83a753bf864	1637148464009	master	UPDATE	master	4517fc46-ede2-439d-a2df-ce5df9730041	0423c7be-303d-4c55-abcc-7f1dd3db7600	31.17.130.90	clients/c618eed0-c36f-4a8a-886a-bf29fbc91de5	\N	\N	CLIENT
76d8c630-8e2a-44a6-90af-7b0d0193d07a	1637150287117	master	CREATE	master	3afd73f2-22a0-4426-9fad-2518ad895eea	0423c7be-303d-4c55-abcc-7f1dd3db7600	31.17.130.90	users/d4a83d9c-7346-42d1-bd27-39ee1c780bf1	\N	\N	USER
04f808a5-4a90-4999-9e17-87521bd2c964	1637160383806	master	CREATE	master	3afd73f2-22a0-4426-9fad-2518ad895eea	0423c7be-303d-4c55-abcc-7f1dd3db7600	31.17.130.90	users/6dd713b1-9d1d-4a0c-bc89-4b44cf8ebb4e	\N	\N	USER
cc8f7f6a-63cb-4b09-8201-7cf0de8f334a	1637499371923	master	CREATE	master	3afd73f2-22a0-4426-9fad-2518ad895eea	0423c7be-303d-4c55-abcc-7f1dd3db7600	31.17.130.90	users/73d403c2-83eb-4b36-bb68-5602d20c541d	\N	\N	USER
2c73609e-f5b9-4c3e-8a26-0b2ea2db7848	1637509309887	master	CREATE	master	3afd73f2-22a0-4426-9fad-2518ad895eea	0423c7be-303d-4c55-abcc-7f1dd3db7600	31.17.130.90	users/3ecabb18-7cd7-4a1e-af98-204ad9500ae4	\N	\N	USER
7ec0563f-78e2-465f-8576-4a3872b2a851	1637509490001	master	CREATE	master	3afd73f2-22a0-4426-9fad-2518ad895eea	0423c7be-303d-4c55-abcc-7f1dd3db7600	31.17.130.90	users/56255073-3006-46fd-8715-d33643cf8bce	\N	\N	USER
659095f8-088e-42db-bbc9-ef64b4d3d200	1637517152514	master	CREATE	master	3afd73f2-22a0-4426-9fad-2518ad895eea	0423c7be-303d-4c55-abcc-7f1dd3db7600	31.17.130.90	users/056d8fc2-b768-41de-8c3e-769df26cca94	\N	\N	USER
2f6678b0-9024-4d51-a42d-4ffad1c5cb7a	1637862756935	master	CREATE	master	3afd73f2-22a0-4426-9fad-2518ad895eea	0423c7be-303d-4c55-abcc-7f1dd3db7600	31.17.130.90	users/a91877cc-cab5-4ef1-93fd-a3636a8b41fb	\N	\N	USER
c95b4228-bdc2-4739-81dd-4b745bf55150	1637862893978	master	DELETE	master	4517fc46-ede2-439d-a2df-ce5df9730041	0423c7be-303d-4c55-abcc-7f1dd3db7600	31.17.130.90	users/a91877cc-cab5-4ef1-93fd-a3636a8b41fb	\N	\N	USER
19fa68b2-84a5-4e52-acf9-39d08b27185c	1638207463229	master	CREATE	master	3afd73f2-22a0-4426-9fad-2518ad895eea	0423c7be-303d-4c55-abcc-7f1dd3db7600	31.17.130.90	users/0d05f9bc-37ba-48e2-a617-5502ea860faf	\N	\N	USER
5e88ec11-8ce1-4300-8b15-ce36457f3f06	1638271506935	master	DELETE	master	4517fc46-ede2-439d-a2df-ce5df9730041	0423c7be-303d-4c55-abcc-7f1dd3db7600	172.18.0.1	users/39ce6203-4775-4eda-9e3f-04a5011128e3	\N	\N	USER
b96a5b3c-8549-4e76-907a-a1db1682a1d1	1638271509749	master	DELETE	master	4517fc46-ede2-439d-a2df-ce5df9730041	0423c7be-303d-4c55-abcc-7f1dd3db7600	172.18.0.1	users/3d4976cd-9979-42c4-a1c8-48630ddc80f5	\N	\N	USER
1b3c83b7-afa7-418e-a63c-054cc2cded81	1638271512959	master	DELETE	master	4517fc46-ede2-439d-a2df-ce5df9730041	0423c7be-303d-4c55-abcc-7f1dd3db7600	172.18.0.1	users/483c130c-ea49-4d36-ba32-1d822dfddd44	\N	\N	USER
f3c3640f-72d8-4c1d-8b53-9267c5cf6053	1638271515665	master	DELETE	master	4517fc46-ede2-439d-a2df-ce5df9730041	0423c7be-303d-4c55-abcc-7f1dd3db7600	172.18.0.1	users/5c76acce-a8c8-413a-bcf9-3e346c96195b	\N	\N	USER
52995f5d-a3a2-4107-915f-dce79d9dfd09	1638271518222	master	DELETE	master	4517fc46-ede2-439d-a2df-ce5df9730041	0423c7be-303d-4c55-abcc-7f1dd3db7600	172.18.0.1	users/9fd21af7-5e70-4d05-bd8d-08d856555780	\N	\N	USER
8221c4fe-4c47-4ece-a0a7-b55c537a2ade	1638271520814	master	DELETE	master	4517fc46-ede2-439d-a2df-ce5df9730041	0423c7be-303d-4c55-abcc-7f1dd3db7600	172.18.0.1	users/2236153a-be22-4f31-bef6-0b66373b7085	\N	\N	USER
0005699e-5c74-4fde-b7f3-3cbd66dd3a5a	1638271523224	master	DELETE	master	4517fc46-ede2-439d-a2df-ce5df9730041	0423c7be-303d-4c55-abcc-7f1dd3db7600	172.18.0.1	users/16d34e90-825e-4fd5-acbe-7944a247c664	\N	\N	USER
71f05e8c-40b7-40e4-bf30-0aed5a49945b	1638271525997	master	DELETE	master	4517fc46-ede2-439d-a2df-ce5df9730041	0423c7be-303d-4c55-abcc-7f1dd3db7600	172.18.0.1	users/182e0e7f-6395-4704-ba4d-5133b33781f0	\N	\N	USER
4150b4d4-4e24-433b-8122-6809d560bad5	1638271528299	master	DELETE	master	4517fc46-ede2-439d-a2df-ce5df9730041	0423c7be-303d-4c55-abcc-7f1dd3db7600	172.18.0.1	users/d3fa4826-4012-4d1e-889d-fe29834c0f52	\N	\N	USER
c40caf85-8acb-4fe6-8b1c-13476516fa06	1638271530759	master	DELETE	master	4517fc46-ede2-439d-a2df-ce5df9730041	0423c7be-303d-4c55-abcc-7f1dd3db7600	172.18.0.1	users/c116d654-3e93-45e9-b006-0cadac1f47ea	\N	\N	USER
08e0f095-3d19-4e67-b327-7367ccaa8f23	1638271533058	master	DELETE	master	4517fc46-ede2-439d-a2df-ce5df9730041	0423c7be-303d-4c55-abcc-7f1dd3db7600	172.18.0.1	users/cd3abd5e-d5f8-40f4-97b5-da80a8094d8e	\N	\N	USER
baa84a0e-2c59-4b0a-883a-4202e33ee9b3	1638271535733	master	DELETE	master	4517fc46-ede2-439d-a2df-ce5df9730041	0423c7be-303d-4c55-abcc-7f1dd3db7600	172.18.0.1	users/bdaaf6ca-864d-4133-a695-1305f112ef94	\N	\N	USER
4fd67747-b976-4ec9-a5a3-4afdae991fa3	1638271547284	master	DELETE	master	4517fc46-ede2-439d-a2df-ce5df9730041	0423c7be-303d-4c55-abcc-7f1dd3db7600	172.18.0.1	users/3a8d61a5-5d02-4e2c-bc2e-5da3f276f1bb	\N	\N	USER
f86a7f7d-346d-47f3-879e-5f42a4bdb3ce	1638271550488	master	DELETE	master	4517fc46-ede2-439d-a2df-ce5df9730041	0423c7be-303d-4c55-abcc-7f1dd3db7600	172.18.0.1	users/47f26e2b-7dda-4c27-baad-7f060dc0e9e5	\N	\N	USER
35fa30ed-b30a-4448-9016-8487a83beaa6	1638271553921	master	DELETE	master	4517fc46-ede2-439d-a2df-ce5df9730041	0423c7be-303d-4c55-abcc-7f1dd3db7600	172.18.0.1	users/61364d27-f699-493e-a894-6c5804ef83a4	\N	\N	USER
f2a8cb72-0797-43b2-954b-a45b338859c3	1638271556589	master	DELETE	master	4517fc46-ede2-439d-a2df-ce5df9730041	0423c7be-303d-4c55-abcc-7f1dd3db7600	172.18.0.1	users/2c5cdb40-d942-42f5-95de-07b22aa9e12d	\N	\N	USER
589f505e-c309-4a6b-93f4-5902ed8e5ef7	1638271558972	master	DELETE	master	4517fc46-ede2-439d-a2df-ce5df9730041	0423c7be-303d-4c55-abcc-7f1dd3db7600	172.18.0.1	users/13ba3fdf-1899-4015-94f5-7ddaf073b1de	\N	\N	USER
b8e33860-b002-454e-a2a6-0745fd5b4d77	1638271561575	master	DELETE	master	4517fc46-ede2-439d-a2df-ce5df9730041	0423c7be-303d-4c55-abcc-7f1dd3db7600	172.18.0.1	users/a931c718-7392-489d-b6de-02b6a9b3b239	\N	\N	USER
0e580c3d-f1dc-4200-806e-c2937cb9d930	1638271564060	master	DELETE	master	4517fc46-ede2-439d-a2df-ce5df9730041	0423c7be-303d-4c55-abcc-7f1dd3db7600	172.18.0.1	users/e01e8270-508b-4a7f-98bf-2a1cf3af25ce	\N	\N	USER
9eaa05c6-2602-480e-a390-0332a1ea4f1e	1638271566857	master	DELETE	master	4517fc46-ede2-439d-a2df-ce5df9730041	0423c7be-303d-4c55-abcc-7f1dd3db7600	172.18.0.1	users/efe218f8-512a-4fa2-b78f-7458fa349d57	\N	\N	USER
13f85dc3-25db-4c8b-850c-eae2c9e15e32	1638271569164	master	DELETE	master	4517fc46-ede2-439d-a2df-ce5df9730041	0423c7be-303d-4c55-abcc-7f1dd3db7600	172.18.0.1	users/ff2b3165-df80-49bb-84c2-3b6ebb215a66	\N	\N	USER
c15b7b1a-e35d-444e-91b0-89d18a7a9fea	1638271572174	master	DELETE	master	4517fc46-ede2-439d-a2df-ce5df9730041	0423c7be-303d-4c55-abcc-7f1dd3db7600	172.18.0.1	users/0c895278-fb53-40e0-b07a-baf5e50cb257	\N	\N	USER
08fb92fb-2de1-4121-b76b-2f97cd5aca89	1638271574761	master	DELETE	master	4517fc46-ede2-439d-a2df-ce5df9730041	0423c7be-303d-4c55-abcc-7f1dd3db7600	172.18.0.1	users/2ec4c87d-154f-43df-bfc5-dc50694f90ea	\N	\N	USER
eb3193c0-6c5a-4fd0-88ef-44d641cb4343	1638271577487	master	DELETE	master	4517fc46-ede2-439d-a2df-ce5df9730041	0423c7be-303d-4c55-abcc-7f1dd3db7600	172.18.0.1	users/2fb4bd89-b6c8-4f6d-baf5-687bd343c4fb	\N	\N	USER
d9bc1908-0304-409d-b11e-8bfb8f5083c7	1638271580367	master	DELETE	master	4517fc46-ede2-439d-a2df-ce5df9730041	0423c7be-303d-4c55-abcc-7f1dd3db7600	172.18.0.1	users/719dbbb0-7d53-424d-8ca3-e98c7e9f20d6	\N	\N	USER
aee7f827-a78b-4d8d-85d9-df602451ef30	1638271582964	master	DELETE	master	4517fc46-ede2-439d-a2df-ce5df9730041	0423c7be-303d-4c55-abcc-7f1dd3db7600	172.18.0.1	users/874f267b-3b70-4a67-977b-bf237dda3398	\N	\N	USER
958c2a16-219c-4c72-9cc2-be197e5d47a9	1638271586604	master	DELETE	master	4517fc46-ede2-439d-a2df-ce5df9730041	0423c7be-303d-4c55-abcc-7f1dd3db7600	172.18.0.1	users/5ce2ca33-ad0f-49bc-93e2-46a4a5c48280	\N	\N	USER
04324c19-3cee-4ad1-b7ec-afecc6a8a15a	1638271589845	master	DELETE	master	4517fc46-ede2-439d-a2df-ce5df9730041	0423c7be-303d-4c55-abcc-7f1dd3db7600	172.18.0.1	users/5b36681e-25e8-4059-a193-3a2816da6644	\N	\N	USER
f9d4feb4-a6b8-4372-ab12-e943067cd50f	1638271594887	master	DELETE	master	4517fc46-ede2-439d-a2df-ce5df9730041	0423c7be-303d-4c55-abcc-7f1dd3db7600	172.18.0.1	users/6d7deef2-b745-4edc-95d9-05ec0f78c5a6	\N	\N	USER
58a75a5a-0c3f-4335-97c3-ab103723dd4f	1638271597995	master	DELETE	master	4517fc46-ede2-439d-a2df-ce5df9730041	0423c7be-303d-4c55-abcc-7f1dd3db7600	172.18.0.1	users/deaaf42b-7b3e-4673-aa7e-7c01e227d73a	\N	\N	USER
f01b3c95-09d1-4d72-9c48-9cff5f4c83e4	1638271604769	master	DELETE	master	4517fc46-ede2-439d-a2df-ce5df9730041	0423c7be-303d-4c55-abcc-7f1dd3db7600	172.18.0.1	users/029bc8b4-6fa3-4bbb-8ebc-2df717a179f9	\N	\N	USER
d2a1961e-0d88-4dd1-8b3e-fdc3464bf0e9	1638271606984	master	DELETE	master	4517fc46-ede2-439d-a2df-ce5df9730041	0423c7be-303d-4c55-abcc-7f1dd3db7600	172.18.0.1	users/cca6845f-e75a-4ca1-82c3-6074827d2bf4	\N	\N	USER
7464a277-9120-4ed3-94b1-a0f328157262	1638271610012	master	DELETE	master	4517fc46-ede2-439d-a2df-ce5df9730041	0423c7be-303d-4c55-abcc-7f1dd3db7600	172.18.0.1	users/374acc13-fb4c-4fef-b47f-500ef68a5984	\N	\N	USER
e4c443e3-afe7-456f-9b37-4e8a2eeb0745	1638271613094	master	DELETE	master	4517fc46-ede2-439d-a2df-ce5df9730041	0423c7be-303d-4c55-abcc-7f1dd3db7600	172.18.0.1	users/d9428766-5a07-4ff3-a32e-43c1b8b7326c	\N	\N	USER
b57add30-dd2d-4bab-ab76-9587d96b517a	1638271616860	master	DELETE	master	4517fc46-ede2-439d-a2df-ce5df9730041	0423c7be-303d-4c55-abcc-7f1dd3db7600	172.18.0.1	users/6f7fe6db-e17c-4e57-834a-eea2b257dc6d	\N	\N	USER
5d5e14a1-a79e-4b19-bf68-9910f430a257	1638271619625	master	DELETE	master	4517fc46-ede2-439d-a2df-ce5df9730041	0423c7be-303d-4c55-abcc-7f1dd3db7600	172.18.0.1	users/43a5707e-2fd5-4557-ab20-3e8c9ec22436	\N	\N	USER
1d9811ed-9dc8-4256-b2a7-ddfc88988ad9	1638271622476	master	DELETE	master	4517fc46-ede2-439d-a2df-ce5df9730041	0423c7be-303d-4c55-abcc-7f1dd3db7600	172.18.0.1	users/8904b901-3932-4e0f-afc7-77830929b1eb	\N	\N	USER
6b5ea410-9961-4c71-bd3d-54d8cb93c386	1638271625500	master	DELETE	master	4517fc46-ede2-439d-a2df-ce5df9730041	0423c7be-303d-4c55-abcc-7f1dd3db7600	172.18.0.1	users/82130cb8-e5b4-45f7-8387-82a69a3e0cb0	\N	\N	USER
583bc0e7-2fb5-4ea7-af20-3aacc16c2a25	1638271632778	master	DELETE	master	4517fc46-ede2-439d-a2df-ce5df9730041	0423c7be-303d-4c55-abcc-7f1dd3db7600	172.18.0.1	users/e69d402c-5928-40a8-9e28-a4adccffc064	\N	\N	USER
8d4f8907-9390-4b81-9e4b-4661fdb61394	1638271637388	master	DELETE	master	4517fc46-ede2-439d-a2df-ce5df9730041	0423c7be-303d-4c55-abcc-7f1dd3db7600	172.18.0.1	users/6f254dc7-015a-41b4-8784-dd792c02c39d	\N	\N	USER
c168b77c-2257-4c60-9566-16305eb7127f	1638271640002	master	DELETE	master	4517fc46-ede2-439d-a2df-ce5df9730041	0423c7be-303d-4c55-abcc-7f1dd3db7600	172.18.0.1	users/da423395-ab6e-4284-a7fb-44eb582adb24	\N	\N	USER
cf2da6d4-1a08-434f-bdec-a9342d4e2923	1638271642506	master	DELETE	master	4517fc46-ede2-439d-a2df-ce5df9730041	0423c7be-303d-4c55-abcc-7f1dd3db7600	172.18.0.1	users/e688d07b-4f82-4237-bdf9-2bee9587cb05	\N	\N	USER
c9e52dc5-a532-417e-a526-aad7c969d713	1638271645396	master	DELETE	master	4517fc46-ede2-439d-a2df-ce5df9730041	0423c7be-303d-4c55-abcc-7f1dd3db7600	172.18.0.1	users/7fc3d2f5-0d67-420f-8e47-1d1d5b689402	\N	\N	USER
7964fb34-db72-48f6-92c0-e2f6c75baa2f	1638271648346	master	DELETE	master	4517fc46-ede2-439d-a2df-ce5df9730041	0423c7be-303d-4c55-abcc-7f1dd3db7600	172.18.0.1	users/1d38d6cd-eb33-4a92-ab37-24936e71d3ff	\N	\N	USER
c6ca446f-d0da-400c-8664-a4de8da3ba03	1638271651484	master	DELETE	master	4517fc46-ede2-439d-a2df-ce5df9730041	0423c7be-303d-4c55-abcc-7f1dd3db7600	172.18.0.1	users/205c91d2-75d2-493b-80ab-7f45d2e0a6b4	\N	\N	USER
2b7bf945-51cf-4e00-8164-b3202af1ef01	1638271654050	master	DELETE	master	4517fc46-ede2-439d-a2df-ce5df9730041	0423c7be-303d-4c55-abcc-7f1dd3db7600	172.18.0.1	users/ef63e284-b30e-4756-ba64-ad9f8b52cfc9	\N	\N	USER
4af78e42-8554-4f44-9cee-907acf70a0de	1638271657029	master	DELETE	master	4517fc46-ede2-439d-a2df-ce5df9730041	0423c7be-303d-4c55-abcc-7f1dd3db7600	172.18.0.1	users/3b240fa2-8f46-40f1-be29-ac4707c477e2	\N	\N	USER
01a98b5c-1aaa-44c1-a36a-6a2d71fff210	1638271660102	master	DELETE	master	4517fc46-ede2-439d-a2df-ce5df9730041	0423c7be-303d-4c55-abcc-7f1dd3db7600	172.18.0.1	users/f09db14d-1168-41ab-b6c5-51c7b774e11f	\N	\N	USER
ba33766e-5ae0-49b7-abd2-898a6fcc610b	1638271663725	master	DELETE	master	4517fc46-ede2-439d-a2df-ce5df9730041	0423c7be-303d-4c55-abcc-7f1dd3db7600	172.18.0.1	users/7de41ede-3149-4c8a-8132-4b3360cfe190	\N	\N	USER
2fc69db6-c2c2-49a8-9c2f-94ec1a414cf7	1638271666002	master	DELETE	master	4517fc46-ede2-439d-a2df-ce5df9730041	0423c7be-303d-4c55-abcc-7f1dd3db7600	172.18.0.1	users/2b68360e-253c-4972-84c5-feaa176cf458	\N	\N	USER
c94d51bb-9804-4132-bba3-d58e53b209b5	1638271675463	master	DELETE	master	4517fc46-ede2-439d-a2df-ce5df9730041	0423c7be-303d-4c55-abcc-7f1dd3db7600	172.18.0.1	users/99e92e90-e645-4de0-a251-ed26751e941b	\N	\N	USER
7f448893-33a9-48c4-9c29-8e08da0e3205	1638271678065	master	DELETE	master	4517fc46-ede2-439d-a2df-ce5df9730041	0423c7be-303d-4c55-abcc-7f1dd3db7600	172.18.0.1	users/0b364d44-09ef-4835-837b-b88966403a07	\N	\N	USER
59162d23-6cda-4859-b7b8-864d2a78be85	1638271681312	master	DELETE	master	4517fc46-ede2-439d-a2df-ce5df9730041	0423c7be-303d-4c55-abcc-7f1dd3db7600	172.18.0.1	users/26fd6f8a-c67b-46d7-b643-b1bd85c9460b	\N	\N	USER
78532081-fc6e-4265-aeee-bc1abe8f0340	1638271683723	master	DELETE	master	4517fc46-ede2-439d-a2df-ce5df9730041	0423c7be-303d-4c55-abcc-7f1dd3db7600	172.18.0.1	users/b50962df-4b69-4097-8e46-eeb15b363289	\N	\N	USER
32f820a6-3d99-4802-9376-60e779036bda	1638271686096	master	DELETE	master	4517fc46-ede2-439d-a2df-ce5df9730041	0423c7be-303d-4c55-abcc-7f1dd3db7600	172.18.0.1	users/d4095421-0c46-4094-87fd-d26b5085932a	\N	\N	USER
a9b0ca67-70c9-480f-a77b-41c4480f30bb	1638271688465	master	DELETE	master	4517fc46-ede2-439d-a2df-ce5df9730041	0423c7be-303d-4c55-abcc-7f1dd3db7600	172.18.0.1	users/a1201a2e-de21-4e58-a098-5c0513a51eb9	\N	\N	USER
5b45b774-53c5-46f0-8bb8-68d8057fb24d	1638271691124	master	DELETE	master	4517fc46-ede2-439d-a2df-ce5df9730041	0423c7be-303d-4c55-abcc-7f1dd3db7600	172.18.0.1	users/b43af363-8f51-4342-a59b-cf2b1c5ebfb0	\N	\N	USER
bbc9d34a-f077-4956-8893-3e3d0c6867d1	1638271693928	master	DELETE	master	4517fc46-ede2-439d-a2df-ce5df9730041	0423c7be-303d-4c55-abcc-7f1dd3db7600	172.18.0.1	users/c5086c39-4ce9-4c2e-a89a-6c5731aa5739	\N	\N	USER
95db3ebe-1573-4d44-8ec0-48f6e645a4eb	1638271696839	master	DELETE	master	4517fc46-ede2-439d-a2df-ce5df9730041	0423c7be-303d-4c55-abcc-7f1dd3db7600	172.18.0.1	users/5db99765-5893-4e80-bb63-bb444e189e88	\N	\N	USER
6ead5f60-3f28-45f6-9a80-65aea3d47973	1638271700361	master	DELETE	master	4517fc46-ede2-439d-a2df-ce5df9730041	0423c7be-303d-4c55-abcc-7f1dd3db7600	172.18.0.1	users/754476b2-3242-43be-ab5d-bb94a80fefa8	\N	\N	USER
1ce5ec26-27ea-44bb-9ca3-e6650c237ed0	1638271703804	master	DELETE	master	4517fc46-ede2-439d-a2df-ce5df9730041	0423c7be-303d-4c55-abcc-7f1dd3db7600	172.18.0.1	users/9d8da676-29a2-464d-a981-d62f84cd308d	\N	\N	USER
2a68f93d-2f78-4c40-9394-1925cdd8b890	1638271706924	master	DELETE	master	4517fc46-ede2-439d-a2df-ce5df9730041	0423c7be-303d-4c55-abcc-7f1dd3db7600	172.18.0.1	users/104dc0b9-a55d-4913-9eb7-54b3962084a8	\N	\N	USER
44f93107-3a00-4ed0-a2d4-5cd0688c2f27	1638271709751	master	DELETE	master	4517fc46-ede2-439d-a2df-ce5df9730041	0423c7be-303d-4c55-abcc-7f1dd3db7600	172.18.0.1	users/b568cfe7-84fe-43fc-9fa5-7888bfbbd46b	\N	\N	USER
e75e7ce2-335e-4038-9e38-ea84146d8e3f	1638271711965	master	DELETE	master	4517fc46-ede2-439d-a2df-ce5df9730041	0423c7be-303d-4c55-abcc-7f1dd3db7600	172.18.0.1	users/6c8967fb-280e-42b4-9001-64ece659952c	\N	\N	USER
0de10c66-beb1-42d7-878c-aefde32bfe4e	1638271714748	master	DELETE	master	4517fc46-ede2-439d-a2df-ce5df9730041	0423c7be-303d-4c55-abcc-7f1dd3db7600	172.18.0.1	users/d031bfc3-90f6-406e-961f-7e9a7dff5109	\N	\N	USER
03efe467-893d-4170-af8a-b5ec4141f12e	1638271718454	master	DELETE	master	4517fc46-ede2-439d-a2df-ce5df9730041	0423c7be-303d-4c55-abcc-7f1dd3db7600	172.18.0.1	users/ccba3118-71f9-423a-9a91-4f8dc7ae4250	\N	\N	USER
6930b994-e0ea-468b-af58-8ecbed1852a5	1638271721224	master	DELETE	master	4517fc46-ede2-439d-a2df-ce5df9730041	0423c7be-303d-4c55-abcc-7f1dd3db7600	172.18.0.1	users/1053830c-8989-4ecb-b69f-aa0c796d235d	\N	\N	USER
47a7cc80-8b49-47ac-98e9-e76fd6f8bf08	1638271724212	master	DELETE	master	4517fc46-ede2-439d-a2df-ce5df9730041	0423c7be-303d-4c55-abcc-7f1dd3db7600	172.18.0.1	users/b1f4c384-86b8-487a-a286-460553419670	\N	\N	USER
b0d53515-5682-44a0-92e7-56e1543a2b5a	1638271727432	master	DELETE	master	4517fc46-ede2-439d-a2df-ce5df9730041	0423c7be-303d-4c55-abcc-7f1dd3db7600	172.18.0.1	users/82db3108-83a4-476a-8c61-c786d2ede2ae	\N	\N	USER
92a60af4-cc49-42d5-92c8-91b233095da8	1638271730628	master	DELETE	master	4517fc46-ede2-439d-a2df-ce5df9730041	0423c7be-303d-4c55-abcc-7f1dd3db7600	172.18.0.1	users/d684451e-ca0e-4013-989a-9c8832ccc88f	\N	\N	USER
0ad96d47-603d-4dcb-8796-237904d276bc	1638271733478	master	DELETE	master	4517fc46-ede2-439d-a2df-ce5df9730041	0423c7be-303d-4c55-abcc-7f1dd3db7600	172.18.0.1	users/9a048650-1485-4ffe-86a8-4ff387e79731	\N	\N	USER
2a03a4c5-9a12-43b6-a028-299e7677ca8e	1638271735986	master	DELETE	master	4517fc46-ede2-439d-a2df-ce5df9730041	0423c7be-303d-4c55-abcc-7f1dd3db7600	172.18.0.1	users/f59b7823-7bca-4006-8087-ce01a91e5a02	\N	\N	USER
9950a9dd-c790-439a-9336-226b15232c5f	1638271738729	master	DELETE	master	4517fc46-ede2-439d-a2df-ce5df9730041	0423c7be-303d-4c55-abcc-7f1dd3db7600	172.18.0.1	users/525ee354-062a-47c9-8f5c-d1881d8ab940	\N	\N	USER
804457e8-7de7-4fda-9a68-13e5fcc03775	1638271753771	master	DELETE	master	4517fc46-ede2-439d-a2df-ce5df9730041	0423c7be-303d-4c55-abcc-7f1dd3db7600	172.18.0.1	users/cb907f22-ac30-41e1-b2d5-c6db9d9c54fa	\N	\N	USER
11ccf8ab-0742-4ef2-9d5a-28bb3bd1e9bb	1638271756468	master	DELETE	master	4517fc46-ede2-439d-a2df-ce5df9730041	0423c7be-303d-4c55-abcc-7f1dd3db7600	172.18.0.1	users/62b86645-a6fd-4e39-87a5-73bea5c575b6	\N	\N	USER
0d0525ac-4ef0-425b-b2b3-a4fc413e8908	1638271758990	master	DELETE	master	4517fc46-ede2-439d-a2df-ce5df9730041	0423c7be-303d-4c55-abcc-7f1dd3db7600	172.18.0.1	users/d866af67-96df-491d-a0bf-22357aaf7142	\N	\N	USER
49819ab4-a75a-4df1-a9c1-d3784e674c91	1638271761733	master	DELETE	master	4517fc46-ede2-439d-a2df-ce5df9730041	0423c7be-303d-4c55-abcc-7f1dd3db7600	172.18.0.1	users/44884987-f986-4fb0-95d7-4946721eab7b	\N	\N	USER
318b10d2-f13d-4ae1-9c09-f3edcebe2310	1638271764639	master	DELETE	master	4517fc46-ede2-439d-a2df-ce5df9730041	0423c7be-303d-4c55-abcc-7f1dd3db7600	172.18.0.1	users/16e0dcaf-3b0b-4148-9144-641dfc126721	\N	\N	USER
ccb14257-db12-4a2e-a8a8-f07b64aeeebc	1638271767064	master	DELETE	master	4517fc46-ede2-439d-a2df-ce5df9730041	0423c7be-303d-4c55-abcc-7f1dd3db7600	172.18.0.1	users/1cc89c6f-c775-4b61-bbf7-4e9480899754	\N	\N	USER
4acc9a30-e1fb-4749-b9cf-c670dc8575a6	1638271770069	master	DELETE	master	4517fc46-ede2-439d-a2df-ce5df9730041	0423c7be-303d-4c55-abcc-7f1dd3db7600	172.18.0.1	users/3c79db17-303c-4a08-bf1d-6d0e2aab50b3	\N	\N	USER
f19341c8-5235-4cda-bd6f-67cdf6410c84	1638271772611	master	DELETE	master	4517fc46-ede2-439d-a2df-ce5df9730041	0423c7be-303d-4c55-abcc-7f1dd3db7600	172.18.0.1	users/08bbb375-84a7-4981-99c5-a22e5440fdd8	\N	\N	USER
2beec3f2-7b8b-488a-88c6-4c2dbb59ff76	1638271775423	master	DELETE	master	4517fc46-ede2-439d-a2df-ce5df9730041	0423c7be-303d-4c55-abcc-7f1dd3db7600	172.18.0.1	users/d1f2b8c0-bf5c-4048-bef0-2305c6e99df5	\N	\N	USER
3de727b9-9838-41e8-94fc-a2e910055b30	1638271777497	master	DELETE	master	4517fc46-ede2-439d-a2df-ce5df9730041	0423c7be-303d-4c55-abcc-7f1dd3db7600	172.18.0.1	users/3236f06f-1792-49f5-9651-e063f1e82455	\N	\N	USER
663ae279-4680-4c67-95ea-f1ebf8bc1d09	1638271779738	master	DELETE	master	4517fc46-ede2-439d-a2df-ce5df9730041	0423c7be-303d-4c55-abcc-7f1dd3db7600	172.18.0.1	users/67f73eef-acd7-4a26-9cbc-a46703a82113	\N	\N	USER
57d3fc83-0dd8-42d2-a75f-2e6afd926dca	1638271782076	master	DELETE	master	4517fc46-ede2-439d-a2df-ce5df9730041	0423c7be-303d-4c55-abcc-7f1dd3db7600	172.18.0.1	users/3da64209-de53-41c5-aa9c-e9380cd242b5	\N	\N	USER
6b0cbf15-cd7d-4ffb-8c35-8cf33f41b78f	1638271784645	master	DELETE	master	4517fc46-ede2-439d-a2df-ce5df9730041	0423c7be-303d-4c55-abcc-7f1dd3db7600	172.18.0.1	users/d0579ba4-f478-42de-8909-eec6b956a028	\N	\N	USER
3ed1e869-ad57-4926-81cb-413d6f197ce3	1638271787287	master	DELETE	master	4517fc46-ede2-439d-a2df-ce5df9730041	0423c7be-303d-4c55-abcc-7f1dd3db7600	172.18.0.1	users/3d1272bc-adb1-4a15-a239-5fc6d7da5ecf	\N	\N	USER
5ce7ce6b-d578-42c9-83f2-7721078fd193	1638271789996	master	DELETE	master	4517fc46-ede2-439d-a2df-ce5df9730041	0423c7be-303d-4c55-abcc-7f1dd3db7600	172.18.0.1	users/3091e9b6-a0e4-4c7d-854a-63e6f8d92e29	\N	\N	USER
52502058-4e07-4a22-bd3e-2436da0cc452	1638271793963	master	DELETE	master	4517fc46-ede2-439d-a2df-ce5df9730041	0423c7be-303d-4c55-abcc-7f1dd3db7600	172.18.0.1	users/ac427f01-d1e1-4017-9055-1970bee2c9a3	\N	\N	USER
228af108-c2b6-4a41-b968-c96764478337	1638271796507	master	DELETE	master	4517fc46-ede2-439d-a2df-ce5df9730041	0423c7be-303d-4c55-abcc-7f1dd3db7600	172.18.0.1	users/7a846a6e-9b4e-45d4-9995-f0bf370a0e46	\N	\N	USER
38a0d85a-1d45-4165-919b-d6d6dd549a08	1638271799831	master	DELETE	master	4517fc46-ede2-439d-a2df-ce5df9730041	0423c7be-303d-4c55-abcc-7f1dd3db7600	172.18.0.1	users/17e557cc-df5a-402d-9edb-cec5b9554819	\N	\N	USER
5cf2cad5-64d7-467f-9af6-7629dcec5f89	1638271802988	master	DELETE	master	4517fc46-ede2-439d-a2df-ce5df9730041	0423c7be-303d-4c55-abcc-7f1dd3db7600	172.18.0.1	users/da43690f-0dc2-451a-93f5-8f06739a2437	\N	\N	USER
d69cfe55-fb4a-4e38-99a0-a5d19f13ff0f	1638271806024	master	DELETE	master	4517fc46-ede2-439d-a2df-ce5df9730041	0423c7be-303d-4c55-abcc-7f1dd3db7600	172.18.0.1	users/81dcd4e6-165f-442a-848d-5013c0d0fc96	\N	\N	USER
6ecc41b6-27ad-403b-a58e-6b4796229e82	1638271809703	master	DELETE	master	4517fc46-ede2-439d-a2df-ce5df9730041	0423c7be-303d-4c55-abcc-7f1dd3db7600	172.18.0.1	users/24958c55-1d6f-45d6-90b2-1800bb947d80	\N	\N	USER
fea44cc6-f8cf-47b4-ad72-75bac072458b	1638271812911	master	DELETE	master	4517fc46-ede2-439d-a2df-ce5df9730041	0423c7be-303d-4c55-abcc-7f1dd3db7600	172.18.0.1	users/17fcaf0b-9474-47e1-b048-b30f9ea77474	\N	\N	USER
4812408b-51fb-4863-bee0-6dffa2a5e222	1638271815118	master	DELETE	master	4517fc46-ede2-439d-a2df-ce5df9730041	0423c7be-303d-4c55-abcc-7f1dd3db7600	172.18.0.1	users/7f45ff51-90bf-41b7-8691-eac81563370d	\N	\N	USER
93af5e58-6d12-41d6-ba62-bdf29a8403c4	1638271817415	master	DELETE	master	4517fc46-ede2-439d-a2df-ce5df9730041	0423c7be-303d-4c55-abcc-7f1dd3db7600	172.18.0.1	users/71ca244c-5cd2-424d-b604-568f1908d0a7	\N	\N	USER
f656ffe4-5d4d-463e-bea8-da2548c66a0c	1638271819902	master	DELETE	master	4517fc46-ede2-439d-a2df-ce5df9730041	0423c7be-303d-4c55-abcc-7f1dd3db7600	172.18.0.1	users/614be27f-4e68-4d09-b2b5-894098522a16	\N	\N	USER
a77add70-de30-491d-80bf-58f7dec65d02	1638271822296	master	DELETE	master	4517fc46-ede2-439d-a2df-ce5df9730041	0423c7be-303d-4c55-abcc-7f1dd3db7600	172.18.0.1	users/cc93fd6a-4db4-44be-aa76-72d841e1e564	\N	\N	USER
949f37f4-2c5f-4acf-9bde-f7900a009a5d	1638271824946	master	DELETE	master	4517fc46-ede2-439d-a2df-ce5df9730041	0423c7be-303d-4c55-abcc-7f1dd3db7600	172.18.0.1	users/f7f7ea52-e321-45d5-9ff0-1939b88063a3	\N	\N	USER
5d42ce7e-64af-4692-a67b-9c31ca3c452d	1638271827310	master	DELETE	master	4517fc46-ede2-439d-a2df-ce5df9730041	0423c7be-303d-4c55-abcc-7f1dd3db7600	172.18.0.1	users/dd222039-7ca0-49e2-a1b2-288bb3ee5e45	\N	\N	USER
8aa59fa8-153f-4f24-89a8-c55320645477	1638271830062	master	DELETE	master	4517fc46-ede2-439d-a2df-ce5df9730041	0423c7be-303d-4c55-abcc-7f1dd3db7600	172.18.0.1	users/745a055c-90d0-4cbd-a15e-783ad52f2676	\N	\N	USER
2e5ba03e-1d09-436f-a13f-12467cee1c17	1638271832635	master	DELETE	master	4517fc46-ede2-439d-a2df-ce5df9730041	0423c7be-303d-4c55-abcc-7f1dd3db7600	172.18.0.1	users/6b1b5823-ff48-4576-8825-2dfb82e7d1f1	\N	\N	USER
47f9adbc-9db1-48ed-bccd-98d8736364c6	1638271835336	master	DELETE	master	4517fc46-ede2-439d-a2df-ce5df9730041	0423c7be-303d-4c55-abcc-7f1dd3db7600	172.18.0.1	users/38eae379-8a74-45dc-9a4d-8252a0705879	\N	\N	USER
6c2f6985-4121-468a-bc83-bb432fb698eb	1638271837760	master	DELETE	master	4517fc46-ede2-439d-a2df-ce5df9730041	0423c7be-303d-4c55-abcc-7f1dd3db7600	172.18.0.1	users/29ee4049-73c9-4a62-ac37-076aac0db156	\N	\N	USER
d73e768e-b584-4800-9cd0-53a806651711	1638271840559	master	DELETE	master	4517fc46-ede2-439d-a2df-ce5df9730041	0423c7be-303d-4c55-abcc-7f1dd3db7600	172.18.0.1	users/9fb6b3ec-663e-4ffd-ae71-768f871de72d	\N	\N	USER
c872fcc5-028a-4f09-a19c-71969e45dac5	1638271843772	master	DELETE	master	4517fc46-ede2-439d-a2df-ce5df9730041	0423c7be-303d-4c55-abcc-7f1dd3db7600	172.18.0.1	users/d4b94199-ef77-4b5c-8e10-a04b442532d6	\N	\N	USER
b6804e1c-ee56-48c5-9a38-f9caf0c6e4e2	1638271846077	master	DELETE	master	4517fc46-ede2-439d-a2df-ce5df9730041	0423c7be-303d-4c55-abcc-7f1dd3db7600	172.18.0.1	users/0ec62d47-7c8a-443e-9ed6-181e16258199	\N	\N	USER
4375c4dd-1d34-4a6a-9d07-41cfe6f01b00	1638271848688	master	DELETE	master	4517fc46-ede2-439d-a2df-ce5df9730041	0423c7be-303d-4c55-abcc-7f1dd3db7600	172.18.0.1	users/26421b46-a87f-4393-bc19-d51d1c69a3a1	\N	\N	USER
da75505f-9b10-4915-92b5-04d6c4668bb6	1638271856944	master	DELETE	master	4517fc46-ede2-439d-a2df-ce5df9730041	0423c7be-303d-4c55-abcc-7f1dd3db7600	172.18.0.1	users/8b47b28d-f6ea-4183-bea2-e42c4245f0ce	\N	\N	USER
a2dc6168-a529-4aae-8d23-2f81cd2b80b1	1638271867541	master	DELETE	master	4517fc46-ede2-439d-a2df-ce5df9730041	0423c7be-303d-4c55-abcc-7f1dd3db7600	172.18.0.1	users/7f51c6b5-66e9-4190-be74-f7e57c9e7150	\N	\N	USER
2e8125f6-e019-48aa-84c4-5c8389da40a9	1638271870646	master	DELETE	master	4517fc46-ede2-439d-a2df-ce5df9730041	0423c7be-303d-4c55-abcc-7f1dd3db7600	172.18.0.1	users/4801c901-99c3-4813-8509-fdb10ec84e93	\N	\N	USER
0ba1f6f3-5004-4342-b1d3-fedbf865dec3	1638271872772	master	DELETE	master	4517fc46-ede2-439d-a2df-ce5df9730041	0423c7be-303d-4c55-abcc-7f1dd3db7600	172.18.0.1	users/f82837fd-dddf-4bf8-8859-4e3d65da398b	\N	\N	USER
18a2e9a3-9b3c-481f-a499-8b385c362f74	1638271875049	master	DELETE	master	4517fc46-ede2-439d-a2df-ce5df9730041	0423c7be-303d-4c55-abcc-7f1dd3db7600	172.18.0.1	users/52be62bb-dea1-41dc-848c-99ed63c72978	\N	\N	USER
5ef1331e-111c-467d-b9cc-7a3e7e52e3d7	1638271877182	master	DELETE	master	4517fc46-ede2-439d-a2df-ce5df9730041	0423c7be-303d-4c55-abcc-7f1dd3db7600	172.18.0.1	users/9d0b4e44-caae-4589-8ca5-6565ad1faa9f	\N	\N	USER
4b2861de-3ab7-4138-b9da-c274db5411b5	1638271879642	master	DELETE	master	4517fc46-ede2-439d-a2df-ce5df9730041	0423c7be-303d-4c55-abcc-7f1dd3db7600	172.18.0.1	users/839054d3-da68-488a-9e1e-f9afd8a00987	\N	\N	USER
36f2ddb5-a80d-4e08-ba10-acaf00b45676	1638271882970	master	DELETE	master	4517fc46-ede2-439d-a2df-ce5df9730041	0423c7be-303d-4c55-abcc-7f1dd3db7600	172.18.0.1	users/c9242ed4-7205-41cf-b6a5-0c2ab3898ccb	\N	\N	USER
02130a6f-06db-4af5-87d1-4b9a9cb3010b	1638271885067	master	DELETE	master	4517fc46-ede2-439d-a2df-ce5df9730041	0423c7be-303d-4c55-abcc-7f1dd3db7600	172.18.0.1	users/316beefe-aa69-4025-9aef-370833759365	\N	\N	USER
13144626-b151-4f7d-a3ad-8de20815ef53	1638271887465	master	DELETE	master	4517fc46-ede2-439d-a2df-ce5df9730041	0423c7be-303d-4c55-abcc-7f1dd3db7600	172.18.0.1	users/273f08de-2542-4457-b43c-e8928c6c9220	\N	\N	USER
e9baba78-c238-475d-8dcf-dc4a8e933ace	1638271890123	master	DELETE	master	4517fc46-ede2-439d-a2df-ce5df9730041	0423c7be-303d-4c55-abcc-7f1dd3db7600	172.18.0.1	users/6397db0e-d7be-4dcf-b843-0e6d7eb5250e	\N	\N	USER
7827e267-9128-42e3-8af6-c093bd2127e4	1638271892823	master	DELETE	master	4517fc46-ede2-439d-a2df-ce5df9730041	0423c7be-303d-4c55-abcc-7f1dd3db7600	172.18.0.1	users/249ba7d7-14e6-4b01-bc8b-d3804e65f6da	\N	\N	USER
923a6388-c4d4-4ebf-9164-f82aa1b7c790	1638271895051	master	DELETE	master	4517fc46-ede2-439d-a2df-ce5df9730041	0423c7be-303d-4c55-abcc-7f1dd3db7600	172.18.0.1	users/2c8ab97f-04c6-46a9-914b-f1a80a3ea6d2	\N	\N	USER
d5718b14-0b7d-4026-8ec6-93d8daa988b6	1638271897577	master	DELETE	master	4517fc46-ede2-439d-a2df-ce5df9730041	0423c7be-303d-4c55-abcc-7f1dd3db7600	172.18.0.1	users/e069bb7d-c5bd-485b-9484-9750a24d0d79	\N	\N	USER
796b4dfe-babb-47e7-87d9-c3c40f277a80	1638271899955	master	DELETE	master	4517fc46-ede2-439d-a2df-ce5df9730041	0423c7be-303d-4c55-abcc-7f1dd3db7600	172.18.0.1	users/8692e6cc-caa9-469c-9665-5a1130368e7e	\N	\N	USER
768220f0-924d-4b62-bb3d-900dd063bc80	1638271902699	master	DELETE	master	4517fc46-ede2-439d-a2df-ce5df9730041	0423c7be-303d-4c55-abcc-7f1dd3db7600	172.18.0.1	users/3a31f58c-3e87-499e-b24d-90b85b3aa29f	\N	\N	USER
d7fae69b-f6b2-4d73-926d-468f63098aa1	1638271905419	master	DELETE	master	4517fc46-ede2-439d-a2df-ce5df9730041	0423c7be-303d-4c55-abcc-7f1dd3db7600	172.18.0.1	users/d9d77b5e-9aed-43c8-b191-3b40949665fa	\N	\N	USER
badc4551-1c5a-4750-b463-99ded8f62a5b	1638271908024	master	DELETE	master	4517fc46-ede2-439d-a2df-ce5df9730041	0423c7be-303d-4c55-abcc-7f1dd3db7600	172.18.0.1	users/efb5df19-6d60-4231-8077-4fb49e8c5214	\N	\N	USER
06861cda-4d8b-4f11-8732-447b882ca3d3	1638271910338	master	DELETE	master	4517fc46-ede2-439d-a2df-ce5df9730041	0423c7be-303d-4c55-abcc-7f1dd3db7600	172.18.0.1	users/d6fec02a-5b15-4fbd-8a9a-a7b83d5edf2b	\N	\N	USER
e2cc452c-3535-4c69-9bc7-5844c077f9db	1638271913209	master	DELETE	master	4517fc46-ede2-439d-a2df-ce5df9730041	0423c7be-303d-4c55-abcc-7f1dd3db7600	172.18.0.1	users/3eeb6bb5-9e5e-467f-9175-a369b216dd52	\N	\N	USER
ab17c00e-02c4-4473-b6dd-e0b6e0731ec3	1638271916475	master	DELETE	master	4517fc46-ede2-439d-a2df-ce5df9730041	0423c7be-303d-4c55-abcc-7f1dd3db7600	172.18.0.1	users/13f484fb-bd69-4787-a208-903d242b3ce9	\N	\N	USER
4ac9a399-8ec0-4f80-bffb-5c3f1297ffee	1638271918856	master	DELETE	master	4517fc46-ede2-439d-a2df-ce5df9730041	0423c7be-303d-4c55-abcc-7f1dd3db7600	172.18.0.1	users/8ab752c4-1ef4-4a37-a48d-17861f230f24	\N	\N	USER
2a101709-b2b7-457a-aa36-84a706e7836a	1638271921326	master	DELETE	master	4517fc46-ede2-439d-a2df-ce5df9730041	0423c7be-303d-4c55-abcc-7f1dd3db7600	172.18.0.1	users/effc6ab7-f805-4c76-a175-0d88a414ed98	\N	\N	USER
9db026e2-2fd3-42a7-87ff-ed066ff21c8b	1638271923547	master	DELETE	master	4517fc46-ede2-439d-a2df-ce5df9730041	0423c7be-303d-4c55-abcc-7f1dd3db7600	172.18.0.1	users/3ff07ff5-80c8-4b46-8baa-591dafeeff76	\N	\N	USER
75f7dc56-7af1-489a-96f1-0f5859601f67	1638271926266	master	DELETE	master	4517fc46-ede2-439d-a2df-ce5df9730041	0423c7be-303d-4c55-abcc-7f1dd3db7600	172.18.0.1	users/d1206711-656f-41cd-9435-990454c7911f	\N	\N	USER
1ddbe530-75f3-4745-84d4-98333ac0156c	1638271929013	master	DELETE	master	4517fc46-ede2-439d-a2df-ce5df9730041	0423c7be-303d-4c55-abcc-7f1dd3db7600	172.18.0.1	users/f1548d34-6871-412e-abda-f929afc4c150	\N	\N	USER
5f76c27b-ad04-411f-9695-56edf657629c	1638271931650	master	DELETE	master	4517fc46-ede2-439d-a2df-ce5df9730041	0423c7be-303d-4c55-abcc-7f1dd3db7600	172.18.0.1	users/83b47208-8be0-477c-b9c5-32b8fc4513f3	\N	\N	USER
9568c84a-893f-469c-90a5-cf13fcd24f20	1638271934499	master	DELETE	master	4517fc46-ede2-439d-a2df-ce5df9730041	0423c7be-303d-4c55-abcc-7f1dd3db7600	172.18.0.1	users/de686928-5411-4f0f-9331-4ee38d265b51	\N	\N	USER
a6f3a41a-d5c1-43d8-ae42-86e347d0d1b7	1638271937088	master	DELETE	master	4517fc46-ede2-439d-a2df-ce5df9730041	0423c7be-303d-4c55-abcc-7f1dd3db7600	172.18.0.1	users/e38d524e-cae0-4c51-8039-0688cb0050a9	\N	\N	USER
a0352122-f805-4904-9006-1b0f94b4e10d	1638271939370	master	DELETE	master	4517fc46-ede2-439d-a2df-ce5df9730041	0423c7be-303d-4c55-abcc-7f1dd3db7600	172.18.0.1	users/260768d2-1582-4fc9-865b-fe2d5477afd7	\N	\N	USER
78370c9a-1e8a-4562-b750-b5869355fb29	1638271942052	master	DELETE	master	4517fc46-ede2-439d-a2df-ce5df9730041	0423c7be-303d-4c55-abcc-7f1dd3db7600	172.18.0.1	users/2ba28eb7-10d6-408c-a590-2134cc63c1ab	\N	\N	USER
ff2c3f89-0b11-4c4d-b46f-2ef02a15e527	1638271944958	master	DELETE	master	4517fc46-ede2-439d-a2df-ce5df9730041	0423c7be-303d-4c55-abcc-7f1dd3db7600	172.18.0.1	users/66710868-5216-45e0-a24e-084c92d1d0af	\N	\N	USER
dffc0446-7717-43dd-9035-29d7463e38cc	1638271947650	master	DELETE	master	4517fc46-ede2-439d-a2df-ce5df9730041	0423c7be-303d-4c55-abcc-7f1dd3db7600	172.18.0.1	users/19bdded3-c567-4fa6-9263-c027d43bcfa5	\N	\N	USER
f0659d17-116f-42ef-9fc7-8862c313e9d6	1638271950052	master	DELETE	master	4517fc46-ede2-439d-a2df-ce5df9730041	0423c7be-303d-4c55-abcc-7f1dd3db7600	172.18.0.1	users/4b8a697a-69f6-446e-a367-3665fb05fc66	\N	\N	USER
3765e36c-523d-49e2-b0e7-34d35a1c2f58	1638271953011	master	DELETE	master	4517fc46-ede2-439d-a2df-ce5df9730041	0423c7be-303d-4c55-abcc-7f1dd3db7600	172.18.0.1	users/cf32fecd-a65b-4515-a5f8-940f03e3b129	\N	\N	USER
ebc16372-b2d8-479e-9e14-bc19c2ab433c	1638271955786	master	DELETE	master	4517fc46-ede2-439d-a2df-ce5df9730041	0423c7be-303d-4c55-abcc-7f1dd3db7600	172.18.0.1	users/155c487a-2112-40c3-a32f-845ff360f963	\N	\N	USER
af7eedb0-3d74-4fe3-a389-a5cdbdbf2a8c	1638271958888	master	DELETE	master	4517fc46-ede2-439d-a2df-ce5df9730041	0423c7be-303d-4c55-abcc-7f1dd3db7600	172.18.0.1	users/d4a83d9c-7346-42d1-bd27-39ee1c780bf1	\N	\N	USER
2b13e083-116a-4cdb-b297-919b3ac723a4	1638272098851	master	DELETE	master	4517fc46-ede2-439d-a2df-ce5df9730041	0423c7be-303d-4c55-abcc-7f1dd3db7600	172.18.0.1	users/8b42fef8-7ba1-4276-8391-4f12dd7a75ea	\N	\N	USER
73059d45-5e16-44b4-9e57-8cb7800ce00f	1638272101274	master	DELETE	master	4517fc46-ede2-439d-a2df-ce5df9730041	0423c7be-303d-4c55-abcc-7f1dd3db7600	172.18.0.1	users/39b87e9b-2d55-466a-8c50-cb3b8463a8e9	\N	\N	USER
114ce895-9b8e-43e7-a741-ffc60cc767a4	1638272103639	master	DELETE	master	4517fc46-ede2-439d-a2df-ce5df9730041	0423c7be-303d-4c55-abcc-7f1dd3db7600	172.18.0.1	users/73d403c2-83eb-4b36-bb68-5602d20c541d	\N	\N	USER
70bca283-3dfb-42f2-a035-d8f7ddafac1d	1638272106848	master	DELETE	master	4517fc46-ede2-439d-a2df-ce5df9730041	0423c7be-303d-4c55-abcc-7f1dd3db7600	172.18.0.1	users/056d8fc2-b768-41de-8c3e-769df26cca94	\N	\N	USER
76d3f69c-437f-480c-9b18-da6de072e671	1638272109348	master	DELETE	master	4517fc46-ede2-439d-a2df-ce5df9730041	0423c7be-303d-4c55-abcc-7f1dd3db7600	172.18.0.1	users/3ecabb18-7cd7-4a1e-af98-204ad9500ae4	\N	\N	USER
33a159db-91a1-4458-84b8-e593c18342c8	1638272111985	master	DELETE	master	4517fc46-ede2-439d-a2df-ce5df9730041	0423c7be-303d-4c55-abcc-7f1dd3db7600	172.18.0.1	users/03822739-b29a-492e-a78d-5e86aa7909dc	\N	\N	USER
d531cb2f-67d4-4337-afa5-470a82ceebb4	1638272121737	master	DELETE	master	4517fc46-ede2-439d-a2df-ce5df9730041	0423c7be-303d-4c55-abcc-7f1dd3db7600	172.18.0.1	users/e83b8e45-a3a4-46ab-bf88-492a6e1fa325	\N	\N	USER
34862c1d-5216-4b34-b4df-bb8acb0c7c64	1638272124517	master	DELETE	master	4517fc46-ede2-439d-a2df-ce5df9730041	0423c7be-303d-4c55-abcc-7f1dd3db7600	172.18.0.1	users/eb235e10-1bf1-46dd-a34d-e269e4c16a34	\N	\N	USER
24652444-bebc-4f38-a3c1-0a51a18e74f8	1638272182274	master	DELETE	master	4517fc46-ede2-439d-a2df-ce5df9730041	0423c7be-303d-4c55-abcc-7f1dd3db7600	172.18.0.1	users/1facde33-6fa7-474c-ac06-b6d68150f3b5	\N	\N	USER
3c6f8682-81f4-47af-8e63-a6a3634d47b5	1638272184602	master	DELETE	master	4517fc46-ede2-439d-a2df-ce5df9730041	0423c7be-303d-4c55-abcc-7f1dd3db7600	172.18.0.1	users/d3bd95f9-b9a9-463d-a1fe-4039155a1098	\N	\N	USER
f380f0ca-831b-439d-aa74-7f6af2f95f34	1638272187812	master	DELETE	master	4517fc46-ede2-439d-a2df-ce5df9730041	0423c7be-303d-4c55-abcc-7f1dd3db7600	172.18.0.1	users/405dfbf6-ba40-4f76-babc-b2bee45cdeae	\N	\N	USER
d7575235-88db-4fe7-903f-1d5b8b01158f	1638272247863	master	DELETE	master	4517fc46-ede2-439d-a2df-ce5df9730041	0423c7be-303d-4c55-abcc-7f1dd3db7600	172.18.0.1	users/6e6b37e8-3048-49f6-9366-7d49f81636c5	\N	\N	USER
984b853f-2da3-4747-90d0-d28d2f221e3b	1638272283672	master	DELETE	master	4517fc46-ede2-439d-a2df-ce5df9730041	0423c7be-303d-4c55-abcc-7f1dd3db7600	172.18.0.1	users/0d05f9bc-37ba-48e2-a617-5502ea860faf	\N	\N	USER
d8715cf8-184e-4d81-ab74-53bf5c6075d4	1638272287175	master	DELETE	master	4517fc46-ede2-439d-a2df-ce5df9730041	0423c7be-303d-4c55-abcc-7f1dd3db7600	172.18.0.1	users/b90fd87b-90aa-499e-b0dd-10e1d61d815f	\N	\N	USER
b55669a4-b82d-4546-83a7-141990deadb9	1638272290419	master	DELETE	master	4517fc46-ede2-439d-a2df-ce5df9730041	0423c7be-303d-4c55-abcc-7f1dd3db7600	172.18.0.1	users/8e7685ac-b9f6-4bae-b2de-03a703c8ad29	\N	\N	USER
f63c089e-e6e0-4f0c-8dfc-8d1db0a961fc	1638272292636	master	DELETE	master	4517fc46-ede2-439d-a2df-ce5df9730041	0423c7be-303d-4c55-abcc-7f1dd3db7600	172.18.0.1	users/ee77c18f-da9b-4fc7-8730-d23ec73f1095	\N	\N	USER
f8f68c56-d91c-447c-a0c2-0f2bd3ec979c	1638272294912	master	DELETE	master	4517fc46-ede2-439d-a2df-ce5df9730041	0423c7be-303d-4c55-abcc-7f1dd3db7600	172.18.0.1	users/3ab9f3cf-e38a-4b47-b7e8-52a3ae06de8f	\N	\N	USER
404ab26d-8549-42b7-923b-fae91aafc055	1638272297291	master	DELETE	master	4517fc46-ede2-439d-a2df-ce5df9730041	0423c7be-303d-4c55-abcc-7f1dd3db7600	172.18.0.1	users/450a7788-56c8-46d2-ba49-78fa05a5c4af	\N	\N	USER
c57a7103-cade-4c6d-b7ba-05b49e5d7934	1638272299808	master	DELETE	master	4517fc46-ede2-439d-a2df-ce5df9730041	0423c7be-303d-4c55-abcc-7f1dd3db7600	172.18.0.1	users/e5106271-5024-4657-834f-acd9972fdd5c	\N	\N	USER
7c8dcac7-c058-4c83-a2ff-781c7331cd87	1638272302379	master	DELETE	master	4517fc46-ede2-439d-a2df-ce5df9730041	0423c7be-303d-4c55-abcc-7f1dd3db7600	172.18.0.1	users/1e936820-16e4-4939-81ca-9f1b725f5c10	\N	\N	USER
8fda64d9-e923-44d0-abb9-2653658bc974	1638272640481	master	DELETE	master	4517fc46-ede2-439d-a2df-ce5df9730041	0423c7be-303d-4c55-abcc-7f1dd3db7600	172.18.0.1	users/eae19e1e-e2da-4c27-a132-7f1d0f46aa94	\N	\N	USER
21a44d83-a3ff-444b-8e86-1ccdbf11ae12	1638272643247	master	DELETE	master	4517fc46-ede2-439d-a2df-ce5df9730041	0423c7be-303d-4c55-abcc-7f1dd3db7600	172.18.0.1	users/1460f2d3-32b4-4465-93c7-43e0a2fbb8b5	\N	\N	USER
0e7ce8eb-a497-42fb-8f08-1c9356c46a3f	1638272645582	master	DELETE	master	4517fc46-ede2-439d-a2df-ce5df9730041	0423c7be-303d-4c55-abcc-7f1dd3db7600	172.18.0.1	users/13fde39d-d5db-4d1d-a1fe-9b3519f2fe5f	\N	\N	USER
059e6b9b-60e1-45d5-a236-1d445ab7599a	1638272647857	master	DELETE	master	4517fc46-ede2-439d-a2df-ce5df9730041	0423c7be-303d-4c55-abcc-7f1dd3db7600	172.18.0.1	users/0c35c4b2-34f0-4bcc-b50d-47f2eef20a91	\N	\N	USER
5759bc90-bf00-4538-bd03-79717d6edbff	1638272650131	master	DELETE	master	4517fc46-ede2-439d-a2df-ce5df9730041	0423c7be-303d-4c55-abcc-7f1dd3db7600	172.18.0.1	users/bd3a7a4a-cf27-4ea3-a69d-8a3a62d22ab6	\N	\N	USER
11d9de90-c22b-4cf6-be4a-d30bfa294a34	1638272652972	master	DELETE	master	4517fc46-ede2-439d-a2df-ce5df9730041	0423c7be-303d-4c55-abcc-7f1dd3db7600	172.18.0.1	users/006cff84-d1ec-4b2c-9785-b149ad1c26a1	\N	\N	USER
6c0435f1-21de-4e80-a8cc-9238223461fa	1638272655364	master	DELETE	master	4517fc46-ede2-439d-a2df-ce5df9730041	0423c7be-303d-4c55-abcc-7f1dd3db7600	172.18.0.1	users/a14beb99-4389-447a-bbf6-a355127fbcae	\N	\N	USER
639e1f2b-0636-4000-bf19-8a785c347876	1638272657686	master	DELETE	master	4517fc46-ede2-439d-a2df-ce5df9730041	0423c7be-303d-4c55-abcc-7f1dd3db7600	172.18.0.1	users/83cbec66-f082-4ed5-97d9-10f2db5bf037	\N	\N	USER
6d887387-eed4-4ede-86fe-0c8e6136d83f	1638272659894	master	DELETE	master	4517fc46-ede2-439d-a2df-ce5df9730041	0423c7be-303d-4c55-abcc-7f1dd3db7600	172.18.0.1	users/04b2f420-c208-4397-9d4d-1c9ba42a1954	\N	\N	USER
b055ad47-1221-4056-8311-ad4902a857b2	1638272661974	master	DELETE	master	4517fc46-ede2-439d-a2df-ce5df9730041	0423c7be-303d-4c55-abcc-7f1dd3db7600	172.18.0.1	users/eb46692d-a1e4-44b7-a4d2-7671ba8ef9c9	\N	\N	USER
d33c6978-223f-436b-859e-96b9809a5e2e	1638272664286	master	DELETE	master	4517fc46-ede2-439d-a2df-ce5df9730041	0423c7be-303d-4c55-abcc-7f1dd3db7600	172.18.0.1	users/312906eb-f348-434c-b970-5d8f3ebeccf6	\N	\N	USER
935c70de-aeae-43fc-8220-5d4b7e4bfbe2	1638272666394	master	DELETE	master	4517fc46-ede2-439d-a2df-ce5df9730041	0423c7be-303d-4c55-abcc-7f1dd3db7600	172.18.0.1	users/1248e5d6-528f-48ff-b079-b5f6ea2e5fee	\N	\N	USER
2f4a544a-3f5f-4ccc-8767-24ec2e1cc178	1638272668688	master	DELETE	master	4517fc46-ede2-439d-a2df-ce5df9730041	0423c7be-303d-4c55-abcc-7f1dd3db7600	172.18.0.1	users/5ef70289-2549-4ea1-874a-bb830b8900c3	\N	\N	USER
138c9626-a69a-4412-8fb2-5f15842a8901	1638272671522	master	DELETE	master	4517fc46-ede2-439d-a2df-ce5df9730041	0423c7be-303d-4c55-abcc-7f1dd3db7600	172.18.0.1	users/418597e2-5fb2-4a93-a81c-e9ae51616ac6	\N	\N	USER
25ef2516-347e-4b8e-9dc9-8cea258d80d8	1638272673875	master	DELETE	master	4517fc46-ede2-439d-a2df-ce5df9730041	0423c7be-303d-4c55-abcc-7f1dd3db7600	172.18.0.1	users/5ea58bea-97ea-422e-95cd-419c085e788a	\N	\N	USER
ecd50aa8-8f7a-4f20-90b0-419f97a0a8eb	1638272676048	master	DELETE	master	4517fc46-ede2-439d-a2df-ce5df9730041	0423c7be-303d-4c55-abcc-7f1dd3db7600	172.18.0.1	users/e6e66b69-92a6-4efd-8e96-cd3dd26a9cbf	\N	\N	USER
a6dae6b5-043f-438b-a9eb-ce9b0590407f	1638272678362	master	DELETE	master	4517fc46-ede2-439d-a2df-ce5df9730041	0423c7be-303d-4c55-abcc-7f1dd3db7600	172.18.0.1	users/b74e69e9-c40e-4a28-99b9-65259d44ee8e	\N	\N	USER
404d966e-6844-4b77-98df-9c1ea005e128	1638272680557	master	DELETE	master	4517fc46-ede2-439d-a2df-ce5df9730041	0423c7be-303d-4c55-abcc-7f1dd3db7600	172.18.0.1	users/cb47b085-56fb-4fce-bec8-a4c2e2a2366e	\N	\N	USER
b2f89a5e-9eab-4d86-8a15-ae81f1a3b3ba	1638272683182	master	DELETE	master	4517fc46-ede2-439d-a2df-ce5df9730041	0423c7be-303d-4c55-abcc-7f1dd3db7600	172.18.0.1	users/90138d01-4eb7-4369-8587-68770c20f2f5	\N	\N	USER
f15daf0d-a432-4363-b4a2-48e95a1d18cb	1638272691189	master	DELETE	master	4517fc46-ede2-439d-a2df-ce5df9730041	0423c7be-303d-4c55-abcc-7f1dd3db7600	172.18.0.1	users/64de411e-8067-4c7f-9bc7-5da3bdba8c57	\N	\N	USER
e28767bf-098b-4fbc-b789-3d42fb36efaf	1638272693370	master	DELETE	master	4517fc46-ede2-439d-a2df-ce5df9730041	0423c7be-303d-4c55-abcc-7f1dd3db7600	172.18.0.1	users/1483edd6-276c-4d80-b981-33d7dc9d30b8	\N	\N	USER
e1cd20ef-1e79-45f7-a589-81d8d8cc5927	1638272696164	master	DELETE	master	4517fc46-ede2-439d-a2df-ce5df9730041	0423c7be-303d-4c55-abcc-7f1dd3db7600	172.18.0.1	users/9ab8b5ce-1b70-444f-a3e8-7a56506ffd63	\N	\N	USER
a799c6b9-182e-4541-a804-2cf81b055ddd	1638272698670	master	DELETE	master	4517fc46-ede2-439d-a2df-ce5df9730041	0423c7be-303d-4c55-abcc-7f1dd3db7600	172.18.0.1	users/19b93981-efbb-490e-a210-76494ae2659d	\N	\N	USER
767d8b67-a500-42ec-8bd1-6883ef75795d	1638272700991	master	DELETE	master	4517fc46-ede2-439d-a2df-ce5df9730041	0423c7be-303d-4c55-abcc-7f1dd3db7600	172.18.0.1	users/794ccbc3-5334-4395-b8d8-4c0bd00fe5c6	\N	\N	USER
11b3fec3-0961-4503-9289-a9f51818c82f	1638272702875	master	DELETE	master	4517fc46-ede2-439d-a2df-ce5df9730041	0423c7be-303d-4c55-abcc-7f1dd3db7600	172.18.0.1	users/a0b6d733-f570-4a1d-a73b-4bac7b3f3190	\N	\N	USER
1ddc87b2-d6ff-4f7f-a7be-a6f723516819	1638272705896	master	DELETE	master	4517fc46-ede2-439d-a2df-ce5df9730041	0423c7be-303d-4c55-abcc-7f1dd3db7600	172.18.0.1	users/0e06b8cf-9886-4ec5-812f-f82d69f59ec3	\N	\N	USER
1114575e-f7c7-4de2-9393-f43f60c96202	1638272707987	master	DELETE	master	4517fc46-ede2-439d-a2df-ce5df9730041	0423c7be-303d-4c55-abcc-7f1dd3db7600	172.18.0.1	users/0ab0a440-ff3b-4bbd-8ca8-a1acfb5ffa09	\N	\N	USER
12984a86-7d20-4fea-821d-0342f6e50bae	1638272710507	master	DELETE	master	4517fc46-ede2-439d-a2df-ce5df9730041	0423c7be-303d-4c55-abcc-7f1dd3db7600	172.18.0.1	users/1029c397-baa7-49b9-af38-86df902bcf54	\N	\N	USER
b33abbd0-cda7-42f5-b17c-02fbbce6fbfe	1638272712862	master	DELETE	master	4517fc46-ede2-439d-a2df-ce5df9730041	0423c7be-303d-4c55-abcc-7f1dd3db7600	172.18.0.1	users/5511d9aa-8a40-4ff7-b331-48eefbf2a681	\N	\N	USER
1363618a-604f-4791-af0b-a7c9353d409a	1638272715175	master	DELETE	master	4517fc46-ede2-439d-a2df-ce5df9730041	0423c7be-303d-4c55-abcc-7f1dd3db7600	172.18.0.1	users/64f3446b-b5d7-4f6d-9853-faff0fbac4c8	\N	\N	USER
01d6015e-9c5a-4940-92c1-6af31980e5c9	1638272717688	master	DELETE	master	4517fc46-ede2-439d-a2df-ce5df9730041	0423c7be-303d-4c55-abcc-7f1dd3db7600	172.18.0.1	users/59ccb177-e5fe-43d0-b1fb-c467f1032d2f	\N	\N	USER
6044fe6e-2796-4809-9e6e-c09fffebf037	1638272748827	master	DELETE	master	4517fc46-ede2-439d-a2df-ce5df9730041	0423c7be-303d-4c55-abcc-7f1dd3db7600	172.18.0.1	users/c89fc6b3-7e11-45c2-a4e6-6a236fa53f04	\N	\N	USER
dcd6772d-3ac9-473f-bbe9-c647a38ff8b2	1638272751080	master	DELETE	master	4517fc46-ede2-439d-a2df-ce5df9730041	0423c7be-303d-4c55-abcc-7f1dd3db7600	172.18.0.1	users/8eb67f76-f64b-4190-9f8b-bddb190be49d	\N	\N	USER
1639d7c9-0ded-49f7-845f-e8fa58cf54cb	1638272753545	master	DELETE	master	4517fc46-ede2-439d-a2df-ce5df9730041	0423c7be-303d-4c55-abcc-7f1dd3db7600	172.18.0.1	users/a85d89df-eace-4913-b6c9-9976b909f1ba	\N	\N	USER
eb0a1fbf-d10a-4bdb-ae11-ca0c0722a3da	1638272756067	master	DELETE	master	4517fc46-ede2-439d-a2df-ce5df9730041	0423c7be-303d-4c55-abcc-7f1dd3db7600	172.18.0.1	users/7882abb8-b963-4adb-a468-de129804dea0	\N	\N	USER
00c422f0-b829-4fc1-8f44-8932095fb31f	1638272758473	master	DELETE	master	4517fc46-ede2-439d-a2df-ce5df9730041	0423c7be-303d-4c55-abcc-7f1dd3db7600	172.18.0.1	users/e23a5d19-aecd-41d7-9d3f-bcb7fceae571	\N	\N	USER
7dfc2d4e-b327-4f4e-b903-f52d55c06dcf	1638272760754	master	DELETE	master	4517fc46-ede2-439d-a2df-ce5df9730041	0423c7be-303d-4c55-abcc-7f1dd3db7600	172.18.0.1	users/d013d59a-1dfd-4d47-9b52-bae5aa17d993	\N	\N	USER
cdcd35d8-7099-4e3f-bc7b-759312e37821	1638272763019	master	DELETE	master	4517fc46-ede2-439d-a2df-ce5df9730041	0423c7be-303d-4c55-abcc-7f1dd3db7600	172.18.0.1	users/705935ef-c2d0-44b6-8c21-76b9a22c1dbd	\N	\N	USER
4506d228-25fc-47c6-9d6c-d6253c658042	1638272765324	master	DELETE	master	4517fc46-ede2-439d-a2df-ce5df9730041	0423c7be-303d-4c55-abcc-7f1dd3db7600	172.18.0.1	users/c84c3402-5178-4c59-a34e-57c29a6b662c	\N	\N	USER
7eeb341e-7cf4-46ac-ab0a-f65f768c82c3	1638272767920	master	DELETE	master	4517fc46-ede2-439d-a2df-ce5df9730041	0423c7be-303d-4c55-abcc-7f1dd3db7600	172.18.0.1	users/9250ed78-bd6b-4c00-a05b-50cae00aeedf	\N	\N	USER
58d5d079-dea5-430a-91f6-07081293605c	1638272770480	master	DELETE	master	4517fc46-ede2-439d-a2df-ce5df9730041	0423c7be-303d-4c55-abcc-7f1dd3db7600	172.18.0.1	users/96581095-5507-427c-bfa9-7f9572cbd59f	\N	\N	USER
d3b7822a-7a25-4bbb-b8b2-ce865cd1db9e	1638272773386	master	DELETE	master	4517fc46-ede2-439d-a2df-ce5df9730041	0423c7be-303d-4c55-abcc-7f1dd3db7600	172.18.0.1	users/1a9aa804-a20f-4b91-8fdf-c4ab074f723a	\N	\N	USER
a6bfc056-ffc2-4410-aa97-da4a8d7a62a1	1638272776574	master	DELETE	master	4517fc46-ede2-439d-a2df-ce5df9730041	0423c7be-303d-4c55-abcc-7f1dd3db7600	172.18.0.1	users/61cb6062-41af-4156-b91b-558811e196cd	\N	\N	USER
fdc6f653-1d6f-4b97-8b63-77ce6a2b7592	1638272809949	master	DELETE	master	4517fc46-ede2-439d-a2df-ce5df9730041	0423c7be-303d-4c55-abcc-7f1dd3db7600	172.18.0.1	users/d50fa30f-fcff-4ff2-9bac-76e651ce6d98	\N	\N	USER
a36c7dac-5437-491c-97be-86ea96622ae7	1638272822564	master	DELETE	master	4517fc46-ede2-439d-a2df-ce5df9730041	0423c7be-303d-4c55-abcc-7f1dd3db7600	172.18.0.1	users/83e0ac5a-9124-430a-b143-156d710e246b	\N	\N	USER
4db500b7-43a2-45a6-a5ba-91256af83b80	1638272826424	master	DELETE	master	4517fc46-ede2-439d-a2df-ce5df9730041	0423c7be-303d-4c55-abcc-7f1dd3db7600	172.18.0.1	users/8788c72d-94d2-4ab0-9c72-ca2c003a8d6b	\N	\N	USER
43ff4770-d9cd-45bc-99ff-a5bc7ff2d865	1638272829263	master	DELETE	master	4517fc46-ede2-439d-a2df-ce5df9730041	0423c7be-303d-4c55-abcc-7f1dd3db7600	172.18.0.1	users/657248ee-c877-488c-a57a-43395220bc53	\N	\N	USER
76a74275-dcdf-4ffb-9a2a-b0c3f70757ea	1638272831933	master	DELETE	master	4517fc46-ede2-439d-a2df-ce5df9730041	0423c7be-303d-4c55-abcc-7f1dd3db7600	172.18.0.1	users/504c64b6-e690-4675-87a4-58c4a9340536	\N	\N	USER
afa888c9-c2f4-4eee-8755-1d21930efdcf	1638272834965	master	DELETE	master	4517fc46-ede2-439d-a2df-ce5df9730041	0423c7be-303d-4c55-abcc-7f1dd3db7600	172.18.0.1	users/e7f05a2d-5058-4ec9-9002-840188dff060	\N	\N	USER
e25c17e7-53e2-4dfb-a5a9-5ed43ee469dd	1638272837181	master	DELETE	master	4517fc46-ede2-439d-a2df-ce5df9730041	0423c7be-303d-4c55-abcc-7f1dd3db7600	172.18.0.1	users/3b91b7fc-3ff5-48a3-b3ad-c681a572e899	\N	\N	USER
2b698018-cb71-4071-9c66-0a3d3f22deae	1638272869015	master	DELETE	master	4517fc46-ede2-439d-a2df-ce5df9730041	0423c7be-303d-4c55-abcc-7f1dd3db7600	172.18.0.1	users/833e6969-79ce-4ce8-bbaf-d723041af0ed	\N	\N	USER
e5de9849-961a-48e2-993a-fe55a3595cbf	1638272873141	master	DELETE	master	4517fc46-ede2-439d-a2df-ce5df9730041	0423c7be-303d-4c55-abcc-7f1dd3db7600	172.18.0.1	users/816833ff-ea15-43c7-b904-6118566f7da3	\N	\N	USER
01cde83e-eb9f-4201-8fc5-948b0b4f3140	1638272719845	master	DELETE	master	4517fc46-ede2-439d-a2df-ce5df9730041	0423c7be-303d-4c55-abcc-7f1dd3db7600	172.18.0.1	users/7e418087-7086-4da8-9dea-3eac685aa537	\N	\N	USER
1d5b313c-5153-4a2d-8673-c0a70fa6886a	1638272722231	master	DELETE	master	4517fc46-ede2-439d-a2df-ce5df9730041	0423c7be-303d-4c55-abcc-7f1dd3db7600	172.18.0.1	users/0d5b1bd1-0f64-419d-a57b-ec6e285a7d5a	\N	\N	USER
87836604-07e1-41cb-9843-04cfb6dd6d67	1638272724755	master	DELETE	master	4517fc46-ede2-439d-a2df-ce5df9730041	0423c7be-303d-4c55-abcc-7f1dd3db7600	172.18.0.1	users/a8750f09-87a5-4bd3-8b8c-7ac34645bec1	\N	\N	USER
60738e0d-21af-4cd5-b1ad-8e67ed31ac47	1638272727120	master	DELETE	master	4517fc46-ede2-439d-a2df-ce5df9730041	0423c7be-303d-4c55-abcc-7f1dd3db7600	172.18.0.1	users/af6bc52d-1497-44b7-bc11-15284f50de06	\N	\N	USER
2bd84441-2af9-4ada-966b-9e9ee7e1014d	1638272729491	master	DELETE	master	4517fc46-ede2-439d-a2df-ce5df9730041	0423c7be-303d-4c55-abcc-7f1dd3db7600	172.18.0.1	users/ddcd0979-e625-4563-b3c2-0c5fbf428b6c	\N	\N	USER
6afa0c0c-2ac7-4607-8e7b-35929dd8173f	1638272731882	master	DELETE	master	4517fc46-ede2-439d-a2df-ce5df9730041	0423c7be-303d-4c55-abcc-7f1dd3db7600	172.18.0.1	users/848c14d3-928f-41e0-9241-a6f4cad74fd4	\N	\N	USER
1f8d18d3-d385-4051-8edf-06321ca33677	1638272734303	master	DELETE	master	4517fc46-ede2-439d-a2df-ce5df9730041	0423c7be-303d-4c55-abcc-7f1dd3db7600	172.18.0.1	users/e955f85f-61f6-4625-a1b7-2c2cdd147724	\N	\N	USER
f0bc2e2d-9939-4c70-822d-32f488bbfec4	1638272736576	master	DELETE	master	4517fc46-ede2-439d-a2df-ce5df9730041	0423c7be-303d-4c55-abcc-7f1dd3db7600	172.18.0.1	users/2bec49b7-8594-40df-a17b-2e31372cbef7	\N	\N	USER
69ed0671-81ac-45fc-9656-d60940fd8114	1638272739009	master	DELETE	master	4517fc46-ede2-439d-a2df-ce5df9730041	0423c7be-303d-4c55-abcc-7f1dd3db7600	172.18.0.1	users/b991e1a1-afdc-4765-9675-3cefbd265afa	\N	\N	USER
0a0d28ee-ea07-41d0-9b27-dae3afb8878c	1638272741390	master	DELETE	master	4517fc46-ede2-439d-a2df-ce5df9730041	0423c7be-303d-4c55-abcc-7f1dd3db7600	172.18.0.1	users/43466dba-ae9e-4323-ac84-0b837a2a20e1	\N	\N	USER
2c816ec2-893a-4728-a5cd-57a8342ab1b4	1638272744104	master	DELETE	master	4517fc46-ede2-439d-a2df-ce5df9730041	0423c7be-303d-4c55-abcc-7f1dd3db7600	172.18.0.1	users/95a42c04-4243-436c-a212-f012d51f0c9f	\N	\N	USER
d8c95e75-6cf9-408c-a858-eda9976093f5	1638272746521	master	DELETE	master	4517fc46-ede2-439d-a2df-ce5df9730041	0423c7be-303d-4c55-abcc-7f1dd3db7600	172.18.0.1	users/8b21f1b0-546c-4860-8292-8fb2bcd47a0e	\N	\N	USER
82ef3255-092d-4639-9bc5-9bc658609ad4	1638272779145	master	DELETE	master	4517fc46-ede2-439d-a2df-ce5df9730041	0423c7be-303d-4c55-abcc-7f1dd3db7600	172.18.0.1	users/ba558db2-7175-469e-b44a-b2733513f471	\N	\N	USER
73b54dfa-932e-477a-a3e6-ead8fc56455b	1638272781558	master	DELETE	master	4517fc46-ede2-439d-a2df-ce5df9730041	0423c7be-303d-4c55-abcc-7f1dd3db7600	172.18.0.1	users/358d2a7c-b2c6-448f-8f5b-4bce1cb7e383	\N	\N	USER
98c32ec2-6083-446b-8635-2f09607a2ca5	1638272784105	master	DELETE	master	4517fc46-ede2-439d-a2df-ce5df9730041	0423c7be-303d-4c55-abcc-7f1dd3db7600	172.18.0.1	users/6c696f30-7d6c-44c6-89dc-6e9b7f245a53	\N	\N	USER
071886c6-71f0-49b3-926b-82f42b574adf	1638272786393	master	DELETE	master	4517fc46-ede2-439d-a2df-ce5df9730041	0423c7be-303d-4c55-abcc-7f1dd3db7600	172.18.0.1	users/546fad7f-a424-4da1-8c78-1287bb87ad5d	\N	\N	USER
3367d227-45ef-41a7-a4c8-fb197b7efbc9	1638272788604	master	DELETE	master	4517fc46-ede2-439d-a2df-ce5df9730041	0423c7be-303d-4c55-abcc-7f1dd3db7600	172.18.0.1	users/6f29dc07-ebc3-497a-9abf-a98862d25d1e	\N	\N	USER
228d4f4b-d962-4a50-8679-5ea8a826cb74	1638272791258	master	DELETE	master	4517fc46-ede2-439d-a2df-ce5df9730041	0423c7be-303d-4c55-abcc-7f1dd3db7600	172.18.0.1	users/932e977d-c9c1-4378-bec3-43295a402780	\N	\N	USER
94d49421-f09f-42d1-a74a-a244de91cb5a	1638272793661	master	DELETE	master	4517fc46-ede2-439d-a2df-ce5df9730041	0423c7be-303d-4c55-abcc-7f1dd3db7600	172.18.0.1	users/61cf4b2d-fe00-46a8-b79c-a6b84bc03e0c	\N	\N	USER
c15d3fe1-bd54-4b9a-8ba3-65559cdbbc13	1638272839824	master	DELETE	master	4517fc46-ede2-439d-a2df-ce5df9730041	0423c7be-303d-4c55-abcc-7f1dd3db7600	172.18.0.1	users/bbd4c085-b0df-413a-aec0-931dcecb6cdc	\N	\N	USER
9a4d6a1d-dfee-444e-9de5-b5ab959b50a2	1638272842253	master	DELETE	master	4517fc46-ede2-439d-a2df-ce5df9730041	0423c7be-303d-4c55-abcc-7f1dd3db7600	172.18.0.1	users/11647061-ad4c-476e-8164-38278110dc27	\N	\N	USER
40bda308-5ab5-471a-b952-02f3d41bcc60	1638272844514	master	DELETE	master	4517fc46-ede2-439d-a2df-ce5df9730041	0423c7be-303d-4c55-abcc-7f1dd3db7600	172.18.0.1	users/357792bf-6ddd-4164-a815-5c97d6afbabe	\N	\N	USER
ac6ddaa0-702c-4adf-806b-81448908cc47	1638272861858	master	DELETE	master	4517fc46-ede2-439d-a2df-ce5df9730041	0423c7be-303d-4c55-abcc-7f1dd3db7600	172.18.0.1	users/c736fedc-8338-4ab0-959d-ff95895d63e0	\N	\N	USER
6da09be6-d3db-41f0-947f-63bffa895875	1638272865598	master	DELETE	master	4517fc46-ede2-439d-a2df-ce5df9730041	0423c7be-303d-4c55-abcc-7f1dd3db7600	172.18.0.1	users/330c14ad-9694-4ae4-bde3-7a41e120906e	\N	\N	USER
c590d687-a381-416f-900f-c8c6eb7fa4f7	1638272899289	master	DELETE	master	4517fc46-ede2-439d-a2df-ce5df9730041	0423c7be-303d-4c55-abcc-7f1dd3db7600	172.18.0.1	users/fb77d8c5-f9f2-441a-9ec5-5a50ebce7e83	\N	\N	USER
cb777025-5876-45ad-b55a-a28b2c714a0a	1638272876461	master	DELETE	master	4517fc46-ede2-439d-a2df-ce5df9730041	0423c7be-303d-4c55-abcc-7f1dd3db7600	172.18.0.1	users/4186ce06-f66c-441a-a866-e31e8dcd8bc9	\N	\N	USER
4c3c91ec-ec79-44c1-9282-29f793097480	1638272879518	master	DELETE	master	4517fc46-ede2-439d-a2df-ce5df9730041	0423c7be-303d-4c55-abcc-7f1dd3db7600	172.18.0.1	users/561bd1df-6623-457b-a631-f33fd5c9c071	\N	\N	USER
d437a4bf-1860-4da6-a803-1cac27c79fb7	1638272882492	master	DELETE	master	4517fc46-ede2-439d-a2df-ce5df9730041	0423c7be-303d-4c55-abcc-7f1dd3db7600	172.18.0.1	users/906c7ab1-974b-4c6c-8525-717896f8eb67	\N	\N	USER
f1f7fb68-a0f8-4c6a-88ab-fd244c1d8d3c	1638272885432	master	DELETE	master	4517fc46-ede2-439d-a2df-ce5df9730041	0423c7be-303d-4c55-abcc-7f1dd3db7600	172.18.0.1	users/5b16934e-45c6-46e5-83c0-e99a9acfaf9a	\N	\N	USER
5ea1f811-dad6-4aad-836f-929a13f40d90	1638272889320	master	DELETE	master	4517fc46-ede2-439d-a2df-ce5df9730041	0423c7be-303d-4c55-abcc-7f1dd3db7600	172.18.0.1	users/50343489-c93b-465c-92b1-83f1048a51a0	\N	\N	USER
48b3df07-6d48-4985-80f7-4939485d8c11	1638272892820	master	DELETE	master	4517fc46-ede2-439d-a2df-ce5df9730041	0423c7be-303d-4c55-abcc-7f1dd3db7600	172.18.0.1	users/b7fea3ea-36ba-4bb6-aef9-187cd64376c8	\N	\N	USER
5e16a7ee-e40e-4a4d-a920-52c803f5a5f6	1638272896414	master	DELETE	master	4517fc46-ede2-439d-a2df-ce5df9730041	0423c7be-303d-4c55-abcc-7f1dd3db7600	172.18.0.1	users/bce6b6e5-d700-4613-b731-fa85a7d15df0	\N	\N	USER
9da18929-e178-40e6-84ae-463dcff0026f	1638272902266	master	DELETE	master	4517fc46-ede2-439d-a2df-ce5df9730041	0423c7be-303d-4c55-abcc-7f1dd3db7600	172.18.0.1	users/ba921a43-a206-489f-b1f6-653a49165250	\N	\N	USER
b1ec3809-9472-4a09-acc6-49d61ff6fc57	1638272905427	master	DELETE	master	4517fc46-ede2-439d-a2df-ce5df9730041	0423c7be-303d-4c55-abcc-7f1dd3db7600	172.18.0.1	users/a756ea98-16da-4c9c-a033-548fa3439a3e	\N	\N	USER
309afb8e-824d-4cc9-aa5b-1b5d3a4c07eb	1638272908185	master	DELETE	master	4517fc46-ede2-439d-a2df-ce5df9730041	0423c7be-303d-4c55-abcc-7f1dd3db7600	172.18.0.1	users/17e414d6-4645-4eb9-91ef-4c3beccb0658	\N	\N	USER
3b157df4-2aeb-42fc-aa93-6d3bd2a00f93	1638272912308	master	DELETE	master	4517fc46-ede2-439d-a2df-ce5df9730041	0423c7be-303d-4c55-abcc-7f1dd3db7600	172.18.0.1	users/b1eb8ba5-a42c-4e70-b319-002d1c37944c	\N	\N	USER
728b5ed9-1ca0-4c12-b123-7ab3b43d3af5	1638272915630	master	DELETE	master	4517fc46-ede2-439d-a2df-ce5df9730041	0423c7be-303d-4c55-abcc-7f1dd3db7600	172.18.0.1	users/7453296d-716d-42c9-97d6-43b3b445ef7b	\N	\N	USER
73d06c1b-be76-49db-bd4e-525d8df89d7f	1638272919018	master	DELETE	master	4517fc46-ede2-439d-a2df-ce5df9730041	0423c7be-303d-4c55-abcc-7f1dd3db7600	172.18.0.1	users/3e800a69-9912-4742-b1d2-2fcfaf67ed0e	\N	\N	USER
3f861e05-f1aa-4c05-8c78-804ebaca3908	1638272926025	master	DELETE	master	4517fc46-ede2-439d-a2df-ce5df9730041	0423c7be-303d-4c55-abcc-7f1dd3db7600	172.18.0.1	users/161b4ccd-9bb6-442f-b2df-195d6e8ccafd	\N	\N	USER
4c808414-cb21-4842-96ab-6a1da6e2beed	1638272928276	master	DELETE	master	4517fc46-ede2-439d-a2df-ce5df9730041	0423c7be-303d-4c55-abcc-7f1dd3db7600	172.18.0.1	users/dd4aa93f-45af-4629-a00b-6b95da43359a	\N	\N	USER
c10e669c-4135-43bc-a00b-b62be67b20d4	1638272930740	master	DELETE	master	4517fc46-ede2-439d-a2df-ce5df9730041	0423c7be-303d-4c55-abcc-7f1dd3db7600	172.18.0.1	users/d2796abb-2166-4a9a-91bb-34edbe83e9f6	\N	\N	USER
5d666baa-c14a-4a37-be01-d8c8cbce3c9e	1638272933184	master	DELETE	master	4517fc46-ede2-439d-a2df-ce5df9730041	0423c7be-303d-4c55-abcc-7f1dd3db7600	172.18.0.1	users/8c09bcf3-d08c-4a5d-b785-e69016745364	\N	\N	USER
5eb428e9-c508-4cbe-861c-bf5c6033c29a	1638272935327	master	DELETE	master	4517fc46-ede2-439d-a2df-ce5df9730041	0423c7be-303d-4c55-abcc-7f1dd3db7600	172.18.0.1	users/2d6a336f-699a-4458-8e3f-d24e7ef01984	\N	\N	USER
c46cf00f-e182-44b2-93e9-aa936f5fa062	1638272937303	master	DELETE	master	4517fc46-ede2-439d-a2df-ce5df9730041	0423c7be-303d-4c55-abcc-7f1dd3db7600	172.18.0.1	users/4b24e187-59f7-47f9-b2f2-bd5e8eb33b09	\N	\N	USER
3298cc0d-3a96-4df1-8626-3d9470f35199	1638272939433	master	DELETE	master	4517fc46-ede2-439d-a2df-ce5df9730041	0423c7be-303d-4c55-abcc-7f1dd3db7600	172.18.0.1	users/f482bd8e-9b7a-441d-8330-d6e7d9eebea0	\N	\N	USER
f57501b0-1326-4a4a-80af-1bb3ce8a7d48	1638272941618	master	DELETE	master	4517fc46-ede2-439d-a2df-ce5df9730041	0423c7be-303d-4c55-abcc-7f1dd3db7600	172.18.0.1	users/8825c663-262d-466e-9cf5-52e26a4dd111	\N	\N	USER
c02fadfd-9299-4eb9-a733-4b29f94e41b1	1638272943950	master	DELETE	master	4517fc46-ede2-439d-a2df-ce5df9730041	0423c7be-303d-4c55-abcc-7f1dd3db7600	172.18.0.1	users/93e147d6-fe45-4b4b-8cd5-ef8280894e97	\N	\N	USER
7032236d-2004-4418-9c41-cf124db56a44	1638272946072	master	DELETE	master	4517fc46-ede2-439d-a2df-ce5df9730041	0423c7be-303d-4c55-abcc-7f1dd3db7600	172.18.0.1	users/a498940e-b6e5-4d5b-a45f-36b759cea48d	\N	\N	USER
2053cc96-abbd-4162-b163-282b86fd7811	1638272948206	master	DELETE	master	4517fc46-ede2-439d-a2df-ce5df9730041	0423c7be-303d-4c55-abcc-7f1dd3db7600	172.18.0.1	users/7f488456-d87e-4b11-bcd8-2edbc99fb388	\N	\N	USER
711fc29c-5eb3-4225-a631-a78ce1637878	1638272950467	master	DELETE	master	4517fc46-ede2-439d-a2df-ce5df9730041	0423c7be-303d-4c55-abcc-7f1dd3db7600	172.18.0.1	users/e775cf63-2a25-4414-a23c-48748afe8010	\N	\N	USER
9bf68754-dd0f-408b-a0fd-5caf7621bf86	1638272961779	master	DELETE	master	4517fc46-ede2-439d-a2df-ce5df9730041	0423c7be-303d-4c55-abcc-7f1dd3db7600	172.18.0.1	users/496f3713-5f5a-4fa8-9875-46b172db7dd3	\N	\N	USER
79525c83-278e-48b4-b854-681b2518e808	1638272963976	master	DELETE	master	4517fc46-ede2-439d-a2df-ce5df9730041	0423c7be-303d-4c55-abcc-7f1dd3db7600	172.18.0.1	users/50094dd2-024d-4666-bb6c-3d6cc8973ad1	\N	\N	USER
cc083e48-90d7-49f9-a8f2-7bef7f2c91b6	1638272966171	master	DELETE	master	4517fc46-ede2-439d-a2df-ce5df9730041	0423c7be-303d-4c55-abcc-7f1dd3db7600	172.18.0.1	users/ad7ad768-d917-4eb1-8c29-d754ace998ef	\N	\N	USER
6c373faf-391a-48d7-b83f-d5f1b1d291f1	1638272969085	master	DELETE	master	4517fc46-ede2-439d-a2df-ce5df9730041	0423c7be-303d-4c55-abcc-7f1dd3db7600	172.18.0.1	users/7a2cf4bc-acc0-48a7-bbe4-0be5736e199e	\N	\N	USER
43ae5410-a3d2-42ce-b1f9-d6960c1eeabe	1638272972033	master	DELETE	master	4517fc46-ede2-439d-a2df-ce5df9730041	0423c7be-303d-4c55-abcc-7f1dd3db7600	172.18.0.1	users/00441f94-d7fd-4092-a283-f8dfb688af09	\N	\N	USER
993eb486-56d9-4ab7-aa68-e850a6eed879	1638272974359	master	DELETE	master	4517fc46-ede2-439d-a2df-ce5df9730041	0423c7be-303d-4c55-abcc-7f1dd3db7600	172.18.0.1	users/2262adc1-d6cc-4465-bb1f-4afbe52d8932	\N	\N	USER
c9df1377-8714-472f-bc41-b05c8ce8640c	1638272976529	master	DELETE	master	4517fc46-ede2-439d-a2df-ce5df9730041	0423c7be-303d-4c55-abcc-7f1dd3db7600	172.18.0.1	users/a5ae106c-a52c-46e5-a0f8-e0bb1cbeee7a	\N	\N	USER
b75067ea-a30c-4693-b0ed-83a2e978d9ce	1638272980085	master	DELETE	master	4517fc46-ede2-439d-a2df-ce5df9730041	0423c7be-303d-4c55-abcc-7f1dd3db7600	172.18.0.1	users/f22d34c9-4b22-461a-84d4-4b7fef0f87ef	\N	\N	USER
56a3bde2-be78-475a-942f-f824636c7a31	1638272982885	master	DELETE	master	4517fc46-ede2-439d-a2df-ce5df9730041	0423c7be-303d-4c55-abcc-7f1dd3db7600	172.18.0.1	users/1cfc7364-0edf-4777-affb-f880fe707f35	\N	\N	USER
52788e27-6ea4-48bb-86d0-8fa84a80909f	1638273021290	master	DELETE	master	4517fc46-ede2-439d-a2df-ce5df9730041	0423c7be-303d-4c55-abcc-7f1dd3db7600	172.18.0.1	users/62e62631-9c3b-4753-97d4-8e3152267a86	\N	\N	USER
1f1404ce-b40c-4abb-aab5-882ded6cbb78	1638273023836	master	DELETE	master	4517fc46-ede2-439d-a2df-ce5df9730041	0423c7be-303d-4c55-abcc-7f1dd3db7600	172.18.0.1	users/af4bfb00-51d7-486d-9f33-a5a1ad7f3176	\N	\N	USER
6531ca84-eb51-4757-8372-6b1fee85cef4	1638273026048	master	DELETE	master	4517fc46-ede2-439d-a2df-ce5df9730041	0423c7be-303d-4c55-abcc-7f1dd3db7600	172.18.0.1	users/989a0ce6-96e9-4f69-9807-8b9df39c599b	\N	\N	USER
dd4e9f13-23d0-4447-a4ac-66347b042bcb	1638273028256	master	DELETE	master	4517fc46-ede2-439d-a2df-ce5df9730041	0423c7be-303d-4c55-abcc-7f1dd3db7600	172.18.0.1	users/20131472-333e-4509-a889-ca713ab3356a	\N	\N	USER
533e3a0e-8e06-48f7-8f13-f5560188165e	1638273030809	master	DELETE	master	4517fc46-ede2-439d-a2df-ce5df9730041	0423c7be-303d-4c55-abcc-7f1dd3db7600	172.18.0.1	users/27fd0d85-dca2-4ce0-9d5b-52e610c1fa38	\N	\N	USER
6325ce9f-15bf-409a-bfa8-3c63b554dfa1	1638273032860	master	DELETE	master	4517fc46-ede2-439d-a2df-ce5df9730041	0423c7be-303d-4c55-abcc-7f1dd3db7600	172.18.0.1	users/f7f30710-132c-487e-ac17-5fa9c45390b6	\N	\N	USER
9e1f73b7-0e8c-4468-b455-e4613e58e993	1638273035019	master	DELETE	master	4517fc46-ede2-439d-a2df-ce5df9730041	0423c7be-303d-4c55-abcc-7f1dd3db7600	172.18.0.1	users/53a6f0b7-4bf7-47ee-8bc3-ab02d9a1e4ae	\N	\N	USER
5cbeaa89-89e3-4bc4-a3bb-5e521ddf9989	1638273037095	master	DELETE	master	4517fc46-ede2-439d-a2df-ce5df9730041	0423c7be-303d-4c55-abcc-7f1dd3db7600	172.18.0.1	users/2568a0fc-d83c-4f96-aa53-16af7246d308	\N	\N	USER
1bf04e67-b6fd-432e-b5cc-3d27ef835bfe	1638273039349	master	DELETE	master	4517fc46-ede2-439d-a2df-ce5df9730041	0423c7be-303d-4c55-abcc-7f1dd3db7600	172.18.0.1	users/4abb6caf-cd4d-4137-9e99-4a2fd2d061d2	\N	\N	USER
6ec5050d-fc8c-4396-b1f9-70c7ed5b7cb7	1638273041737	master	DELETE	master	4517fc46-ede2-439d-a2df-ce5df9730041	0423c7be-303d-4c55-abcc-7f1dd3db7600	172.18.0.1	users/34ad35a5-5482-41b3-a7b0-e76d7b76a210	\N	\N	USER
2f0f0f31-a482-451d-b1c1-63b6c330f8db	1638273043863	master	DELETE	master	4517fc46-ede2-439d-a2df-ce5df9730041	0423c7be-303d-4c55-abcc-7f1dd3db7600	172.18.0.1	users/69fa4bc1-6c6a-4603-a5d0-186035204570	\N	\N	USER
4399b353-7ff1-4e83-b277-4a0ed1404f5e	1638273046188	master	DELETE	master	4517fc46-ede2-439d-a2df-ce5df9730041	0423c7be-303d-4c55-abcc-7f1dd3db7600	172.18.0.1	users/7354f78d-b488-4bf6-8c61-93f2e3f8cbf2	\N	\N	USER
0297901e-2966-4e94-aa78-e09676bdf90c	1638273048334	master	DELETE	master	4517fc46-ede2-439d-a2df-ce5df9730041	0423c7be-303d-4c55-abcc-7f1dd3db7600	172.18.0.1	users/75c2bf5d-f3ba-49fc-844d-2c2a26be35f6	\N	\N	USER
2853ac68-01a5-43e7-b775-d86dff25b2ac	1638273050819	master	DELETE	master	4517fc46-ede2-439d-a2df-ce5df9730041	0423c7be-303d-4c55-abcc-7f1dd3db7600	172.18.0.1	users/681aade5-d223-4c42-8a7e-d6ffe04d81d9	\N	\N	USER
0391e870-46dd-4cd9-8585-dde591622e6e	1638273053006	master	DELETE	master	4517fc46-ede2-439d-a2df-ce5df9730041	0423c7be-303d-4c55-abcc-7f1dd3db7600	172.18.0.1	users/043e1d48-c6a3-49df-9064-38fc05a47d38	\N	\N	USER
336d04ed-3acd-48e7-92ca-7b6692415694	1638273055398	master	DELETE	master	4517fc46-ede2-439d-a2df-ce5df9730041	0423c7be-303d-4c55-abcc-7f1dd3db7600	172.18.0.1	users/38c94b23-3dec-4497-a3d7-2de9d503774a	\N	\N	USER
38526da0-1240-46fe-9a05-7420ec0965e4	1638273065612	master	DELETE	master	4517fc46-ede2-439d-a2df-ce5df9730041	0423c7be-303d-4c55-abcc-7f1dd3db7600	172.18.0.1	users/9b477377-1feb-4ee1-9c76-edc2b0359c6e	\N	\N	USER
6c29f815-4f33-4935-80ce-b9b74f6556a2	1638273068114	master	DELETE	master	4517fc46-ede2-439d-a2df-ce5df9730041	0423c7be-303d-4c55-abcc-7f1dd3db7600	172.18.0.1	users/f3ea1b6e-e0f7-40cd-982c-755c7194052c	\N	\N	USER
8a0d235c-8d5c-444a-b6d2-2475bef99351	1638273070573	master	DELETE	master	4517fc46-ede2-439d-a2df-ce5df9730041	0423c7be-303d-4c55-abcc-7f1dd3db7600	172.18.0.1	users/71d0234d-5581-4377-aa7e-303ef5fa002a	\N	\N	USER
1a31ff61-5412-4dac-8192-ad10c5f1343e	1638273084861	master	DELETE	master	4517fc46-ede2-439d-a2df-ce5df9730041	0423c7be-303d-4c55-abcc-7f1dd3db7600	172.18.0.1	users/dba545a6-1a71-4ea0-a4e1-2aab36d67999	\N	\N	USER
26a1502a-e939-45c5-bd29-095bcf7f3715	1638273088308	master	DELETE	master	4517fc46-ede2-439d-a2df-ce5df9730041	0423c7be-303d-4c55-abcc-7f1dd3db7600	172.18.0.1	users/e532429b-ee76-4f58-b5b1-301dadca3144	\N	\N	USER
c296fd04-edbb-46e7-a06b-514c5c2aa555	1638273090830	master	DELETE	master	4517fc46-ede2-439d-a2df-ce5df9730041	0423c7be-303d-4c55-abcc-7f1dd3db7600	172.18.0.1	users/905c6a27-f45e-4d1d-87a7-34c7e0a5c5a2	\N	\N	USER
db47ea4f-c588-4d00-a770-ba92df598e79	1638273093293	master	DELETE	master	4517fc46-ede2-439d-a2df-ce5df9730041	0423c7be-303d-4c55-abcc-7f1dd3db7600	172.18.0.1	users/c9a6a8b2-d971-44f4-b2bc-388636e7eb17	\N	\N	USER
9738ab24-f5b1-4c3a-90b4-d844d9c11ec0	1638273095782	master	DELETE	master	4517fc46-ede2-439d-a2df-ce5df9730041	0423c7be-303d-4c55-abcc-7f1dd3db7600	172.18.0.1	users/8171c1e3-0659-4f0c-ac2f-b10658d3bfa0	\N	\N	USER
c86c38c5-3ec6-438f-92e9-56dda9621a1b	1638273098470	master	DELETE	master	4517fc46-ede2-439d-a2df-ce5df9730041	0423c7be-303d-4c55-abcc-7f1dd3db7600	172.18.0.1	users/4dd7034f-7182-486b-9153-5c85fa34de94	\N	\N	USER
1a3e3e61-adfd-4182-99be-ff558212eaf1	1638273101138	master	DELETE	master	4517fc46-ede2-439d-a2df-ce5df9730041	0423c7be-303d-4c55-abcc-7f1dd3db7600	172.18.0.1	users/c17aac9a-e2ef-4006-9030-42e783fa7fe3	\N	\N	USER
cd4b2fbf-b690-4ef7-805d-6f6bac502d3e	1638273137747	master	DELETE	master	4517fc46-ede2-439d-a2df-ce5df9730041	0423c7be-303d-4c55-abcc-7f1dd3db7600	172.18.0.1	users/c5dd01b7-2000-4edd-ba10-49a6c2311eaf	\N	\N	USER
550f71ae-8b54-43f9-87d6-ba020e5ec944	1638273140329	master	DELETE	master	4517fc46-ede2-439d-a2df-ce5df9730041	0423c7be-303d-4c55-abcc-7f1dd3db7600	172.18.0.1	users/b766ba32-5222-4fed-a78b-55896c31f1fc	\N	\N	USER
93f0083e-208f-4aec-bf99-42fbe15b2216	1638273142989	master	DELETE	master	4517fc46-ede2-439d-a2df-ce5df9730041	0423c7be-303d-4c55-abcc-7f1dd3db7600	172.18.0.1	users/dca36793-3cd2-4b5a-b9dd-34b6211189d6	\N	\N	USER
fabd5073-c212-4863-a1b8-9fd9303f5132	1638273145246	master	DELETE	master	4517fc46-ede2-439d-a2df-ce5df9730041	0423c7be-303d-4c55-abcc-7f1dd3db7600	172.18.0.1	users/9509841e-7d68-4b4e-afaa-c6c650ae8789	\N	\N	USER
a13c817e-298c-48c8-bec5-cde0000e5e02	1638273147663	master	DELETE	master	4517fc46-ede2-439d-a2df-ce5df9730041	0423c7be-303d-4c55-abcc-7f1dd3db7600	172.18.0.1	users/34528c83-0afd-404b-acea-ccc8896c316e	\N	\N	USER
21e04de6-1aac-45ef-926b-6386426fe73b	1638273150067	master	DELETE	master	4517fc46-ede2-439d-a2df-ce5df9730041	0423c7be-303d-4c55-abcc-7f1dd3db7600	172.18.0.1	users/bed80013-d236-4932-81b0-a4c735b44a6c	\N	\N	USER
f9833576-f7e1-41c7-9121-6f67a11e6f85	1638273152428	master	DELETE	master	4517fc46-ede2-439d-a2df-ce5df9730041	0423c7be-303d-4c55-abcc-7f1dd3db7600	172.18.0.1	users/91a6dfcd-cb98-462d-8ac8-6aae4e755141	\N	\N	USER
53923456-f852-40e3-8c17-96724fd4b8bf	1638273154624	master	DELETE	master	4517fc46-ede2-439d-a2df-ce5df9730041	0423c7be-303d-4c55-abcc-7f1dd3db7600	172.18.0.1	users/353b048d-4ddc-4ae0-9065-a0432004cafd	\N	\N	USER
45c31ad2-968c-4d8a-bc01-8c4229807f21	1638273156810	master	DELETE	master	4517fc46-ede2-439d-a2df-ce5df9730041	0423c7be-303d-4c55-abcc-7f1dd3db7600	172.18.0.1	users/b0044d93-1067-4e92-9512-047c04b1d629	\N	\N	USER
e7fa9281-0bd3-44ab-bf01-33f438b3ed60	1638273159029	master	DELETE	master	4517fc46-ede2-439d-a2df-ce5df9730041	0423c7be-303d-4c55-abcc-7f1dd3db7600	172.18.0.1	users/daaf415f-69e9-4dfb-a142-5ebf91089834	\N	\N	USER
6e448e3d-30c6-4b5c-9110-9ca53e43d092	1638273161076	master	DELETE	master	4517fc46-ede2-439d-a2df-ce5df9730041	0423c7be-303d-4c55-abcc-7f1dd3db7600	172.18.0.1	users/03c2c8d8-8857-4ca1-9698-357da4e17f84	\N	\N	USER
a13ac5b8-4158-4140-bc33-9ea78312b0be	1638273163337	master	DELETE	master	4517fc46-ede2-439d-a2df-ce5df9730041	0423c7be-303d-4c55-abcc-7f1dd3db7600	172.18.0.1	users/bc1c1e6c-1184-42f3-af7f-502f0b6e7c61	\N	\N	USER
6b5f16f7-5e50-4923-a9f5-06787b37ee78	1638273165722	master	DELETE	master	4517fc46-ede2-439d-a2df-ce5df9730041	0423c7be-303d-4c55-abcc-7f1dd3db7600	172.18.0.1	users/b6ef42e1-5a29-40e7-9a4d-8a79e85c833d	\N	\N	USER
3fe02e98-334e-4c38-98b6-b691d097eb92	1638273168123	master	DELETE	master	4517fc46-ede2-439d-a2df-ce5df9730041	0423c7be-303d-4c55-abcc-7f1dd3db7600	172.18.0.1	users/b3f8a859-292c-47a1-9ebc-b5b890d4de0e	\N	\N	USER
4e277390-2270-4e33-8c60-c46803246424	1638273199788	master	DELETE	master	4517fc46-ede2-439d-a2df-ce5df9730041	0423c7be-303d-4c55-abcc-7f1dd3db7600	172.18.0.1	users/a360fce3-a661-42d1-a193-849c66d12395	\N	\N	USER
a394fecb-98ff-4294-bdf8-811a380afcd4	1638273202062	master	DELETE	master	4517fc46-ede2-439d-a2df-ce5df9730041	0423c7be-303d-4c55-abcc-7f1dd3db7600	172.18.0.1	users/7bb75b42-58b3-428a-8190-6044a6c78c3f	\N	\N	USER
99534a2e-515e-42e0-843d-5d570aeee9ae	1638273204258	master	DELETE	master	4517fc46-ede2-439d-a2df-ce5df9730041	0423c7be-303d-4c55-abcc-7f1dd3db7600	172.18.0.1	users/eca5b7e7-5d96-46c4-bf2e-3a6d4a1e8d0b	\N	\N	USER
df1998b1-9593-4c5f-bb97-7e6f77b4258c	1638273206755	master	DELETE	master	4517fc46-ede2-439d-a2df-ce5df9730041	0423c7be-303d-4c55-abcc-7f1dd3db7600	172.18.0.1	users/a0cc0b58-ca0b-4c25-9ff2-c5bbbd24b898	\N	\N	USER
3b695f66-56e3-46f3-be01-889a763eb675	1638273209114	master	DELETE	master	4517fc46-ede2-439d-a2df-ce5df9730041	0423c7be-303d-4c55-abcc-7f1dd3db7600	172.18.0.1	users/310195e6-cb58-47d7-92a2-30bfa5a77617	\N	\N	USER
0176a7ba-e98d-4aac-a614-fad68c12bd71	1638273211616	master	DELETE	master	4517fc46-ede2-439d-a2df-ce5df9730041	0423c7be-303d-4c55-abcc-7f1dd3db7600	172.18.0.1	users/f6ee61eb-15c4-479a-bd87-c41e64eb0d86	\N	\N	USER
d5e5c80b-9679-47b6-8c40-3ef8394d6a72	1638273214052	master	DELETE	master	4517fc46-ede2-439d-a2df-ce5df9730041	0423c7be-303d-4c55-abcc-7f1dd3db7600	172.18.0.1	users/89aec6b9-d4f4-4cc7-a014-acb93ec7fecd	\N	\N	USER
fc17559f-b3bf-4c3a-a600-bcd92231ebcc	1638273216675	master	DELETE	master	4517fc46-ede2-439d-a2df-ce5df9730041	0423c7be-303d-4c55-abcc-7f1dd3db7600	172.18.0.1	users/a5f0dd82-4493-46d6-ad85-4698afafe155	\N	\N	USER
e295bead-6b42-4c27-9464-fba1b9feabff	1638273219172	master	DELETE	master	4517fc46-ede2-439d-a2df-ce5df9730041	0423c7be-303d-4c55-abcc-7f1dd3db7600	172.18.0.1	users/50cb4997-d42f-446b-874e-d85853ae38b1	\N	\N	USER
c3967743-19e8-4217-85c6-4b3455d5977d	1638273221425	master	DELETE	master	4517fc46-ede2-439d-a2df-ce5df9730041	0423c7be-303d-4c55-abcc-7f1dd3db7600	172.18.0.1	users/67c6cb5f-0f5f-489b-9107-6ece04a8227d	\N	\N	USER
bd66b385-b1fb-4001-93fc-ea90d46b5629	1638273223736	master	DELETE	master	4517fc46-ede2-439d-a2df-ce5df9730041	0423c7be-303d-4c55-abcc-7f1dd3db7600	172.18.0.1	users/0a4b13d1-c2d2-4b7e-ae4c-3154af1ac3d4	\N	\N	USER
6337bb34-f486-445b-a988-f86461fb88e2	1638273226315	master	DELETE	master	4517fc46-ede2-439d-a2df-ce5df9730041	0423c7be-303d-4c55-abcc-7f1dd3db7600	172.18.0.1	users/898d600d-ec92-4061-877e-bd74498edb8b	\N	\N	USER
aa47376e-28bd-43dc-8cdc-99df074f493e	1638273259105	master	DELETE	master	4517fc46-ede2-439d-a2df-ce5df9730041	0423c7be-303d-4c55-abcc-7f1dd3db7600	172.18.0.1	users/d2e6d732-a677-4242-a4d9-f966a7dc77a8	\N	\N	USER
676be391-ff9c-4fb4-8b2d-a216d701755a	1638273170465	master	DELETE	master	4517fc46-ede2-439d-a2df-ce5df9730041	0423c7be-303d-4c55-abcc-7f1dd3db7600	172.18.0.1	users/5ae21be6-f4f3-42aa-a159-b1dddd812c2d	\N	\N	USER
9548a5c9-3405-4bd6-b09c-c57cb0c35ccc	1638273172534	master	DELETE	master	4517fc46-ede2-439d-a2df-ce5df9730041	0423c7be-303d-4c55-abcc-7f1dd3db7600	172.18.0.1	users/fd587d02-e0f8-4aa2-b69c-275bd2c9c0d5	\N	\N	USER
c2f5c03b-b4cd-4980-a4f0-653289809c0b	1638273174906	master	DELETE	master	4517fc46-ede2-439d-a2df-ce5df9730041	0423c7be-303d-4c55-abcc-7f1dd3db7600	172.18.0.1	users/3e35fc21-8a59-4803-9bff-885bdd30b335	\N	\N	USER
fa163861-c980-4f87-bb89-b2f557862a4c	1638273177160	master	DELETE	master	4517fc46-ede2-439d-a2df-ce5df9730041	0423c7be-303d-4c55-abcc-7f1dd3db7600	172.18.0.1	users/ebe1b504-490f-459c-be27-140ea0a8ac70	\N	\N	USER
b37b41c1-5172-4f7d-9e1b-17b3704db6b1	1638273179620	master	DELETE	master	4517fc46-ede2-439d-a2df-ce5df9730041	0423c7be-303d-4c55-abcc-7f1dd3db7600	172.18.0.1	users/e3605e91-f377-4be9-a76c-4d9da11e0074	\N	\N	USER
fec448de-f0fb-40e7-8be9-c23b81bfe704	1638273181767	master	DELETE	master	4517fc46-ede2-439d-a2df-ce5df9730041	0423c7be-303d-4c55-abcc-7f1dd3db7600	172.18.0.1	users/6ebd224a-c47c-4c18-ac01-e57eb69c40e7	\N	\N	USER
79adfa6e-990b-4ac4-bf4f-cbb5113c35d0	1638273183837	master	DELETE	master	4517fc46-ede2-439d-a2df-ce5df9730041	0423c7be-303d-4c55-abcc-7f1dd3db7600	172.18.0.1	users/2ecdfb32-5a35-4812-bae9-1a40516b8335	\N	\N	USER
3d05b46e-d311-49f4-a75e-d401c246ec57	1638273186614	master	DELETE	master	4517fc46-ede2-439d-a2df-ce5df9730041	0423c7be-303d-4c55-abcc-7f1dd3db7600	172.18.0.1	users/96a083bb-82cc-45e9-96bf-4ab69f2d089e	\N	\N	USER
d29987c3-b589-45ff-a7f7-54364998388e	1638273188698	master	DELETE	master	4517fc46-ede2-439d-a2df-ce5df9730041	0423c7be-303d-4c55-abcc-7f1dd3db7600	172.18.0.1	users/99f49861-7871-4133-9368-c4ede22ec7da	\N	\N	USER
086d4330-a670-41c9-a326-649eb376f86e	1638273192324	master	DELETE	master	4517fc46-ede2-439d-a2df-ce5df9730041	0423c7be-303d-4c55-abcc-7f1dd3db7600	172.18.0.1	users/9c666f5a-2836-40ab-bca3-da5d90694a7e	\N	\N	USER
a6f9faff-e53f-4dd7-9e51-8c16554c2392	1638273194443	master	DELETE	master	4517fc46-ede2-439d-a2df-ce5df9730041	0423c7be-303d-4c55-abcc-7f1dd3db7600	172.18.0.1	users/e11b6940-8a85-4f58-a59a-e3b4e31e9ef6	\N	\N	USER
820af4be-45f2-4427-816e-007c27a674a0	1638273197448	master	DELETE	master	4517fc46-ede2-439d-a2df-ce5df9730041	0423c7be-303d-4c55-abcc-7f1dd3db7600	172.18.0.1	users/70d57e53-2b5e-40a1-8476-effb3ed8206b	\N	\N	USER
83d99fb0-b15b-4cfa-9fe4-2c515bce7b0d	1638273228976	master	DELETE	master	4517fc46-ede2-439d-a2df-ce5df9730041	0423c7be-303d-4c55-abcc-7f1dd3db7600	172.18.0.1	users/0f273685-1e28-4cb8-8308-b96ac8731cfd	\N	\N	USER
838251d5-b380-4932-b644-9b8ea45c4812	1638273231020	master	DELETE	master	4517fc46-ede2-439d-a2df-ce5df9730041	0423c7be-303d-4c55-abcc-7f1dd3db7600	172.18.0.1	users/468e632d-bcfd-4bda-92f9-c50daa33180c	\N	\N	USER
2d10c88c-b96b-4a04-85ab-bc79ba6e1b72	1638273233365	master	DELETE	master	4517fc46-ede2-439d-a2df-ce5df9730041	0423c7be-303d-4c55-abcc-7f1dd3db7600	172.18.0.1	users/8a9be3f1-dcf1-40ed-bd8d-18453dea384b	\N	\N	USER
96debe39-8f55-4db6-8b33-7d29e562fb24	1638273235469	master	DELETE	master	4517fc46-ede2-439d-a2df-ce5df9730041	0423c7be-303d-4c55-abcc-7f1dd3db7600	172.18.0.1	users/a1a21d0e-9b67-4965-b7b4-6a156bea633e	\N	\N	USER
1bd1c524-0521-46ec-991c-8f5528758342	1638273237632	master	DELETE	master	4517fc46-ede2-439d-a2df-ce5df9730041	0423c7be-303d-4c55-abcc-7f1dd3db7600	172.18.0.1	users/b7f8cf70-71e8-450d-b2c9-d8bf16780cfd	\N	\N	USER
7d90e70d-4fcd-4a45-9422-b7b05bc88eb1	1638273239672	master	DELETE	master	4517fc46-ede2-439d-a2df-ce5df9730041	0423c7be-303d-4c55-abcc-7f1dd3db7600	172.18.0.1	users/10709555-b7af-4140-993f-eda44a1ffc45	\N	\N	USER
0556b736-9908-40c1-806e-acc1a7b30d8e	1638273241739	master	DELETE	master	4517fc46-ede2-439d-a2df-ce5df9730041	0423c7be-303d-4c55-abcc-7f1dd3db7600	172.18.0.1	users/e62109cc-457c-458c-b1b3-e7e7065544b8	\N	\N	USER
e98bfb52-2def-4bb4-96fd-4126ffb94474	1638273243754	master	DELETE	master	4517fc46-ede2-439d-a2df-ce5df9730041	0423c7be-303d-4c55-abcc-7f1dd3db7600	172.18.0.1	users/b21da4b3-8c5b-4c97-8c2a-de243d9c2aaf	\N	\N	USER
0d1f4262-9fe1-413e-b1ad-5ca37c7d1111	1638273245752	master	DELETE	master	4517fc46-ede2-439d-a2df-ce5df9730041	0423c7be-303d-4c55-abcc-7f1dd3db7600	172.18.0.1	users/6eeb1301-e5d2-47fa-93da-c4ab1919b3a2	\N	\N	USER
e218b068-dc88-4e90-b39c-6662fb2cf19d	1638273247808	master	DELETE	master	4517fc46-ede2-439d-a2df-ce5df9730041	0423c7be-303d-4c55-abcc-7f1dd3db7600	172.18.0.1	users/79b99507-6406-4e97-8766-757d980447c6	\N	\N	USER
ec4bbdb7-733f-4098-afcd-8d672bff4655	1638273249961	master	DELETE	master	4517fc46-ede2-439d-a2df-ce5df9730041	0423c7be-303d-4c55-abcc-7f1dd3db7600	172.18.0.1	users/078ba07b-5e30-4285-9a69-f29358c2a40f	\N	\N	USER
90815e9b-7b17-4302-88ba-9889dbd7bbdc	1638273251947	master	DELETE	master	4517fc46-ede2-439d-a2df-ce5df9730041	0423c7be-303d-4c55-abcc-7f1dd3db7600	172.18.0.1	users/35b38ec0-8efd-4547-b89a-1d4381aeb86f	\N	\N	USER
300b6d24-10ce-4522-ac0f-40fcf1779b66	1638273255188	master	DELETE	master	4517fc46-ede2-439d-a2df-ce5df9730041	0423c7be-303d-4c55-abcc-7f1dd3db7600	172.18.0.1	users/22ab1c56-c22e-41b2-a426-0dcc67cb535b	\N	\N	USER
6af3fe8f-5834-4448-b464-2c3c120280c1	1638273257049	master	DELETE	master	4517fc46-ede2-439d-a2df-ce5df9730041	0423c7be-303d-4c55-abcc-7f1dd3db7600	172.18.0.1	users/9e3ac9db-dc6b-4379-b8ce-ef77ca043d92	\N	\N	USER
0626daf2-ff86-4d75-9bb9-774cede3d4b0	1638273300092	master	DELETE	master	4517fc46-ede2-439d-a2df-ce5df9730041	0423c7be-303d-4c55-abcc-7f1dd3db7600	172.18.0.1	users/f2db912d-e873-4133-a134-303eb50a0f32	\N	\N	USER
68678d00-e061-4444-98a1-f4c6678a626f	1638273330479	master	UPDATE	master	4517fc46-ede2-439d-a2df-ce5df9730041	0423c7be-303d-4c55-abcc-7f1dd3db7600	172.18.0.1	users/0423c7be-303d-4c55-abcc-7f1dd3db7600	\N	\N	USER
d7602879-1355-4edf-9d09-799f537469ce	1638273341860	master	DELETE	master	4517fc46-ede2-439d-a2df-ce5df9730041	0423c7be-303d-4c55-abcc-7f1dd3db7600	172.18.0.1	users/698785a8-fbf6-4d2e-bd66-4d44b162fdc8	\N	\N	USER
959ab2dd-237e-41ee-aa3f-89ddcd5dee71	1638273344156	master	DELETE	master	4517fc46-ede2-439d-a2df-ce5df9730041	0423c7be-303d-4c55-abcc-7f1dd3db7600	172.18.0.1	users/8f54664f-84b1-4eda-ab54-93cd38ea3eb7	\N	\N	USER
512c76fe-b510-4742-8afd-9149111c023a	1638273346467	master	DELETE	master	4517fc46-ede2-439d-a2df-ce5df9730041	0423c7be-303d-4c55-abcc-7f1dd3db7600	172.18.0.1	users/daa6a42c-c966-4c82-9d14-c82d6faf0c3d	\N	\N	USER
f62e00fd-004a-4dea-994a-4ecf2779300c	1638273356574	master	DELETE	master	4517fc46-ede2-439d-a2df-ce5df9730041	0423c7be-303d-4c55-abcc-7f1dd3db7600	172.18.0.1	users/0816db75-92ca-411d-9df8-48f070d749db	\N	\N	USER
8ee14c8f-50c0-4780-8dbe-1761bbea63d8	1638273359203	master	DELETE	master	4517fc46-ede2-439d-a2df-ce5df9730041	0423c7be-303d-4c55-abcc-7f1dd3db7600	172.18.0.1	users/b3ed2d1f-e88a-49f0-95e5-54433134aa05	\N	\N	USER
4ef14de1-3208-4d22-93a0-23f6c94a8b4f	1638273361620	master	DELETE	master	4517fc46-ede2-439d-a2df-ce5df9730041	0423c7be-303d-4c55-abcc-7f1dd3db7600	172.18.0.1	users/b2fb14b4-f34c-4dc7-80e9-7833edc18489	\N	\N	USER
97dd5073-3dd1-40fa-bd1a-4f95e6275327	1638273364352	master	DELETE	master	4517fc46-ede2-439d-a2df-ce5df9730041	0423c7be-303d-4c55-abcc-7f1dd3db7600	172.18.0.1	users/eeab58c7-cd47-4314-be13-dbfbe8073c5f	\N	\N	USER
d9f5a5f0-90f3-4bb7-b103-ef612749fdc5	1638273367544	master	DELETE	master	4517fc46-ede2-439d-a2df-ce5df9730041	0423c7be-303d-4c55-abcc-7f1dd3db7600	172.18.0.1	users/753e0d5e-80b7-464c-9610-eaf10ad8d7f6	\N	\N	USER
36b5766a-909f-4b28-9589-ff84c64599f5	1638273377696	master	DELETE	master	4517fc46-ede2-439d-a2df-ce5df9730041	0423c7be-303d-4c55-abcc-7f1dd3db7600	172.18.0.1	users/6ee03909-e3dd-4d38-b3e0-bf0076553ed5	\N	\N	USER
10d574ae-b8e5-4646-9a5f-7e3321e26849	1638273409563	master	DELETE	master	4517fc46-ede2-439d-a2df-ce5df9730041	0423c7be-303d-4c55-abcc-7f1dd3db7600	172.18.0.1	users/2d477209-c5cf-4ebc-9239-f801fa7fcecf	\N	\N	USER
9dcf5984-8cc0-476e-b8d4-ab255c6e16ed	1638273411873	master	DELETE	master	4517fc46-ede2-439d-a2df-ce5df9730041	0423c7be-303d-4c55-abcc-7f1dd3db7600	172.18.0.1	users/e88f1781-7310-46c0-838c-6402d1293418	\N	\N	USER
75a0061c-5436-4f19-a187-c0c599c13c55	1638273413972	master	DELETE	master	4517fc46-ede2-439d-a2df-ce5df9730041	0423c7be-303d-4c55-abcc-7f1dd3db7600	172.18.0.1	users/88d222f1-81f7-4263-8170-e2e1e2bd9752	\N	\N	USER
0b528130-8191-42ce-bc89-16e67c4b26f0	1638273416119	master	DELETE	master	4517fc46-ede2-439d-a2df-ce5df9730041	0423c7be-303d-4c55-abcc-7f1dd3db7600	172.18.0.1	users/10cde78e-a70b-49ab-a162-2968680cd405	\N	\N	USER
b8eeb2d5-3b7e-47b0-b13b-f5ecf2bb7bb9	1638273418142	master	DELETE	master	4517fc46-ede2-439d-a2df-ce5df9730041	0423c7be-303d-4c55-abcc-7f1dd3db7600	172.18.0.1	users/38fbcb88-1f76-443b-ab2d-a0aa86366793	\N	\N	USER
bae14ecf-1d1d-40e2-8860-9348a929c6bc	1638273420140	master	DELETE	master	4517fc46-ede2-439d-a2df-ce5df9730041	0423c7be-303d-4c55-abcc-7f1dd3db7600	172.18.0.1	users/94719e32-8bfc-4864-866e-e429a8e7a879	\N	\N	USER
9affdda5-75cf-48ed-b609-4c04e4aed44a	1638273422180	master	DELETE	master	4517fc46-ede2-439d-a2df-ce5df9730041	0423c7be-303d-4c55-abcc-7f1dd3db7600	172.18.0.1	users/92faa0f4-ffca-4274-ba18-90d02d430b58	\N	\N	USER
eb3ef3f7-e140-433e-850c-f1f72a0d39c2	1638273424345	master	DELETE	master	4517fc46-ede2-439d-a2df-ce5df9730041	0423c7be-303d-4c55-abcc-7f1dd3db7600	172.18.0.1	users/7b559d5c-b3a2-4d99-a77d-7540cb04fe0e	\N	\N	USER
e697f6c7-7365-4462-ba78-2853e5a1bca6	1638273426465	master	DELETE	master	4517fc46-ede2-439d-a2df-ce5df9730041	0423c7be-303d-4c55-abcc-7f1dd3db7600	172.18.0.1	users/e3b9705d-5240-4075-b8a8-d392f47691d4	\N	\N	USER
57ab3acd-2e14-48e4-9c42-674abd44afbb	1638273428495	master	DELETE	master	4517fc46-ede2-439d-a2df-ce5df9730041	0423c7be-303d-4c55-abcc-7f1dd3db7600	172.18.0.1	users/04dde103-224e-41c1-986e-f092d43db031	\N	\N	USER
1a5af933-b4b1-4e4c-8dcb-10b52ad6fe5b	1638273470150	master	DELETE	master	4517fc46-ede2-439d-a2df-ce5df9730041	0423c7be-303d-4c55-abcc-7f1dd3db7600	172.18.0.1	users/ec9f7265-7808-4c87-af69-022442a31e8a	\N	\N	USER
a80a2033-3fb2-4444-9647-1a77a61e0374	1638273472056	master	DELETE	master	4517fc46-ede2-439d-a2df-ce5df9730041	0423c7be-303d-4c55-abcc-7f1dd3db7600	172.18.0.1	users/3e0b7255-5494-47af-bb1f-5411615965f1	\N	\N	USER
8367a1f6-ba71-4c22-9a21-a58ab15764dd	1638273474032	master	DELETE	master	4517fc46-ede2-439d-a2df-ce5df9730041	0423c7be-303d-4c55-abcc-7f1dd3db7600	172.18.0.1	users/6d908522-3116-464f-8527-c3cb23ea37c4	\N	\N	USER
3d61850e-9bf6-4eb3-a9b2-4339a703b5eb	1638273476243	master	DELETE	master	4517fc46-ede2-439d-a2df-ce5df9730041	0423c7be-303d-4c55-abcc-7f1dd3db7600	172.18.0.1	users/8cc5b5f1-96f4-4ec9-bf25-f8106528fc24	\N	\N	USER
e041fa45-d9cb-4c86-a6bf-50134b24d97d	1638273478348	master	DELETE	master	4517fc46-ede2-439d-a2df-ce5df9730041	0423c7be-303d-4c55-abcc-7f1dd3db7600	172.18.0.1	users/6e0e32cd-f096-462f-817b-3711d21254b3	\N	\N	USER
24d87e8a-5380-480f-b750-46c99e586c71	1638273480639	master	DELETE	master	4517fc46-ede2-439d-a2df-ce5df9730041	0423c7be-303d-4c55-abcc-7f1dd3db7600	172.18.0.1	users/a91792d1-7bff-49ab-9130-71001e154bb9	\N	\N	USER
4839baf8-42e6-42cc-9337-27ca81beb488	1638273482751	master	DELETE	master	4517fc46-ede2-439d-a2df-ce5df9730041	0423c7be-303d-4c55-abcc-7f1dd3db7600	172.18.0.1	users/3084bbc5-3114-419a-b7cf-acba512dced5	\N	\N	USER
efd6201f-9e78-436b-90ea-003c3d978699	1638273484894	master	DELETE	master	4517fc46-ede2-439d-a2df-ce5df9730041	0423c7be-303d-4c55-abcc-7f1dd3db7600	172.18.0.1	users/4c2a9e15-0a11-45b9-855f-8002b8f496c1	\N	\N	USER
09f54444-689f-4523-b790-cd53c898b072	1638273487470	master	DELETE	master	4517fc46-ede2-439d-a2df-ce5df9730041	0423c7be-303d-4c55-abcc-7f1dd3db7600	172.18.0.1	users/f10e023c-2345-4269-bf6d-206840f555f8	\N	\N	USER
7ede7ed2-43a8-4317-85c2-e85dfbfee61d	1638273490029	master	DELETE	master	4517fc46-ede2-439d-a2df-ce5df9730041	0423c7be-303d-4c55-abcc-7f1dd3db7600	172.18.0.1	users/003cd5b9-41d5-453e-91b0-c28222f85f41	\N	\N	USER
3d511542-1b4f-4c56-8708-622ad3741786	1638273530091	master	DELETE	master	4517fc46-ede2-439d-a2df-ce5df9730041	0423c7be-303d-4c55-abcc-7f1dd3db7600	172.18.0.1	users/ee6c76c8-1fa5-4844-a94a-7dae6f64f57e	\N	\N	USER
9abc91ea-6ec0-4a61-befe-45cdb2faeaa7	1638273532081	master	DELETE	master	4517fc46-ede2-439d-a2df-ce5df9730041	0423c7be-303d-4c55-abcc-7f1dd3db7600	172.18.0.1	users/46337647-ea3e-46d4-9666-6ad3fd694a24	\N	\N	USER
b710f849-22ed-4916-aa1f-c036324eeb0a	1638273534246	master	DELETE	master	4517fc46-ede2-439d-a2df-ce5df9730041	0423c7be-303d-4c55-abcc-7f1dd3db7600	172.18.0.1	users/799bf68c-5600-42fc-b66d-4f5da1bb379a	\N	\N	USER
74e4bc1b-2fdf-47c1-9ced-2c67b60b672b	1638273536399	master	DELETE	master	4517fc46-ede2-439d-a2df-ce5df9730041	0423c7be-303d-4c55-abcc-7f1dd3db7600	172.18.0.1	users/d982a7db-4390-478c-beff-17cf07d380d4	\N	\N	USER
5226e378-9a37-4d75-b840-bc8136ce833d	1638273538433	master	DELETE	master	4517fc46-ede2-439d-a2df-ce5df9730041	0423c7be-303d-4c55-abcc-7f1dd3db7600	172.18.0.1	users/835642cf-23b3-44f3-9b52-59d552caf8a6	\N	\N	USER
83bebe48-687b-4712-b7d1-259f93b1610b	1638273540457	master	DELETE	master	4517fc46-ede2-439d-a2df-ce5df9730041	0423c7be-303d-4c55-abcc-7f1dd3db7600	172.18.0.1	users/b6fbb92a-5e26-4c38-85d7-2a3a5e87e1d3	\N	\N	USER
924efcf1-fcef-47f9-884e-2ddd3ccf8275	1638273543003	master	DELETE	master	4517fc46-ede2-439d-a2df-ce5df9730041	0423c7be-303d-4c55-abcc-7f1dd3db7600	172.18.0.1	users/47930493-73c3-464c-9b79-04daee483448	\N	\N	USER
c99cad70-d75d-4183-9f10-586935d4622d	1638273554657	master	DELETE	master	4517fc46-ede2-439d-a2df-ce5df9730041	0423c7be-303d-4c55-abcc-7f1dd3db7600	172.18.0.1	users/3f5ca5bf-a551-46b6-bc22-012e9fb0d6b3	\N	\N	USER
361314f0-0394-4113-a51e-bebeb662f9a8	1638273556912	master	DELETE	master	4517fc46-ede2-439d-a2df-ce5df9730041	0423c7be-303d-4c55-abcc-7f1dd3db7600	172.18.0.1	users/b1e1fe92-2c15-4280-a63b-deec10679aa5	\N	\N	USER
ad6e7ff1-27b4-46ae-83e1-0383fa01c6e8	1638273379892	master	DELETE	master	4517fc46-ede2-439d-a2df-ce5df9730041	0423c7be-303d-4c55-abcc-7f1dd3db7600	172.18.0.1	users/92a5adc7-6dfc-4ab0-87c4-363b6b2bed08	\N	\N	USER
575ab1bc-800f-4588-928c-7e8094dcb46c	1638273381972	master	DELETE	master	4517fc46-ede2-439d-a2df-ce5df9730041	0423c7be-303d-4c55-abcc-7f1dd3db7600	172.18.0.1	users/50058662-064f-440c-9aa0-bb0197728b91	\N	\N	USER
5e2744fb-4455-458c-b2c6-08cd02df53f4	1638273384032	master	DELETE	master	4517fc46-ede2-439d-a2df-ce5df9730041	0423c7be-303d-4c55-abcc-7f1dd3db7600	172.18.0.1	users/dd5b323d-a3ac-400b-81d9-8fdce3c3e7f8	\N	\N	USER
19eb3b9c-6e06-4dc8-a7b2-18c95615d5cf	1638273386714	master	DELETE	master	4517fc46-ede2-439d-a2df-ce5df9730041	0423c7be-303d-4c55-abcc-7f1dd3db7600	172.18.0.1	users/d097b290-6cc7-4c0f-bd4b-d1d46c5e9c80	\N	\N	USER
41b1a7ff-5c11-4098-a27d-eba7bdd99a66	1638273389085	master	DELETE	master	4517fc46-ede2-439d-a2df-ce5df9730041	0423c7be-303d-4c55-abcc-7f1dd3db7600	172.18.0.1	users/fd853a28-6eae-47a6-97cf-df4b71ffd0ce	\N	\N	USER
15c77af6-3224-4455-96ae-ffb1851a22e0	1638273391197	master	DELETE	master	4517fc46-ede2-439d-a2df-ce5df9730041	0423c7be-303d-4c55-abcc-7f1dd3db7600	172.18.0.1	users/ab2c02ee-688b-4c85-9df6-c26a58f97f6e	\N	\N	USER
a0bc92ae-ecd7-44fb-9713-f9b07dd7ad2a	1638273393661	master	DELETE	master	4517fc46-ede2-439d-a2df-ce5df9730041	0423c7be-303d-4c55-abcc-7f1dd3db7600	172.18.0.1	users/8d77d6e6-8668-4266-b313-c1c800daea32	\N	\N	USER
862da20d-64fa-4ff5-ac87-684f66fb36ef	1638273395771	master	DELETE	master	4517fc46-ede2-439d-a2df-ce5df9730041	0423c7be-303d-4c55-abcc-7f1dd3db7600	172.18.0.1	users/fd251007-d46e-49d4-aa90-78ea9ebb6b04	\N	\N	USER
cdfbeb28-05c3-4c82-b9cf-18cbcfdf4d0b	1638273398134	master	DELETE	master	4517fc46-ede2-439d-a2df-ce5df9730041	0423c7be-303d-4c55-abcc-7f1dd3db7600	172.18.0.1	users/4deecba7-425d-4882-ac6c-5d9360d3151c	\N	\N	USER
1f87f543-dee0-4769-8357-7babe0f82ca6	1638273400369	master	DELETE	master	4517fc46-ede2-439d-a2df-ce5df9730041	0423c7be-303d-4c55-abcc-7f1dd3db7600	172.18.0.1	users/937e5db7-a49a-42c6-8376-6221a4865c75	\N	\N	USER
465baeed-32bb-4be5-9c56-79389cf90985	1638273402857	master	DELETE	master	4517fc46-ede2-439d-a2df-ce5df9730041	0423c7be-303d-4c55-abcc-7f1dd3db7600	172.18.0.1	users/2a2cf8b8-cc45-4111-8900-c7f8baef7f16	\N	\N	USER
f4c30ba9-cc1d-4a1d-a818-95deefdffd57	1638273405052	master	DELETE	master	4517fc46-ede2-439d-a2df-ce5df9730041	0423c7be-303d-4c55-abcc-7f1dd3db7600	172.18.0.1	users/d1d89de8-2a18-435d-9991-d65f0ceeea56	\N	\N	USER
5fb66a47-2dbb-4ef6-af40-49431f785fd2	1638273407240	master	DELETE	master	4517fc46-ede2-439d-a2df-ce5df9730041	0423c7be-303d-4c55-abcc-7f1dd3db7600	172.18.0.1	users/f5cfb957-1320-4b26-8721-37dfa9679e60	\N	\N	USER
78d7e172-1d26-4c29-b968-5f58ca173dcd	1638273438896	master	DELETE	master	4517fc46-ede2-439d-a2df-ce5df9730041	0423c7be-303d-4c55-abcc-7f1dd3db7600	172.18.0.1	users/c73507e3-c46d-4f37-9016-c176eca3b74f	\N	\N	USER
3afdbc89-d71d-413c-a245-feef2da9acc0	1638273441149	master	DELETE	master	4517fc46-ede2-439d-a2df-ce5df9730041	0423c7be-303d-4c55-abcc-7f1dd3db7600	172.18.0.1	users/97217a8d-aa01-40b3-8901-7ffa93e867a0	\N	\N	USER
df3dd0b9-b5f7-4b31-befc-e61c7cfe95ef	1638273443110	master	DELETE	master	4517fc46-ede2-439d-a2df-ce5df9730041	0423c7be-303d-4c55-abcc-7f1dd3db7600	172.18.0.1	users/db00822b-02f7-4e89-ba57-45e7febd3b82	\N	\N	USER
0a9dda5d-9202-49a2-b39e-aa5da9eccd22	1638273452954	master	DELETE	master	4517fc46-ede2-439d-a2df-ce5df9730041	0423c7be-303d-4c55-abcc-7f1dd3db7600	172.18.0.1	users/e55364e5-e6c5-43a5-a1a4-4d39ff0a6a7a	\N	\N	USER
ed4e87fa-17c1-4434-a5d8-51a34d4238ce	1638273455340	master	DELETE	master	4517fc46-ede2-439d-a2df-ce5df9730041	0423c7be-303d-4c55-abcc-7f1dd3db7600	172.18.0.1	users/d27df73e-ea35-4351-8131-372ef189b6e3	\N	\N	USER
ce7917cb-71f5-4988-a15d-4ac162dd86f6	1638273465325	master	DELETE	master	4517fc46-ede2-439d-a2df-ce5df9730041	0423c7be-303d-4c55-abcc-7f1dd3db7600	172.18.0.1	users/1f32261e-f1ae-4a54-8fa4-a2f48b2fb9d4	\N	\N	USER
2c279bfa-aafd-4048-a5e0-9f278479124e	1638273467753	master	DELETE	master	4517fc46-ede2-439d-a2df-ce5df9730041	0423c7be-303d-4c55-abcc-7f1dd3db7600	172.18.0.1	users/8cefd53d-2865-4597-96fa-ad5d86eb1975	\N	\N	USER
88798b7c-3bfc-481a-91ba-bd16037a8d0f	1638273502441	master	DELETE	master	4517fc46-ede2-439d-a2df-ce5df9730041	0423c7be-303d-4c55-abcc-7f1dd3db7600	172.18.0.1	users/12bc085c-91fc-45e1-86c6-8fe30a5ea9b2	\N	\N	USER
bf71212d-5173-4054-a7ba-01238ea4fbb8	1638273504685	master	DELETE	master	4517fc46-ede2-439d-a2df-ce5df9730041	0423c7be-303d-4c55-abcc-7f1dd3db7600	172.18.0.1	users/3c64f66e-da08-461b-b837-99dcd3cf7450	\N	\N	USER
fd7c95d4-794f-4884-84e5-56bf4b7aa0fc	1638273508027	master	DELETE	master	4517fc46-ede2-439d-a2df-ce5df9730041	0423c7be-303d-4c55-abcc-7f1dd3db7600	172.18.0.1	users/1ebc90f3-e673-4221-ae0a-0970cf5ad784	\N	\N	USER
e038e1f2-39b1-4629-9b9e-01aac208b7c3	1638273511122	master	DELETE	master	4517fc46-ede2-439d-a2df-ce5df9730041	0423c7be-303d-4c55-abcc-7f1dd3db7600	172.18.0.1	users/92c068ee-dd86-4c46-95fd-55cedc7a0c45	\N	\N	USER
854edbe7-d1df-4613-ba44-cd4be010311e	1638273513331	master	DELETE	master	4517fc46-ede2-439d-a2df-ce5df9730041	0423c7be-303d-4c55-abcc-7f1dd3db7600	172.18.0.1	users/af73e44a-bf29-495a-be43-0fc5ee9367f2	\N	\N	USER
3bc48193-2eaf-443a-82ce-b30dc38d1921	1638273515454	master	DELETE	master	4517fc46-ede2-439d-a2df-ce5df9730041	0423c7be-303d-4c55-abcc-7f1dd3db7600	172.18.0.1	users/070fd3ee-4df6-41a3-99b5-7a57a62fe104	\N	\N	USER
4c486e29-b2d2-4c0f-aca7-b493c29f3e74	1638273517454	master	DELETE	master	4517fc46-ede2-439d-a2df-ce5df9730041	0423c7be-303d-4c55-abcc-7f1dd3db7600	172.18.0.1	users/e1d97363-6ea4-45ea-8333-7825d445ef5c	\N	\N	USER
0f85fb71-3f43-40d4-ae3b-a75d24783f77	1638273519592	master	DELETE	master	4517fc46-ede2-439d-a2df-ce5df9730041	0423c7be-303d-4c55-abcc-7f1dd3db7600	172.18.0.1	users/7a7ccd72-0535-4155-b625-3d2d4dc17d0a	\N	\N	USER
3f7e1dff-79d2-4285-9d72-64131a3fd655	1638273521597	master	DELETE	master	4517fc46-ede2-439d-a2df-ce5df9730041	0423c7be-303d-4c55-abcc-7f1dd3db7600	172.18.0.1	users/558f441b-4c32-4a82-9449-6b02a73f75aa	\N	\N	USER
5f3e94ea-e3ac-4786-9afe-6a2523f69606	1638273523614	master	DELETE	master	4517fc46-ede2-439d-a2df-ce5df9730041	0423c7be-303d-4c55-abcc-7f1dd3db7600	172.18.0.1	users/8b587c3e-6a68-4706-a834-037edb491e00	\N	\N	USER
4e67a65f-4b63-44b2-9d2a-7b7cfc994f8c	1638273525752	master	DELETE	master	4517fc46-ede2-439d-a2df-ce5df9730041	0423c7be-303d-4c55-abcc-7f1dd3db7600	172.18.0.1	users/b6709984-ba74-4950-9a79-11dd2ba7d11c	\N	\N	USER
688eca5d-6e4d-468c-898d-cc330d826e5a	1638273527882	master	DELETE	master	4517fc46-ede2-439d-a2df-ce5df9730041	0423c7be-303d-4c55-abcc-7f1dd3db7600	172.18.0.1	users/9d2f0124-3934-44c7-b90f-0730269825f8	\N	\N	USER
ffa813b0-ffd1-4bd3-b2f0-3a8572b50eaf	1638273569331	master	DELETE	master	4517fc46-ede2-439d-a2df-ce5df9730041	0423c7be-303d-4c55-abcc-7f1dd3db7600	172.18.0.1	users/5690be4a-b8b8-4f88-b25d-c425bafff1e4	\N	\N	USER
6ae73c06-3c51-4fb8-b833-b6ef785c5fd1	1638273577407	master	DELETE	master	4517fc46-ede2-439d-a2df-ce5df9730041	0423c7be-303d-4c55-abcc-7f1dd3db7600	172.18.0.1	users/a4309495-2289-4d91-bfb5-7f099c3a2847	\N	\N	USER
36068e0a-6740-421b-a740-1a9c4c4e071a	1638273579829	master	DELETE	master	4517fc46-ede2-439d-a2df-ce5df9730041	0423c7be-303d-4c55-abcc-7f1dd3db7600	172.18.0.1	users/3b234769-6737-4512-a621-558a9c36a5ab	\N	\N	USER
73a33864-1a14-406f-87ab-d2e8999173a7	1638273587354	master	DELETE	master	4517fc46-ede2-439d-a2df-ce5df9730041	0423c7be-303d-4c55-abcc-7f1dd3db7600	172.18.0.1	users/32b60fb3-7f0c-4f2a-9b21-e5d206febe3d	\N	\N	USER
047f873c-6279-4f4f-bcbe-73ce6bfe3b07	1638273619179	master	DELETE	master	4517fc46-ede2-439d-a2df-ce5df9730041	0423c7be-303d-4c55-abcc-7f1dd3db7600	172.18.0.1	users/976714f3-dc7c-4ab5-9c36-5c5c69bc40d3	\N	\N	USER
080bcc10-cc6c-4905-aa4a-92b5b98fdb88	1638273621607	master	DELETE	master	4517fc46-ede2-439d-a2df-ce5df9730041	0423c7be-303d-4c55-abcc-7f1dd3db7600	172.18.0.1	users/ed0985df-096e-497d-9b14-54c8f55f2b08	\N	\N	USER
d07d61b0-8589-4944-abfc-1dc87663ed11	1638273625143	master	DELETE	master	4517fc46-ede2-439d-a2df-ce5df9730041	0423c7be-303d-4c55-abcc-7f1dd3db7600	172.18.0.1	users/b5bbd91a-1459-47ca-b07a-b0ba5752b05b	\N	\N	USER
20aebf71-fcd8-4ee1-887b-84ab7a7bdbfa	1638273627318	master	DELETE	master	4517fc46-ede2-439d-a2df-ce5df9730041	0423c7be-303d-4c55-abcc-7f1dd3db7600	172.18.0.1	users/de45b3f0-9baa-4cac-900b-0dd6b5c62339	\N	\N	USER
589874fc-2992-4279-a4c7-5ef8e4fe1f8f	1638273630120	master	DELETE	master	4517fc46-ede2-439d-a2df-ce5df9730041	0423c7be-303d-4c55-abcc-7f1dd3db7600	172.18.0.1	users/ac4043df-de0f-464b-9c6c-98558de7c21e	\N	\N	USER
f82e39d7-776b-4615-b961-f7c2eb5cace2	1638273632810	master	DELETE	master	4517fc46-ede2-439d-a2df-ce5df9730041	0423c7be-303d-4c55-abcc-7f1dd3db7600	172.18.0.1	users/5b15fa50-9058-4164-a3e3-dfe72073dea3	\N	\N	USER
faf22e95-e815-4dc5-a5d4-58e0350352b9	1638273634803	master	DELETE	master	4517fc46-ede2-439d-a2df-ce5df9730041	0423c7be-303d-4c55-abcc-7f1dd3db7600	172.18.0.1	users/58bfa19a-7ee4-4608-b690-98f9e390a1b3	\N	\N	USER
9ca08652-4341-4663-9a8b-37ae41920bcd	1638273636891	master	DELETE	master	4517fc46-ede2-439d-a2df-ce5df9730041	0423c7be-303d-4c55-abcc-7f1dd3db7600	172.18.0.1	users/4cf8ba69-a150-47f1-8e44-48ab91c5db71	\N	\N	USER
24404407-c1d0-42af-aaf3-b673ef66722b	1638273641251	master	DELETE	master	4517fc46-ede2-439d-a2df-ce5df9730041	0423c7be-303d-4c55-abcc-7f1dd3db7600	172.18.0.1	users/b7edc132-7678-497e-9351-7263c276f33a	\N	\N	USER
af9c85fa-7f0f-4190-8a70-80ff98976dad	1638273643875	master	DELETE	master	4517fc46-ede2-439d-a2df-ce5df9730041	0423c7be-303d-4c55-abcc-7f1dd3db7600	172.18.0.1	users/7b7adfb3-d599-46fb-b5da-34f5d8c1bcc7	\N	\N	USER
78aba7da-321d-480b-bf80-5de13b18b306	1638273646023	master	DELETE	master	4517fc46-ede2-439d-a2df-ce5df9730041	0423c7be-303d-4c55-abcc-7f1dd3db7600	172.18.0.1	users/dd625fde-30d7-4970-aed7-468b97fc9b93	\N	\N	USER
4d691aaa-1104-41bd-876a-1e4ff0d2758f	1638273648445	master	DELETE	master	4517fc46-ede2-439d-a2df-ce5df9730041	0423c7be-303d-4c55-abcc-7f1dd3db7600	172.18.0.1	users/5f98a491-afb5-4181-9404-eab963ba76fc	\N	\N	USER
f3f2432a-4578-459c-b55b-0998aade617f	1638273589282	master	DELETE	master	4517fc46-ede2-439d-a2df-ce5df9730041	0423c7be-303d-4c55-abcc-7f1dd3db7600	172.18.0.1	users/bd74dd9e-e6b1-4530-928c-e68562c33413	\N	\N	USER
26fb1358-fc07-4e6d-96c2-ae9a3a1be9ea	1638273591246	master	DELETE	master	4517fc46-ede2-439d-a2df-ce5df9730041	0423c7be-303d-4c55-abcc-7f1dd3db7600	172.18.0.1	users/6c0ee9ef-a768-454f-9ca3-e291db207de4	\N	\N	USER
3f7c79f3-ccce-4e6d-8f60-ff34a5b3c044	1638273593206	master	DELETE	master	4517fc46-ede2-439d-a2df-ce5df9730041	0423c7be-303d-4c55-abcc-7f1dd3db7600	172.18.0.1	users/35402930-d4d6-44f3-bcdb-aed72806d97f	\N	\N	USER
3e7c7ef4-21da-465e-b71e-7f7d23884b22	1638273595051	master	DELETE	master	4517fc46-ede2-439d-a2df-ce5df9730041	0423c7be-303d-4c55-abcc-7f1dd3db7600	172.18.0.1	users/aac07d10-1ad9-45c0-bbb2-2741d922b1c3	\N	\N	USER
a041d439-2d79-442b-8cbf-2afeee412e1c	1638273597053	master	DELETE	master	4517fc46-ede2-439d-a2df-ce5df9730041	0423c7be-303d-4c55-abcc-7f1dd3db7600	172.18.0.1	users/1c345dc3-ef8f-4f42-86aa-be17b2b036a2	\N	\N	USER
e69bf966-7720-47b5-981e-ac6b84dda40f	1638273599205	master	DELETE	master	4517fc46-ede2-439d-a2df-ce5df9730041	0423c7be-303d-4c55-abcc-7f1dd3db7600	172.18.0.1	users/593bcda7-fa15-4458-9df1-98c03b5e3b5c	\N	\N	USER
387b1e85-e84d-43c9-bf26-388474e019d0	1638273601188	master	DELETE	master	4517fc46-ede2-439d-a2df-ce5df9730041	0423c7be-303d-4c55-abcc-7f1dd3db7600	172.18.0.1	users/07bfdf03-7952-47bb-99fe-f964903a36ae	\N	\N	USER
11e49fc0-a1de-4e47-a75f-4ada2e9dbf1e	1638273603314	master	DELETE	master	4517fc46-ede2-439d-a2df-ce5df9730041	0423c7be-303d-4c55-abcc-7f1dd3db7600	172.18.0.1	users/f225dac0-4cb4-487a-b437-11e1948b8841	\N	\N	USER
92e5101e-b66c-4d0d-9e08-375bb7f00e94	1638273605567	master	DELETE	master	4517fc46-ede2-439d-a2df-ce5df9730041	0423c7be-303d-4c55-abcc-7f1dd3db7600	172.18.0.1	users/7b44db9c-6f4a-42ed-9a76-3fd27c9e14fe	\N	\N	USER
2b1e99ad-a1c4-4b6c-b3fa-807a16a0216b	1638273607681	master	DELETE	master	4517fc46-ede2-439d-a2df-ce5df9730041	0423c7be-303d-4c55-abcc-7f1dd3db7600	172.18.0.1	users/4b3d5c3a-710b-4cd4-91ee-c075f3466b6d	\N	\N	USER
198e89f5-4ff5-4185-968b-8107bc4890c4	1638273609732	master	DELETE	master	4517fc46-ede2-439d-a2df-ce5df9730041	0423c7be-303d-4c55-abcc-7f1dd3db7600	172.18.0.1	users/ebf6e8bd-06ab-4698-a0cd-7a826c190322	\N	\N	USER
d99e9e2f-7d0f-49c1-bd5b-bf5fdcaa05ce	1638273611707	master	DELETE	master	4517fc46-ede2-439d-a2df-ce5df9730041	0423c7be-303d-4c55-abcc-7f1dd3db7600	172.18.0.1	users/429cc717-f288-457e-9656-5734ccf0eb8d	\N	\N	USER
664839ba-d36d-438a-85f8-00993e7e69c9	1638273613800	master	DELETE	master	4517fc46-ede2-439d-a2df-ce5df9730041	0423c7be-303d-4c55-abcc-7f1dd3db7600	172.18.0.1	users/f8f5b303-d474-46d6-86ab-b4311a7799a8	\N	\N	USER
b3c6056e-52b1-4447-a6b8-5b9558faca81	1638273617189	master	DELETE	master	4517fc46-ede2-439d-a2df-ce5df9730041	0423c7be-303d-4c55-abcc-7f1dd3db7600	172.18.0.1	users/043048a4-5654-4a62-8794-f96387caf336	\N	\N	USER
f2552933-0273-4733-8e46-76494beef339	1638273650925	master	DELETE	master	4517fc46-ede2-439d-a2df-ce5df9730041	0423c7be-303d-4c55-abcc-7f1dd3db7600	172.18.0.1	users/1a46d2de-9080-4209-8a43-6a79a313e42c	\N	\N	USER
29a0fefb-ac7e-4ddb-84dc-dbd0fec57fc8	1638273716026	master	DELETE	master	4517fc46-ede2-439d-a2df-ce5df9730041	0423c7be-303d-4c55-abcc-7f1dd3db7600	172.18.0.1	users/557e9ded-7791-4c16-9415-9243aed9eba1	\N	\N	USER
43f6ba16-e285-4d11-a71d-12d146c6a37c	1638273718656	master	DELETE	master	4517fc46-ede2-439d-a2df-ce5df9730041	0423c7be-303d-4c55-abcc-7f1dd3db7600	172.18.0.1	users/cfab86e8-535a-47e1-b7ae-bb9e14477d33	\N	\N	USER
c5353cd6-4344-44ff-aa21-09c5e16d44c7	1638273720615	master	DELETE	master	4517fc46-ede2-439d-a2df-ce5df9730041	0423c7be-303d-4c55-abcc-7f1dd3db7600	172.18.0.1	users/7ecb6db1-6044-4ee1-8940-2f18139db80d	\N	\N	USER
8232d3c6-5407-467f-ba92-c0ad89c15b0e	1638273722866	master	DELETE	master	4517fc46-ede2-439d-a2df-ce5df9730041	0423c7be-303d-4c55-abcc-7f1dd3db7600	172.18.0.1	users/511fed43-e052-4633-ae04-21c350581a88	\N	\N	USER
977a95c3-14d7-4d38-af67-32a928b371a5	1638273725034	master	DELETE	master	4517fc46-ede2-439d-a2df-ce5df9730041	0423c7be-303d-4c55-abcc-7f1dd3db7600	172.18.0.1	users/0c741281-f241-431c-870c-83055baaa441	\N	\N	USER
e90fefde-698e-4d64-bb6e-bbc055073f2b	1638273727415	master	DELETE	master	4517fc46-ede2-439d-a2df-ce5df9730041	0423c7be-303d-4c55-abcc-7f1dd3db7600	172.18.0.1	users/1a30cdbc-a8f7-4a85-85bc-c7d7c5514f35	\N	\N	USER
495c4507-3a4c-4e0b-a166-79f33b648d17	1638273729788	master	DELETE	master	4517fc46-ede2-439d-a2df-ce5df9730041	0423c7be-303d-4c55-abcc-7f1dd3db7600	172.18.0.1	users/842b35b7-b95b-407b-aac6-f034d9a1e9d0	\N	\N	USER
02113213-6ae6-4652-88a2-d62b68b640fe	1638273731870	master	DELETE	master	4517fc46-ede2-439d-a2df-ce5df9730041	0423c7be-303d-4c55-abcc-7f1dd3db7600	172.18.0.1	users/800c1f74-329a-4446-ad25-f74280e08d3b	\N	\N	USER
4348dcf1-8e5b-4af1-8356-e68a24a91217	1638273733862	master	DELETE	master	4517fc46-ede2-439d-a2df-ce5df9730041	0423c7be-303d-4c55-abcc-7f1dd3db7600	172.18.0.1	users/052af0e4-bdd1-4f26-810d-2771c9435c00	\N	\N	USER
a0458fe6-8c76-4fda-9f4e-c6ab3da1cf1e	1638273736144	master	DELETE	master	4517fc46-ede2-439d-a2df-ce5df9730041	0423c7be-303d-4c55-abcc-7f1dd3db7600	172.18.0.1	users/740475d0-a812-46d2-900c-239917c61d0d	\N	\N	USER
33295e32-59cf-4fe3-9d42-dfb2ace82792	1638273738461	master	DELETE	master	4517fc46-ede2-439d-a2df-ce5df9730041	0423c7be-303d-4c55-abcc-7f1dd3db7600	172.18.0.1	users/2227a37a-f4a6-428b-b641-09d061209140	\N	\N	USER
6242ae1a-683d-4a46-8a02-f668b78b1828	1638273740743	master	DELETE	master	4517fc46-ede2-439d-a2df-ce5df9730041	0423c7be-303d-4c55-abcc-7f1dd3db7600	172.18.0.1	users/7f6b1b08-3752-47b1-baee-d2533ce30f65	\N	\N	USER
7c4f234c-4e50-46f3-b4ed-939d08b8471c	1638273742741	master	DELETE	master	4517fc46-ede2-439d-a2df-ce5df9730041	0423c7be-303d-4c55-abcc-7f1dd3db7600	172.18.0.1	users/5fef96f4-4391-4495-868f-6ca8a7f6d8ca	\N	\N	USER
e67d8537-8cf7-4aed-b921-d38498a82222	1638273744990	master	DELETE	master	4517fc46-ede2-439d-a2df-ce5df9730041	0423c7be-303d-4c55-abcc-7f1dd3db7600	172.18.0.1	users/41a9b9c1-d088-4d7e-a903-ca88e12af13a	\N	\N	USER
d5cc72c0-ecf9-4e4d-bf52-b495616deddb	1638273747254	master	DELETE	master	4517fc46-ede2-439d-a2df-ce5df9730041	0423c7be-303d-4c55-abcc-7f1dd3db7600	172.18.0.1	users/47bd785a-c5a8-45a5-a4da-c450a4594b0f	\N	\N	USER
11e7564e-a435-40f6-9135-c1aafa68533d	1638273749929	master	DELETE	master	4517fc46-ede2-439d-a2df-ce5df9730041	0423c7be-303d-4c55-abcc-7f1dd3db7600	172.18.0.1	users/4c0c14fa-8537-455d-a705-bee0d8b2115d	\N	\N	USER
3b4f4bb5-20b2-44a3-87fc-c4287d17dd78	1638273752463	master	DELETE	master	4517fc46-ede2-439d-a2df-ce5df9730041	0423c7be-303d-4c55-abcc-7f1dd3db7600	172.18.0.1	users/7f1dcc3f-0d6d-43cb-bef0-b0436da965e2	\N	\N	USER
b71d42d0-f1ed-47e4-a3b5-bf7c74382aa8	1638273754623	master	DELETE	master	4517fc46-ede2-439d-a2df-ce5df9730041	0423c7be-303d-4c55-abcc-7f1dd3db7600	172.18.0.1	users/f8e8eaa6-d040-4e45-9bad-1fbd19d59fad	\N	\N	USER
69525722-c889-416d-9eac-1912e3970e9c	1638273756910	master	DELETE	master	4517fc46-ede2-439d-a2df-ce5df9730041	0423c7be-303d-4c55-abcc-7f1dd3db7600	172.18.0.1	users/5805fde9-9e52-4121-8fb9-e7554a1b8df7	\N	\N	USER
88232859-4e35-4972-b9c0-38050ec3bb79	1638273759343	master	DELETE	master	4517fc46-ede2-439d-a2df-ce5df9730041	0423c7be-303d-4c55-abcc-7f1dd3db7600	172.18.0.1	users/50b3dcff-54b9-4deb-a31a-4bd1dcb89df3	\N	\N	USER
a24e8a38-3103-42df-b0c3-a3e267915f29	1638273761557	master	DELETE	master	4517fc46-ede2-439d-a2df-ce5df9730041	0423c7be-303d-4c55-abcc-7f1dd3db7600	172.18.0.1	users/fd99aaee-4967-4bd9-8715-2cd322ee0706	\N	\N	USER
fde6b29b-dbb1-4fbc-a0a2-b344640c33f0	1638273763854	master	DELETE	master	4517fc46-ede2-439d-a2df-ce5df9730041	0423c7be-303d-4c55-abcc-7f1dd3db7600	172.18.0.1	users/183d552d-3413-4844-9ebd-9c79040d991c	\N	\N	USER
295ee08f-046c-4c97-8196-a1f63abe323a	1638273765922	master	DELETE	master	4517fc46-ede2-439d-a2df-ce5df9730041	0423c7be-303d-4c55-abcc-7f1dd3db7600	172.18.0.1	users/f5159e69-fb69-4451-a10b-2c66fbae2d97	\N	\N	USER
7c6c13e1-4719-4ace-a5ca-7037faf71c60	1638273767985	master	DELETE	master	4517fc46-ede2-439d-a2df-ce5df9730041	0423c7be-303d-4c55-abcc-7f1dd3db7600	172.18.0.1	users/6b2d06e4-53b2-47d4-a8a4-960313cf5d47	\N	\N	USER
713f361b-1043-47a9-be36-613668cffc68	1638273770119	master	DELETE	master	4517fc46-ede2-439d-a2df-ce5df9730041	0423c7be-303d-4c55-abcc-7f1dd3db7600	172.18.0.1	users/f5d3df9c-0b6c-484a-a020-bb07626491b9	\N	\N	USER
7e33c305-3480-40ff-b2f4-8906ff142e9d	1638273772130	master	DELETE	master	4517fc46-ede2-439d-a2df-ce5df9730041	0423c7be-303d-4c55-abcc-7f1dd3db7600	172.18.0.1	users/3cbee59f-c7e8-4622-885c-2156d2ab8b5d	\N	\N	USER
7908dd3c-cc8d-4147-8a94-f2eeab802a16	1638273774416	master	DELETE	master	4517fc46-ede2-439d-a2df-ce5df9730041	0423c7be-303d-4c55-abcc-7f1dd3db7600	172.18.0.1	users/2c42d668-3d15-46fb-bac6-c9c20fd1fcc3	\N	\N	USER
22608ab2-5d66-4633-997e-b8d1febd1765	1638273776614	master	DELETE	master	4517fc46-ede2-439d-a2df-ce5df9730041	0423c7be-303d-4c55-abcc-7f1dd3db7600	172.18.0.1	users/af388f13-a171-4375-86bf-1fbfdd72235c	\N	\N	USER
589bd5a0-6b89-4068-8f48-f7969d2240d1	1638273778677	master	DELETE	master	4517fc46-ede2-439d-a2df-ce5df9730041	0423c7be-303d-4c55-abcc-7f1dd3db7600	172.18.0.1	users/ef86f852-7d1d-40dc-87e2-9fb80443cbe7	\N	\N	USER
e8ad9d49-f6fc-4e1b-b6c8-e305af2021f4	1638273780742	master	DELETE	master	4517fc46-ede2-439d-a2df-ce5df9730041	0423c7be-303d-4c55-abcc-7f1dd3db7600	172.18.0.1	users/29f69dbd-8e49-447c-a530-ae8953adebf8	\N	\N	USER
6e6e854d-6570-4057-acc2-7fe2615cc9d8	1638273783482	master	DELETE	master	4517fc46-ede2-439d-a2df-ce5df9730041	0423c7be-303d-4c55-abcc-7f1dd3db7600	172.18.0.1	users/9beeb1f2-e6cf-4ac1-a1d7-8e0c935efea4	\N	\N	USER
4fad5d8a-ffde-45bd-8ce6-d2d9978b3eca	1638273793146	master	DELETE	master	4517fc46-ede2-439d-a2df-ce5df9730041	0423c7be-303d-4c55-abcc-7f1dd3db7600	172.18.0.1	users/1a9c534e-50db-45f8-a089-ed448cf63c7f	\N	\N	USER
534d020e-fe4e-467b-b186-5090362fe097	1638273805358	master	DELETE	master	4517fc46-ede2-439d-a2df-ce5df9730041	0423c7be-303d-4c55-abcc-7f1dd3db7600	172.18.0.1	users/84a4e7d2-a8f7-4e12-8b82-f37ff14e73c6	\N	\N	USER
175fba3b-94ac-4867-a842-e56febc3932e	1638273807896	master	DELETE	master	4517fc46-ede2-439d-a2df-ce5df9730041	0423c7be-303d-4c55-abcc-7f1dd3db7600	172.18.0.1	users/96fe8159-c0ca-4604-b964-1221cc563312	\N	\N	USER
6b09b81e-dc2d-41fb-b550-7beb704440b7	1638273836976	master	DELETE	master	4517fc46-ede2-439d-a2df-ce5df9730041	0423c7be-303d-4c55-abcc-7f1dd3db7600	172.18.0.1	users/8226449e-1c24-41b7-a933-f29af424df12	\N	\N	USER
e7c6365e-2815-4a9a-8bfa-e17ee2afd6d0	1638273840478	master	DELETE	master	4517fc46-ede2-439d-a2df-ce5df9730041	0423c7be-303d-4c55-abcc-7f1dd3db7600	172.18.0.1	users/351d9ad9-6896-4402-92f9-11d869c7518c	\N	\N	USER
21f2178f-addd-43e1-a970-3f028707941b	1638273843497	master	DELETE	master	4517fc46-ede2-439d-a2df-ce5df9730041	0423c7be-303d-4c55-abcc-7f1dd3db7600	172.18.0.1	users/cf1343ba-f6bd-47b4-ab02-18c28578665a	\N	\N	USER
00c3b217-3583-444d-84c3-a9a1cb834f70	1638273846285	master	DELETE	master	4517fc46-ede2-439d-a2df-ce5df9730041	0423c7be-303d-4c55-abcc-7f1dd3db7600	172.18.0.1	users/7c629c98-39e0-46ed-aca4-5974c483646d	\N	\N	USER
271c5651-07a0-460c-a792-5aca1bca0d72	1638273848815	master	DELETE	master	4517fc46-ede2-439d-a2df-ce5df9730041	0423c7be-303d-4c55-abcc-7f1dd3db7600	172.18.0.1	users/57f759fe-3839-4cac-8431-2e4e2b9ce221	\N	\N	USER
c2605238-4ff4-4b92-b542-4a0cedd0d865	1638273851881	master	DELETE	master	4517fc46-ede2-439d-a2df-ce5df9730041	0423c7be-303d-4c55-abcc-7f1dd3db7600	172.18.0.1	users/9b511b2b-7531-4db5-81ec-007551f5bad4	\N	\N	USER
2b43992d-e340-43ed-a524-b59d42f58440	1638273854883	master	DELETE	master	4517fc46-ede2-439d-a2df-ce5df9730041	0423c7be-303d-4c55-abcc-7f1dd3db7600	172.18.0.1	users/604ed5d7-e978-49bf-8ab1-1f88193759a5	\N	\N	USER
1755d2b4-0e00-4b12-8072-4d715eefb3aa	1638273858240	master	DELETE	master	4517fc46-ede2-439d-a2df-ce5df9730041	0423c7be-303d-4c55-abcc-7f1dd3db7600	172.18.0.1	users/da882c8e-3e19-4524-97bf-834fdddad95e	\N	\N	USER
03381270-2d40-4d18-8741-8aeca3477ad7	1638273862514	master	DELETE	master	4517fc46-ede2-439d-a2df-ce5df9730041	0423c7be-303d-4c55-abcc-7f1dd3db7600	172.18.0.1	users/c7f9d181-2223-48de-82f3-93c7ccc51887	\N	\N	USER
14ab5339-22d1-46a2-992e-148622970577	1638273866738	master	DELETE	master	4517fc46-ede2-439d-a2df-ce5df9730041	0423c7be-303d-4c55-abcc-7f1dd3db7600	172.18.0.1	users/ba3482af-3d75-42bf-8110-e4b0349163b1	\N	\N	USER
4ab47904-23cb-49cc-9828-072716238015	1638273869595	master	DELETE	master	4517fc46-ede2-439d-a2df-ce5df9730041	0423c7be-303d-4c55-abcc-7f1dd3db7600	172.18.0.1	users/f3cd1ec9-72e1-4414-8553-6ec4bb253517	\N	\N	USER
58bdad2c-d68b-4f89-a1c0-d3d1ad7b1e71	1638273872177	master	DELETE	master	4517fc46-ede2-439d-a2df-ce5df9730041	0423c7be-303d-4c55-abcc-7f1dd3db7600	172.18.0.1	users/a9c62b54-609b-48ab-b919-06dfb2419878	\N	\N	USER
1f753ec6-2d7b-4141-babd-c8f7ed805b7d	1638273874753	master	DELETE	master	4517fc46-ede2-439d-a2df-ce5df9730041	0423c7be-303d-4c55-abcc-7f1dd3db7600	172.18.0.1	users/37f405e8-a9a6-487f-9461-a21fdf674fb8	\N	\N	USER
0093cf61-1a26-4adb-aecf-36e12fef5a44	1638273877348	master	DELETE	master	4517fc46-ede2-439d-a2df-ce5df9730041	0423c7be-303d-4c55-abcc-7f1dd3db7600	172.18.0.1	users/a95cbcaa-f650-493a-87aa-59bbed3c9abc	\N	\N	USER
04b1f761-1c1e-409b-be8e-92e6e796ccf1	1638273880961	master	DELETE	master	4517fc46-ede2-439d-a2df-ce5df9730041	0423c7be-303d-4c55-abcc-7f1dd3db7600	172.18.0.1	users/278d93d1-fc10-4c50-8269-027a8757de69	\N	\N	USER
c0020eaf-6a53-4670-b45d-ed9b99e98343	1638273886312	master	DELETE	master	4517fc46-ede2-439d-a2df-ce5df9730041	0423c7be-303d-4c55-abcc-7f1dd3db7600	172.18.0.1	users/800f179e-3cbf-4e76-be0f-849ac5f007c2	\N	\N	USER
cbecd923-2bab-4295-8291-7e3fa22fb972	1638273889702	master	DELETE	master	4517fc46-ede2-439d-a2df-ce5df9730041	0423c7be-303d-4c55-abcc-7f1dd3db7600	172.18.0.1	users/84710e8c-8566-44e9-999a-8fe711a40f53	\N	\N	USER
8104ccec-715e-4dbc-92b2-af0760c4050a	1638273892844	master	DELETE	master	4517fc46-ede2-439d-a2df-ce5df9730041	0423c7be-303d-4c55-abcc-7f1dd3db7600	172.18.0.1	users/7c4b9345-b7ae-4330-9d78-ee538ce64f96	\N	\N	USER
2e08ea45-c71f-46cc-a026-bb07551d846c	1638273897085	master	DELETE	master	4517fc46-ede2-439d-a2df-ce5df9730041	0423c7be-303d-4c55-abcc-7f1dd3db7600	172.18.0.1	users/49b2572e-8b73-4621-bda1-087adcf613dc	\N	\N	USER
8ce3f6f1-b15e-436b-90fe-4045d21989e0	1638273901059	master	DELETE	master	4517fc46-ede2-439d-a2df-ce5df9730041	0423c7be-303d-4c55-abcc-7f1dd3db7600	172.18.0.1	users/f4c00224-adba-40fb-b49e-c2e674c2488f	\N	\N	USER
9d7399af-d6fb-4305-9d68-cb6e85e6d08e	1638273904251	master	DELETE	master	4517fc46-ede2-439d-a2df-ce5df9730041	0423c7be-303d-4c55-abcc-7f1dd3db7600	172.18.0.1	users/ccfa087f-d72a-4947-907c-9c03e6fd501b	\N	\N	USER
c256e85f-2139-46bc-8f63-13853897b4b3	1638273907804	master	DELETE	master	4517fc46-ede2-439d-a2df-ce5df9730041	0423c7be-303d-4c55-abcc-7f1dd3db7600	172.18.0.1	users/b9131d99-f3a6-43b7-ba0c-8f751274dcf8	\N	\N	USER
65898778-7466-469b-b4ae-c39556acc0d5	1638273910480	master	DELETE	master	4517fc46-ede2-439d-a2df-ce5df9730041	0423c7be-303d-4c55-abcc-7f1dd3db7600	172.18.0.1	users/660bb3cb-1ca7-48d7-a6b3-9a7f84c87a78	\N	\N	USER
a4aa1816-acd8-48ed-b659-4fe71d110db1	1638273913301	master	DELETE	master	4517fc46-ede2-439d-a2df-ce5df9730041	0423c7be-303d-4c55-abcc-7f1dd3db7600	172.18.0.1	users/a1ab8a4b-c997-4ec8-9e25-6bcb66378298	\N	\N	USER
9a37af63-817e-4c96-a4be-6165052b5b21	1638273917675	master	DELETE	master	4517fc46-ede2-439d-a2df-ce5df9730041	0423c7be-303d-4c55-abcc-7f1dd3db7600	172.18.0.1	users/2c8aa767-66ab-4e30-89f9-d71c22fcef35	\N	\N	USER
97acbba1-4b03-442c-ae21-3bf7c8481db4	1638273951696	master	DELETE	master	4517fc46-ede2-439d-a2df-ce5df9730041	0423c7be-303d-4c55-abcc-7f1dd3db7600	172.18.0.1	users/3c4f16d8-ae22-4e62-b28b-97d30953597a	\N	\N	USER
55e95080-efe4-46c8-831e-72578bee04da	1638273920103	master	DELETE	master	4517fc46-ede2-439d-a2df-ce5df9730041	0423c7be-303d-4c55-abcc-7f1dd3db7600	172.18.0.1	users/1f8eb111-316d-42b0-b5da-faa7d3daba18	\N	\N	USER
6e0071fb-5cf5-4b67-90b3-b30aaf04803c	1638273922714	master	DELETE	master	4517fc46-ede2-439d-a2df-ce5df9730041	0423c7be-303d-4c55-abcc-7f1dd3db7600	172.18.0.1	users/df8f7a66-3638-45a0-bcf1-969eba9ec874	\N	\N	USER
bafd768b-b885-471b-910f-998fe561b11e	1638273925807	master	DELETE	master	4517fc46-ede2-439d-a2df-ce5df9730041	0423c7be-303d-4c55-abcc-7f1dd3db7600	172.18.0.1	users/56255073-3006-46fd-8715-d33643cf8bce	\N	\N	USER
3b9bef8d-53d7-48ca-9fcc-c790fe977097	1638273929395	master	DELETE	master	4517fc46-ede2-439d-a2df-ce5df9730041	0423c7be-303d-4c55-abcc-7f1dd3db7600	172.18.0.1	users/38c3c8d7-f099-42ce-a8fd-812d1f6d616e	\N	\N	USER
c7b3e51a-74f7-4be7-87b5-6c9e7b0cd2f5	1638273932422	master	DELETE	master	4517fc46-ede2-439d-a2df-ce5df9730041	0423c7be-303d-4c55-abcc-7f1dd3db7600	172.18.0.1	users/e8737d60-3ec6-4e11-ac77-efac436ae98b	\N	\N	USER
f39c3c8a-f999-4dd6-b8e3-715d95dee0ad	1638273935080	master	DELETE	master	4517fc46-ede2-439d-a2df-ce5df9730041	0423c7be-303d-4c55-abcc-7f1dd3db7600	172.18.0.1	users/6dd713b1-9d1d-4a0c-bc89-4b44cf8ebb4e	\N	\N	USER
f00cb85d-2832-4c33-83e3-95c25fb0d37e	1638273938364	master	DELETE	master	4517fc46-ede2-439d-a2df-ce5df9730041	0423c7be-303d-4c55-abcc-7f1dd3db7600	172.18.0.1	users/4f8ab329-1e90-4791-9adb-8cac7624f62a	\N	\N	USER
5ff50c5a-eb90-41db-897f-00700864513b	1638273940955	master	DELETE	master	4517fc46-ede2-439d-a2df-ce5df9730041	0423c7be-303d-4c55-abcc-7f1dd3db7600	172.18.0.1	users/7bc2b118-9b3b-4a6b-bf15-04a9a9cb5e5c	\N	\N	USER
43dc153b-9753-472d-bc05-addf326622a0	1638273943533	master	DELETE	master	4517fc46-ede2-439d-a2df-ce5df9730041	0423c7be-303d-4c55-abcc-7f1dd3db7600	172.18.0.1	users/6decc31f-4e8f-477b-ac9c-9715f93e8440	\N	\N	USER
\.


--
-- Data for Name: associated_policy; Type: TABLE DATA; Schema: public; Owner: keycloak
--

COPY public.associated_policy (policy_id, associated_policy_id) FROM stdin;
\.


--
-- Data for Name: authentication_execution; Type: TABLE DATA; Schema: public; Owner: keycloak
--

COPY public.authentication_execution (id, alias, authenticator, realm_id, flow_id, requirement, priority, authenticator_flow, auth_flow_id, auth_config) FROM stdin;
a5df71d7-98c9-44a6-977e-9163a04c80f9	\N	auth-cookie	master	2c15ed85-2b97-4278-88bc-248a9a3d0e6e	2	10	f	\N	\N
9b86b6c4-2326-43ad-82de-038da428fdde	\N	auth-spnego	master	2c15ed85-2b97-4278-88bc-248a9a3d0e6e	3	20	f	\N	\N
a8a81381-e4c0-4843-825c-1ce53ec5b0d7	\N	identity-provider-redirector	master	2c15ed85-2b97-4278-88bc-248a9a3d0e6e	2	25	f	\N	\N
b17dd9cf-5f08-435a-ab49-2497246dfad4	\N	\N	master	2c15ed85-2b97-4278-88bc-248a9a3d0e6e	2	30	t	edbf0ae7-5756-4086-bfb2-c5e990f1f4cc	\N
82316a1c-7e2a-49a0-97fd-83e92b5b3e1b	\N	auth-username-password-form	master	edbf0ae7-5756-4086-bfb2-c5e990f1f4cc	0	10	f	\N	\N
a15363be-c776-43de-b7ff-54a3f2ce9907	\N	\N	master	edbf0ae7-5756-4086-bfb2-c5e990f1f4cc	1	20	t	f87e7661-5ced-4fe2-bd88-9c8b95182a79	\N
4c4071db-b4f9-497f-8c88-79f1e427c505	\N	conditional-user-configured	master	f87e7661-5ced-4fe2-bd88-9c8b95182a79	0	10	f	\N	\N
3dcd36a2-7937-4814-998a-b19ecf78fdc2	\N	auth-otp-form	master	f87e7661-5ced-4fe2-bd88-9c8b95182a79	0	20	f	\N	\N
318f9a49-b2af-460e-ba69-be0fa2717309	\N	direct-grant-validate-username	master	f0be73c0-e700-4b28-925e-07b57d0767f7	0	10	f	\N	\N
22e53390-2ce4-4fb8-813c-3c5be9cd3fd6	\N	direct-grant-validate-password	master	f0be73c0-e700-4b28-925e-07b57d0767f7	0	20	f	\N	\N
78feaf57-f83b-4082-ab04-77ed56705847	\N	\N	master	f0be73c0-e700-4b28-925e-07b57d0767f7	1	30	t	abed5361-6fb7-47bc-97b5-b54e5919626e	\N
ae2137ef-3157-423f-a923-b41d63b9a10a	\N	conditional-user-configured	master	abed5361-6fb7-47bc-97b5-b54e5919626e	0	10	f	\N	\N
8d38972a-fa86-470b-829c-71a04f83d8ca	\N	direct-grant-validate-otp	master	abed5361-6fb7-47bc-97b5-b54e5919626e	0	20	f	\N	\N
3446bae3-6a40-45dd-a8f5-c7f1bf27e395	\N	registration-page-form	master	68aace31-f2f1-4dca-93b6-1df2b5c1b53f	0	10	t	dd4e606e-339a-4fd6-8450-7e2c00ace390	\N
cf1a8e11-5dca-4599-a8f7-e1676591625a	\N	registration-user-creation	master	dd4e606e-339a-4fd6-8450-7e2c00ace390	0	20	f	\N	\N
84a7da60-9734-4cf6-bac3-64a48ea2ffc3	\N	registration-profile-action	master	dd4e606e-339a-4fd6-8450-7e2c00ace390	0	40	f	\N	\N
987d9c98-76bf-47bd-9217-cdf22a2a1e54	\N	registration-password-action	master	dd4e606e-339a-4fd6-8450-7e2c00ace390	0	50	f	\N	\N
3b0dcf45-d785-4403-a111-d892070683ab	\N	registration-recaptcha-action	master	dd4e606e-339a-4fd6-8450-7e2c00ace390	3	60	f	\N	\N
344c79c0-65f7-4dfb-93aa-4be09f8bf554	\N	reset-credentials-choose-user	master	04bf7a7f-5dd2-4abc-9133-122550abe442	0	10	f	\N	\N
34474b81-94a1-4764-828a-92dc8b884c92	\N	reset-credential-email	master	04bf7a7f-5dd2-4abc-9133-122550abe442	0	20	f	\N	\N
e4d26024-5054-4888-bc4c-8ccfacebcf90	\N	reset-password	master	04bf7a7f-5dd2-4abc-9133-122550abe442	0	30	f	\N	\N
d8577106-b899-4c03-a9b9-290ad144b875	\N	\N	master	04bf7a7f-5dd2-4abc-9133-122550abe442	1	40	t	09fea4b1-c475-498b-a4b7-a79e685b42fe	\N
3f154d66-79cf-415c-b95e-0e7936525694	\N	conditional-user-configured	master	09fea4b1-c475-498b-a4b7-a79e685b42fe	0	10	f	\N	\N
2dcf31de-8665-4015-9789-6e47e0ae1d9b	\N	reset-otp	master	09fea4b1-c475-498b-a4b7-a79e685b42fe	0	20	f	\N	\N
4094426c-0289-46e9-8adb-bc7546dfcabb	\N	client-secret	master	e932bd6e-d80e-40a6-b4cb-efabd279bad6	2	10	f	\N	\N
cdf5a158-884e-4f7c-87b5-3f6dc54781b2	\N	client-jwt	master	e932bd6e-d80e-40a6-b4cb-efabd279bad6	2	20	f	\N	\N
9769347b-c1c6-4793-ac1c-04ef0e0b4bfa	\N	client-secret-jwt	master	e932bd6e-d80e-40a6-b4cb-efabd279bad6	2	30	f	\N	\N
9b2e24e5-135d-478c-8eba-6b43e602e314	\N	client-x509	master	e932bd6e-d80e-40a6-b4cb-efabd279bad6	2	40	f	\N	\N
69f401ad-0a42-4c24-aed1-be9fbd46ed0e	\N	idp-review-profile	master	b84024df-da21-4700-8f11-d59684b29f08	0	10	f	\N	5db39016-9278-42b7-aa30-acea91c6de47
8f48f4d9-c9db-4301-82d7-676c4636489a	\N	\N	master	b84024df-da21-4700-8f11-d59684b29f08	0	20	t	9a1ea9ca-ce11-47f4-b8c8-098c3871dbe5	\N
0ace5cb0-291e-495a-8e21-65721a95dae1	\N	idp-create-user-if-unique	master	9a1ea9ca-ce11-47f4-b8c8-098c3871dbe5	2	10	f	\N	46a7bcef-f838-4494-b390-8cffadd04cbe
90fdcc82-933f-4cb5-8cb1-207a7f09f854	\N	\N	master	9a1ea9ca-ce11-47f4-b8c8-098c3871dbe5	2	20	t	9c1688f9-506f-45e4-8009-889e3454156f	\N
c99c8b06-e021-4f3d-bfac-2dc62a5caa87	\N	idp-confirm-link	master	9c1688f9-506f-45e4-8009-889e3454156f	0	10	f	\N	\N
5b37271d-59d0-4fd4-a029-faeaf6036e1d	\N	\N	master	9c1688f9-506f-45e4-8009-889e3454156f	0	20	t	808c6e5d-88cd-4e1b-8105-435088202eb8	\N
cecd7b22-6d18-4df3-8f8c-8732e1b61b34	\N	idp-email-verification	master	808c6e5d-88cd-4e1b-8105-435088202eb8	2	10	f	\N	\N
7732ab09-7617-40bc-88f9-926664588e79	\N	\N	master	808c6e5d-88cd-4e1b-8105-435088202eb8	2	20	t	7c3ebaf5-428e-4a2a-9261-ecba6e34bd7f	\N
d8824ec9-a87d-4e96-97fd-ea7b57beba5a	\N	idp-username-password-form	master	7c3ebaf5-428e-4a2a-9261-ecba6e34bd7f	0	10	f	\N	\N
7a9023b2-3a87-4048-91bc-364acac3e391	\N	\N	master	7c3ebaf5-428e-4a2a-9261-ecba6e34bd7f	1	20	t	b6c1da14-89cb-4ba1-9926-b791ad562518	\N
2241f9fa-a26f-4d39-bd8c-f555f24a31fc	\N	conditional-user-configured	master	b6c1da14-89cb-4ba1-9926-b791ad562518	0	10	f	\N	\N
97f0e6ce-7ff9-48dc-a40d-846e7d8a9ff8	\N	auth-otp-form	master	b6c1da14-89cb-4ba1-9926-b791ad562518	0	20	f	\N	\N
0fb7b404-2583-482d-8c88-4ac0fdbebb9e	\N	http-basic-authenticator	master	9fdff6b6-a55f-4371-9f96-62b37824d823	0	10	f	\N	\N
267b9c8f-68e2-4dd2-bc7c-b93388b0bbf9	\N	docker-http-basic-authenticator	master	0f56c52d-4e2a-4b48-b03a-b4564225fca3	0	10	f	\N	\N
efe6a223-c12d-4da8-9f81-a463aec92c83	\N	no-cookie-redirect	master	c71dd0bd-683f-47d9-b26f-aa5b18d8fbc6	0	10	f	\N	\N
ed805e95-caab-4cba-959d-789d69802932	\N	\N	master	c71dd0bd-683f-47d9-b26f-aa5b18d8fbc6	0	20	t	4393f4f6-5fde-4470-9766-5467e8b5a995	\N
06d46187-fb29-464d-8af1-e22070c28d9b	\N	basic-auth	master	4393f4f6-5fde-4470-9766-5467e8b5a995	0	10	f	\N	\N
f1ccb32c-bab9-42f5-96ed-7930a33989aa	\N	basic-auth-otp	master	4393f4f6-5fde-4470-9766-5467e8b5a995	3	20	f	\N	\N
3bcb1fe6-b0ad-4926-b983-46d615b88b4e	\N	auth-spnego	master	4393f4f6-5fde-4470-9766-5467e8b5a995	3	30	f	\N	\N
\.


--
-- Data for Name: authentication_flow; Type: TABLE DATA; Schema: public; Owner: keycloak
--

COPY public.authentication_flow (id, alias, description, realm_id, provider_id, top_level, built_in) FROM stdin;
2c15ed85-2b97-4278-88bc-248a9a3d0e6e	browser	browser based authentication	master	basic-flow	t	t
edbf0ae7-5756-4086-bfb2-c5e990f1f4cc	forms	Username, password, otp and other auth forms.	master	basic-flow	f	t
f87e7661-5ced-4fe2-bd88-9c8b95182a79	Browser - Conditional OTP	Flow to determine if the OTP is required for the authentication	master	basic-flow	f	t
f0be73c0-e700-4b28-925e-07b57d0767f7	direct grant	OpenID Connect Resource Owner Grant	master	basic-flow	t	t
abed5361-6fb7-47bc-97b5-b54e5919626e	Direct Grant - Conditional OTP	Flow to determine if the OTP is required for the authentication	master	basic-flow	f	t
68aace31-f2f1-4dca-93b6-1df2b5c1b53f	registration	registration flow	master	basic-flow	t	t
dd4e606e-339a-4fd6-8450-7e2c00ace390	registration form	registration form	master	form-flow	f	t
04bf7a7f-5dd2-4abc-9133-122550abe442	reset credentials	Reset credentials for a user if they forgot their password or something	master	basic-flow	t	t
09fea4b1-c475-498b-a4b7-a79e685b42fe	Reset - Conditional OTP	Flow to determine if the OTP should be reset or not. Set to REQUIRED to force.	master	basic-flow	f	t
e932bd6e-d80e-40a6-b4cb-efabd279bad6	clients	Base authentication for clients	master	client-flow	t	t
b84024df-da21-4700-8f11-d59684b29f08	first broker login	Actions taken after first broker login with identity provider account, which is not yet linked to any Keycloak account	master	basic-flow	t	t
9a1ea9ca-ce11-47f4-b8c8-098c3871dbe5	User creation or linking	Flow for the existing/non-existing user alternatives	master	basic-flow	f	t
9c1688f9-506f-45e4-8009-889e3454156f	Handle Existing Account	Handle what to do if there is existing account with same email/username like authenticated identity provider	master	basic-flow	f	t
808c6e5d-88cd-4e1b-8105-435088202eb8	Account verification options	Method with which to verity the existing account	master	basic-flow	f	t
7c3ebaf5-428e-4a2a-9261-ecba6e34bd7f	Verify Existing Account by Re-authentication	Reauthentication of existing account	master	basic-flow	f	t
b6c1da14-89cb-4ba1-9926-b791ad562518	First broker login - Conditional OTP	Flow to determine if the OTP is required for the authentication	master	basic-flow	f	t
9fdff6b6-a55f-4371-9f96-62b37824d823	saml ecp	SAML ECP Profile Authentication Flow	master	basic-flow	t	t
0f56c52d-4e2a-4b48-b03a-b4564225fca3	docker auth	Used by Docker clients to authenticate against the IDP	master	basic-flow	t	t
c71dd0bd-683f-47d9-b26f-aa5b18d8fbc6	http challenge	An authentication flow based on challenge-response HTTP Authentication Schemes	master	basic-flow	t	t
4393f4f6-5fde-4470-9766-5467e8b5a995	Authentication Options	Authentication options.	master	basic-flow	f	t
\.


--
-- Data for Name: authenticator_config; Type: TABLE DATA; Schema: public; Owner: keycloak
--

COPY public.authenticator_config (id, alias, realm_id) FROM stdin;
5db39016-9278-42b7-aa30-acea91c6de47	review profile config	master
46a7bcef-f838-4494-b390-8cffadd04cbe	create unique user config	master
\.


--
-- Data for Name: authenticator_config_entry; Type: TABLE DATA; Schema: public; Owner: keycloak
--

COPY public.authenticator_config_entry (authenticator_id, value, name) FROM stdin;
5db39016-9278-42b7-aa30-acea91c6de47	missing	update.profile.on.first.login
46a7bcef-f838-4494-b390-8cffadd04cbe	false	require.password.update.after.registration
\.


--
-- Data for Name: broker_link; Type: TABLE DATA; Schema: public; Owner: keycloak
--

COPY public.broker_link (identity_provider, storage_provider_id, realm_id, broker_user_id, broker_username, token, user_id) FROM stdin;
\.


--
-- Data for Name: client; Type: TABLE DATA; Schema: public; Owner: keycloak
--

COPY public.client (id, enabled, full_scope_allowed, client_id, not_before, public_client, secret, base_url, bearer_only, management_url, surrogate_auth_required, realm_id, protocol, node_rereg_timeout, frontchannel_logout, consent_required, name, service_accounts_enabled, client_authenticator_type, root_url, description, registration_token, standard_flow_enabled, implicit_flow_enabled, direct_access_grants_enabled, always_display_in_console) FROM stdin;
37aafcd3-ebf6-4b94-9a62-2fa91ffcef41	t	t	master-realm	0	f	a9f6a35c-98a5-4d87-bd6d-1a90fc6f5e0a	\N	t	\N	f	master	\N	0	f	f	master Realm	f	client-secret	\N	\N	\N	t	f	f	f
d4c798da-74aa-4070-9d39-fe2f2d5fb873	t	f	account	0	f	39aa5e69-52c5-4d1b-9f54-2f42bcda9387	/realms/master/account/	f	\N	f	master	openid-connect	0	f	f	${client_account}	f	client-secret	${authBaseUrl}	\N	\N	t	f	f	f
4d9d69bb-5fe8-4cc7-8b58-66b97077e773	t	f	account-console	0	t	87ea17ab-c56e-45b0-ac67-e0e00f8c5df1	/realms/master/account/	f	\N	f	master	openid-connect	0	f	f	${client_account-console}	f	client-secret	${authBaseUrl}	\N	\N	t	f	f	f
6a31de2d-229c-42f0-9364-f01ed5e1272a	t	f	broker	0	f	abab97c2-7415-4a44-94b9-dbd6d0a00616	\N	f	\N	f	master	openid-connect	0	f	f	${client_broker}	f	client-secret	\N	\N	\N	t	f	f	f
4517fc46-ede2-439d-a2df-ce5df9730041	t	f	security-admin-console	0	t	aa86d1f0-353d-4150-9425-85de3b150246	/admin/master/console/	f	\N	f	master	openid-connect	0	f	f	${client_security-admin-console}	f	client-secret	${authAdminUrl}	\N	\N	t	f	f	f
3afd73f2-22a0-4426-9fad-2518ad895eea	t	f	admin-cli	0	t	7606de01-4f64-49d8-8815-2d70e3389e80	\N	f	\N	f	master	openid-connect	0	f	f	${client_admin-cli}	f	client-secret	\N	\N	\N	f	f	t	f
e86dd8c7-374e-49a1-bc67-18565e5d5af0	t	t	shifternetzwerk	0	t	**********	https://test.wo-da.de/EAMD.ucp/apps/shift/ShifterNetwork.html	f	\N	f	master	openid-connect	-1	f	f	\N	f	client-secret	https://test.wo-da.de	\N	\N	t	f	t	f
ff693dcd-4dc7-4a13-b629-146740e33d64	t	t	mochaAPI	0	f	df37971a-f098-4310-8a62-b238b15c7b35	\N	f	https://localhost:8443/	f	master	openid-connect	-1	f	f	\N	f	client-secret	https://localhost:8443/	Is used for Mocha Test login	00ab1aea-1af9-4af9-988e-68ae79633524	t	f	t	f
c618eed0-c36f-4a8a-886a-bf29fbc91de5	t	f	shifternetzwerkadmin	0	t	0f029a19-2435-4717-8a15-296a787980de	https://shifter.staging.shiftphones.com:30484/	f		f	master	openid-connect	-1	f	f	\N	f	client-secret	https://shifter.staging.shiftphones.com:30484/	\N	\N	t	f	t	f
\.


--
-- Data for Name: client_attributes; Type: TABLE DATA; Schema: public; Owner: keycloak
--

COPY public.client_attributes (client_id, value, name) FROM stdin;
4d9d69bb-5fe8-4cc7-8b58-66b97077e773	S256	pkce.code.challenge.method
4517fc46-ede2-439d-a2df-ce5df9730041	S256	pkce.code.challenge.method
e86dd8c7-374e-49a1-bc67-18565e5d5af0	\N	request.uris
e86dd8c7-374e-49a1-bc67-18565e5d5af0	false	saml.server.signature
e86dd8c7-374e-49a1-bc67-18565e5d5af0	false	saml.server.signature.keyinfo.ext
e86dd8c7-374e-49a1-bc67-18565e5d5af0	false	saml.assertion.signature
e86dd8c7-374e-49a1-bc67-18565e5d5af0	false	saml.client.signature
e86dd8c7-374e-49a1-bc67-18565e5d5af0	false	saml.encrypt
e86dd8c7-374e-49a1-bc67-18565e5d5af0	false	saml.authnstatement
e86dd8c7-374e-49a1-bc67-18565e5d5af0	false	saml.onetimeuse.condition
e86dd8c7-374e-49a1-bc67-18565e5d5af0	false	saml_force_name_id_format
e86dd8c7-374e-49a1-bc67-18565e5d5af0	false	saml.multivalued.roles
e86dd8c7-374e-49a1-bc67-18565e5d5af0	false	saml.force.post.binding
e86dd8c7-374e-49a1-bc67-18565e5d5af0	false	tls.client.certificate.bound.access.tokens
e86dd8c7-374e-49a1-bc67-18565e5d5af0	false	client_credentials.use_refresh_token
e86dd8c7-374e-49a1-bc67-18565e5d5af0	false	display.on.consent.screen
e86dd8c7-374e-49a1-bc67-18565e5d5af0	false	backchannel.logout.session.required
e86dd8c7-374e-49a1-bc67-18565e5d5af0	false	backchannel.logout.revoke.offline.tokens
e86dd8c7-374e-49a1-bc67-18565e5d5af0	true	exclude.session.state.from.auth.response
e86dd8c7-374e-49a1-bc67-18565e5d5af0	3600	access.token.lifespan
ff693dcd-4dc7-4a13-b629-146740e33d64	true	backchannel.logout.session.required
ff693dcd-4dc7-4a13-b629-146740e33d64	false	backchannel.logout.revoke.offline.tokens
ff693dcd-4dc7-4a13-b629-146740e33d64	\N	request.uris
ff693dcd-4dc7-4a13-b629-146740e33d64	false	saml.server.signature
ff693dcd-4dc7-4a13-b629-146740e33d64	false	saml.server.signature.keyinfo.ext
ff693dcd-4dc7-4a13-b629-146740e33d64	false	saml.assertion.signature
ff693dcd-4dc7-4a13-b629-146740e33d64	false	saml.client.signature
ff693dcd-4dc7-4a13-b629-146740e33d64	false	saml.encrypt
ff693dcd-4dc7-4a13-b629-146740e33d64	false	saml.authnstatement
ff693dcd-4dc7-4a13-b629-146740e33d64	false	saml.onetimeuse.condition
ff693dcd-4dc7-4a13-b629-146740e33d64	false	saml_force_name_id_format
ff693dcd-4dc7-4a13-b629-146740e33d64	false	saml.multivalued.roles
ff693dcd-4dc7-4a13-b629-146740e33d64	false	saml.force.post.binding
ff693dcd-4dc7-4a13-b629-146740e33d64	false	exclude.session.state.from.auth.response
ff693dcd-4dc7-4a13-b629-146740e33d64	false	tls.client.certificate.bound.access.tokens
ff693dcd-4dc7-4a13-b629-146740e33d64	false	client_credentials.use_refresh_token
ff693dcd-4dc7-4a13-b629-146740e33d64	false	display.on.consent.screen
ff693dcd-4dc7-4a13-b629-146740e33d64	3600	access.token.lifespan
c618eed0-c36f-4a8a-886a-bf29fbc91de5	true	backchannel.logout.session.required
c618eed0-c36f-4a8a-886a-bf29fbc91de5	false	backchannel.logout.revoke.offline.tokens
c618eed0-c36f-4a8a-886a-bf29fbc91de5	\N	request.uris
c618eed0-c36f-4a8a-886a-bf29fbc91de5	false	saml.server.signature
c618eed0-c36f-4a8a-886a-bf29fbc91de5	false	saml.server.signature.keyinfo.ext
c618eed0-c36f-4a8a-886a-bf29fbc91de5	false	saml.assertion.signature
c618eed0-c36f-4a8a-886a-bf29fbc91de5	false	saml.client.signature
c618eed0-c36f-4a8a-886a-bf29fbc91de5	false	saml.encrypt
c618eed0-c36f-4a8a-886a-bf29fbc91de5	false	saml.authnstatement
c618eed0-c36f-4a8a-886a-bf29fbc91de5	false	saml.onetimeuse.condition
c618eed0-c36f-4a8a-886a-bf29fbc91de5	false	saml_force_name_id_format
c618eed0-c36f-4a8a-886a-bf29fbc91de5	false	saml.multivalued.roles
c618eed0-c36f-4a8a-886a-bf29fbc91de5	false	saml.force.post.binding
c618eed0-c36f-4a8a-886a-bf29fbc91de5	false	exclude.session.state.from.auth.response
c618eed0-c36f-4a8a-886a-bf29fbc91de5	false	tls.client.certificate.bound.access.tokens
c618eed0-c36f-4a8a-886a-bf29fbc91de5	false	client_credentials.use_refresh_token
c618eed0-c36f-4a8a-886a-bf29fbc91de5	false	display.on.consent.screen
\.


--
-- Data for Name: client_auth_flow_bindings; Type: TABLE DATA; Schema: public; Owner: keycloak
--

COPY public.client_auth_flow_bindings (client_id, flow_id, binding_name) FROM stdin;
ff693dcd-4dc7-4a13-b629-146740e33d64	f0be73c0-e700-4b28-925e-07b57d0767f7	direct_grant
ff693dcd-4dc7-4a13-b629-146740e33d64	2c15ed85-2b97-4278-88bc-248a9a3d0e6e	browser
\.


--
-- Data for Name: client_default_roles; Type: TABLE DATA; Schema: public; Owner: keycloak
--

COPY public.client_default_roles (client_id, role_id) FROM stdin;
d4c798da-74aa-4070-9d39-fe2f2d5fb873	02217048-62bd-46ed-b622-6c29cfa17f89
d4c798da-74aa-4070-9d39-fe2f2d5fb873	4f26e033-70f7-4570-a9bb-9dc99177a077
\.


--
-- Data for Name: client_initial_access; Type: TABLE DATA; Schema: public; Owner: keycloak
--

COPY public.client_initial_access (id, realm_id, "timestamp", expiration, count, remaining_count) FROM stdin;
b8ef8b98-de65-4a55-bddc-bb2d259e9e1c	master	1626766130	0	1	1
\.


--
-- Data for Name: client_node_registrations; Type: TABLE DATA; Schema: public; Owner: keycloak
--

COPY public.client_node_registrations (client_id, value, name) FROM stdin;
\.


--
-- Data for Name: client_scope; Type: TABLE DATA; Schema: public; Owner: keycloak
--

COPY public.client_scope (id, name, realm_id, description, protocol) FROM stdin;
6e9d2f68-7923-4f81-b42b-a3a7b76da030	offline_access	master	OpenID Connect built-in scope: offline_access	openid-connect
68e7d07e-dea4-40c1-abe8-a21662e39bd3	role_list	master	SAML role list	saml
e9f0cd4c-732f-491f-976f-b54c942aec34	profile	master	OpenID Connect built-in scope: profile	openid-connect
a2422a25-8c95-4c92-9f82-c5f188e1675f	email	master	OpenID Connect built-in scope: email	openid-connect
e6cc7977-21ce-4ff2-9cf8-df0dcef128da	address	master	OpenID Connect built-in scope: address	openid-connect
0a049876-89a7-4cf2-8732-e6f7a7aee90d	phone	master	OpenID Connect built-in scope: phone	openid-connect
a13256d9-749b-4c21-93d2-238d5ab8b2b1	roles	master	OpenID Connect scope for add user roles to the access token	openid-connect
ec5ec5ef-3ef1-48ff-8d11-81c1b9053b12	web-origins	master	OpenID Connect scope for add allowed web origins to the access token	openid-connect
3eb9f439-4826-4ea4-b57c-1705db920981	microprofile-jwt	master	Microprofile - JWT built-in scope	openid-connect
\.


--
-- Data for Name: client_scope_attributes; Type: TABLE DATA; Schema: public; Owner: keycloak
--

COPY public.client_scope_attributes (scope_id, value, name) FROM stdin;
6e9d2f68-7923-4f81-b42b-a3a7b76da030	true	display.on.consent.screen
6e9d2f68-7923-4f81-b42b-a3a7b76da030	${offlineAccessScopeConsentText}	consent.screen.text
68e7d07e-dea4-40c1-abe8-a21662e39bd3	true	display.on.consent.screen
68e7d07e-dea4-40c1-abe8-a21662e39bd3	${samlRoleListScopeConsentText}	consent.screen.text
e9f0cd4c-732f-491f-976f-b54c942aec34	true	display.on.consent.screen
e9f0cd4c-732f-491f-976f-b54c942aec34	${profileScopeConsentText}	consent.screen.text
e9f0cd4c-732f-491f-976f-b54c942aec34	true	include.in.token.scope
a2422a25-8c95-4c92-9f82-c5f188e1675f	true	display.on.consent.screen
a2422a25-8c95-4c92-9f82-c5f188e1675f	${emailScopeConsentText}	consent.screen.text
a2422a25-8c95-4c92-9f82-c5f188e1675f	true	include.in.token.scope
e6cc7977-21ce-4ff2-9cf8-df0dcef128da	true	display.on.consent.screen
e6cc7977-21ce-4ff2-9cf8-df0dcef128da	${addressScopeConsentText}	consent.screen.text
e6cc7977-21ce-4ff2-9cf8-df0dcef128da	true	include.in.token.scope
0a049876-89a7-4cf2-8732-e6f7a7aee90d	true	display.on.consent.screen
0a049876-89a7-4cf2-8732-e6f7a7aee90d	${phoneScopeConsentText}	consent.screen.text
0a049876-89a7-4cf2-8732-e6f7a7aee90d	true	include.in.token.scope
a13256d9-749b-4c21-93d2-238d5ab8b2b1	true	display.on.consent.screen
a13256d9-749b-4c21-93d2-238d5ab8b2b1	${rolesScopeConsentText}	consent.screen.text
a13256d9-749b-4c21-93d2-238d5ab8b2b1	false	include.in.token.scope
ec5ec5ef-3ef1-48ff-8d11-81c1b9053b12	false	display.on.consent.screen
ec5ec5ef-3ef1-48ff-8d11-81c1b9053b12		consent.screen.text
ec5ec5ef-3ef1-48ff-8d11-81c1b9053b12	false	include.in.token.scope
3eb9f439-4826-4ea4-b57c-1705db920981	false	display.on.consent.screen
3eb9f439-4826-4ea4-b57c-1705db920981	true	include.in.token.scope
\.


--
-- Data for Name: client_scope_client; Type: TABLE DATA; Schema: public; Owner: keycloak
--

COPY public.client_scope_client (client_id, scope_id, default_scope) FROM stdin;
d4c798da-74aa-4070-9d39-fe2f2d5fb873	68e7d07e-dea4-40c1-abe8-a21662e39bd3	t
4d9d69bb-5fe8-4cc7-8b58-66b97077e773	68e7d07e-dea4-40c1-abe8-a21662e39bd3	t
3afd73f2-22a0-4426-9fad-2518ad895eea	68e7d07e-dea4-40c1-abe8-a21662e39bd3	t
6a31de2d-229c-42f0-9364-f01ed5e1272a	68e7d07e-dea4-40c1-abe8-a21662e39bd3	t
37aafcd3-ebf6-4b94-9a62-2fa91ffcef41	68e7d07e-dea4-40c1-abe8-a21662e39bd3	t
4517fc46-ede2-439d-a2df-ce5df9730041	68e7d07e-dea4-40c1-abe8-a21662e39bd3	t
d4c798da-74aa-4070-9d39-fe2f2d5fb873	ec5ec5ef-3ef1-48ff-8d11-81c1b9053b12	t
d4c798da-74aa-4070-9d39-fe2f2d5fb873	e9f0cd4c-732f-491f-976f-b54c942aec34	t
d4c798da-74aa-4070-9d39-fe2f2d5fb873	a13256d9-749b-4c21-93d2-238d5ab8b2b1	t
d4c798da-74aa-4070-9d39-fe2f2d5fb873	a2422a25-8c95-4c92-9f82-c5f188e1675f	t
d4c798da-74aa-4070-9d39-fe2f2d5fb873	e6cc7977-21ce-4ff2-9cf8-df0dcef128da	f
d4c798da-74aa-4070-9d39-fe2f2d5fb873	0a049876-89a7-4cf2-8732-e6f7a7aee90d	f
d4c798da-74aa-4070-9d39-fe2f2d5fb873	6e9d2f68-7923-4f81-b42b-a3a7b76da030	f
d4c798da-74aa-4070-9d39-fe2f2d5fb873	3eb9f439-4826-4ea4-b57c-1705db920981	f
4d9d69bb-5fe8-4cc7-8b58-66b97077e773	ec5ec5ef-3ef1-48ff-8d11-81c1b9053b12	t
4d9d69bb-5fe8-4cc7-8b58-66b97077e773	e9f0cd4c-732f-491f-976f-b54c942aec34	t
4d9d69bb-5fe8-4cc7-8b58-66b97077e773	a13256d9-749b-4c21-93d2-238d5ab8b2b1	t
4d9d69bb-5fe8-4cc7-8b58-66b97077e773	a2422a25-8c95-4c92-9f82-c5f188e1675f	t
4d9d69bb-5fe8-4cc7-8b58-66b97077e773	e6cc7977-21ce-4ff2-9cf8-df0dcef128da	f
4d9d69bb-5fe8-4cc7-8b58-66b97077e773	0a049876-89a7-4cf2-8732-e6f7a7aee90d	f
4d9d69bb-5fe8-4cc7-8b58-66b97077e773	6e9d2f68-7923-4f81-b42b-a3a7b76da030	f
4d9d69bb-5fe8-4cc7-8b58-66b97077e773	3eb9f439-4826-4ea4-b57c-1705db920981	f
3afd73f2-22a0-4426-9fad-2518ad895eea	ec5ec5ef-3ef1-48ff-8d11-81c1b9053b12	t
3afd73f2-22a0-4426-9fad-2518ad895eea	e9f0cd4c-732f-491f-976f-b54c942aec34	t
3afd73f2-22a0-4426-9fad-2518ad895eea	a13256d9-749b-4c21-93d2-238d5ab8b2b1	t
3afd73f2-22a0-4426-9fad-2518ad895eea	a2422a25-8c95-4c92-9f82-c5f188e1675f	t
3afd73f2-22a0-4426-9fad-2518ad895eea	e6cc7977-21ce-4ff2-9cf8-df0dcef128da	f
3afd73f2-22a0-4426-9fad-2518ad895eea	0a049876-89a7-4cf2-8732-e6f7a7aee90d	f
3afd73f2-22a0-4426-9fad-2518ad895eea	6e9d2f68-7923-4f81-b42b-a3a7b76da030	f
3afd73f2-22a0-4426-9fad-2518ad895eea	3eb9f439-4826-4ea4-b57c-1705db920981	f
6a31de2d-229c-42f0-9364-f01ed5e1272a	ec5ec5ef-3ef1-48ff-8d11-81c1b9053b12	t
6a31de2d-229c-42f0-9364-f01ed5e1272a	e9f0cd4c-732f-491f-976f-b54c942aec34	t
6a31de2d-229c-42f0-9364-f01ed5e1272a	a13256d9-749b-4c21-93d2-238d5ab8b2b1	t
6a31de2d-229c-42f0-9364-f01ed5e1272a	a2422a25-8c95-4c92-9f82-c5f188e1675f	t
6a31de2d-229c-42f0-9364-f01ed5e1272a	e6cc7977-21ce-4ff2-9cf8-df0dcef128da	f
6a31de2d-229c-42f0-9364-f01ed5e1272a	0a049876-89a7-4cf2-8732-e6f7a7aee90d	f
6a31de2d-229c-42f0-9364-f01ed5e1272a	6e9d2f68-7923-4f81-b42b-a3a7b76da030	f
6a31de2d-229c-42f0-9364-f01ed5e1272a	3eb9f439-4826-4ea4-b57c-1705db920981	f
37aafcd3-ebf6-4b94-9a62-2fa91ffcef41	ec5ec5ef-3ef1-48ff-8d11-81c1b9053b12	t
37aafcd3-ebf6-4b94-9a62-2fa91ffcef41	e9f0cd4c-732f-491f-976f-b54c942aec34	t
37aafcd3-ebf6-4b94-9a62-2fa91ffcef41	a13256d9-749b-4c21-93d2-238d5ab8b2b1	t
37aafcd3-ebf6-4b94-9a62-2fa91ffcef41	a2422a25-8c95-4c92-9f82-c5f188e1675f	t
37aafcd3-ebf6-4b94-9a62-2fa91ffcef41	e6cc7977-21ce-4ff2-9cf8-df0dcef128da	f
37aafcd3-ebf6-4b94-9a62-2fa91ffcef41	0a049876-89a7-4cf2-8732-e6f7a7aee90d	f
37aafcd3-ebf6-4b94-9a62-2fa91ffcef41	6e9d2f68-7923-4f81-b42b-a3a7b76da030	f
37aafcd3-ebf6-4b94-9a62-2fa91ffcef41	3eb9f439-4826-4ea4-b57c-1705db920981	f
4517fc46-ede2-439d-a2df-ce5df9730041	ec5ec5ef-3ef1-48ff-8d11-81c1b9053b12	t
4517fc46-ede2-439d-a2df-ce5df9730041	e9f0cd4c-732f-491f-976f-b54c942aec34	t
4517fc46-ede2-439d-a2df-ce5df9730041	a13256d9-749b-4c21-93d2-238d5ab8b2b1	t
4517fc46-ede2-439d-a2df-ce5df9730041	a2422a25-8c95-4c92-9f82-c5f188e1675f	t
4517fc46-ede2-439d-a2df-ce5df9730041	e6cc7977-21ce-4ff2-9cf8-df0dcef128da	f
4517fc46-ede2-439d-a2df-ce5df9730041	0a049876-89a7-4cf2-8732-e6f7a7aee90d	f
4517fc46-ede2-439d-a2df-ce5df9730041	6e9d2f68-7923-4f81-b42b-a3a7b76da030	f
4517fc46-ede2-439d-a2df-ce5df9730041	3eb9f439-4826-4ea4-b57c-1705db920981	f
e86dd8c7-374e-49a1-bc67-18565e5d5af0	ec5ec5ef-3ef1-48ff-8d11-81c1b9053b12	t
e86dd8c7-374e-49a1-bc67-18565e5d5af0	68e7d07e-dea4-40c1-abe8-a21662e39bd3	t
e86dd8c7-374e-49a1-bc67-18565e5d5af0	a13256d9-749b-4c21-93d2-238d5ab8b2b1	t
e86dd8c7-374e-49a1-bc67-18565e5d5af0	e9f0cd4c-732f-491f-976f-b54c942aec34	t
e86dd8c7-374e-49a1-bc67-18565e5d5af0	a2422a25-8c95-4c92-9f82-c5f188e1675f	t
e86dd8c7-374e-49a1-bc67-18565e5d5af0	e6cc7977-21ce-4ff2-9cf8-df0dcef128da	f
e86dd8c7-374e-49a1-bc67-18565e5d5af0	0a049876-89a7-4cf2-8732-e6f7a7aee90d	f
e86dd8c7-374e-49a1-bc67-18565e5d5af0	6e9d2f68-7923-4f81-b42b-a3a7b76da030	f
e86dd8c7-374e-49a1-bc67-18565e5d5af0	3eb9f439-4826-4ea4-b57c-1705db920981	f
ff693dcd-4dc7-4a13-b629-146740e33d64	68e7d07e-dea4-40c1-abe8-a21662e39bd3	t
ff693dcd-4dc7-4a13-b629-146740e33d64	ec5ec5ef-3ef1-48ff-8d11-81c1b9053b12	t
ff693dcd-4dc7-4a13-b629-146740e33d64	e9f0cd4c-732f-491f-976f-b54c942aec34	t
ff693dcd-4dc7-4a13-b629-146740e33d64	a13256d9-749b-4c21-93d2-238d5ab8b2b1	t
ff693dcd-4dc7-4a13-b629-146740e33d64	a2422a25-8c95-4c92-9f82-c5f188e1675f	t
ff693dcd-4dc7-4a13-b629-146740e33d64	e6cc7977-21ce-4ff2-9cf8-df0dcef128da	f
ff693dcd-4dc7-4a13-b629-146740e33d64	0a049876-89a7-4cf2-8732-e6f7a7aee90d	f
ff693dcd-4dc7-4a13-b629-146740e33d64	6e9d2f68-7923-4f81-b42b-a3a7b76da030	f
ff693dcd-4dc7-4a13-b629-146740e33d64	3eb9f439-4826-4ea4-b57c-1705db920981	f
c618eed0-c36f-4a8a-886a-bf29fbc91de5	68e7d07e-dea4-40c1-abe8-a21662e39bd3	t
\.


--
-- Data for Name: client_scope_role_mapping; Type: TABLE DATA; Schema: public; Owner: keycloak
--

COPY public.client_scope_role_mapping (scope_id, role_id) FROM stdin;
6e9d2f68-7923-4f81-b42b-a3a7b76da030	75986de1-2635-4536-ae64-5a118cc16847
\.


--
-- Data for Name: client_session; Type: TABLE DATA; Schema: public; Owner: keycloak
--

COPY public.client_session (id, client_id, redirect_uri, state, "timestamp", session_id, auth_method, realm_id, auth_user_id, current_action) FROM stdin;
\.


--
-- Data for Name: client_session_auth_status; Type: TABLE DATA; Schema: public; Owner: keycloak
--

COPY public.client_session_auth_status (authenticator, status, client_session) FROM stdin;
\.


--
-- Data for Name: client_session_note; Type: TABLE DATA; Schema: public; Owner: keycloak
--

COPY public.client_session_note (name, value, client_session) FROM stdin;
\.


--
-- Data for Name: client_session_prot_mapper; Type: TABLE DATA; Schema: public; Owner: keycloak
--

COPY public.client_session_prot_mapper (protocol_mapper_id, client_session) FROM stdin;
\.


--
-- Data for Name: client_session_role; Type: TABLE DATA; Schema: public; Owner: keycloak
--

COPY public.client_session_role (role_id, client_session) FROM stdin;
\.


--
-- Data for Name: client_user_session_note; Type: TABLE DATA; Schema: public; Owner: keycloak
--

COPY public.client_user_session_note (name, value, client_session) FROM stdin;
\.


--
-- Data for Name: component; Type: TABLE DATA; Schema: public; Owner: keycloak
--

COPY public.component (id, name, parent_id, provider_id, provider_type, realm_id, sub_type) FROM stdin;
0785fab7-93df-4111-b665-e04cc20ecc59	Trusted Hosts	master	trusted-hosts	org.keycloak.services.clientregistration.policy.ClientRegistrationPolicy	master	anonymous
e277e422-aa3e-4faf-aeb2-64fdd3a2669f	Consent Required	master	consent-required	org.keycloak.services.clientregistration.policy.ClientRegistrationPolicy	master	anonymous
a8866b6d-e89b-4b0a-87be-8b917854bc0d	Full Scope Disabled	master	scope	org.keycloak.services.clientregistration.policy.ClientRegistrationPolicy	master	anonymous
e7d7e8f1-820f-4118-8ab9-1642211384e4	Max Clients Limit	master	max-clients	org.keycloak.services.clientregistration.policy.ClientRegistrationPolicy	master	anonymous
70108354-6702-40a0-8f4a-4a522399c0f8	Allowed Protocol Mapper Types	master	allowed-protocol-mappers	org.keycloak.services.clientregistration.policy.ClientRegistrationPolicy	master	anonymous
043c9432-0ed7-42a9-bb57-6cece817c372	Allowed Client Scopes	master	allowed-client-templates	org.keycloak.services.clientregistration.policy.ClientRegistrationPolicy	master	anonymous
d52f5ea1-9902-4e1f-9bde-fe97016baf15	Allowed Protocol Mapper Types	master	allowed-protocol-mappers	org.keycloak.services.clientregistration.policy.ClientRegistrationPolicy	master	authenticated
14cc4e94-f935-40dd-b64a-5ef5146f82b8	Allowed Client Scopes	master	allowed-client-templates	org.keycloak.services.clientregistration.policy.ClientRegistrationPolicy	master	authenticated
885ae72d-8db5-46dc-878e-92ff47dba251	fallback-HS256	master	hmac-generated	org.keycloak.keys.KeyProvider	master	\N
b1f531e5-3b32-44a4-a431-d8670524b8a0	fallback-RS256	master	rsa-generated	org.keycloak.keys.KeyProvider	master	\N
\.


--
-- Data for Name: component_config; Type: TABLE DATA; Schema: public; Owner: keycloak
--

COPY public.component_config (id, component_id, name, value) FROM stdin;
c77a3db3-a921-480e-a95e-4c39eb66e622	0785fab7-93df-4111-b665-e04cc20ecc59	host-sending-registration-request-must-match	true
6d21dc40-282c-47b9-b283-449e96bed0f9	0785fab7-93df-4111-b665-e04cc20ecc59	client-uris-must-match	true
a07ad2a3-4c03-42b5-a89f-17b7c4cf51d0	e7d7e8f1-820f-4118-8ab9-1642211384e4	max-clients	200
00c780af-6407-4ad6-9881-d335a1985801	70108354-6702-40a0-8f4a-4a522399c0f8	allowed-protocol-mapper-types	saml-role-list-mapper
975591f6-ca4f-426c-9856-a792f20b3808	70108354-6702-40a0-8f4a-4a522399c0f8	allowed-protocol-mapper-types	saml-user-attribute-mapper
0186b937-6bb2-4ec8-82b3-d00a6fe09dd9	70108354-6702-40a0-8f4a-4a522399c0f8	allowed-protocol-mapper-types	oidc-usermodel-attribute-mapper
979cf529-e17e-46f8-b09c-39c114f3d4ff	70108354-6702-40a0-8f4a-4a522399c0f8	allowed-protocol-mapper-types	oidc-address-mapper
69fdd3c1-dfe5-4d71-8185-12ecc37b5a9a	70108354-6702-40a0-8f4a-4a522399c0f8	allowed-protocol-mapper-types	oidc-usermodel-property-mapper
4201bfef-67c9-4b1a-85db-6917d4a9d3df	70108354-6702-40a0-8f4a-4a522399c0f8	allowed-protocol-mapper-types	oidc-full-name-mapper
a6497c61-49e1-4512-8d97-74b28544624f	70108354-6702-40a0-8f4a-4a522399c0f8	allowed-protocol-mapper-types	oidc-sha256-pairwise-sub-mapper
d4b85c90-3c96-470f-a831-16cee20e6f2c	70108354-6702-40a0-8f4a-4a522399c0f8	allowed-protocol-mapper-types	saml-user-property-mapper
e3ef377d-0119-4713-9305-3d5980611707	043c9432-0ed7-42a9-bb57-6cece817c372	allow-default-scopes	true
a46e95b1-39db-4330-947f-d55f30b94732	d52f5ea1-9902-4e1f-9bde-fe97016baf15	allowed-protocol-mapper-types	oidc-usermodel-property-mapper
d56e94ad-6251-45eb-bac7-07c1457428f1	d52f5ea1-9902-4e1f-9bde-fe97016baf15	allowed-protocol-mapper-types	oidc-usermodel-attribute-mapper
4ea55256-9b38-40d4-90a4-1f7068d42c3d	d52f5ea1-9902-4e1f-9bde-fe97016baf15	allowed-protocol-mapper-types	saml-user-property-mapper
d8e41fba-1688-420d-a5bc-e5b7e32722db	d52f5ea1-9902-4e1f-9bde-fe97016baf15	allowed-protocol-mapper-types	oidc-full-name-mapper
cfd1de50-4ae2-4bdc-a4d4-d382a95cbdb8	d52f5ea1-9902-4e1f-9bde-fe97016baf15	allowed-protocol-mapper-types	saml-user-attribute-mapper
6ea45aca-daad-4dc4-89cd-ffe44b1657d4	d52f5ea1-9902-4e1f-9bde-fe97016baf15	allowed-protocol-mapper-types	oidc-address-mapper
a749dbb6-a2a3-4791-bd58-321943f66875	d52f5ea1-9902-4e1f-9bde-fe97016baf15	allowed-protocol-mapper-types	oidc-sha256-pairwise-sub-mapper
f4304313-2035-4b87-9b68-92107f0e43ab	d52f5ea1-9902-4e1f-9bde-fe97016baf15	allowed-protocol-mapper-types	saml-role-list-mapper
5269565c-d643-4c4d-88d9-0778b9b67552	14cc4e94-f935-40dd-b64a-5ef5146f82b8	allow-default-scopes	true
19a75673-303d-40da-a9de-bd4de0d776cf	885ae72d-8db5-46dc-878e-92ff47dba251	secret	56wl6hZCquXIdF-vmUZ6VG_ZDQ1MnQqoWPO9jbI98jGEj0GS_w6qcfj28mgHN56B2aHJl_LcG_X9jmamuG0iFw
cdc525f4-ce2f-4589-a9da-5eeb84d0c29e	885ae72d-8db5-46dc-878e-92ff47dba251	priority	-100
643d5e3b-69f4-446f-82ca-526a796f34c9	885ae72d-8db5-46dc-878e-92ff47dba251	kid	2f9efca0-2413-4166-ac15-21c2233bd540
e8cba532-6113-40c2-8db2-7e8c60995054	885ae72d-8db5-46dc-878e-92ff47dba251	algorithm	HS256
ea924db7-cd36-4025-b7f3-6374de838c37	b1f531e5-3b32-44a4-a431-d8670524b8a0	privateKey	MIIEpQIBAAKCAQEAoNJ7Tcf7z7uxuKXUrBJveTTRCiBxMGWdcOM4cqWo0KqRVMQBqK7Qal9R7ynhCLHq1wViM4khi8VIy5iJIKxeKwdm1T4/Kb45T4Uh53iV7QOM8jrTrRtDAlmKhMVw2WAQ6WexFdu5P71WP7V4TpOtCfICq9XWoZhKKUVMOX237s0P+pXKJh62YB7B31zjATRVCs3e/iYV0BvpOwpsXrw4wR7P3h9YHKgxDrXi52Kvk7fErz+JTkwD8sc+Vv8sC8FwSHNeopH8fLTYY4lscxloDNzZuCUaOvO3QeUmyOK2L6CRmxESQxkOaAGODL7jrE+oxVSvpcstN7+lDGhpBIID3QIDAQABAoIBAEGGQLLqPlDfOoPvHP2W7VBHEry7hyKe5EzwZzlfAa8zL8+HpN1jjIsqlymIuKVgSDyfdulkgASAty4s0gI7+Iozk9Ribj3FwXgC2FOFMCDHh4/SJBituNmmPefmwhnvKDTRCLfNNGch75g5ifEJ/kDFGA2HLNHeSKkUEQCDloN25+LvpoFg3G0k/F37HzpNztXXqCDSJsRTfpoujvPdVO2jFvacW0y30mhr+KODVvrYmUmoHwLxp9DeLdP9qKPCWFtYDGzDR143fF67QreGknk8mLN956Rglvyt4PaTlfusaatvBfF7ubh8NMXYRh+XlGgHc+dHnhesgggwLEd8sYECgYEA1v7jqaeyHcg+wLdUrj5f42SErH+5sPbMozOs/a6G7gZ9YUuofKebtNyUhwJIWD5HXj7IDOI7lPDV/6rSkFYoWvs1QThMCbG2c6N9mh9hqHt0qp+5XcmAOwREP89yFIPvAsT3gftGQU8OvSQt0t1ZEdfb9i450DJkrinc/N3J3vECgYEAv36WBbdcEcbR719MUmQslCD6vC6YzmaCROGjLb1qr4Bb3Fl74cFfQEXbegEFdI3V6L9WZ0gRLJTvUhhEL9ucnDeXM8i66YRsS/SRpXhZGj8ZbzvKyvmM1xjS/V2t8k6T9WwADFXX3vJtbO6AMTvlnrxFWzxwHuICw5r7qoKiC60CgYEAurvkTUTEJa35IzWYrUarzjtOKO0/AX86uj118ViXBUJJwCoQi0SgrvQvZRwMbeiZ4DezVc1hZrnPhSJ/hLHwlyU9WgplsL3T9Jh5zVWYYtfnuxLD07viTmAkTzAEq+DzxXoCZ7kxiiP6bzlvO4jZhe/wst/vgu9iFwtxT4frgGECgYEAlnh4mAtJnGpXQjnm9gLjCI6Vl1MiHWVtTYTjvShO8ZLyG8Zw0qcpGo8J8+djiv98q4PV+Bgn7pklKKQKyHRPrmz8MeO0A5RbqJ+H5rcXhMk6Si54nl/TLJ3EBPUcnv7hwoJX01mM5BIoq+UI9Cb1unKEKTnnfEzqERvyTzyQ6o0CgYEAvBMiQMU3/yu44rHNQbLmX1Vmf8do/T7pKUfBvf2mKfTKP73fSW/zH8ZTctJTSEVrvrHe3+o1pSB5zyXm1XOUcF+46Hz8jQVOSe0m+ExMmu6qQHLrOTjbnnoy8wqj45v08vs60691NAbizmOc7S4h58N1MKHOOFgAfWiRcq2hVsM=
a2b6b3e4-26e3-4699-ac1d-8eac4b4d239f	b1f531e5-3b32-44a4-a431-d8670524b8a0	algorithm	RS256
d386eadb-be4a-4e5c-ab7b-96e7e8200b5a	b1f531e5-3b32-44a4-a431-d8670524b8a0	priority	-100
3a3c3ef2-46de-48e9-aece-53a119136a2f	b1f531e5-3b32-44a4-a431-d8670524b8a0	certificate	MIICmzCCAYMCBgF4W1KLADANBgkqhkiG9w0BAQsFADARMQ8wDQYDVQQDDAZtYXN0ZXIwHhcNMjEwMzIyMTkwMjE5WhcNMzEwMzIyMTkwMzU5WjARMQ8wDQYDVQQDDAZtYXN0ZXIwggEiMA0GCSqGSIb3DQEBAQUAA4IBDwAwggEKAoIBAQCg0ntNx/vPu7G4pdSsEm95NNEKIHEwZZ1w4zhypajQqpFUxAGortBqX1HvKeEIserXBWIziSGLxUjLmIkgrF4rB2bVPj8pvjlPhSHneJXtA4zyOtOtG0MCWYqExXDZYBDpZ7EV27k/vVY/tXhOk60J8gKr1dahmEopRUw5fbfuzQ/6lcomHrZgHsHfXOMBNFUKzd7+JhXQG+k7CmxevDjBHs/eH1gcqDEOteLnYq+Tt8SvP4lOTAPyxz5W/ywLwXBIc16ikfx8tNhjiWxzGWgM3Nm4JRo687dB5SbI4rYvoJGbERJDGQ5oAY4MvuOsT6jFVK+lyy03v6UMaGkEggPdAgMBAAEwDQYJKoZIhvcNAQELBQADggEBAFwfgYvL+yLL6geo9jQPjmuE/7I9jrJ/yC+5t5sxhCUgHF+WvYUb1q6UIdQIjXuf7FTa75TrsLsgVaRzLFdbtftEzMFN0fgoBS1orv7xzvVQA+RTg9Y2fXxAqPsRtnx3br4wcDJi1K68dMRA4DJ0S5gHOvyy7DL0nMvhH04RpRcgb7AY0iqMJOAINGu3joneA3wmHOu4im+wsZv6eUyGhDFlaWH/tQOQYVDMMddBOHCozEp2Pj1qFknDhyzbTuVWDIDDdz5aSy6Z/qdXMx65HRLmOgxJFwn+K61wBntpOxh8qmUJl8K2yc7bbxzH/x7cMPvAIFbZuXjBfptfPEGDZA8=
\.


--
-- Data for Name: composite_role; Type: TABLE DATA; Schema: public; Owner: keycloak
--

COPY public.composite_role (composite, child_role) FROM stdin;
346807ae-684e-4288-bf0c-f228ba3e5b89	ea938396-fa85-4d40-9184-8bc7294414f7
346807ae-684e-4288-bf0c-f228ba3e5b89	810926fa-6284-4556-aa97-fa3d4e9f0fd0
346807ae-684e-4288-bf0c-f228ba3e5b89	d4312766-74cc-4caf-9279-9badfa1b1e93
346807ae-684e-4288-bf0c-f228ba3e5b89	8146baeb-ec7a-44d9-8c89-3921dd65f571
346807ae-684e-4288-bf0c-f228ba3e5b89	8a11db7e-2e05-48f2-80be-95aac6a7b297
346807ae-684e-4288-bf0c-f228ba3e5b89	7642b19e-fba9-4687-a220-ab272dc81bca
346807ae-684e-4288-bf0c-f228ba3e5b89	4e66f1d0-ca5c-4211-b332-71eb5c535e81
346807ae-684e-4288-bf0c-f228ba3e5b89	46182fe5-be87-492c-8623-7dd8087f2994
346807ae-684e-4288-bf0c-f228ba3e5b89	d647fda9-9918-4b9e-9f24-a59c4d9fa3ca
346807ae-684e-4288-bf0c-f228ba3e5b89	522d559b-d2b4-4d1a-9ca1-daf42cec01a8
346807ae-684e-4288-bf0c-f228ba3e5b89	9757b3fa-971e-4bf4-8e49-f17554bf3ae9
346807ae-684e-4288-bf0c-f228ba3e5b89	ed5d0c2c-a61d-4a41-aee5-0eb244ce4e25
346807ae-684e-4288-bf0c-f228ba3e5b89	c413160c-dbc7-4804-9a00-8b6568c3b6c9
346807ae-684e-4288-bf0c-f228ba3e5b89	a54e2a18-4095-40e2-9f04-a881d910352b
346807ae-684e-4288-bf0c-f228ba3e5b89	6635afa8-e393-4331-98be-e88b048c533e
346807ae-684e-4288-bf0c-f228ba3e5b89	ee67aef3-8a24-487c-b840-0842c71c288a
346807ae-684e-4288-bf0c-f228ba3e5b89	ba8f6c61-6b47-4c10-b400-94155851022b
346807ae-684e-4288-bf0c-f228ba3e5b89	e6c65054-c2eb-4e69-b214-aec44776d4e5
8a11db7e-2e05-48f2-80be-95aac6a7b297	ee67aef3-8a24-487c-b840-0842c71c288a
8146baeb-ec7a-44d9-8c89-3921dd65f571	e6c65054-c2eb-4e69-b214-aec44776d4e5
8146baeb-ec7a-44d9-8c89-3921dd65f571	6635afa8-e393-4331-98be-e88b048c533e
4f26e033-70f7-4570-a9bb-9dc99177a077	ea4d9931-afee-454b-be47-4dacd0641ed3
abc0184b-e077-4499-9804-15b1ded9411f	8750d8bf-2a17-474e-b7b2-f0c5cb25379c
346807ae-684e-4288-bf0c-f228ba3e5b89	b77bfaed-e5dd-47de-a0d4-f79c26464af9
346807ae-684e-4288-bf0c-f228ba3e5b89	5c853d84-b73b-431d-812d-57412bde7965
346807ae-684e-4288-bf0c-f228ba3e5b89	02217048-62bd-46ed-b622-6c29cfa17f89
346807ae-684e-4288-bf0c-f228ba3e5b89	4f26e033-70f7-4570-a9bb-9dc99177a077
\.


--
-- Data for Name: credential; Type: TABLE DATA; Schema: public; Owner: keycloak
--

COPY public.credential (id, salt, type, user_id, created_date, user_label, secret_data, credential_data, priority) FROM stdin;
3978c785-daaa-4365-88ad-fea39adfb1fe	\N	password	0423c7be-303d-4c55-abcc-7f1dd3db7600	1616439807628	\N	{"value":"bY0yxENgaAViWMLr5fsbCBSgOgvKY88XLlnyacApaaRBA3j1/5CPo3cfbOTmu1KUxqVPaESNc/uAmCG40/Xzgg==","salt":"DKwrShBg1Wvdy8F1la59bw==","additionalParameters":{}}	{"hashIterations":27500,"algorithm":"pbkdf2-sha256","additionalParameters":{}}	10
c2b925fc-6579-4ae0-8196-f74049833d01	\N	password	b615e4a5-d762-464f-8e17-ac720d49712f	1616479888890	\N	{"value":"Iqs8bLqaAPUayi00SmEXA662MjQ1RmOzotLPDOZeompjjib8HrTFgI8LUvGrpSN3krgmhb1Qim46Epwj8QMW2w==","salt":"oZ/+VF4W9CqP3O+ByJNDiA==","additionalParameters":{}}	{"hashIterations":27500,"algorithm":"pbkdf2-sha256","additionalParameters":{}}	10
40667a2e-f9a8-45c1-8b90-5d124a30fc99	\N	password	8717d678-42eb-4e6a-b2f4-32296aef6bf2	1625468858956	\N	{"value":"fkYAHXHB0EPn6QU0A6fjHewTy+Bumzrtyjf6OCGX4YiBWLHLxD6icyW4+Xj9oqte6AQYNanv+V1kprWriT7vbw==","salt":"0JoljJhexhkDkDXKSCRqww==","additionalParameters":{}}	{"hashIterations":27500,"algorithm":"pbkdf2-sha256","additionalParameters":{}}	10
bb15e92b-fd5a-4e7d-8e56-478084d6af20	\N	password	42b8c48b-34d6-4a33-8c93-5e3782c05a48	1626942134890	\N	{"value":"oSPaB+ovqKdKVOrYIl7KF79u1/L4xOO9MLSsM+XFQCsI2nn/JGyZS9oeXDd0+MeJA5yAWHsOOWmqdakbz32msw==","salt":"H7MbMZUE20gpqNkLHoqR6A==","additionalParameters":{}}	{"hashIterations":27500,"algorithm":"pbkdf2-sha256","additionalParameters":{}}	10
f0b9cc55-37ac-4891-8eff-7ea9e863ce9d	\N	password	ccfff6f6-7764-4111-98f3-6bf68d8e4b26	1626965944600	\N	{"value":"/hkKH6E1SsPR5ieFmFejce8RnvRCeSiAQHbampuSnu+xcIeXyalD4rY1dXufebwBFH7gGkfWgPCXwyzg1tMh5Q==","salt":"q1BTYOgwH7V1QXG6mV8dXQ==","additionalParameters":{}}	{"hashIterations":27500,"algorithm":"pbkdf2-sha256","additionalParameters":{}}	10
caf0efb0-660c-4cbe-9015-b86cda5d99c4	\N	password	92746ce6-d5ce-4127-9e45-30fef19cf7a6	1634557833080	\N	{"value":"UeuD0si3teGf1GLUb/n3R2XM1t9z4Ji5ciy7GGBPIFaIEemne2pey8mC6L6r3pKKyjHqvWZY3zLwaIC809vVGQ==","salt":"zpPij1JXPKnYd+yTjMob9w==","additionalParameters":{}}	{"hashIterations":27500,"algorithm":"pbkdf2-sha256","additionalParameters":{}}	10
1ab6be3f-8c8c-4a7d-a68b-d89cd3fabd13	\N	password	9f90ce28-1b7c-4bd1-be1d-d9cfed9fe75d	1635925521471	\N	{"value":"blxtePrvsfcojUIYok6EXvQ37xBYEBkRW/jvNSPWMNLhOCa4pVBVG/4IdmBJbSvXgEi8dLKznjFSL7bNirvZ1w==","salt":"N+DfSB7pBDaejs+jLKSpOQ==","additionalParameters":{}}	{"hashIterations":27500,"algorithm":"pbkdf2-sha256","additionalParameters":{}}	10
\.


--
-- Data for Name: databasechangelog; Type: TABLE DATA; Schema: public; Owner: keycloak
--

COPY public.databasechangelog (id, author, filename, dateexecuted, orderexecuted, exectype, md5sum, description, comments, tag, liquibase, contexts, labels, deployment_id) FROM stdin;
1.0.0.Final-KEYCLOAK-5461	sthorger@redhat.com	META-INF/jpa-changelog-1.0.0.Final.xml	2021-03-22 19:03:22.079521	1	EXECUTED	7:4e70412f24a3f382c82183742ec79317	createTable tableName=APPLICATION_DEFAULT_ROLES; createTable tableName=CLIENT; createTable tableName=CLIENT_SESSION; createTable tableName=CLIENT_SESSION_ROLE; createTable tableName=COMPOSITE_ROLE; createTable tableName=CREDENTIAL; createTable tab...		\N	3.5.4	\N	\N	6439801859
1.0.0.Final-KEYCLOAK-5461	sthorger@redhat.com	META-INF/db2-jpa-changelog-1.0.0.Final.xml	2021-03-22 19:03:22.093778	2	MARK_RAN	7:cb16724583e9675711801c6875114f28	createTable tableName=APPLICATION_DEFAULT_ROLES; createTable tableName=CLIENT; createTable tableName=CLIENT_SESSION; createTable tableName=CLIENT_SESSION_ROLE; createTable tableName=COMPOSITE_ROLE; createTable tableName=CREDENTIAL; createTable tab...		\N	3.5.4	\N	\N	6439801859
1.1.0.Beta1	sthorger@redhat.com	META-INF/jpa-changelog-1.1.0.Beta1.xml	2021-03-22 19:03:22.137204	3	EXECUTED	7:0310eb8ba07cec616460794d42ade0fa	delete tableName=CLIENT_SESSION_ROLE; delete tableName=CLIENT_SESSION; delete tableName=USER_SESSION; createTable tableName=CLIENT_ATTRIBUTES; createTable tableName=CLIENT_SESSION_NOTE; createTable tableName=APP_NODE_REGISTRATIONS; addColumn table...		\N	3.5.4	\N	\N	6439801859
1.1.0.Final	sthorger@redhat.com	META-INF/jpa-changelog-1.1.0.Final.xml	2021-03-22 19:03:22.139381	4	EXECUTED	7:5d25857e708c3233ef4439df1f93f012	renameColumn newColumnName=EVENT_TIME, oldColumnName=TIME, tableName=EVENT_ENTITY		\N	3.5.4	\N	\N	6439801859
1.2.0.Beta1	psilva@redhat.com	META-INF/jpa-changelog-1.2.0.Beta1.xml	2021-03-22 19:03:22.207867	5	EXECUTED	7:c7a54a1041d58eb3817a4a883b4d4e84	delete tableName=CLIENT_SESSION_ROLE; delete tableName=CLIENT_SESSION_NOTE; delete tableName=CLIENT_SESSION; delete tableName=USER_SESSION; createTable tableName=PROTOCOL_MAPPER; createTable tableName=PROTOCOL_MAPPER_CONFIG; createTable tableName=...		\N	3.5.4	\N	\N	6439801859
1.2.0.Beta1	psilva@redhat.com	META-INF/db2-jpa-changelog-1.2.0.Beta1.xml	2021-03-22 19:03:22.213391	6	MARK_RAN	7:2e01012df20974c1c2a605ef8afe25b7	delete tableName=CLIENT_SESSION_ROLE; delete tableName=CLIENT_SESSION_NOTE; delete tableName=CLIENT_SESSION; delete tableName=USER_SESSION; createTable tableName=PROTOCOL_MAPPER; createTable tableName=PROTOCOL_MAPPER_CONFIG; createTable tableName=...		\N	3.5.4	\N	\N	6439801859
1.2.0.RC1	bburke@redhat.com	META-INF/jpa-changelog-1.2.0.CR1.xml	2021-03-22 19:03:22.29137	7	EXECUTED	7:0f08df48468428e0f30ee59a8ec01a41	delete tableName=CLIENT_SESSION_ROLE; delete tableName=CLIENT_SESSION_NOTE; delete tableName=CLIENT_SESSION; delete tableName=USER_SESSION_NOTE; delete tableName=USER_SESSION; createTable tableName=MIGRATION_MODEL; createTable tableName=IDENTITY_P...		\N	3.5.4	\N	\N	6439801859
1.2.0.RC1	bburke@redhat.com	META-INF/db2-jpa-changelog-1.2.0.CR1.xml	2021-03-22 19:03:22.295433	8	MARK_RAN	7:a77ea2ad226b345e7d689d366f185c8c	delete tableName=CLIENT_SESSION_ROLE; delete tableName=CLIENT_SESSION_NOTE; delete tableName=CLIENT_SESSION; delete tableName=USER_SESSION_NOTE; delete tableName=USER_SESSION; createTable tableName=MIGRATION_MODEL; createTable tableName=IDENTITY_P...		\N	3.5.4	\N	\N	6439801859
1.2.0.Final	keycloak	META-INF/jpa-changelog-1.2.0.Final.xml	2021-03-22 19:03:22.299744	9	EXECUTED	7:a3377a2059aefbf3b90ebb4c4cc8e2ab	update tableName=CLIENT; update tableName=CLIENT; update tableName=CLIENT		\N	3.5.4	\N	\N	6439801859
1.3.0	bburke@redhat.com	META-INF/jpa-changelog-1.3.0.xml	2021-03-22 19:03:22.363418	10	EXECUTED	7:04c1dbedc2aa3e9756d1a1668e003451	delete tableName=CLIENT_SESSION_ROLE; delete tableName=CLIENT_SESSION_PROT_MAPPER; delete tableName=CLIENT_SESSION_NOTE; delete tableName=CLIENT_SESSION; delete tableName=USER_SESSION_NOTE; delete tableName=USER_SESSION; createTable tableName=ADMI...		\N	3.5.4	\N	\N	6439801859
1.4.0	bburke@redhat.com	META-INF/jpa-changelog-1.4.0.xml	2021-03-22 19:03:22.415295	11	EXECUTED	7:36ef39ed560ad07062d956db861042ba	delete tableName=CLIENT_SESSION_AUTH_STATUS; delete tableName=CLIENT_SESSION_ROLE; delete tableName=CLIENT_SESSION_PROT_MAPPER; delete tableName=CLIENT_SESSION_NOTE; delete tableName=CLIENT_SESSION; delete tableName=USER_SESSION_NOTE; delete table...		\N	3.5.4	\N	\N	6439801859
1.4.0	bburke@redhat.com	META-INF/db2-jpa-changelog-1.4.0.xml	2021-03-22 19:03:22.418349	12	MARK_RAN	7:d909180b2530479a716d3f9c9eaea3d7	delete tableName=CLIENT_SESSION_AUTH_STATUS; delete tableName=CLIENT_SESSION_ROLE; delete tableName=CLIENT_SESSION_PROT_MAPPER; delete tableName=CLIENT_SESSION_NOTE; delete tableName=CLIENT_SESSION; delete tableName=USER_SESSION_NOTE; delete table...		\N	3.5.4	\N	\N	6439801859
1.5.0	bburke@redhat.com	META-INF/jpa-changelog-1.5.0.xml	2021-03-22 19:03:22.431257	13	EXECUTED	7:cf12b04b79bea5152f165eb41f3955f6	delete tableName=CLIENT_SESSION_AUTH_STATUS; delete tableName=CLIENT_SESSION_ROLE; delete tableName=CLIENT_SESSION_PROT_MAPPER; delete tableName=CLIENT_SESSION_NOTE; delete tableName=CLIENT_SESSION; delete tableName=USER_SESSION_NOTE; delete table...		\N	3.5.4	\N	\N	6439801859
1.6.1_from15	mposolda@redhat.com	META-INF/jpa-changelog-1.6.1.xml	2021-03-22 19:03:22.445306	14	EXECUTED	7:7e32c8f05c755e8675764e7d5f514509	addColumn tableName=REALM; addColumn tableName=KEYCLOAK_ROLE; addColumn tableName=CLIENT; createTable tableName=OFFLINE_USER_SESSION; createTable tableName=OFFLINE_CLIENT_SESSION; addPrimaryKey constraintName=CONSTRAINT_OFFL_US_SES_PK2, tableName=...		\N	3.5.4	\N	\N	6439801859
1.6.1_from16-pre	mposolda@redhat.com	META-INF/jpa-changelog-1.6.1.xml	2021-03-22 19:03:22.447201	15	MARK_RAN	7:980ba23cc0ec39cab731ce903dd01291	delete tableName=OFFLINE_CLIENT_SESSION; delete tableName=OFFLINE_USER_SESSION		\N	3.5.4	\N	\N	6439801859
1.6.1_from16	mposolda@redhat.com	META-INF/jpa-changelog-1.6.1.xml	2021-03-22 19:03:22.448695	16	MARK_RAN	7:2fa220758991285312eb84f3b4ff5336	dropPrimaryKey constraintName=CONSTRAINT_OFFLINE_US_SES_PK, tableName=OFFLINE_USER_SESSION; dropPrimaryKey constraintName=CONSTRAINT_OFFLINE_CL_SES_PK, tableName=OFFLINE_CLIENT_SESSION; addColumn tableName=OFFLINE_USER_SESSION; update tableName=OF...		\N	3.5.4	\N	\N	6439801859
1.6.1	mposolda@redhat.com	META-INF/jpa-changelog-1.6.1.xml	2021-03-22 19:03:22.450031	17	EXECUTED	7:d41d8cd98f00b204e9800998ecf8427e	empty		\N	3.5.4	\N	\N	6439801859
1.7.0	bburke@redhat.com	META-INF/jpa-changelog-1.7.0.xml	2021-03-22 19:03:22.481618	18	EXECUTED	7:91ace540896df890cc00a0490ee52bbc	createTable tableName=KEYCLOAK_GROUP; createTable tableName=GROUP_ROLE_MAPPING; createTable tableName=GROUP_ATTRIBUTE; createTable tableName=USER_GROUP_MEMBERSHIP; createTable tableName=REALM_DEFAULT_GROUPS; addColumn tableName=IDENTITY_PROVIDER; ...		\N	3.5.4	\N	\N	6439801859
1.8.0	mposolda@redhat.com	META-INF/jpa-changelog-1.8.0.xml	2021-03-22 19:03:22.514075	19	EXECUTED	7:c31d1646dfa2618a9335c00e07f89f24	addColumn tableName=IDENTITY_PROVIDER; createTable tableName=CLIENT_TEMPLATE; createTable tableName=CLIENT_TEMPLATE_ATTRIBUTES; createTable tableName=TEMPLATE_SCOPE_MAPPING; dropNotNullConstraint columnName=CLIENT_ID, tableName=PROTOCOL_MAPPER; ad...		\N	3.5.4	\N	\N	6439801859
1.8.0-2	keycloak	META-INF/jpa-changelog-1.8.0.xml	2021-03-22 19:03:22.517146	20	EXECUTED	7:df8bc21027a4f7cbbb01f6344e89ce07	dropDefaultValue columnName=ALGORITHM, tableName=CREDENTIAL; update tableName=CREDENTIAL		\N	3.5.4	\N	\N	6439801859
authz-3.4.0.CR1-resource-server-pk-change-part1	glavoie@gmail.com	META-INF/jpa-changelog-authz-3.4.0.CR1.xml	2021-03-22 19:03:22.790405	45	EXECUTED	7:6a48ce645a3525488a90fbf76adf3bb3	addColumn tableName=RESOURCE_SERVER_POLICY; addColumn tableName=RESOURCE_SERVER_RESOURCE; addColumn tableName=RESOURCE_SERVER_SCOPE		\N	3.5.4	\N	\N	6439801859
1.8.0	mposolda@redhat.com	META-INF/db2-jpa-changelog-1.8.0.xml	2021-03-22 19:03:22.518862	21	MARK_RAN	7:f987971fe6b37d963bc95fee2b27f8df	addColumn tableName=IDENTITY_PROVIDER; createTable tableName=CLIENT_TEMPLATE; createTable tableName=CLIENT_TEMPLATE_ATTRIBUTES; createTable tableName=TEMPLATE_SCOPE_MAPPING; dropNotNullConstraint columnName=CLIENT_ID, tableName=PROTOCOL_MAPPER; ad...		\N	3.5.4	\N	\N	6439801859
1.8.0-2	keycloak	META-INF/db2-jpa-changelog-1.8.0.xml	2021-03-22 19:03:22.520487	22	MARK_RAN	7:df8bc21027a4f7cbbb01f6344e89ce07	dropDefaultValue columnName=ALGORITHM, tableName=CREDENTIAL; update tableName=CREDENTIAL		\N	3.5.4	\N	\N	6439801859
1.9.0	mposolda@redhat.com	META-INF/jpa-changelog-1.9.0.xml	2021-03-22 19:03:22.537563	23	EXECUTED	7:ed2dc7f799d19ac452cbcda56c929e47	update tableName=REALM; update tableName=REALM; update tableName=REALM; update tableName=REALM; update tableName=CREDENTIAL; update tableName=CREDENTIAL; update tableName=CREDENTIAL; update tableName=REALM; update tableName=REALM; customChange; dr...		\N	3.5.4	\N	\N	6439801859
1.9.1	keycloak	META-INF/jpa-changelog-1.9.1.xml	2021-03-22 19:03:22.541177	24	EXECUTED	7:80b5db88a5dda36ece5f235be8757615	modifyDataType columnName=PRIVATE_KEY, tableName=REALM; modifyDataType columnName=PUBLIC_KEY, tableName=REALM; modifyDataType columnName=CERTIFICATE, tableName=REALM		\N	3.5.4	\N	\N	6439801859
1.9.1	keycloak	META-INF/db2-jpa-changelog-1.9.1.xml	2021-03-22 19:03:22.542752	25	MARK_RAN	7:1437310ed1305a9b93f8848f301726ce	modifyDataType columnName=PRIVATE_KEY, tableName=REALM; modifyDataType columnName=CERTIFICATE, tableName=REALM		\N	3.5.4	\N	\N	6439801859
1.9.2	keycloak	META-INF/jpa-changelog-1.9.2.xml	2021-03-22 19:03:22.559835	26	EXECUTED	7:b82ffb34850fa0836be16deefc6a87c4	createIndex indexName=IDX_USER_EMAIL, tableName=USER_ENTITY; createIndex indexName=IDX_USER_ROLE_MAPPING, tableName=USER_ROLE_MAPPING; createIndex indexName=IDX_USER_GROUP_MAPPING, tableName=USER_GROUP_MEMBERSHIP; createIndex indexName=IDX_USER_CO...		\N	3.5.4	\N	\N	6439801859
authz-2.0.0	psilva@redhat.com	META-INF/jpa-changelog-authz-2.0.0.xml	2021-03-22 19:03:22.603896	27	EXECUTED	7:9cc98082921330d8d9266decdd4bd658	createTable tableName=RESOURCE_SERVER; addPrimaryKey constraintName=CONSTRAINT_FARS, tableName=RESOURCE_SERVER; addUniqueConstraint constraintName=UK_AU8TT6T700S9V50BU18WS5HA6, tableName=RESOURCE_SERVER; createTable tableName=RESOURCE_SERVER_RESOU...		\N	3.5.4	\N	\N	6439801859
authz-2.5.1	psilva@redhat.com	META-INF/jpa-changelog-authz-2.5.1.xml	2021-03-22 19:03:22.607924	28	EXECUTED	7:03d64aeed9cb52b969bd30a7ac0db57e	update tableName=RESOURCE_SERVER_POLICY		\N	3.5.4	\N	\N	6439801859
2.1.0-KEYCLOAK-5461	bburke@redhat.com	META-INF/jpa-changelog-2.1.0.xml	2021-03-22 19:03:22.646234	29	EXECUTED	7:f1f9fd8710399d725b780f463c6b21cd	createTable tableName=BROKER_LINK; createTable tableName=FED_USER_ATTRIBUTE; createTable tableName=FED_USER_CONSENT; createTable tableName=FED_USER_CONSENT_ROLE; createTable tableName=FED_USER_CONSENT_PROT_MAPPER; createTable tableName=FED_USER_CR...		\N	3.5.4	\N	\N	6439801859
2.2.0	bburke@redhat.com	META-INF/jpa-changelog-2.2.0.xml	2021-03-22 19:03:22.65415	30	EXECUTED	7:53188c3eb1107546e6f765835705b6c1	addColumn tableName=ADMIN_EVENT_ENTITY; createTable tableName=CREDENTIAL_ATTRIBUTE; createTable tableName=FED_CREDENTIAL_ATTRIBUTE; modifyDataType columnName=VALUE, tableName=CREDENTIAL; addForeignKeyConstraint baseTableName=FED_CREDENTIAL_ATTRIBU...		\N	3.5.4	\N	\N	6439801859
2.3.0	bburke@redhat.com	META-INF/jpa-changelog-2.3.0.xml	2021-03-22 19:03:22.66421	31	EXECUTED	7:d6e6f3bc57a0c5586737d1351725d4d4	createTable tableName=FEDERATED_USER; addPrimaryKey constraintName=CONSTR_FEDERATED_USER, tableName=FEDERATED_USER; dropDefaultValue columnName=TOTP, tableName=USER_ENTITY; dropColumn columnName=TOTP, tableName=USER_ENTITY; addColumn tableName=IDE...		\N	3.5.4	\N	\N	6439801859
2.4.0	bburke@redhat.com	META-INF/jpa-changelog-2.4.0.xml	2021-03-22 19:03:22.667093	32	EXECUTED	7:454d604fbd755d9df3fd9c6329043aa5	customChange		\N	3.5.4	\N	\N	6439801859
2.5.0	bburke@redhat.com	META-INF/jpa-changelog-2.5.0.xml	2021-03-22 19:03:22.670714	33	EXECUTED	7:57e98a3077e29caf562f7dbf80c72600	customChange; modifyDataType columnName=USER_ID, tableName=OFFLINE_USER_SESSION		\N	3.5.4	\N	\N	6439801859
2.5.0-unicode-oracle	hmlnarik@redhat.com	META-INF/jpa-changelog-2.5.0.xml	2021-03-22 19:03:22.672843	34	MARK_RAN	7:e4c7e8f2256210aee71ddc42f538b57a	modifyDataType columnName=DESCRIPTION, tableName=AUTHENTICATION_FLOW; modifyDataType columnName=DESCRIPTION, tableName=CLIENT_TEMPLATE; modifyDataType columnName=DESCRIPTION, tableName=RESOURCE_SERVER_POLICY; modifyDataType columnName=DESCRIPTION,...		\N	3.5.4	\N	\N	6439801859
2.5.0-unicode-other-dbs	hmlnarik@redhat.com	META-INF/jpa-changelog-2.5.0.xml	2021-03-22 19:03:22.692887	35	EXECUTED	7:09a43c97e49bc626460480aa1379b522	modifyDataType columnName=DESCRIPTION, tableName=AUTHENTICATION_FLOW; modifyDataType columnName=DESCRIPTION, tableName=CLIENT_TEMPLATE; modifyDataType columnName=DESCRIPTION, tableName=RESOURCE_SERVER_POLICY; modifyDataType columnName=DESCRIPTION,...		\N	3.5.4	\N	\N	6439801859
2.5.0-duplicate-email-support	slawomir@dabek.name	META-INF/jpa-changelog-2.5.0.xml	2021-03-22 19:03:22.695752	36	EXECUTED	7:26bfc7c74fefa9126f2ce702fb775553	addColumn tableName=REALM		\N	3.5.4	\N	\N	6439801859
2.5.0-unique-group-names	hmlnarik@redhat.com	META-INF/jpa-changelog-2.5.0.xml	2021-03-22 19:03:22.698839	37	EXECUTED	7:a161e2ae671a9020fff61e996a207377	addUniqueConstraint constraintName=SIBLING_NAMES, tableName=KEYCLOAK_GROUP		\N	3.5.4	\N	\N	6439801859
2.5.1	bburke@redhat.com	META-INF/jpa-changelog-2.5.1.xml	2021-03-22 19:03:22.702046	38	EXECUTED	7:37fc1781855ac5388c494f1442b3f717	addColumn tableName=FED_USER_CONSENT		\N	3.5.4	\N	\N	6439801859
3.0.0	bburke@redhat.com	META-INF/jpa-changelog-3.0.0.xml	2021-03-22 19:03:22.704056	39	EXECUTED	7:13a27db0dae6049541136adad7261d27	addColumn tableName=IDENTITY_PROVIDER		\N	3.5.4	\N	\N	6439801859
3.2.0-fix	keycloak	META-INF/jpa-changelog-3.2.0.xml	2021-03-22 19:03:22.705309	40	MARK_RAN	7:550300617e3b59e8af3a6294df8248a3	addNotNullConstraint columnName=REALM_ID, tableName=CLIENT_INITIAL_ACCESS		\N	3.5.4	\N	\N	6439801859
3.2.0-fix-with-keycloak-5416	keycloak	META-INF/jpa-changelog-3.2.0.xml	2021-03-22 19:03:22.706305	41	MARK_RAN	7:e3a9482b8931481dc2772a5c07c44f17	dropIndex indexName=IDX_CLIENT_INIT_ACC_REALM, tableName=CLIENT_INITIAL_ACCESS; addNotNullConstraint columnName=REALM_ID, tableName=CLIENT_INITIAL_ACCESS; createIndex indexName=IDX_CLIENT_INIT_ACC_REALM, tableName=CLIENT_INITIAL_ACCESS		\N	3.5.4	\N	\N	6439801859
3.2.0-fix-offline-sessions	hmlnarik	META-INF/jpa-changelog-3.2.0.xml	2021-03-22 19:03:22.712136	42	EXECUTED	7:72b07d85a2677cb257edb02b408f332d	customChange		\N	3.5.4	\N	\N	6439801859
3.2.0-fixed	keycloak	META-INF/jpa-changelog-3.2.0.xml	2021-03-22 19:03:22.785501	43	EXECUTED	7:a72a7858967bd414835d19e04d880312	addColumn tableName=REALM; dropPrimaryKey constraintName=CONSTRAINT_OFFL_CL_SES_PK2, tableName=OFFLINE_CLIENT_SESSION; dropColumn columnName=CLIENT_SESSION_ID, tableName=OFFLINE_CLIENT_SESSION; addPrimaryKey constraintName=CONSTRAINT_OFFL_CL_SES_P...		\N	3.5.4	\N	\N	6439801859
3.3.0	keycloak	META-INF/jpa-changelog-3.3.0.xml	2021-03-22 19:03:22.788574	44	EXECUTED	7:94edff7cf9ce179e7e85f0cd78a3cf2c	addColumn tableName=USER_ENTITY		\N	3.5.4	\N	\N	6439801859
authz-3.4.0.CR1-resource-server-pk-change-part2-KEYCLOAK-6095	hmlnarik@redhat.com	META-INF/jpa-changelog-authz-3.4.0.CR1.xml	2021-03-22 19:03:22.794134	46	EXECUTED	7:e64b5dcea7db06077c6e57d3b9e5ca14	customChange		\N	3.5.4	\N	\N	6439801859
authz-3.4.0.CR1-resource-server-pk-change-part3-fixed	glavoie@gmail.com	META-INF/jpa-changelog-authz-3.4.0.CR1.xml	2021-03-22 19:03:22.795167	47	MARK_RAN	7:fd8cf02498f8b1e72496a20afc75178c	dropIndex indexName=IDX_RES_SERV_POL_RES_SERV, tableName=RESOURCE_SERVER_POLICY; dropIndex indexName=IDX_RES_SRV_RES_RES_SRV, tableName=RESOURCE_SERVER_RESOURCE; dropIndex indexName=IDX_RES_SRV_SCOPE_RES_SRV, tableName=RESOURCE_SERVER_SCOPE		\N	3.5.4	\N	\N	6439801859
authz-3.4.0.CR1-resource-server-pk-change-part3-fixed-nodropindex	glavoie@gmail.com	META-INF/jpa-changelog-authz-3.4.0.CR1.xml	2021-03-22 19:03:22.813919	48	EXECUTED	7:542794f25aa2b1fbabb7e577d6646319	addNotNullConstraint columnName=RESOURCE_SERVER_CLIENT_ID, tableName=RESOURCE_SERVER_POLICY; addNotNullConstraint columnName=RESOURCE_SERVER_CLIENT_ID, tableName=RESOURCE_SERVER_RESOURCE; addNotNullConstraint columnName=RESOURCE_SERVER_CLIENT_ID, ...		\N	3.5.4	\N	\N	6439801859
authn-3.4.0.CR1-refresh-token-max-reuse	glavoie@gmail.com	META-INF/jpa-changelog-authz-3.4.0.CR1.xml	2021-03-22 19:03:22.820224	49	EXECUTED	7:edad604c882df12f74941dac3cc6d650	addColumn tableName=REALM		\N	3.5.4	\N	\N	6439801859
3.4.0	keycloak	META-INF/jpa-changelog-3.4.0.xml	2021-03-22 19:03:22.850784	50	EXECUTED	7:0f88b78b7b46480eb92690cbf5e44900	addPrimaryKey constraintName=CONSTRAINT_REALM_DEFAULT_ROLES, tableName=REALM_DEFAULT_ROLES; addPrimaryKey constraintName=CONSTRAINT_COMPOSITE_ROLE, tableName=COMPOSITE_ROLE; addPrimaryKey constraintName=CONSTR_REALM_DEFAULT_GROUPS, tableName=REALM...		\N	3.5.4	\N	\N	6439801859
3.4.0-KEYCLOAK-5230	hmlnarik@redhat.com	META-INF/jpa-changelog-3.4.0.xml	2021-03-22 19:03:22.865922	51	EXECUTED	7:d560e43982611d936457c327f872dd59	createIndex indexName=IDX_FU_ATTRIBUTE, tableName=FED_USER_ATTRIBUTE; createIndex indexName=IDX_FU_CONSENT, tableName=FED_USER_CONSENT; createIndex indexName=IDX_FU_CONSENT_RU, tableName=FED_USER_CONSENT; createIndex indexName=IDX_FU_CREDENTIAL, t...		\N	3.5.4	\N	\N	6439801859
3.4.1	psilva@redhat.com	META-INF/jpa-changelog-3.4.1.xml	2021-03-22 19:03:22.868646	52	EXECUTED	7:c155566c42b4d14ef07059ec3b3bbd8e	modifyDataType columnName=VALUE, tableName=CLIENT_ATTRIBUTES		\N	3.5.4	\N	\N	6439801859
3.4.2	keycloak	META-INF/jpa-changelog-3.4.2.xml	2021-03-22 19:03:22.874251	53	EXECUTED	7:b40376581f12d70f3c89ba8ddf5b7dea	update tableName=REALM		\N	3.5.4	\N	\N	6439801859
3.4.2-KEYCLOAK-5172	mkanis@redhat.com	META-INF/jpa-changelog-3.4.2.xml	2021-03-22 19:03:22.875631	54	EXECUTED	7:a1132cc395f7b95b3646146c2e38f168	update tableName=CLIENT		\N	3.5.4	\N	\N	6439801859
4.0.0-KEYCLOAK-6335	bburke@redhat.com	META-INF/jpa-changelog-4.0.0.xml	2021-03-22 19:03:22.878602	55	EXECUTED	7:d8dc5d89c789105cfa7ca0e82cba60af	createTable tableName=CLIENT_AUTH_FLOW_BINDINGS; addPrimaryKey constraintName=C_CLI_FLOW_BIND, tableName=CLIENT_AUTH_FLOW_BINDINGS		\N	3.5.4	\N	\N	6439801859
4.0.0-CLEANUP-UNUSED-TABLE	bburke@redhat.com	META-INF/jpa-changelog-4.0.0.xml	2021-03-22 19:03:22.881448	56	EXECUTED	7:7822e0165097182e8f653c35517656a3	dropTable tableName=CLIENT_IDENTITY_PROV_MAPPING		\N	3.5.4	\N	\N	6439801859
4.0.0-KEYCLOAK-6228	bburke@redhat.com	META-INF/jpa-changelog-4.0.0.xml	2021-03-22 19:03:22.895171	57	EXECUTED	7:c6538c29b9c9a08f9e9ea2de5c2b6375	dropUniqueConstraint constraintName=UK_JKUWUVD56ONTGSUHOGM8UEWRT, tableName=USER_CONSENT; dropNotNullConstraint columnName=CLIENT_ID, tableName=USER_CONSENT; addColumn tableName=USER_CONSENT; addUniqueConstraint constraintName=UK_JKUWUVD56ONTGSUHO...		\N	3.5.4	\N	\N	6439801859
4.0.0-KEYCLOAK-5579-fixed	mposolda@redhat.com	META-INF/jpa-changelog-4.0.0.xml	2021-03-22 19:03:22.952691	58	EXECUTED	7:6d4893e36de22369cf73bcb051ded875	dropForeignKeyConstraint baseTableName=CLIENT_TEMPLATE_ATTRIBUTES, constraintName=FK_CL_TEMPL_ATTR_TEMPL; renameTable newTableName=CLIENT_SCOPE_ATTRIBUTES, oldTableName=CLIENT_TEMPLATE_ATTRIBUTES; renameColumn newColumnName=SCOPE_ID, oldColumnName...		\N	3.5.4	\N	\N	6439801859
authz-4.0.0.CR1	psilva@redhat.com	META-INF/jpa-changelog-authz-4.0.0.CR1.xml	2021-03-22 19:03:22.969656	59	EXECUTED	7:57960fc0b0f0dd0563ea6f8b2e4a1707	createTable tableName=RESOURCE_SERVER_PERM_TICKET; addPrimaryKey constraintName=CONSTRAINT_FAPMT, tableName=RESOURCE_SERVER_PERM_TICKET; addForeignKeyConstraint baseTableName=RESOURCE_SERVER_PERM_TICKET, constraintName=FK_FRSRHO213XCX4WNKOG82SSPMT...		\N	3.5.4	\N	\N	6439801859
authz-4.0.0.Beta3	psilva@redhat.com	META-INF/jpa-changelog-authz-4.0.0.Beta3.xml	2021-03-22 19:03:22.97334	60	EXECUTED	7:2b4b8bff39944c7097977cc18dbceb3b	addColumn tableName=RESOURCE_SERVER_POLICY; addColumn tableName=RESOURCE_SERVER_PERM_TICKET; addForeignKeyConstraint baseTableName=RESOURCE_SERVER_PERM_TICKET, constraintName=FK_FRSRPO2128CX4WNKOG82SSRFY, referencedTableName=RESOURCE_SERVER_POLICY		\N	3.5.4	\N	\N	6439801859
authz-4.2.0.Final	mhajas@redhat.com	META-INF/jpa-changelog-authz-4.2.0.Final.xml	2021-03-22 19:03:22.978271	61	EXECUTED	7:2aa42a964c59cd5b8ca9822340ba33a8	createTable tableName=RESOURCE_URIS; addForeignKeyConstraint baseTableName=RESOURCE_URIS, constraintName=FK_RESOURCE_SERVER_URIS, referencedTableName=RESOURCE_SERVER_RESOURCE; customChange; dropColumn columnName=URI, tableName=RESOURCE_SERVER_RESO...		\N	3.5.4	\N	\N	6439801859
authz-4.2.0.Final-KEYCLOAK-9944	hmlnarik@redhat.com	META-INF/jpa-changelog-authz-4.2.0.Final.xml	2021-03-22 19:03:22.988745	62	EXECUTED	7:9ac9e58545479929ba23f4a3087a0346	addPrimaryKey constraintName=CONSTRAINT_RESOUR_URIS_PK, tableName=RESOURCE_URIS		\N	3.5.4	\N	\N	6439801859
4.2.0-KEYCLOAK-6313	wadahiro@gmail.com	META-INF/jpa-changelog-4.2.0.xml	2021-03-22 19:03:22.990714	63	EXECUTED	7:14d407c35bc4fe1976867756bcea0c36	addColumn tableName=REQUIRED_ACTION_PROVIDER		\N	3.5.4	\N	\N	6439801859
4.3.0-KEYCLOAK-7984	wadahiro@gmail.com	META-INF/jpa-changelog-4.3.0.xml	2021-03-22 19:03:22.992359	64	EXECUTED	7:241a8030c748c8548e346adee548fa93	update tableName=REQUIRED_ACTION_PROVIDER		\N	3.5.4	\N	\N	6439801859
4.6.0-KEYCLOAK-7950	psilva@redhat.com	META-INF/jpa-changelog-4.6.0.xml	2021-03-22 19:03:22.993868	65	EXECUTED	7:7d3182f65a34fcc61e8d23def037dc3f	update tableName=RESOURCE_SERVER_RESOURCE		\N	3.5.4	\N	\N	6439801859
4.6.0-KEYCLOAK-8377	keycloak	META-INF/jpa-changelog-4.6.0.xml	2021-03-22 19:03:23.001467	66	EXECUTED	7:b30039e00a0b9715d430d1b0636728fa	createTable tableName=ROLE_ATTRIBUTE; addPrimaryKey constraintName=CONSTRAINT_ROLE_ATTRIBUTE_PK, tableName=ROLE_ATTRIBUTE; addForeignKeyConstraint baseTableName=ROLE_ATTRIBUTE, constraintName=FK_ROLE_ATTRIBUTE_ID, referencedTableName=KEYCLOAK_ROLE...		\N	3.5.4	\N	\N	6439801859
4.6.0-KEYCLOAK-8555	gideonray@gmail.com	META-INF/jpa-changelog-4.6.0.xml	2021-03-22 19:03:23.004464	67	EXECUTED	7:3797315ca61d531780f8e6f82f258159	createIndex indexName=IDX_COMPONENT_PROVIDER_TYPE, tableName=COMPONENT		\N	3.5.4	\N	\N	6439801859
4.7.0-KEYCLOAK-1267	sguilhen@redhat.com	META-INF/jpa-changelog-4.7.0.xml	2021-03-22 19:03:23.007068	68	EXECUTED	7:c7aa4c8d9573500c2d347c1941ff0301	addColumn tableName=REALM		\N	3.5.4	\N	\N	6439801859
4.7.0-KEYCLOAK-7275	keycloak	META-INF/jpa-changelog-4.7.0.xml	2021-03-22 19:03:23.014205	69	EXECUTED	7:b207faee394fc074a442ecd42185a5dd	renameColumn newColumnName=CREATED_ON, oldColumnName=LAST_SESSION_REFRESH, tableName=OFFLINE_USER_SESSION; addNotNullConstraint columnName=CREATED_ON, tableName=OFFLINE_USER_SESSION; addColumn tableName=OFFLINE_USER_SESSION; customChange; createIn...		\N	3.5.4	\N	\N	6439801859
4.8.0-KEYCLOAK-8835	sguilhen@redhat.com	META-INF/jpa-changelog-4.8.0.xml	2021-03-22 19:03:23.017959	70	EXECUTED	7:ab9a9762faaba4ddfa35514b212c4922	addNotNullConstraint columnName=SSO_MAX_LIFESPAN_REMEMBER_ME, tableName=REALM; addNotNullConstraint columnName=SSO_IDLE_TIMEOUT_REMEMBER_ME, tableName=REALM		\N	3.5.4	\N	\N	6439801859
authz-7.0.0-KEYCLOAK-10443	psilva@redhat.com	META-INF/jpa-changelog-authz-7.0.0.xml	2021-03-22 19:03:23.021345	71	EXECUTED	7:b9710f74515a6ccb51b72dc0d19df8c4	addColumn tableName=RESOURCE_SERVER		\N	3.5.4	\N	\N	6439801859
8.0.0-adding-credential-columns	keycloak	META-INF/jpa-changelog-8.0.0.xml	2021-03-22 19:03:23.026188	72	EXECUTED	7:ec9707ae4d4f0b7452fee20128083879	addColumn tableName=CREDENTIAL; addColumn tableName=FED_USER_CREDENTIAL		\N	3.5.4	\N	\N	6439801859
8.0.0-updating-credential-data-not-oracle	keycloak	META-INF/jpa-changelog-8.0.0.xml	2021-03-22 19:03:23.029441	73	EXECUTED	7:03b3f4b264c3c68ba082250a80b74216	update tableName=CREDENTIAL; update tableName=CREDENTIAL; update tableName=CREDENTIAL; update tableName=FED_USER_CREDENTIAL; update tableName=FED_USER_CREDENTIAL; update tableName=FED_USER_CREDENTIAL		\N	3.5.4	\N	\N	6439801859
8.0.0-updating-credential-data-oracle	keycloak	META-INF/jpa-changelog-8.0.0.xml	2021-03-22 19:03:23.030454	74	MARK_RAN	7:64c5728f5ca1f5aa4392217701c4fe23	update tableName=CREDENTIAL; update tableName=CREDENTIAL; update tableName=CREDENTIAL; update tableName=FED_USER_CREDENTIAL; update tableName=FED_USER_CREDENTIAL; update tableName=FED_USER_CREDENTIAL		\N	3.5.4	\N	\N	6439801859
8.0.0-credential-cleanup-fixed	keycloak	META-INF/jpa-changelog-8.0.0.xml	2021-03-22 19:03:23.041295	75	EXECUTED	7:b48da8c11a3d83ddd6b7d0c8c2219345	dropDefaultValue columnName=COUNTER, tableName=CREDENTIAL; dropDefaultValue columnName=DIGITS, tableName=CREDENTIAL; dropDefaultValue columnName=PERIOD, tableName=CREDENTIAL; dropDefaultValue columnName=ALGORITHM, tableName=CREDENTIAL; dropColumn ...		\N	3.5.4	\N	\N	6439801859
8.0.0-resource-tag-support	keycloak	META-INF/jpa-changelog-8.0.0.xml	2021-03-22 19:03:23.044949	76	EXECUTED	7:a73379915c23bfad3e8f5c6d5c0aa4bd	addColumn tableName=MIGRATION_MODEL; createIndex indexName=IDX_UPDATE_TIME, tableName=MIGRATION_MODEL		\N	3.5.4	\N	\N	6439801859
9.0.0-always-display-client	keycloak	META-INF/jpa-changelog-9.0.0.xml	2021-03-22 19:03:23.046778	77	EXECUTED	7:39e0073779aba192646291aa2332493d	addColumn tableName=CLIENT		\N	3.5.4	\N	\N	6439801859
9.0.0-drop-constraints-for-column-increase	keycloak	META-INF/jpa-changelog-9.0.0.xml	2021-03-22 19:03:23.047871	78	MARK_RAN	7:81f87368f00450799b4bf42ea0b3ec34	dropUniqueConstraint constraintName=UK_FRSR6T700S9V50BU18WS5PMT, tableName=RESOURCE_SERVER_PERM_TICKET; dropUniqueConstraint constraintName=UK_FRSR6T700S9V50BU18WS5HA6, tableName=RESOURCE_SERVER_RESOURCE; dropPrimaryKey constraintName=CONSTRAINT_O...		\N	3.5.4	\N	\N	6439801859
9.0.0-increase-column-size-federated-fk	keycloak	META-INF/jpa-changelog-9.0.0.xml	2021-03-22 19:03:23.059343	79	EXECUTED	7:20b37422abb9fb6571c618148f013a15	modifyDataType columnName=CLIENT_ID, tableName=FED_USER_CONSENT; modifyDataType columnName=CLIENT_REALM_CONSTRAINT, tableName=KEYCLOAK_ROLE; modifyDataType columnName=OWNER, tableName=RESOURCE_SERVER_POLICY; modifyDataType columnName=CLIENT_ID, ta...		\N	3.5.4	\N	\N	6439801859
9.0.0-recreate-constraints-after-column-increase	keycloak	META-INF/jpa-changelog-9.0.0.xml	2021-03-22 19:03:23.061028	80	MARK_RAN	7:1970bb6cfb5ee800736b95ad3fb3c78a	addNotNullConstraint columnName=CLIENT_ID, tableName=OFFLINE_CLIENT_SESSION; addNotNullConstraint columnName=OWNER, tableName=RESOURCE_SERVER_PERM_TICKET; addNotNullConstraint columnName=REQUESTER, tableName=RESOURCE_SERVER_PERM_TICKET; addNotNull...		\N	3.5.4	\N	\N	6439801859
9.0.1-add-index-to-client.client_id	keycloak	META-INF/jpa-changelog-9.0.1.xml	2021-03-22 19:03:23.064171	81	EXECUTED	7:45d9b25fc3b455d522d8dcc10a0f4c80	createIndex indexName=IDX_CLIENT_ID, tableName=CLIENT		\N	3.5.4	\N	\N	6439801859
9.0.1-KEYCLOAK-12579-drop-constraints	keycloak	META-INF/jpa-changelog-9.0.1.xml	2021-03-22 19:03:23.065495	82	MARK_RAN	7:890ae73712bc187a66c2813a724d037f	dropUniqueConstraint constraintName=SIBLING_NAMES, tableName=KEYCLOAK_GROUP		\N	3.5.4	\N	\N	6439801859
9.0.1-KEYCLOAK-12579-add-not-null-constraint	keycloak	META-INF/jpa-changelog-9.0.1.xml	2021-03-22 19:03:23.0683	83	EXECUTED	7:0a211980d27fafe3ff50d19a3a29b538	addNotNullConstraint columnName=PARENT_GROUP, tableName=KEYCLOAK_GROUP		\N	3.5.4	\N	\N	6439801859
9.0.1-KEYCLOAK-12579-recreate-constraints	keycloak	META-INF/jpa-changelog-9.0.1.xml	2021-03-22 19:03:23.069458	84	MARK_RAN	7:a161e2ae671a9020fff61e996a207377	addUniqueConstraint constraintName=SIBLING_NAMES, tableName=KEYCLOAK_GROUP		\N	3.5.4	\N	\N	6439801859
9.0.1-add-index-to-events	keycloak	META-INF/jpa-changelog-9.0.1.xml	2021-03-22 19:03:23.071949	85	EXECUTED	7:01c49302201bdf815b0a18d1f98a55dc	createIndex indexName=IDX_EVENT_TIME, tableName=EVENT_ENTITY		\N	3.5.4	\N	\N	6439801859
map-remove-ri	keycloak	META-INF/jpa-changelog-11.0.0.xml	2021-03-22 19:03:23.074897	86	EXECUTED	7:3dace6b144c11f53f1ad2c0361279b86	dropForeignKeyConstraint baseTableName=REALM, constraintName=FK_TRAF444KK6QRKMS7N56AIWQ5Y; dropForeignKeyConstraint baseTableName=KEYCLOAK_ROLE, constraintName=FK_KJHO5LE2C0RAL09FL8CM9WFW9		\N	3.5.4	\N	\N	6439801859
map-remove-ri	keycloak	META-INF/jpa-changelog-12.0.0.xml	2021-03-22 19:03:23.07862	87	EXECUTED	7:578d0b92077eaf2ab95ad0ec087aa903	dropForeignKeyConstraint baseTableName=REALM_DEFAULT_GROUPS, constraintName=FK_DEF_GROUPS_GROUP; dropForeignKeyConstraint baseTableName=REALM_DEFAULT_ROLES, constraintName=FK_H4WPD7W4HSOOLNI3H0SW7BTJE; dropForeignKeyConstraint baseTableName=CLIENT...		\N	3.5.4	\N	\N	6439801859
12.1.0-add-realm-localization-table	keycloak	META-INF/jpa-changelog-12.0.0.xml	2021-03-22 19:03:23.082491	88	EXECUTED	7:c95abe90d962c57a09ecaee57972835d	createTable tableName=REALM_LOCALIZATIONS; addPrimaryKey tableName=REALM_LOCALIZATIONS		\N	3.5.4	\N	\N	6439801859
\.


--
-- Data for Name: databasechangeloglock; Type: TABLE DATA; Schema: public; Owner: keycloak
--

COPY public.databasechangeloglock (id, locked, lockgranted, lockedby) FROM stdin;
1	f	\N	\N
1000	f	\N	\N
1001	f	\N	\N
\.


--
-- Data for Name: default_client_scope; Type: TABLE DATA; Schema: public; Owner: keycloak
--

COPY public.default_client_scope (realm_id, scope_id, default_scope) FROM stdin;
master	6e9d2f68-7923-4f81-b42b-a3a7b76da030	f
master	68e7d07e-dea4-40c1-abe8-a21662e39bd3	t
master	e9f0cd4c-732f-491f-976f-b54c942aec34	t
master	a2422a25-8c95-4c92-9f82-c5f188e1675f	t
master	e6cc7977-21ce-4ff2-9cf8-df0dcef128da	f
master	0a049876-89a7-4cf2-8732-e6f7a7aee90d	f
master	a13256d9-749b-4c21-93d2-238d5ab8b2b1	t
master	ec5ec5ef-3ef1-48ff-8d11-81c1b9053b12	t
master	3eb9f439-4826-4ea4-b57c-1705db920981	f
\.


--
-- Data for Name: event_entity; Type: TABLE DATA; Schema: public; Owner: keycloak
--

COPY public.event_entity (id, client_id, details_json, error, ip_address, realm_id, session_id, event_time, type, user_id) FROM stdin;
\.


--
-- Data for Name: fed_user_attribute; Type: TABLE DATA; Schema: public; Owner: keycloak
--

COPY public.fed_user_attribute (id, name, user_id, realm_id, storage_provider_id, value) FROM stdin;
\.


--
-- Data for Name: fed_user_consent; Type: TABLE DATA; Schema: public; Owner: keycloak
--

COPY public.fed_user_consent (id, client_id, user_id, realm_id, storage_provider_id, created_date, last_updated_date, client_storage_provider, external_client_id) FROM stdin;
\.


--
-- Data for Name: fed_user_consent_cl_scope; Type: TABLE DATA; Schema: public; Owner: keycloak
--

COPY public.fed_user_consent_cl_scope (user_consent_id, scope_id) FROM stdin;
\.


--
-- Data for Name: fed_user_credential; Type: TABLE DATA; Schema: public; Owner: keycloak
--

COPY public.fed_user_credential (id, salt, type, created_date, user_id, realm_id, storage_provider_id, user_label, secret_data, credential_data, priority) FROM stdin;
\.


--
-- Data for Name: fed_user_group_membership; Type: TABLE DATA; Schema: public; Owner: keycloak
--

COPY public.fed_user_group_membership (group_id, user_id, realm_id, storage_provider_id) FROM stdin;
\.


--
-- Data for Name: fed_user_required_action; Type: TABLE DATA; Schema: public; Owner: keycloak
--

COPY public.fed_user_required_action (required_action, user_id, realm_id, storage_provider_id) FROM stdin;
\.


--
-- Data for Name: fed_user_role_mapping; Type: TABLE DATA; Schema: public; Owner: keycloak
--

COPY public.fed_user_role_mapping (role_id, user_id, realm_id, storage_provider_id) FROM stdin;
\.


--
-- Data for Name: federated_identity; Type: TABLE DATA; Schema: public; Owner: keycloak
--

COPY public.federated_identity (identity_provider, realm_id, federated_user_id, federated_username, token, user_id) FROM stdin;
\.


--
-- Data for Name: federated_user; Type: TABLE DATA; Schema: public; Owner: keycloak
--

COPY public.federated_user (id, storage_provider_id, realm_id) FROM stdin;
\.


--
-- Data for Name: group_attribute; Type: TABLE DATA; Schema: public; Owner: keycloak
--

COPY public.group_attribute (id, name, value, group_id) FROM stdin;
\.


--
-- Data for Name: group_role_mapping; Type: TABLE DATA; Schema: public; Owner: keycloak
--

COPY public.group_role_mapping (role_id, group_id) FROM stdin;
1d728217-bf6a-479e-aa26-623b7523fee7	2e5928ca-1b7e-4de3-b1ab-791949441793
108b7398-9469-4c37-944c-84e209399e83	af022ac0-121f-4bb2-9033-b4f3540087e1
5c853d84-b73b-431d-812d-57412bde7965	2e5928ca-1b7e-4de3-b1ab-791949441793
4f26e033-70f7-4570-a9bb-9dc99177a077	2e5928ca-1b7e-4de3-b1ab-791949441793
abc0184b-e077-4499-9804-15b1ded9411f	2e5928ca-1b7e-4de3-b1ab-791949441793
02217048-62bd-46ed-b622-6c29cfa17f89	2e5928ca-1b7e-4de3-b1ab-791949441793
\.


--
-- Data for Name: identity_provider; Type: TABLE DATA; Schema: public; Owner: keycloak
--

COPY public.identity_provider (internal_id, enabled, provider_alias, provider_id, store_token, authenticate_by_default, realm_id, add_token_role, trust_email, first_broker_login_flow_id, post_broker_login_flow_id, provider_display_name, link_only) FROM stdin;
\.


--
-- Data for Name: identity_provider_config; Type: TABLE DATA; Schema: public; Owner: keycloak
--

COPY public.identity_provider_config (identity_provider_id, value, name) FROM stdin;
\.


--
-- Data for Name: identity_provider_mapper; Type: TABLE DATA; Schema: public; Owner: keycloak
--

COPY public.identity_provider_mapper (id, name, idp_alias, idp_mapper_name, realm_id) FROM stdin;
\.


--
-- Data for Name: idp_mapper_config; Type: TABLE DATA; Schema: public; Owner: keycloak
--

COPY public.idp_mapper_config (idp_mapper_id, value, name) FROM stdin;
\.


--
-- Data for Name: keycloak_group; Type: TABLE DATA; Schema: public; Owner: keycloak
--

COPY public.keycloak_group (id, name, parent_group, realm_id) FROM stdin;
2e5928ca-1b7e-4de3-b1ab-791949441793	shiftergroup	 	master
af022ac0-121f-4bb2-9033-b4f3540087e1	powerusergroup	 	master
\.


--
-- Data for Name: keycloak_role; Type: TABLE DATA; Schema: public; Owner: keycloak
--

COPY public.keycloak_role (id, client_realm_constraint, client_role, description, name, realm_id, client, realm) FROM stdin;
346807ae-684e-4288-bf0c-f228ba3e5b89	master	f	${role_admin}	admin	master	\N	master
ea938396-fa85-4d40-9184-8bc7294414f7	master	f	${role_create-realm}	create-realm	master	\N	master
810926fa-6284-4556-aa97-fa3d4e9f0fd0	37aafcd3-ebf6-4b94-9a62-2fa91ffcef41	t	${role_create-client}	create-client	master	37aafcd3-ebf6-4b94-9a62-2fa91ffcef41	\N
d4312766-74cc-4caf-9279-9badfa1b1e93	37aafcd3-ebf6-4b94-9a62-2fa91ffcef41	t	${role_view-realm}	view-realm	master	37aafcd3-ebf6-4b94-9a62-2fa91ffcef41	\N
8146baeb-ec7a-44d9-8c89-3921dd65f571	37aafcd3-ebf6-4b94-9a62-2fa91ffcef41	t	${role_view-users}	view-users	master	37aafcd3-ebf6-4b94-9a62-2fa91ffcef41	\N
8a11db7e-2e05-48f2-80be-95aac6a7b297	37aafcd3-ebf6-4b94-9a62-2fa91ffcef41	t	${role_view-clients}	view-clients	master	37aafcd3-ebf6-4b94-9a62-2fa91ffcef41	\N
7642b19e-fba9-4687-a220-ab272dc81bca	37aafcd3-ebf6-4b94-9a62-2fa91ffcef41	t	${role_view-events}	view-events	master	37aafcd3-ebf6-4b94-9a62-2fa91ffcef41	\N
4e66f1d0-ca5c-4211-b332-71eb5c535e81	37aafcd3-ebf6-4b94-9a62-2fa91ffcef41	t	${role_view-identity-providers}	view-identity-providers	master	37aafcd3-ebf6-4b94-9a62-2fa91ffcef41	\N
46182fe5-be87-492c-8623-7dd8087f2994	37aafcd3-ebf6-4b94-9a62-2fa91ffcef41	t	${role_view-authorization}	view-authorization	master	37aafcd3-ebf6-4b94-9a62-2fa91ffcef41	\N
d647fda9-9918-4b9e-9f24-a59c4d9fa3ca	37aafcd3-ebf6-4b94-9a62-2fa91ffcef41	t	${role_manage-realm}	manage-realm	master	37aafcd3-ebf6-4b94-9a62-2fa91ffcef41	\N
522d559b-d2b4-4d1a-9ca1-daf42cec01a8	37aafcd3-ebf6-4b94-9a62-2fa91ffcef41	t	${role_manage-users}	manage-users	master	37aafcd3-ebf6-4b94-9a62-2fa91ffcef41	\N
9757b3fa-971e-4bf4-8e49-f17554bf3ae9	37aafcd3-ebf6-4b94-9a62-2fa91ffcef41	t	${role_manage-clients}	manage-clients	master	37aafcd3-ebf6-4b94-9a62-2fa91ffcef41	\N
ed5d0c2c-a61d-4a41-aee5-0eb244ce4e25	37aafcd3-ebf6-4b94-9a62-2fa91ffcef41	t	${role_manage-events}	manage-events	master	37aafcd3-ebf6-4b94-9a62-2fa91ffcef41	\N
c413160c-dbc7-4804-9a00-8b6568c3b6c9	37aafcd3-ebf6-4b94-9a62-2fa91ffcef41	t	${role_manage-identity-providers}	manage-identity-providers	master	37aafcd3-ebf6-4b94-9a62-2fa91ffcef41	\N
a54e2a18-4095-40e2-9f04-a881d910352b	37aafcd3-ebf6-4b94-9a62-2fa91ffcef41	t	${role_manage-authorization}	manage-authorization	master	37aafcd3-ebf6-4b94-9a62-2fa91ffcef41	\N
6635afa8-e393-4331-98be-e88b048c533e	37aafcd3-ebf6-4b94-9a62-2fa91ffcef41	t	${role_query-users}	query-users	master	37aafcd3-ebf6-4b94-9a62-2fa91ffcef41	\N
ee67aef3-8a24-487c-b840-0842c71c288a	37aafcd3-ebf6-4b94-9a62-2fa91ffcef41	t	${role_query-clients}	query-clients	master	37aafcd3-ebf6-4b94-9a62-2fa91ffcef41	\N
ba8f6c61-6b47-4c10-b400-94155851022b	37aafcd3-ebf6-4b94-9a62-2fa91ffcef41	t	${role_query-realms}	query-realms	master	37aafcd3-ebf6-4b94-9a62-2fa91ffcef41	\N
e6c65054-c2eb-4e69-b214-aec44776d4e5	37aafcd3-ebf6-4b94-9a62-2fa91ffcef41	t	${role_query-groups}	query-groups	master	37aafcd3-ebf6-4b94-9a62-2fa91ffcef41	\N
02217048-62bd-46ed-b622-6c29cfa17f89	d4c798da-74aa-4070-9d39-fe2f2d5fb873	t	${role_view-profile}	view-profile	master	d4c798da-74aa-4070-9d39-fe2f2d5fb873	\N
4f26e033-70f7-4570-a9bb-9dc99177a077	d4c798da-74aa-4070-9d39-fe2f2d5fb873	t	${role_manage-account}	manage-account	master	d4c798da-74aa-4070-9d39-fe2f2d5fb873	\N
ea4d9931-afee-454b-be47-4dacd0641ed3	d4c798da-74aa-4070-9d39-fe2f2d5fb873	t	${role_manage-account-links}	manage-account-links	master	d4c798da-74aa-4070-9d39-fe2f2d5fb873	\N
c7cfa4f5-2189-4e9d-a7a1-bc3fbd974c85	d4c798da-74aa-4070-9d39-fe2f2d5fb873	t	${role_view-applications}	view-applications	master	d4c798da-74aa-4070-9d39-fe2f2d5fb873	\N
8750d8bf-2a17-474e-b7b2-f0c5cb25379c	d4c798da-74aa-4070-9d39-fe2f2d5fb873	t	${role_view-consent}	view-consent	master	d4c798da-74aa-4070-9d39-fe2f2d5fb873	\N
abc0184b-e077-4499-9804-15b1ded9411f	d4c798da-74aa-4070-9d39-fe2f2d5fb873	t	${role_manage-consent}	manage-consent	master	d4c798da-74aa-4070-9d39-fe2f2d5fb873	\N
5c853d84-b73b-431d-812d-57412bde7965	d4c798da-74aa-4070-9d39-fe2f2d5fb873	t	${role_delete-account}	delete-account	master	d4c798da-74aa-4070-9d39-fe2f2d5fb873	\N
2cfc1d9b-e155-4ff6-bea9-95c759a4760c	6a31de2d-229c-42f0-9364-f01ed5e1272a	t	${role_read-token}	read-token	master	6a31de2d-229c-42f0-9364-f01ed5e1272a	\N
b77bfaed-e5dd-47de-a0d4-f79c26464af9	37aafcd3-ebf6-4b94-9a62-2fa91ffcef41	t	${role_impersonation}	impersonation	master	37aafcd3-ebf6-4b94-9a62-2fa91ffcef41	\N
75986de1-2635-4536-ae64-5a118cc16847	master	f	${role_offline-access}	offline_access	master	\N	master
9fc1e36a-3691-4c26-b1dc-896b8f735f19	master	f	${role_uma_authorization}	uma_authorization	master	\N	master
1d728217-bf6a-479e-aa26-623b7523fee7	master	f	\N	Shifter	master	\N	master
108b7398-9469-4c37-944c-84e209399e83	master	f	\N	Poweruser	master	\N	master
5322445d-3e31-4d4e-84d0-cd68dc424f47	master	f	This Role is used for Tests	mochaUser	master	\N	master
5977e6cf-e2f2-4e0c-af13-33b6462d32ac	master	f	for admin access MLC and other admin panel.	shiftAdmin	master	\N	master
\.


--
-- Data for Name: migration_model; Type: TABLE DATA; Schema: public; Owner: keycloak
--

COPY public.migration_model (id, version, update_time) FROM stdin;
p5jjf	12.0.1	1616439806
yx2nj	12.0.4	1616479673
\.


--
-- Data for Name: offline_client_session; Type: TABLE DATA; Schema: public; Owner: keycloak
--

COPY public.offline_client_session (user_session_id, client_id, offline_flag, "timestamp", data, client_storage_provider, external_client_id) FROM stdin;
3aeb4034-a998-4687-afb0-e166adebb634	e86dd8c7-374e-49a1-bc67-18565e5d5af0	1	1636591054	{"authMethod":"openid-connect","redirectUri":"http://localhost:8081/login/oauth2/code/oidc","notes":{"scope":"openid offline_access profile email address phone roles web-origins microprofile-jwt","SSO_AUTH":"true","iss":"https://test.wo-da.de/auth/realms/master","response_type":"code","redirect_uri":"http://localhost:8081/login/oauth2/code/oidc","state":"5oaJ-pQvCpVxgRU1OJo2mc_83FbMu_9TselVTfmyPwE=","nonce":"7jwlGDhRnf74YSKsSaHzt0Gy5kii9zBkMpS4akIEPVY"}}	local	local
a5bef64d-e996-4b21-a40d-f50186ad82e6	e86dd8c7-374e-49a1-bc67-18565e5d5af0	1	1636591085	{"authMethod":"openid-connect","redirectUri":"http://localhost:8081/login/oauth2/code/oidc","notes":{"scope":"openid offline_access profile email address phone roles web-origins microprofile-jwt","iss":"https://test.wo-da.de/auth/realms/master","response_type":"code","redirect_uri":"http://localhost:8081/login/oauth2/code/oidc","state":"DoXVinpfvIAObxa4BUJbfqutsJCbrCK1BOBHPTpgGeM=","nonce":"FVQt9Pd-P9oBbWZ23xECxtGFsNBAil1sznoHDRIo1Hg"}}	local	local
577f8091-be40-4feb-9ba2-feaea75ff02e	e86dd8c7-374e-49a1-bc67-18565e5d5af0	1	1637147435	{"authMethod":"openid-connect","redirectUri":"http://localhost:8081/login/oauth2/code/oidc","notes":{"scope":"openid offline_access profile email address phone roles web-origins microprofile-jwt","iss":"https://test.wo-da.de/auth/realms/master","response_type":"code","redirect_uri":"http://localhost:8081/login/oauth2/code/oidc","state":"9Z7oJNtjha_e1PIXQEKcla5BYP6p4qBC5Gv1ly8lolU=","nonce":"ATjsIlTRyl-9U8yC7_OpeOahlLXhqBeciz47PDTw7e4"}}	local	local
9fe82c70-7bcf-4e9d-b6c5-0bb2ba3025ea	e86dd8c7-374e-49a1-bc67-18565e5d5af0	1	1637147604	{"authMethod":"openid-connect","redirectUri":"http://localhost:8081/login/oauth2/code/oidc","notes":{"scope":"openid offline_access profile email address phone roles web-origins microprofile-jwt","iss":"https://test.wo-da.de/auth/realms/master","response_type":"code","redirect_uri":"http://localhost:8081/login/oauth2/code/oidc","state":"eONcs7Lt8nUadmTT0ElhjqE0Xqy9Sv6xfPcIu4ixwm8=","nonce":"eni8e98gSO0hzJewooG36Kd4HxE_RUgmR28p8RrCV7c"}}	local	local
\.


--
-- Data for Name: offline_user_session; Type: TABLE DATA; Schema: public; Owner: keycloak
--

COPY public.offline_user_session (user_session_id, user_id, realm_id, created_on, offline_flag, data, last_session_refresh) FROM stdin;
3aeb4034-a998-4687-afb0-e166adebb634	0423c7be-303d-4c55-abcc-7f1dd3db7600	master	1636591054	1	{"ipAddress":"31.17.130.90","authMethod":"openid-connect","rememberMe":false,"started":0,"notes":{"KC_DEVICE_NOTE":"eyJpcEFkZHJlc3MiOiIzMS4xNy4xMzAuOTAiLCJvcyI6Ik1hYyBPUyBYIiwib3NWZXJzaW9uIjoiMTAuMTUiLCJicm93c2VyIjoiRmlyZWZveC85NC4wIiwiZGV2aWNlIjoiT3RoZXIiLCJsYXN0QWNjZXNzIjowLCJtb2JpbGUiOmZhbHNlfQ==","AUTH_TIME":"1636590579"},"state":"LOGGED_IN"}	1636591047
a5bef64d-e996-4b21-a40d-f50186ad82e6	0423c7be-303d-4c55-abcc-7f1dd3db7600	master	1636591085	1	{"ipAddress":"31.17.130.90","authMethod":"openid-connect","rememberMe":false,"started":0,"notes":{"KC_DEVICE_NOTE":"eyJpcEFkZHJlc3MiOiIzMS4xNy4xMzAuOTAiLCJvcyI6Ik1hYyBPUyBYIiwib3NWZXJzaW9uIjoiMTAuMTUuNyIsImJyb3dzZXIiOiJDaHJvbWUvOTUuMC40NjM4IiwiZGV2aWNlIjoiT3RoZXIiLCJsYXN0QWNjZXNzIjowLCJtb2JpbGUiOmZhbHNlfQ==","AUTH_TIME":"1636591085"},"state":"LOGGED_IN"}	1636591047
577f8091-be40-4feb-9ba2-feaea75ff02e	0423c7be-303d-4c55-abcc-7f1dd3db7600	master	1637147435	1	{"ipAddress":"31.17.130.90","authMethod":"openid-connect","rememberMe":false,"started":0,"notes":{"KC_DEVICE_NOTE":"eyJpcEFkZHJlc3MiOiIzMS4xNy4xMzAuOTAiLCJvcyI6Ik1hYyBPUyBYIiwib3NWZXJzaW9uIjoiMTAuMTUiLCJicm93c2VyIjoiRmlyZWZveC85NC4wIiwiZGV2aWNlIjoiT3RoZXIiLCJsYXN0QWNjZXNzIjowLCJtb2JpbGUiOmZhbHNlfQ==","AUTH_TIME":"1637147435"},"state":"LOGGED_IN"}	1637147398
9fe82c70-7bcf-4e9d-b6c5-0bb2ba3025ea	0423c7be-303d-4c55-abcc-7f1dd3db7600	master	1637147604	1	{"ipAddress":"31.17.130.90","authMethod":"openid-connect","rememberMe":false,"started":0,"notes":{"KC_DEVICE_NOTE":"eyJpcEFkZHJlc3MiOiIzMS4xNy4xMzAuOTAiLCJvcyI6Ik1hYyBPUyBYIiwib3NWZXJzaW9uIjoiMTAuMTUiLCJicm93c2VyIjoiRmlyZWZveC85NC4wIiwiZGV2aWNlIjoiT3RoZXIiLCJsYXN0QWNjZXNzIjowLCJtb2JpbGUiOmZhbHNlfQ==","AUTH_TIME":"1637147604"},"state":"LOGGED_IN"}	1637147578
\.


--
-- Data for Name: policy_config; Type: TABLE DATA; Schema: public; Owner: keycloak
--

COPY public.policy_config (policy_id, name, value) FROM stdin;
\.


--
-- Data for Name: protocol_mapper; Type: TABLE DATA; Schema: public; Owner: keycloak
--

COPY public.protocol_mapper (id, name, protocol, protocol_mapper_name, client_id, client_scope_id) FROM stdin;
a02244b1-f9cc-4898-800a-1488302af048	audience resolve	openid-connect	oidc-audience-resolve-mapper	4d9d69bb-5fe8-4cc7-8b58-66b97077e773	\N
9fe2ba69-1f9b-46a1-a776-70e6b4e7e7ef	locale	openid-connect	oidc-usermodel-attribute-mapper	4517fc46-ede2-439d-a2df-ce5df9730041	\N
a2f7a8f3-c586-41c5-b48d-c949160c60bc	role list	saml	saml-role-list-mapper	\N	68e7d07e-dea4-40c1-abe8-a21662e39bd3
7703c318-6fe1-414f-a9c6-a3d599bc8aa2	full name	openid-connect	oidc-full-name-mapper	\N	e9f0cd4c-732f-491f-976f-b54c942aec34
a9f575b0-d399-4492-ab28-78bab93eb5bb	family name	openid-connect	oidc-usermodel-property-mapper	\N	e9f0cd4c-732f-491f-976f-b54c942aec34
499fb78b-34e0-46b2-b36c-c9016e5c5e26	given name	openid-connect	oidc-usermodel-property-mapper	\N	e9f0cd4c-732f-491f-976f-b54c942aec34
a2f19d2d-4197-42cd-b138-e294ad18a0da	middle name	openid-connect	oidc-usermodel-attribute-mapper	\N	e9f0cd4c-732f-491f-976f-b54c942aec34
71169e4e-bcde-407d-a5c2-32138a4a5f8c	nickname	openid-connect	oidc-usermodel-attribute-mapper	\N	e9f0cd4c-732f-491f-976f-b54c942aec34
9ecb7ab6-e840-4c01-bfde-74cc426b75c4	username	openid-connect	oidc-usermodel-property-mapper	\N	e9f0cd4c-732f-491f-976f-b54c942aec34
0761ddb1-aaa5-48be-96a1-f4cad2ae4b1e	profile	openid-connect	oidc-usermodel-attribute-mapper	\N	e9f0cd4c-732f-491f-976f-b54c942aec34
eee7b0a3-8edd-404b-b6ce-679428616066	picture	openid-connect	oidc-usermodel-attribute-mapper	\N	e9f0cd4c-732f-491f-976f-b54c942aec34
53b5861e-b49d-4303-a390-dc3c2a8a6d10	website	openid-connect	oidc-usermodel-attribute-mapper	\N	e9f0cd4c-732f-491f-976f-b54c942aec34
96aa4973-cec4-4eae-9db3-d47aeb37294a	gender	openid-connect	oidc-usermodel-attribute-mapper	\N	e9f0cd4c-732f-491f-976f-b54c942aec34
95b6ee6d-406a-44be-989f-20efef8a80c4	birthdate	openid-connect	oidc-usermodel-attribute-mapper	\N	e9f0cd4c-732f-491f-976f-b54c942aec34
993efe7d-247f-44f2-9cbb-50e196c434dd	zoneinfo	openid-connect	oidc-usermodel-attribute-mapper	\N	e9f0cd4c-732f-491f-976f-b54c942aec34
e1d94748-8bd8-4933-8a61-dc9b511410c4	locale	openid-connect	oidc-usermodel-attribute-mapper	\N	e9f0cd4c-732f-491f-976f-b54c942aec34
cd8a7d44-869c-421e-8fcf-e859d0162739	updated at	openid-connect	oidc-usermodel-attribute-mapper	\N	e9f0cd4c-732f-491f-976f-b54c942aec34
5a392450-41cf-4ee5-afab-ccdd42e6272c	email	openid-connect	oidc-usermodel-property-mapper	\N	a2422a25-8c95-4c92-9f82-c5f188e1675f
b84073b1-4b71-4567-9e64-3792119c97d6	email verified	openid-connect	oidc-usermodel-property-mapper	\N	a2422a25-8c95-4c92-9f82-c5f188e1675f
b1dbba8d-6337-467a-89f1-c9cc86fa5a9a	address	openid-connect	oidc-address-mapper	\N	e6cc7977-21ce-4ff2-9cf8-df0dcef128da
57eb01dc-99d3-40fe-95b0-7b05fb73eb06	phone number	openid-connect	oidc-usermodel-attribute-mapper	\N	0a049876-89a7-4cf2-8732-e6f7a7aee90d
1052132a-1745-4447-8059-2e3fdbb4c902	phone number verified	openid-connect	oidc-usermodel-attribute-mapper	\N	0a049876-89a7-4cf2-8732-e6f7a7aee90d
2c4c671c-9d8a-4fd5-828c-ee09652e42d4	realm roles	openid-connect	oidc-usermodel-realm-role-mapper	\N	a13256d9-749b-4c21-93d2-238d5ab8b2b1
92873ff0-2e96-440a-b538-8710fbc34aed	client roles	openid-connect	oidc-usermodel-client-role-mapper	\N	a13256d9-749b-4c21-93d2-238d5ab8b2b1
316bd794-46ce-4ad5-b385-923c9ff71405	audience resolve	openid-connect	oidc-audience-resolve-mapper	\N	a13256d9-749b-4c21-93d2-238d5ab8b2b1
43f971fb-d3aa-45d8-ab8e-edcb921d18c4	allowed web origins	openid-connect	oidc-allowed-origins-mapper	\N	ec5ec5ef-3ef1-48ff-8d11-81c1b9053b12
6b6a3daf-15b9-4f1d-abab-efcd862deae6	upn	openid-connect	oidc-usermodel-property-mapper	\N	3eb9f439-4826-4ea4-b57c-1705db920981
1b30301d-b4c1-4530-9319-68e4781146a4	groups	openid-connect	oidc-usermodel-realm-role-mapper	\N	3eb9f439-4826-4ea4-b57c-1705db920981
06b63f0a-6469-476a-970c-af745c110045	email	openid-connect	oidc-usermodel-property-mapper	e86dd8c7-374e-49a1-bc67-18565e5d5af0	\N
a2830a05-fb29-4908-a211-3e71f204ca45	address	openid-connect	oidc-address-mapper	e86dd8c7-374e-49a1-bc67-18565e5d5af0	\N
a7a6ae74-6287-41d7-aea0-493e130a64a9	family name	openid-connect	oidc-usermodel-property-mapper	e86dd8c7-374e-49a1-bc67-18565e5d5af0	\N
01e7a275-d14a-4921-ab0e-72ca16efc7c5	middle name	openid-connect	oidc-usermodel-attribute-mapper	e86dd8c7-374e-49a1-bc67-18565e5d5af0	\N
88e3b4a0-69d8-4525-9315-7ec3769b4487	given name	openid-connect	oidc-usermodel-property-mapper	e86dd8c7-374e-49a1-bc67-18565e5d5af0	\N
19b8d8f3-49cd-4ea7-b6da-00eea31694e2	profile	openid-connect	oidc-usermodel-attribute-mapper	e86dd8c7-374e-49a1-bc67-18565e5d5af0	\N
18b550d7-a100-499a-aab3-62f4f2b32148	full name	openid-connect	oidc-full-name-mapper	e86dd8c7-374e-49a1-bc67-18565e5d5af0	\N
9ad6e8fe-b8d9-418e-a96c-01ca8835aa65	username	openid-connect	oidc-usermodel-property-mapper	e86dd8c7-374e-49a1-bc67-18565e5d5af0	\N
1138f662-7a2c-4c22-82b1-409b47b63c46	phone number	openid-connect	oidc-usermodel-attribute-mapper	e86dd8c7-374e-49a1-bc67-18565e5d5af0	\N
85983b47-610b-416c-be48-f3a4546d0ec6	phone number	openid-connect	oidc-usermodel-attribute-mapper	d4c798da-74aa-4070-9d39-fe2f2d5fb873	\N
a5db80b8-3cda-4866-bd86-1a7b1194369f	phone number	openid-connect	oidc-usermodel-attribute-mapper	4d9d69bb-5fe8-4cc7-8b58-66b97077e773	\N
422010f2-89fa-48fc-adbf-cbb42d824b69	snetFavourites	openid-connect	oidc-usermodel-property-mapper	e86dd8c7-374e-49a1-bc67-18565e5d5af0	\N
\.


--
-- Data for Name: protocol_mapper_config; Type: TABLE DATA; Schema: public; Owner: keycloak
--

COPY public.protocol_mapper_config (protocol_mapper_id, value, name) FROM stdin;
9fe2ba69-1f9b-46a1-a776-70e6b4e7e7ef	true	userinfo.token.claim
9fe2ba69-1f9b-46a1-a776-70e6b4e7e7ef	locale	user.attribute
9fe2ba69-1f9b-46a1-a776-70e6b4e7e7ef	true	id.token.claim
9fe2ba69-1f9b-46a1-a776-70e6b4e7e7ef	true	access.token.claim
9fe2ba69-1f9b-46a1-a776-70e6b4e7e7ef	locale	claim.name
9fe2ba69-1f9b-46a1-a776-70e6b4e7e7ef	String	jsonType.label
a2f7a8f3-c586-41c5-b48d-c949160c60bc	false	single
a2f7a8f3-c586-41c5-b48d-c949160c60bc	Basic	attribute.nameformat
a2f7a8f3-c586-41c5-b48d-c949160c60bc	Role	attribute.name
7703c318-6fe1-414f-a9c6-a3d599bc8aa2	true	userinfo.token.claim
7703c318-6fe1-414f-a9c6-a3d599bc8aa2	true	id.token.claim
7703c318-6fe1-414f-a9c6-a3d599bc8aa2	true	access.token.claim
a9f575b0-d399-4492-ab28-78bab93eb5bb	true	userinfo.token.claim
a9f575b0-d399-4492-ab28-78bab93eb5bb	lastName	user.attribute
a9f575b0-d399-4492-ab28-78bab93eb5bb	true	id.token.claim
a9f575b0-d399-4492-ab28-78bab93eb5bb	true	access.token.claim
a9f575b0-d399-4492-ab28-78bab93eb5bb	family_name	claim.name
a9f575b0-d399-4492-ab28-78bab93eb5bb	String	jsonType.label
499fb78b-34e0-46b2-b36c-c9016e5c5e26	true	userinfo.token.claim
499fb78b-34e0-46b2-b36c-c9016e5c5e26	firstName	user.attribute
499fb78b-34e0-46b2-b36c-c9016e5c5e26	true	id.token.claim
499fb78b-34e0-46b2-b36c-c9016e5c5e26	true	access.token.claim
499fb78b-34e0-46b2-b36c-c9016e5c5e26	given_name	claim.name
499fb78b-34e0-46b2-b36c-c9016e5c5e26	String	jsonType.label
a2f19d2d-4197-42cd-b138-e294ad18a0da	true	userinfo.token.claim
a2f19d2d-4197-42cd-b138-e294ad18a0da	middleName	user.attribute
a2f19d2d-4197-42cd-b138-e294ad18a0da	true	id.token.claim
a2f19d2d-4197-42cd-b138-e294ad18a0da	true	access.token.claim
a2f19d2d-4197-42cd-b138-e294ad18a0da	middle_name	claim.name
a2f19d2d-4197-42cd-b138-e294ad18a0da	String	jsonType.label
71169e4e-bcde-407d-a5c2-32138a4a5f8c	true	userinfo.token.claim
71169e4e-bcde-407d-a5c2-32138a4a5f8c	nickname	user.attribute
71169e4e-bcde-407d-a5c2-32138a4a5f8c	true	id.token.claim
71169e4e-bcde-407d-a5c2-32138a4a5f8c	true	access.token.claim
71169e4e-bcde-407d-a5c2-32138a4a5f8c	nickname	claim.name
71169e4e-bcde-407d-a5c2-32138a4a5f8c	String	jsonType.label
9ecb7ab6-e840-4c01-bfde-74cc426b75c4	true	userinfo.token.claim
9ecb7ab6-e840-4c01-bfde-74cc426b75c4	username	user.attribute
9ecb7ab6-e840-4c01-bfde-74cc426b75c4	true	id.token.claim
9ecb7ab6-e840-4c01-bfde-74cc426b75c4	true	access.token.claim
9ecb7ab6-e840-4c01-bfde-74cc426b75c4	preferred_username	claim.name
9ecb7ab6-e840-4c01-bfde-74cc426b75c4	String	jsonType.label
0761ddb1-aaa5-48be-96a1-f4cad2ae4b1e	true	userinfo.token.claim
0761ddb1-aaa5-48be-96a1-f4cad2ae4b1e	profile	user.attribute
0761ddb1-aaa5-48be-96a1-f4cad2ae4b1e	true	id.token.claim
0761ddb1-aaa5-48be-96a1-f4cad2ae4b1e	true	access.token.claim
0761ddb1-aaa5-48be-96a1-f4cad2ae4b1e	profile	claim.name
0761ddb1-aaa5-48be-96a1-f4cad2ae4b1e	String	jsonType.label
eee7b0a3-8edd-404b-b6ce-679428616066	true	userinfo.token.claim
eee7b0a3-8edd-404b-b6ce-679428616066	picture	user.attribute
eee7b0a3-8edd-404b-b6ce-679428616066	true	id.token.claim
eee7b0a3-8edd-404b-b6ce-679428616066	true	access.token.claim
eee7b0a3-8edd-404b-b6ce-679428616066	picture	claim.name
eee7b0a3-8edd-404b-b6ce-679428616066	String	jsonType.label
53b5861e-b49d-4303-a390-dc3c2a8a6d10	true	userinfo.token.claim
53b5861e-b49d-4303-a390-dc3c2a8a6d10	website	user.attribute
53b5861e-b49d-4303-a390-dc3c2a8a6d10	true	id.token.claim
53b5861e-b49d-4303-a390-dc3c2a8a6d10	true	access.token.claim
53b5861e-b49d-4303-a390-dc3c2a8a6d10	website	claim.name
53b5861e-b49d-4303-a390-dc3c2a8a6d10	String	jsonType.label
96aa4973-cec4-4eae-9db3-d47aeb37294a	true	userinfo.token.claim
96aa4973-cec4-4eae-9db3-d47aeb37294a	gender	user.attribute
96aa4973-cec4-4eae-9db3-d47aeb37294a	true	id.token.claim
96aa4973-cec4-4eae-9db3-d47aeb37294a	true	access.token.claim
96aa4973-cec4-4eae-9db3-d47aeb37294a	gender	claim.name
96aa4973-cec4-4eae-9db3-d47aeb37294a	String	jsonType.label
95b6ee6d-406a-44be-989f-20efef8a80c4	true	userinfo.token.claim
95b6ee6d-406a-44be-989f-20efef8a80c4	birthdate	user.attribute
95b6ee6d-406a-44be-989f-20efef8a80c4	true	id.token.claim
95b6ee6d-406a-44be-989f-20efef8a80c4	true	access.token.claim
95b6ee6d-406a-44be-989f-20efef8a80c4	birthdate	claim.name
95b6ee6d-406a-44be-989f-20efef8a80c4	String	jsonType.label
993efe7d-247f-44f2-9cbb-50e196c434dd	true	userinfo.token.claim
993efe7d-247f-44f2-9cbb-50e196c434dd	zoneinfo	user.attribute
993efe7d-247f-44f2-9cbb-50e196c434dd	true	id.token.claim
993efe7d-247f-44f2-9cbb-50e196c434dd	true	access.token.claim
993efe7d-247f-44f2-9cbb-50e196c434dd	zoneinfo	claim.name
993efe7d-247f-44f2-9cbb-50e196c434dd	String	jsonType.label
e1d94748-8bd8-4933-8a61-dc9b511410c4	true	userinfo.token.claim
e1d94748-8bd8-4933-8a61-dc9b511410c4	locale	user.attribute
e1d94748-8bd8-4933-8a61-dc9b511410c4	true	id.token.claim
e1d94748-8bd8-4933-8a61-dc9b511410c4	true	access.token.claim
e1d94748-8bd8-4933-8a61-dc9b511410c4	locale	claim.name
e1d94748-8bd8-4933-8a61-dc9b511410c4	String	jsonType.label
cd8a7d44-869c-421e-8fcf-e859d0162739	true	userinfo.token.claim
cd8a7d44-869c-421e-8fcf-e859d0162739	updatedAt	user.attribute
cd8a7d44-869c-421e-8fcf-e859d0162739	true	id.token.claim
cd8a7d44-869c-421e-8fcf-e859d0162739	true	access.token.claim
cd8a7d44-869c-421e-8fcf-e859d0162739	updated_at	claim.name
cd8a7d44-869c-421e-8fcf-e859d0162739	String	jsonType.label
5a392450-41cf-4ee5-afab-ccdd42e6272c	true	userinfo.token.claim
5a392450-41cf-4ee5-afab-ccdd42e6272c	email	user.attribute
5a392450-41cf-4ee5-afab-ccdd42e6272c	true	id.token.claim
5a392450-41cf-4ee5-afab-ccdd42e6272c	true	access.token.claim
5a392450-41cf-4ee5-afab-ccdd42e6272c	email	claim.name
5a392450-41cf-4ee5-afab-ccdd42e6272c	String	jsonType.label
b84073b1-4b71-4567-9e64-3792119c97d6	true	userinfo.token.claim
b84073b1-4b71-4567-9e64-3792119c97d6	emailVerified	user.attribute
b84073b1-4b71-4567-9e64-3792119c97d6	true	id.token.claim
b84073b1-4b71-4567-9e64-3792119c97d6	true	access.token.claim
b84073b1-4b71-4567-9e64-3792119c97d6	email_verified	claim.name
b84073b1-4b71-4567-9e64-3792119c97d6	boolean	jsonType.label
b1dbba8d-6337-467a-89f1-c9cc86fa5a9a	formatted	user.attribute.formatted
b1dbba8d-6337-467a-89f1-c9cc86fa5a9a	country	user.attribute.country
b1dbba8d-6337-467a-89f1-c9cc86fa5a9a	postal_code	user.attribute.postal_code
b1dbba8d-6337-467a-89f1-c9cc86fa5a9a	true	userinfo.token.claim
b1dbba8d-6337-467a-89f1-c9cc86fa5a9a	street	user.attribute.street
b1dbba8d-6337-467a-89f1-c9cc86fa5a9a	true	id.token.claim
b1dbba8d-6337-467a-89f1-c9cc86fa5a9a	region	user.attribute.region
b1dbba8d-6337-467a-89f1-c9cc86fa5a9a	true	access.token.claim
b1dbba8d-6337-467a-89f1-c9cc86fa5a9a	locality	user.attribute.locality
57eb01dc-99d3-40fe-95b0-7b05fb73eb06	true	userinfo.token.claim
57eb01dc-99d3-40fe-95b0-7b05fb73eb06	phoneNumber	user.attribute
57eb01dc-99d3-40fe-95b0-7b05fb73eb06	true	id.token.claim
57eb01dc-99d3-40fe-95b0-7b05fb73eb06	true	access.token.claim
57eb01dc-99d3-40fe-95b0-7b05fb73eb06	phone_number	claim.name
57eb01dc-99d3-40fe-95b0-7b05fb73eb06	String	jsonType.label
1052132a-1745-4447-8059-2e3fdbb4c902	true	userinfo.token.claim
1052132a-1745-4447-8059-2e3fdbb4c902	phoneNumberVerified	user.attribute
1052132a-1745-4447-8059-2e3fdbb4c902	true	id.token.claim
1052132a-1745-4447-8059-2e3fdbb4c902	true	access.token.claim
1052132a-1745-4447-8059-2e3fdbb4c902	phone_number_verified	claim.name
1052132a-1745-4447-8059-2e3fdbb4c902	boolean	jsonType.label
2c4c671c-9d8a-4fd5-828c-ee09652e42d4	true	multivalued
2c4c671c-9d8a-4fd5-828c-ee09652e42d4	foo	user.attribute
2c4c671c-9d8a-4fd5-828c-ee09652e42d4	true	access.token.claim
2c4c671c-9d8a-4fd5-828c-ee09652e42d4	realm_access.roles	claim.name
2c4c671c-9d8a-4fd5-828c-ee09652e42d4	String	jsonType.label
92873ff0-2e96-440a-b538-8710fbc34aed	true	multivalued
92873ff0-2e96-440a-b538-8710fbc34aed	foo	user.attribute
92873ff0-2e96-440a-b538-8710fbc34aed	true	access.token.claim
92873ff0-2e96-440a-b538-8710fbc34aed	resource_access.${client_id}.roles	claim.name
92873ff0-2e96-440a-b538-8710fbc34aed	String	jsonType.label
6b6a3daf-15b9-4f1d-abab-efcd862deae6	true	userinfo.token.claim
6b6a3daf-15b9-4f1d-abab-efcd862deae6	username	user.attribute
6b6a3daf-15b9-4f1d-abab-efcd862deae6	true	id.token.claim
6b6a3daf-15b9-4f1d-abab-efcd862deae6	true	access.token.claim
6b6a3daf-15b9-4f1d-abab-efcd862deae6	upn	claim.name
6b6a3daf-15b9-4f1d-abab-efcd862deae6	String	jsonType.label
1b30301d-b4c1-4530-9319-68e4781146a4	true	multivalued
1b30301d-b4c1-4530-9319-68e4781146a4	foo	user.attribute
1b30301d-b4c1-4530-9319-68e4781146a4	true	id.token.claim
1b30301d-b4c1-4530-9319-68e4781146a4	true	access.token.claim
1b30301d-b4c1-4530-9319-68e4781146a4	groups	claim.name
1b30301d-b4c1-4530-9319-68e4781146a4	String	jsonType.label
06b63f0a-6469-476a-970c-af745c110045	true	userinfo.token.claim
06b63f0a-6469-476a-970c-af745c110045	email	user.attribute
06b63f0a-6469-476a-970c-af745c110045	true	id.token.claim
06b63f0a-6469-476a-970c-af745c110045	true	access.token.claim
06b63f0a-6469-476a-970c-af745c110045	email	claim.name
06b63f0a-6469-476a-970c-af745c110045	String	jsonType.label
a2830a05-fb29-4908-a211-3e71f204ca45	formatted	user.attribute.formatted
a2830a05-fb29-4908-a211-3e71f204ca45	country	user.attribute.country
a2830a05-fb29-4908-a211-3e71f204ca45	postal_code	user.attribute.postal_code
a2830a05-fb29-4908-a211-3e71f204ca45	true	userinfo.token.claim
a2830a05-fb29-4908-a211-3e71f204ca45	street	user.attribute.street
a2830a05-fb29-4908-a211-3e71f204ca45	true	id.token.claim
a2830a05-fb29-4908-a211-3e71f204ca45	region	user.attribute.region
a2830a05-fb29-4908-a211-3e71f204ca45	true	access.token.claim
a2830a05-fb29-4908-a211-3e71f204ca45	locality	user.attribute.locality
a7a6ae74-6287-41d7-aea0-493e130a64a9	true	userinfo.token.claim
a7a6ae74-6287-41d7-aea0-493e130a64a9	lastName	user.attribute
a7a6ae74-6287-41d7-aea0-493e130a64a9	true	id.token.claim
a7a6ae74-6287-41d7-aea0-493e130a64a9	true	access.token.claim
a7a6ae74-6287-41d7-aea0-493e130a64a9	family_name	claim.name
a7a6ae74-6287-41d7-aea0-493e130a64a9	String	jsonType.label
01e7a275-d14a-4921-ab0e-72ca16efc7c5	true	userinfo.token.claim
01e7a275-d14a-4921-ab0e-72ca16efc7c5	middleName	user.attribute
01e7a275-d14a-4921-ab0e-72ca16efc7c5	true	id.token.claim
01e7a275-d14a-4921-ab0e-72ca16efc7c5	true	access.token.claim
01e7a275-d14a-4921-ab0e-72ca16efc7c5	middle_name	claim.name
01e7a275-d14a-4921-ab0e-72ca16efc7c5	String	jsonType.label
88e3b4a0-69d8-4525-9315-7ec3769b4487	true	userinfo.token.claim
88e3b4a0-69d8-4525-9315-7ec3769b4487	firstName	user.attribute
88e3b4a0-69d8-4525-9315-7ec3769b4487	true	id.token.claim
88e3b4a0-69d8-4525-9315-7ec3769b4487	true	access.token.claim
88e3b4a0-69d8-4525-9315-7ec3769b4487	given_name	claim.name
88e3b4a0-69d8-4525-9315-7ec3769b4487	String	jsonType.label
19b8d8f3-49cd-4ea7-b6da-00eea31694e2	true	userinfo.token.claim
19b8d8f3-49cd-4ea7-b6da-00eea31694e2	profile	user.attribute
19b8d8f3-49cd-4ea7-b6da-00eea31694e2	true	id.token.claim
19b8d8f3-49cd-4ea7-b6da-00eea31694e2	true	access.token.claim
19b8d8f3-49cd-4ea7-b6da-00eea31694e2	profile	claim.name
19b8d8f3-49cd-4ea7-b6da-00eea31694e2	String	jsonType.label
18b550d7-a100-499a-aab3-62f4f2b32148	true	id.token.claim
18b550d7-a100-499a-aab3-62f4f2b32148	true	access.token.claim
18b550d7-a100-499a-aab3-62f4f2b32148	true	userinfo.token.claim
9ad6e8fe-b8d9-418e-a96c-01ca8835aa65	true	userinfo.token.claim
9ad6e8fe-b8d9-418e-a96c-01ca8835aa65	username	user.attribute
9ad6e8fe-b8d9-418e-a96c-01ca8835aa65	true	id.token.claim
9ad6e8fe-b8d9-418e-a96c-01ca8835aa65	true	access.token.claim
9ad6e8fe-b8d9-418e-a96c-01ca8835aa65	preferred_username	claim.name
9ad6e8fe-b8d9-418e-a96c-01ca8835aa65	String	jsonType.label
1138f662-7a2c-4c22-82b1-409b47b63c46	true	userinfo.token.claim
1138f662-7a2c-4c22-82b1-409b47b63c46	phoneNumber	user.attribute
1138f662-7a2c-4c22-82b1-409b47b63c46	true	id.token.claim
1138f662-7a2c-4c22-82b1-409b47b63c46	true	access.token.claim
1138f662-7a2c-4c22-82b1-409b47b63c46	phone_number	claim.name
1138f662-7a2c-4c22-82b1-409b47b63c46	String	jsonType.label
85983b47-610b-416c-be48-f3a4546d0ec6	true	userinfo.token.claim
85983b47-610b-416c-be48-f3a4546d0ec6	phoneNumber	user.attribute
85983b47-610b-416c-be48-f3a4546d0ec6	true	id.token.claim
85983b47-610b-416c-be48-f3a4546d0ec6	true	access.token.claim
85983b47-610b-416c-be48-f3a4546d0ec6	phone_number	claim.name
85983b47-610b-416c-be48-f3a4546d0ec6	String	jsonType.label
a5db80b8-3cda-4866-bd86-1a7b1194369f	true	userinfo.token.claim
a5db80b8-3cda-4866-bd86-1a7b1194369f	phoneNumber	user.attribute
a5db80b8-3cda-4866-bd86-1a7b1194369f	true	id.token.claim
a5db80b8-3cda-4866-bd86-1a7b1194369f	true	access.token.claim
a5db80b8-3cda-4866-bd86-1a7b1194369f	phone_number	claim.name
a5db80b8-3cda-4866-bd86-1a7b1194369f	String	jsonType.label
422010f2-89fa-48fc-adbf-cbb42d824b69	snetFavourites	user.attribute
422010f2-89fa-48fc-adbf-cbb42d824b69	snetFavourites	claim.name
422010f2-89fa-48fc-adbf-cbb42d824b69	true	id.token.claim
422010f2-89fa-48fc-adbf-cbb42d824b69	true	access.token.claim
422010f2-89fa-48fc-adbf-cbb42d824b69	JSON	jsonType.label
422010f2-89fa-48fc-adbf-cbb42d824b69	true	userinfo.token.claim
\.


--
-- Data for Name: realm; Type: TABLE DATA; Schema: public; Owner: keycloak
--

COPY public.realm (id, access_code_lifespan, user_action_lifespan, access_token_lifespan, account_theme, admin_theme, email_theme, enabled, events_enabled, events_expiration, login_theme, name, not_before, password_policy, registration_allowed, remember_me, reset_password_allowed, social, ssl_required, sso_idle_timeout, sso_max_lifespan, update_profile_on_soc_login, verify_email, master_admin_client, login_lifespan, internationalization_enabled, default_locale, reg_email_as_username, admin_events_enabled, admin_events_details_enabled, edit_username_allowed, otp_policy_counter, otp_policy_window, otp_policy_period, otp_policy_digits, otp_policy_alg, otp_policy_type, browser_flow, registration_flow, direct_grant_flow, reset_credentials_flow, client_auth_flow, offline_session_idle_timeout, revoke_refresh_token, access_token_life_implicit, login_with_email_allowed, duplicate_emails_allowed, docker_auth_flow, refresh_token_max_reuse, allow_user_managed_access, sso_max_lifespan_remember_me, sso_idle_timeout_remember_me) FROM stdin;
master	60	300	540	keycloak.v2	\N	shifterNetwork	t	f	0	shifterNetwork	master	0	\N	t	t	t	f	EXTERNAL	1800	36000	f	t	37aafcd3-ebf6-4b94-9a62-2fa91ffcef41	1800	t	de	f	t	f	f	0	1	30	6	HmacSHA1	totp	2c15ed85-2b97-4278-88bc-248a9a3d0e6e	68aace31-f2f1-4dca-93b6-1df2b5c1b53f	f0be73c0-e700-4b28-925e-07b57d0767f7	04bf7a7f-5dd2-4abc-9133-122550abe442	e932bd6e-d80e-40a6-b4cb-efabd279bad6	2592000	f	900	t	f	0f56c52d-4e2a-4b48-b03a-b4564225fca3	0	t	0	0
\.


--
-- Data for Name: realm_attribute; Type: TABLE DATA; Schema: public; Owner: keycloak
--

COPY public.realm_attribute (name, value, realm_id) FROM stdin;
clientSessionIdleTimeout	0	master
clientSessionMaxLifespan	0	master
clientOfflineSessionIdleTimeout	0	master
clientOfflineSessionMaxLifespan	0	master
displayName	SHIFT	master
displayNameHtml	<div class="kc-logo-text"><span>SHIFT<sub>Login</sub></span></div>	master
bruteForceProtected	false	master
permanentLockout	false	master
maxFailureWaitSeconds	900	master
minimumQuickLoginWaitSeconds	60	master
waitIncrementSeconds	60	master
quickLoginCheckMilliSeconds	1000	master
maxDeltaTimeSeconds	43200	master
failureFactor	30	master
actionTokenGeneratedByAdminLifespan	43200	master
actionTokenGeneratedByUserLifespan	300	master
offlineSessionMaxLifespanEnabled	false	master
offlineSessionMaxLifespan	5184000	master
webAuthnPolicyRpEntityName	keycloak	master
webAuthnPolicySignatureAlgorithms	ES256	master
webAuthnPolicyRpId		master
webAuthnPolicyAttestationConveyancePreference	not specified	master
webAuthnPolicyAuthenticatorAttachment	not specified	master
webAuthnPolicyRequireResidentKey	not specified	master
webAuthnPolicyUserVerificationRequirement	not specified	master
webAuthnPolicyCreateTimeout	0	master
webAuthnPolicyAvoidSameAuthenticatorRegister	false	master
webAuthnPolicyRpEntityNamePasswordless	keycloak	master
webAuthnPolicySignatureAlgorithmsPasswordless	ES256	master
webAuthnPolicyRpIdPasswordless		master
webAuthnPolicyAttestationConveyancePreferencePasswordless	not specified	master
webAuthnPolicyAuthenticatorAttachmentPasswordless	not specified	master
webAuthnPolicyRequireResidentKeyPasswordless	not specified	master
webAuthnPolicyUserVerificationRequirementPasswordless	not specified	master
webAuthnPolicyCreateTimeoutPasswordless	0	master
webAuthnPolicyAvoidSameAuthenticatorRegisterPasswordless	false	master
_browser_header.contentSecurityPolicyReportOnly		master
_browser_header.xContentTypeOptions	nosniff	master
_browser_header.xRobotsTag	none	master
_browser_header.xFrameOptions	SAMEORIGIN	master
_browser_header.contentSecurityPolicy	frame-src 'self'; frame-ancestors 'self'; object-src 'none';	master
_browser_header.xXSSProtection	1; mode=block	master
_browser_header.strictTransportSecurity	max-age=31536000; includeSubDomains	master
\.


--
-- Data for Name: realm_default_groups; Type: TABLE DATA; Schema: public; Owner: keycloak
--

COPY public.realm_default_groups (realm_id, group_id) FROM stdin;
master	2e5928ca-1b7e-4de3-b1ab-791949441793
\.


--
-- Data for Name: realm_default_roles; Type: TABLE DATA; Schema: public; Owner: keycloak
--

COPY public.realm_default_roles (realm_id, role_id) FROM stdin;
master	75986de1-2635-4536-ae64-5a118cc16847
master	9fc1e36a-3691-4c26-b1dc-896b8f735f19
\.


--
-- Data for Name: realm_enabled_event_types; Type: TABLE DATA; Schema: public; Owner: keycloak
--

COPY public.realm_enabled_event_types (realm_id, value) FROM stdin;
master	SEND_RESET_PASSWORD
master	UPDATE_CONSENT_ERROR
master	GRANT_CONSENT
master	REMOVE_TOTP
master	REVOKE_GRANT
master	UPDATE_TOTP
master	LOGIN_ERROR
master	CLIENT_LOGIN
master	RESET_PASSWORD_ERROR
master	IMPERSONATE_ERROR
master	CODE_TO_TOKEN_ERROR
master	CUSTOM_REQUIRED_ACTION
master	RESTART_AUTHENTICATION
master	IMPERSONATE
master	UPDATE_PROFILE_ERROR
master	LOGIN
master	UPDATE_PASSWORD_ERROR
master	CLIENT_INITIATED_ACCOUNT_LINKING
master	TOKEN_EXCHANGE
master	LOGOUT
master	REGISTER
master	DELETE_ACCOUNT_ERROR
master	CLIENT_REGISTER
master	IDENTITY_PROVIDER_LINK_ACCOUNT
master	DELETE_ACCOUNT
master	UPDATE_PASSWORD
master	CLIENT_DELETE
master	FEDERATED_IDENTITY_LINK_ERROR
master	IDENTITY_PROVIDER_FIRST_LOGIN
master	CLIENT_DELETE_ERROR
master	VERIFY_EMAIL
master	CLIENT_LOGIN_ERROR
master	RESTART_AUTHENTICATION_ERROR
master	EXECUTE_ACTIONS
master	REMOVE_FEDERATED_IDENTITY_ERROR
master	TOKEN_EXCHANGE_ERROR
master	PERMISSION_TOKEN
master	SEND_IDENTITY_PROVIDER_LINK_ERROR
master	EXECUTE_ACTION_TOKEN_ERROR
master	SEND_VERIFY_EMAIL
master	EXECUTE_ACTIONS_ERROR
master	REMOVE_FEDERATED_IDENTITY
master	IDENTITY_PROVIDER_POST_LOGIN
master	IDENTITY_PROVIDER_LINK_ACCOUNT_ERROR
master	UPDATE_EMAIL
master	REGISTER_ERROR
master	REVOKE_GRANT_ERROR
master	EXECUTE_ACTION_TOKEN
master	LOGOUT_ERROR
master	UPDATE_EMAIL_ERROR
master	CLIENT_UPDATE_ERROR
master	UPDATE_PROFILE
master	CLIENT_REGISTER_ERROR
master	FEDERATED_IDENTITY_LINK
master	SEND_IDENTITY_PROVIDER_LINK
master	SEND_VERIFY_EMAIL_ERROR
master	RESET_PASSWORD
master	CLIENT_INITIATED_ACCOUNT_LINKING_ERROR
master	UPDATE_CONSENT
master	REMOVE_TOTP_ERROR
master	VERIFY_EMAIL_ERROR
master	SEND_RESET_PASSWORD_ERROR
master	CLIENT_UPDATE
master	CUSTOM_REQUIRED_ACTION_ERROR
master	IDENTITY_PROVIDER_POST_LOGIN_ERROR
master	UPDATE_TOTP_ERROR
master	CODE_TO_TOKEN
master	GRANT_CONSENT_ERROR
master	IDENTITY_PROVIDER_FIRST_LOGIN_ERROR
\.


--
-- Data for Name: realm_events_listeners; Type: TABLE DATA; Schema: public; Owner: keycloak
--

COPY public.realm_events_listeners (realm_id, value) FROM stdin;
master	custom-event-listener
master	jboss-logging
\.


--
-- Data for Name: realm_localizations; Type: TABLE DATA; Schema: public; Owner: keycloak
--

COPY public.realm_localizations (realm_id, locale, texts) FROM stdin;
\.


--
-- Data for Name: realm_required_credential; Type: TABLE DATA; Schema: public; Owner: keycloak
--

COPY public.realm_required_credential (type, form_label, input, secret, realm_id) FROM stdin;
password	password	t	t	master
\.


--
-- Data for Name: realm_smtp_config; Type: TABLE DATA; Schema: public; Owner: keycloak
--

COPY public.realm_smtp_config (realm_id, value, name) FROM stdin;
master	SHIFT Network	replyToDisplayName
master	true	starttls
master	true	auth
master	testshifternetzwerk@shiftphones.com	envelopeFrom
master	false	ssl
master	AlzAZopmAlyUlAGDlyrEpDEdstqEpCYpEKHpCv	password
master	587	port
master	smtp.shift-gmbh.com	host
master	testshifternetzwerk@shiftphones.com	replyTo
master	testshifternetzwerk@shiftphones.com	from
master	SHIFT Network	fromDisplayName
master	testshifternetzwerk@shiftphones.com	user
\.


--
-- Data for Name: realm_supported_locales; Type: TABLE DATA; Schema: public; Owner: keycloak
--

COPY public.realm_supported_locales (realm_id, value) FROM stdin;
master	de
master	en
\.


--
-- Data for Name: redirect_uris; Type: TABLE DATA; Schema: public; Owner: keycloak
--

COPY public.redirect_uris (client_id, value) FROM stdin;
d4c798da-74aa-4070-9d39-fe2f2d5fb873	/realms/master/account/*
4d9d69bb-5fe8-4cc7-8b58-66b97077e773	/realms/master/account/*
4517fc46-ede2-439d-a2df-ce5df9730041	/admin/master/console/*
ff693dcd-4dc7-4a13-b629-146740e33d64	https://localhost:8443/*
ff693dcd-4dc7-4a13-b629-146740e33d64	https://test.wo-da.de/*
e86dd8c7-374e-49a1-bc67-18565e5d5af0	http://localhost*
e86dd8c7-374e-49a1-bc67-18565e5d5af0	https://localhost*
e86dd8c7-374e-49a1-bc67-18565e5d5af0	https://test.wo-da.de*
e86dd8c7-374e-49a1-bc67-18565e5d5af0	http://shifter.staging.shiftphones.com/*
e86dd8c7-374e-49a1-bc67-18565e5d5af0	http://test.wo-da.de*
e86dd8c7-374e-49a1-bc67-18565e5d5af0	https://shifter.staging.shiftphones.com:30484*
e86dd8c7-374e-49a1-bc67-18565e5d5af0	http://localhost:8080/
c618eed0-c36f-4a8a-886a-bf29fbc91de5	http://localhost*
c618eed0-c36f-4a8a-886a-bf29fbc91de5	http://shifter.staging.shiftphones.com*
c618eed0-c36f-4a8a-886a-bf29fbc91de5	https://shifter.staging.shiftphones.com:30484*
\.


--
-- Data for Name: required_action_config; Type: TABLE DATA; Schema: public; Owner: keycloak
--

COPY public.required_action_config (required_action_id, value, name) FROM stdin;
\.


--
-- Data for Name: required_action_provider; Type: TABLE DATA; Schema: public; Owner: keycloak
--

COPY public.required_action_provider (id, alias, name, realm_id, enabled, default_action, provider_id, priority) FROM stdin;
9ee04fd0-6be8-45cf-b259-8487289dd4cd	UPDATE_PROFILE	Update Profile	master	t	f	UPDATE_PROFILE	40
a32b59c2-e410-49a3-948c-8426acd43c31	VERIFY_EMAIL	Verify Email	master	f	f	VERIFY_EMAIL	50
5ea51b6f-104f-4025-a395-fa855814ca14	UPDATE_PASSWORD	Update Password	master	t	f	UPDATE_PASSWORD	30
07ebe7c9-5468-41ac-8028-be0eeb7c9716	terms_and_conditions	Terms and Conditions	master	f	f	terms_and_conditions	20
b4bf34fc-d8a8-4636-9098-759f83f609ee	CONFIGURE_TOTP	Configure OTP	master	t	f	CONFIGURE_TOTP	10
b14c06cd-e05e-4039-99d3-c8aa26ca7d85	update_user_locale	Update User Locale	master	t	f	update_user_locale	1000
485cb934-f7ce-41e2-9c49-cd9d38e2a86a	delete_account	Delete Account	master	t	f	delete_account	60
\.


--
-- Data for Name: resource_attribute; Type: TABLE DATA; Schema: public; Owner: keycloak
--

COPY public.resource_attribute (id, name, value, resource_id) FROM stdin;
\.


--
-- Data for Name: resource_policy; Type: TABLE DATA; Schema: public; Owner: keycloak
--

COPY public.resource_policy (resource_id, policy_id) FROM stdin;
\.


--
-- Data for Name: resource_scope; Type: TABLE DATA; Schema: public; Owner: keycloak
--

COPY public.resource_scope (resource_id, scope_id) FROM stdin;
\.


--
-- Data for Name: resource_server; Type: TABLE DATA; Schema: public; Owner: keycloak
--

COPY public.resource_server (id, allow_rs_remote_mgmt, policy_enforce_mode, decision_strategy) FROM stdin;
\.


--
-- Data for Name: resource_server_perm_ticket; Type: TABLE DATA; Schema: public; Owner: keycloak
--

COPY public.resource_server_perm_ticket (id, owner, requester, created_timestamp, granted_timestamp, resource_id, scope_id, resource_server_id, policy_id) FROM stdin;
\.


--
-- Data for Name: resource_server_policy; Type: TABLE DATA; Schema: public; Owner: keycloak
--

COPY public.resource_server_policy (id, name, description, type, decision_strategy, logic, resource_server_id, owner) FROM stdin;
\.


--
-- Data for Name: resource_server_resource; Type: TABLE DATA; Schema: public; Owner: keycloak
--

COPY public.resource_server_resource (id, name, type, icon_uri, owner, resource_server_id, owner_managed_access, display_name) FROM stdin;
\.


--
-- Data for Name: resource_server_scope; Type: TABLE DATA; Schema: public; Owner: keycloak
--

COPY public.resource_server_scope (id, name, icon_uri, resource_server_id, display_name) FROM stdin;
\.


--
-- Data for Name: resource_uris; Type: TABLE DATA; Schema: public; Owner: keycloak
--

COPY public.resource_uris (resource_id, value) FROM stdin;
\.


--
-- Data for Name: role_attribute; Type: TABLE DATA; Schema: public; Owner: keycloak
--

COPY public.role_attribute (id, role_id, name, value) FROM stdin;
\.


--
-- Data for Name: scope_mapping; Type: TABLE DATA; Schema: public; Owner: keycloak
--

COPY public.scope_mapping (client_id, role_id) FROM stdin;
4d9d69bb-5fe8-4cc7-8b58-66b97077e773	4f26e033-70f7-4570-a9bb-9dc99177a077
c618eed0-c36f-4a8a-886a-bf29fbc91de5	108b7398-9469-4c37-944c-84e209399e83
c618eed0-c36f-4a8a-886a-bf29fbc91de5	346807ae-684e-4288-bf0c-f228ba3e5b89
c618eed0-c36f-4a8a-886a-bf29fbc91de5	5977e6cf-e2f2-4e0c-af13-33b6462d32ac
\.


--
-- Data for Name: scope_policy; Type: TABLE DATA; Schema: public; Owner: keycloak
--

COPY public.scope_policy (scope_id, policy_id) FROM stdin;
\.


--
-- Data for Name: user_attribute; Type: TABLE DATA; Schema: public; Owner: keycloak
--

COPY public.user_attribute (name, value, user_id, id) FROM stdin;
phoneNumber	1234	0423c7be-303d-4c55-abcc-7f1dd3db7600	968745e1-d1e6-486a-8561-598d00c1ebfd
street	Ferdinandstrasse 46 s	9f90ce28-1b7c-4bd1-be1d-d9cfed9fe75d	3572298e-2f5e-496e-ab30-89a2ef468e38
snetFavourites	{"shifterIDs":[59236,45510,45524,45523,45509,45522,3555,3558,35711,57556]}	0423c7be-303d-4c55-abcc-7f1dd3db7600	98b41f6f-9320-421e-8c36-cd75ab175825
snetFavourites	{"shifterIDs":[113197,119510,122463]}	9f90ce28-1b7c-4bd1-be1d-d9cfed9fe75d	743d3626-a388-4dfb-ba61-bd2bc25150c8
locale	en	0423c7be-303d-4c55-abcc-7f1dd3db7600	72737abb-ab02-4290-b571-38a9c71a9d51
country		0423c7be-303d-4c55-abcc-7f1dd3db7600	833f5717-9d6f-48fa-a3da-69be3a10e6a0
locality		0423c7be-303d-4c55-abcc-7f1dd3db7600	2738b94f-e560-4f0f-b84f-fec47b32e5bb
description		0423c7be-303d-4c55-abcc-7f1dd3db7600	7009a763-dc7f-4899-88d2-4478624d0ddb
street		0423c7be-303d-4c55-abcc-7f1dd3db7600	2ec0af6c-0bc7-4b5c-9188-cd3a0c5d5fa4
postal_code		0423c7be-303d-4c55-abcc-7f1dd3db7600	f0c951fe-cb28-496a-92a4-e10ad76df271
region		0423c7be-303d-4c55-abcc-7f1dd3db7600	154a0e86-7681-474c-ad7e-c04b1edcbab6
phoneNumber	015253844085	9f90ce28-1b7c-4bd1-be1d-d9cfed9fe75d	35cf7dc3-244e-4703-a106-bdc17dda9d1a
postal_code	82140	9f90ce28-1b7c-4bd1-be1d-d9cfed9fe75d	5f988335-c38e-4341-8c53-e35f5a495106
country	Germany	9f90ce28-1b7c-4bd1-be1d-d9cfed9fe75d	0bb8fd29-dfcf-411b-b29e-394d9df0b842
\.


--
-- Data for Name: user_consent; Type: TABLE DATA; Schema: public; Owner: keycloak
--

COPY public.user_consent (id, client_id, user_id, created_date, last_updated_date, client_storage_provider, external_client_id) FROM stdin;
\.


--
-- Data for Name: user_consent_client_scope; Type: TABLE DATA; Schema: public; Owner: keycloak
--

COPY public.user_consent_client_scope (user_consent_id, scope_id) FROM stdin;
\.


--
-- Data for Name: user_entity; Type: TABLE DATA; Schema: public; Owner: keycloak
--

COPY public.user_entity (id, email, email_constraint, email_verified, enabled, federation_link, first_name, last_name, realm_id, username, created_timestamp, service_account_client_link, not_before) FROM stdin;
42b8c48b-34d6-4a33-8c93-5e3782c05a48	\N	a8e9c324-a885-4c40-a1ca-d9b5000cba94	f	t	\N	\N	\N	master	mocha1	1626941596628	\N	0
b615e4a5-d762-464f-8e17-ac720d49712f	shantanusk@hotmail.com	shantanusk@hotmail.com	f	t	\N	Shantanu	Kushwaha	master	shantanusk	1616479764463	\N	0
ccfff6f6-7764-4111-98f3-6bf68d8e4b26	\N	b8f32580-563f-4e79-b11e-118ab114e7b6	f	t	\N	\N	\N	master	mocha2	1626965924001	\N	0
92746ce6-d5ce-4127-9e45-30fef19cf7a6	\N	9055d1c1-858f-4aee-b48a-7281461e212a	f	t	\N	\N	\N	master	mocha3	1634557780752	\N	0
0423c7be-303d-4c55-abcc-7f1dd3db7600	admin@shiftphones.com	admin@shiftphones.com	f	t	\N	Shift	Phones	master	admin	1616439807484	\N	0
8717d678-42eb-4e6a-b2f4-32296aef6bf2	\N	95f72b8c-a9ae-4811-9e6c-aac739ea5aec	t	t	\N	\N	\N	master	once	1625468781884	\N	0
9f90ce28-1b7c-4bd1-be1d-d9cfed9fe75d	marcel.donges@gmail.com	marcel.donges@gmail.com	f	t	\N	Marcel	Donges	master	donges	1635925521441	\N	0
\.


--
-- Data for Name: user_federation_config; Type: TABLE DATA; Schema: public; Owner: keycloak
--

COPY public.user_federation_config (user_federation_provider_id, value, name) FROM stdin;
\.


--
-- Data for Name: user_federation_mapper; Type: TABLE DATA; Schema: public; Owner: keycloak
--

COPY public.user_federation_mapper (id, name, federation_provider_id, federation_mapper_type, realm_id) FROM stdin;
\.


--
-- Data for Name: user_federation_mapper_config; Type: TABLE DATA; Schema: public; Owner: keycloak
--

COPY public.user_federation_mapper_config (user_federation_mapper_id, value, name) FROM stdin;
\.


--
-- Data for Name: user_federation_provider; Type: TABLE DATA; Schema: public; Owner: keycloak
--

COPY public.user_federation_provider (id, changed_sync_period, display_name, full_sync_period, last_sync, priority, provider_name, realm_id) FROM stdin;
\.


--
-- Data for Name: user_group_membership; Type: TABLE DATA; Schema: public; Owner: keycloak
--

COPY public.user_group_membership (group_id, user_id) FROM stdin;
2e5928ca-1b7e-4de3-b1ab-791949441793	0423c7be-303d-4c55-abcc-7f1dd3db7600
af022ac0-121f-4bb2-9033-b4f3540087e1	0423c7be-303d-4c55-abcc-7f1dd3db7600
2e5928ca-1b7e-4de3-b1ab-791949441793	9f90ce28-1b7c-4bd1-be1d-d9cfed9fe75d
\.


--
-- Data for Name: user_required_action; Type: TABLE DATA; Schema: public; Owner: keycloak
--

COPY public.user_required_action (user_id, required_action) FROM stdin;
8717d678-42eb-4e6a-b2f4-32296aef6bf2	UPDATE_PASSWORD
\.


--
-- Data for Name: user_role_mapping; Type: TABLE DATA; Schema: public; Owner: keycloak
--

COPY public.user_role_mapping (role_id, user_id) FROM stdin;
75986de1-2635-4536-ae64-5a118cc16847	0423c7be-303d-4c55-abcc-7f1dd3db7600
9fc1e36a-3691-4c26-b1dc-896b8f735f19	0423c7be-303d-4c55-abcc-7f1dd3db7600
02217048-62bd-46ed-b622-6c29cfa17f89	0423c7be-303d-4c55-abcc-7f1dd3db7600
4f26e033-70f7-4570-a9bb-9dc99177a077	0423c7be-303d-4c55-abcc-7f1dd3db7600
346807ae-684e-4288-bf0c-f228ba3e5b89	0423c7be-303d-4c55-abcc-7f1dd3db7600
75986de1-2635-4536-ae64-5a118cc16847	b615e4a5-d762-464f-8e17-ac720d49712f
9fc1e36a-3691-4c26-b1dc-896b8f735f19	b615e4a5-d762-464f-8e17-ac720d49712f
02217048-62bd-46ed-b622-6c29cfa17f89	b615e4a5-d762-464f-8e17-ac720d49712f
4f26e033-70f7-4570-a9bb-9dc99177a077	b615e4a5-d762-464f-8e17-ac720d49712f
ea938396-fa85-4d40-9184-8bc7294414f7	b615e4a5-d762-464f-8e17-ac720d49712f
346807ae-684e-4288-bf0c-f228ba3e5b89	b615e4a5-d762-464f-8e17-ac720d49712f
108b7398-9469-4c37-944c-84e209399e83	0423c7be-303d-4c55-abcc-7f1dd3db7600
75986de1-2635-4536-ae64-5a118cc16847	8717d678-42eb-4e6a-b2f4-32296aef6bf2
9fc1e36a-3691-4c26-b1dc-896b8f735f19	8717d678-42eb-4e6a-b2f4-32296aef6bf2
02217048-62bd-46ed-b622-6c29cfa17f89	8717d678-42eb-4e6a-b2f4-32296aef6bf2
4f26e033-70f7-4570-a9bb-9dc99177a077	8717d678-42eb-4e6a-b2f4-32296aef6bf2
75986de1-2635-4536-ae64-5a118cc16847	42b8c48b-34d6-4a33-8c93-5e3782c05a48
9fc1e36a-3691-4c26-b1dc-896b8f735f19	42b8c48b-34d6-4a33-8c93-5e3782c05a48
02217048-62bd-46ed-b622-6c29cfa17f89	42b8c48b-34d6-4a33-8c93-5e3782c05a48
4f26e033-70f7-4570-a9bb-9dc99177a077	42b8c48b-34d6-4a33-8c93-5e3782c05a48
75986de1-2635-4536-ae64-5a118cc16847	ccfff6f6-7764-4111-98f3-6bf68d8e4b26
9fc1e36a-3691-4c26-b1dc-896b8f735f19	ccfff6f6-7764-4111-98f3-6bf68d8e4b26
02217048-62bd-46ed-b622-6c29cfa17f89	ccfff6f6-7764-4111-98f3-6bf68d8e4b26
4f26e033-70f7-4570-a9bb-9dc99177a077	ccfff6f6-7764-4111-98f3-6bf68d8e4b26
5322445d-3e31-4d4e-84d0-cd68dc424f47	42b8c48b-34d6-4a33-8c93-5e3782c05a48
5322445d-3e31-4d4e-84d0-cd68dc424f47	ccfff6f6-7764-4111-98f3-6bf68d8e4b26
5977e6cf-e2f2-4e0c-af13-33b6462d32ac	0423c7be-303d-4c55-abcc-7f1dd3db7600
346807ae-684e-4288-bf0c-f228ba3e5b89	9f90ce28-1b7c-4bd1-be1d-d9cfed9fe75d
5322445d-3e31-4d4e-84d0-cd68dc424f47	9f90ce28-1b7c-4bd1-be1d-d9cfed9fe75d
108b7398-9469-4c37-944c-84e209399e83	9f90ce28-1b7c-4bd1-be1d-d9cfed9fe75d
5977e6cf-e2f2-4e0c-af13-33b6462d32ac	9f90ce28-1b7c-4bd1-be1d-d9cfed9fe75d
75986de1-2635-4536-ae64-5a118cc16847	9f90ce28-1b7c-4bd1-be1d-d9cfed9fe75d
9fc1e36a-3691-4c26-b1dc-896b8f735f19	9f90ce28-1b7c-4bd1-be1d-d9cfed9fe75d
02217048-62bd-46ed-b622-6c29cfa17f89	9f90ce28-1b7c-4bd1-be1d-d9cfed9fe75d
4f26e033-70f7-4570-a9bb-9dc99177a077	9f90ce28-1b7c-4bd1-be1d-d9cfed9fe75d
5c853d84-b73b-431d-812d-57412bde7965	b615e4a5-d762-464f-8e17-ac720d49712f
75986de1-2635-4536-ae64-5a118cc16847	92746ce6-d5ce-4127-9e45-30fef19cf7a6
9fc1e36a-3691-4c26-b1dc-896b8f735f19	92746ce6-d5ce-4127-9e45-30fef19cf7a6
02217048-62bd-46ed-b622-6c29cfa17f89	92746ce6-d5ce-4127-9e45-30fef19cf7a6
4f26e033-70f7-4570-a9bb-9dc99177a077	92746ce6-d5ce-4127-9e45-30fef19cf7a6
5322445d-3e31-4d4e-84d0-cd68dc424f47	92746ce6-d5ce-4127-9e45-30fef19cf7a6
abc0184b-e077-4499-9804-15b1ded9411f	b615e4a5-d762-464f-8e17-ac720d49712f
\.


--
-- Data for Name: user_session; Type: TABLE DATA; Schema: public; Owner: keycloak
--

COPY public.user_session (id, auth_method, ip_address, last_session_refresh, login_username, realm_id, remember_me, started, user_id, user_session_state, broker_session_id, broker_user_id) FROM stdin;
\.


--
-- Data for Name: user_session_note; Type: TABLE DATA; Schema: public; Owner: keycloak
--

COPY public.user_session_note (user_session, name, value) FROM stdin;
\.


--
-- Data for Name: username_login_failure; Type: TABLE DATA; Schema: public; Owner: keycloak
--

COPY public.username_login_failure (realm_id, username, failed_login_not_before, last_failure, last_ip_failure, num_failures) FROM stdin;
\.


--
-- Data for Name: web_origins; Type: TABLE DATA; Schema: public; Owner: keycloak
--

COPY public.web_origins (client_id, value) FROM stdin;
4517fc46-ede2-439d-a2df-ce5df9730041	+
ff693dcd-4dc7-4a13-b629-146740e33d64	https://localhost:8443
e86dd8c7-374e-49a1-bc67-18565e5d5af0	*
c618eed0-c36f-4a8a-886a-bf29fbc91de5	*
\.


--
-- Name: username_login_failure CONSTRAINT_17-2; Type: CONSTRAINT; Schema: public; Owner: keycloak
--

ALTER TABLE ONLY public.username_login_failure
    ADD CONSTRAINT "CONSTRAINT_17-2" PRIMARY KEY (realm_id, username);


--
-- Name: keycloak_role UK_J3RWUVD56ONTGSUHOGM184WW2-2; Type: CONSTRAINT; Schema: public; Owner: keycloak
--

ALTER TABLE ONLY public.keycloak_role
    ADD CONSTRAINT "UK_J3RWUVD56ONTGSUHOGM184WW2-2" UNIQUE (name, client_realm_constraint);


--
-- Name: client_auth_flow_bindings c_cli_flow_bind; Type: CONSTRAINT; Schema: public; Owner: keycloak
--

ALTER TABLE ONLY public.client_auth_flow_bindings
    ADD CONSTRAINT c_cli_flow_bind PRIMARY KEY (client_id, binding_name);


--
-- Name: client_scope_client c_cli_scope_bind; Type: CONSTRAINT; Schema: public; Owner: keycloak
--

ALTER TABLE ONLY public.client_scope_client
    ADD CONSTRAINT c_cli_scope_bind PRIMARY KEY (client_id, scope_id);


--
-- Name: client_initial_access cnstr_client_init_acc_pk; Type: CONSTRAINT; Schema: public; Owner: keycloak
--

ALTER TABLE ONLY public.client_initial_access
    ADD CONSTRAINT cnstr_client_init_acc_pk PRIMARY KEY (id);


--
-- Name: realm_default_groups con_group_id_def_groups; Type: CONSTRAINT; Schema: public; Owner: keycloak
--

ALTER TABLE ONLY public.realm_default_groups
    ADD CONSTRAINT con_group_id_def_groups UNIQUE (group_id);


--
-- Name: broker_link constr_broker_link_pk; Type: CONSTRAINT; Schema: public; Owner: keycloak
--

ALTER TABLE ONLY public.broker_link
    ADD CONSTRAINT constr_broker_link_pk PRIMARY KEY (identity_provider, user_id);


--
-- Name: client_user_session_note constr_cl_usr_ses_note; Type: CONSTRAINT; Schema: public; Owner: keycloak
--

ALTER TABLE ONLY public.client_user_session_note
    ADD CONSTRAINT constr_cl_usr_ses_note PRIMARY KEY (client_session, name);


--
-- Name: client_default_roles constr_client_default_roles; Type: CONSTRAINT; Schema: public; Owner: keycloak
--

ALTER TABLE ONLY public.client_default_roles
    ADD CONSTRAINT constr_client_default_roles PRIMARY KEY (client_id, role_id);


--
-- Name: component_config constr_component_config_pk; Type: CONSTRAINT; Schema: public; Owner: keycloak
--

ALTER TABLE ONLY public.component_config
    ADD CONSTRAINT constr_component_config_pk PRIMARY KEY (id);


--
-- Name: component constr_component_pk; Type: CONSTRAINT; Schema: public; Owner: keycloak
--

ALTER TABLE ONLY public.component
    ADD CONSTRAINT constr_component_pk PRIMARY KEY (id);


--
-- Name: fed_user_required_action constr_fed_required_action; Type: CONSTRAINT; Schema: public; Owner: keycloak
--

ALTER TABLE ONLY public.fed_user_required_action
    ADD CONSTRAINT constr_fed_required_action PRIMARY KEY (required_action, user_id);


--
-- Name: fed_user_attribute constr_fed_user_attr_pk; Type: CONSTRAINT; Schema: public; Owner: keycloak
--

ALTER TABLE ONLY public.fed_user_attribute
    ADD CONSTRAINT constr_fed_user_attr_pk PRIMARY KEY (id);


--
-- Name: fed_user_consent constr_fed_user_consent_pk; Type: CONSTRAINT; Schema: public; Owner: keycloak
--

ALTER TABLE ONLY public.fed_user_consent
    ADD CONSTRAINT constr_fed_user_consent_pk PRIMARY KEY (id);


--
-- Name: fed_user_credential constr_fed_user_cred_pk; Type: CONSTRAINT; Schema: public; Owner: keycloak
--

ALTER TABLE ONLY public.fed_user_credential
    ADD CONSTRAINT constr_fed_user_cred_pk PRIMARY KEY (id);


--
-- Name: fed_user_group_membership constr_fed_user_group; Type: CONSTRAINT; Schema: public; Owner: keycloak
--

ALTER TABLE ONLY public.fed_user_group_membership
    ADD CONSTRAINT constr_fed_user_group PRIMARY KEY (group_id, user_id);


--
-- Name: fed_user_role_mapping constr_fed_user_role; Type: CONSTRAINT; Schema: public; Owner: keycloak
--

ALTER TABLE ONLY public.fed_user_role_mapping
    ADD CONSTRAINT constr_fed_user_role PRIMARY KEY (role_id, user_id);


--
-- Name: federated_user constr_federated_user; Type: CONSTRAINT; Schema: public; Owner: keycloak
--

ALTER TABLE ONLY public.federated_user
    ADD CONSTRAINT constr_federated_user PRIMARY KEY (id);


--
-- Name: realm_default_groups constr_realm_default_groups; Type: CONSTRAINT; Schema: public; Owner: keycloak
--

ALTER TABLE ONLY public.realm_default_groups
    ADD CONSTRAINT constr_realm_default_groups PRIMARY KEY (realm_id, group_id);


--
-- Name: realm_enabled_event_types constr_realm_enabl_event_types; Type: CONSTRAINT; Schema: public; Owner: keycloak
--

ALTER TABLE ONLY public.realm_enabled_event_types
    ADD CONSTRAINT constr_realm_enabl_event_types PRIMARY KEY (realm_id, value);


--
-- Name: realm_events_listeners constr_realm_events_listeners; Type: CONSTRAINT; Schema: public; Owner: keycloak
--

ALTER TABLE ONLY public.realm_events_listeners
    ADD CONSTRAINT constr_realm_events_listeners PRIMARY KEY (realm_id, value);


--
-- Name: realm_supported_locales constr_realm_supported_locales; Type: CONSTRAINT; Schema: public; Owner: keycloak
--

ALTER TABLE ONLY public.realm_supported_locales
    ADD CONSTRAINT constr_realm_supported_locales PRIMARY KEY (realm_id, value);


--
-- Name: identity_provider constraint_2b; Type: CONSTRAINT; Schema: public; Owner: keycloak
--

ALTER TABLE ONLY public.identity_provider
    ADD CONSTRAINT constraint_2b PRIMARY KEY (internal_id);


--
-- Name: client_attributes constraint_3c; Type: CONSTRAINT; Schema: public; Owner: keycloak
--

ALTER TABLE ONLY public.client_attributes
    ADD CONSTRAINT constraint_3c PRIMARY KEY (client_id, name);


--
-- Name: event_entity constraint_4; Type: CONSTRAINT; Schema: public; Owner: keycloak
--

ALTER TABLE ONLY public.event_entity
    ADD CONSTRAINT constraint_4 PRIMARY KEY (id);


--
-- Name: federated_identity constraint_40; Type: CONSTRAINT; Schema: public; Owner: keycloak
--

ALTER TABLE ONLY public.federated_identity
    ADD CONSTRAINT constraint_40 PRIMARY KEY (identity_provider, user_id);


--
-- Name: realm constraint_4a; Type: CONSTRAINT; Schema: public; Owner: keycloak
--

ALTER TABLE ONLY public.realm
    ADD CONSTRAINT constraint_4a PRIMARY KEY (id);


--
-- Name: client_session_role constraint_5; Type: CONSTRAINT; Schema: public; Owner: keycloak
--

ALTER TABLE ONLY public.client_session_role
    ADD CONSTRAINT constraint_5 PRIMARY KEY (client_session, role_id);


--
-- Name: user_session constraint_57; Type: CONSTRAINT; Schema: public; Owner: keycloak
--

ALTER TABLE ONLY public.user_session
    ADD CONSTRAINT constraint_57 PRIMARY KEY (id);


--
-- Name: user_federation_provider constraint_5c; Type: CONSTRAINT; Schema: public; Owner: keycloak
--

ALTER TABLE ONLY public.user_federation_provider
    ADD CONSTRAINT constraint_5c PRIMARY KEY (id);


--
-- Name: client_session_note constraint_5e; Type: CONSTRAINT; Schema: public; Owner: keycloak
--

ALTER TABLE ONLY public.client_session_note
    ADD CONSTRAINT constraint_5e PRIMARY KEY (client_session, name);


--
-- Name: client constraint_7; Type: CONSTRAINT; Schema: public; Owner: keycloak
--

ALTER TABLE ONLY public.client
    ADD CONSTRAINT constraint_7 PRIMARY KEY (id);


--
-- Name: client_session constraint_8; Type: CONSTRAINT; Schema: public; Owner: keycloak
--

ALTER TABLE ONLY public.client_session
    ADD CONSTRAINT constraint_8 PRIMARY KEY (id);


--
-- Name: scope_mapping constraint_81; Type: CONSTRAINT; Schema: public; Owner: keycloak
--

ALTER TABLE ONLY public.scope_mapping
    ADD CONSTRAINT constraint_81 PRIMARY KEY (client_id, role_id);


--
-- Name: client_node_registrations constraint_84; Type: CONSTRAINT; Schema: public; Owner: keycloak
--

ALTER TABLE ONLY public.client_node_registrations
    ADD CONSTRAINT constraint_84 PRIMARY KEY (client_id, name);


--
-- Name: realm_attribute constraint_9; Type: CONSTRAINT; Schema: public; Owner: keycloak
--

ALTER TABLE ONLY public.realm_attribute
    ADD CONSTRAINT constraint_9 PRIMARY KEY (name, realm_id);


--
-- Name: realm_required_credential constraint_92; Type: CONSTRAINT; Schema: public; Owner: keycloak
--

ALTER TABLE ONLY public.realm_required_credential
    ADD CONSTRAINT constraint_92 PRIMARY KEY (realm_id, type);


--
-- Name: keycloak_role constraint_a; Type: CONSTRAINT; Schema: public; Owner: keycloak
--

ALTER TABLE ONLY public.keycloak_role
    ADD CONSTRAINT constraint_a PRIMARY KEY (id);


--
-- Name: admin_event_entity constraint_admin_event_entity; Type: CONSTRAINT; Schema: public; Owner: keycloak
--

ALTER TABLE ONLY public.admin_event_entity
    ADD CONSTRAINT constraint_admin_event_entity PRIMARY KEY (id);


--
-- Name: authenticator_config_entry constraint_auth_cfg_pk; Type: CONSTRAINT; Schema: public; Owner: keycloak
--

ALTER TABLE ONLY public.authenticator_config_entry
    ADD CONSTRAINT constraint_auth_cfg_pk PRIMARY KEY (authenticator_id, name);


--
-- Name: authentication_execution constraint_auth_exec_pk; Type: CONSTRAINT; Schema: public; Owner: keycloak
--

ALTER TABLE ONLY public.authentication_execution
    ADD CONSTRAINT constraint_auth_exec_pk PRIMARY KEY (id);


--
-- Name: authentication_flow constraint_auth_flow_pk; Type: CONSTRAINT; Schema: public; Owner: keycloak
--

ALTER TABLE ONLY public.authentication_flow
    ADD CONSTRAINT constraint_auth_flow_pk PRIMARY KEY (id);


--
-- Name: authenticator_config constraint_auth_pk; Type: CONSTRAINT; Schema: public; Owner: keycloak
--

ALTER TABLE ONLY public.authenticator_config
    ADD CONSTRAINT constraint_auth_pk PRIMARY KEY (id);


--
-- Name: client_session_auth_status constraint_auth_status_pk; Type: CONSTRAINT; Schema: public; Owner: keycloak
--

ALTER TABLE ONLY public.client_session_auth_status
    ADD CONSTRAINT constraint_auth_status_pk PRIMARY KEY (client_session, authenticator);


--
-- Name: user_role_mapping constraint_c; Type: CONSTRAINT; Schema: public; Owner: keycloak
--

ALTER TABLE ONLY public.user_role_mapping
    ADD CONSTRAINT constraint_c PRIMARY KEY (role_id, user_id);


--
-- Name: composite_role constraint_composite_role; Type: CONSTRAINT; Schema: public; Owner: keycloak
--

ALTER TABLE ONLY public.composite_role
    ADD CONSTRAINT constraint_composite_role PRIMARY KEY (composite, child_role);


--
-- Name: client_session_prot_mapper constraint_cs_pmp_pk; Type: CONSTRAINT; Schema: public; Owner: keycloak
--

ALTER TABLE ONLY public.client_session_prot_mapper
    ADD CONSTRAINT constraint_cs_pmp_pk PRIMARY KEY (client_session, protocol_mapper_id);


--
-- Name: identity_provider_config constraint_d; Type: CONSTRAINT; Schema: public; Owner: keycloak
--

ALTER TABLE ONLY public.identity_provider_config
    ADD CONSTRAINT constraint_d PRIMARY KEY (identity_provider_id, name);


--
-- Name: policy_config constraint_dpc; Type: CONSTRAINT; Schema: public; Owner: keycloak
--

ALTER TABLE ONLY public.policy_config
    ADD CONSTRAINT constraint_dpc PRIMARY KEY (policy_id, name);


--
-- Name: realm_smtp_config constraint_e; Type: CONSTRAINT; Schema: public; Owner: keycloak
--

ALTER TABLE ONLY public.realm_smtp_config
    ADD CONSTRAINT constraint_e PRIMARY KEY (realm_id, name);


--
-- Name: credential constraint_f; Type: CONSTRAINT; Schema: public; Owner: keycloak
--

ALTER TABLE ONLY public.credential
    ADD CONSTRAINT constraint_f PRIMARY KEY (id);


--
-- Name: user_federation_config constraint_f9; Type: CONSTRAINT; Schema: public; Owner: keycloak
--

ALTER TABLE ONLY public.user_federation_config
    ADD CONSTRAINT constraint_f9 PRIMARY KEY (user_federation_provider_id, name);


--
-- Name: resource_server_perm_ticket constraint_fapmt; Type: CONSTRAINT; Schema: public; Owner: keycloak
--

ALTER TABLE ONLY public.resource_server_perm_ticket
    ADD CONSTRAINT constraint_fapmt PRIMARY KEY (id);


--
-- Name: resource_server_resource constraint_farsr; Type: CONSTRAINT; Schema: public; Owner: keycloak
--

ALTER TABLE ONLY public.resource_server_resource
    ADD CONSTRAINT constraint_farsr PRIMARY KEY (id);


--
-- Name: resource_server_policy constraint_farsrp; Type: CONSTRAINT; Schema: public; Owner: keycloak
--

ALTER TABLE ONLY public.resource_server_policy
    ADD CONSTRAINT constraint_farsrp PRIMARY KEY (id);


--
-- Name: associated_policy constraint_farsrpap; Type: CONSTRAINT; Schema: public; Owner: keycloak
--

ALTER TABLE ONLY public.associated_policy
    ADD CONSTRAINT constraint_farsrpap PRIMARY KEY (policy_id, associated_policy_id);


--
-- Name: resource_policy constraint_farsrpp; Type: CONSTRAINT; Schema: public; Owner: keycloak
--

ALTER TABLE ONLY public.resource_policy
    ADD CONSTRAINT constraint_farsrpp PRIMARY KEY (resource_id, policy_id);


--
-- Name: resource_server_scope constraint_farsrs; Type: CONSTRAINT; Schema: public; Owner: keycloak
--

ALTER TABLE ONLY public.resource_server_scope
    ADD CONSTRAINT constraint_farsrs PRIMARY KEY (id);


--
-- Name: resource_scope constraint_farsrsp; Type: CONSTRAINT; Schema: public; Owner: keycloak
--

ALTER TABLE ONLY public.resource_scope
    ADD CONSTRAINT constraint_farsrsp PRIMARY KEY (resource_id, scope_id);


--
-- Name: scope_policy constraint_farsrsps; Type: CONSTRAINT; Schema: public; Owner: keycloak
--

ALTER TABLE ONLY public.scope_policy
    ADD CONSTRAINT constraint_farsrsps PRIMARY KEY (scope_id, policy_id);


--
-- Name: user_entity constraint_fb; Type: CONSTRAINT; Schema: public; Owner: keycloak
--

ALTER TABLE ONLY public.user_entity
    ADD CONSTRAINT constraint_fb PRIMARY KEY (id);


--
-- Name: user_federation_mapper_config constraint_fedmapper_cfg_pm; Type: CONSTRAINT; Schema: public; Owner: keycloak
--

ALTER TABLE ONLY public.user_federation_mapper_config
    ADD CONSTRAINT constraint_fedmapper_cfg_pm PRIMARY KEY (user_federation_mapper_id, name);


--
-- Name: user_federation_mapper constraint_fedmapperpm; Type: CONSTRAINT; Schema: public; Owner: keycloak
--

ALTER TABLE ONLY public.user_federation_mapper
    ADD CONSTRAINT constraint_fedmapperpm PRIMARY KEY (id);


--
-- Name: fed_user_consent_cl_scope constraint_fgrntcsnt_clsc_pm; Type: CONSTRAINT; Schema: public; Owner: keycloak
--

ALTER TABLE ONLY public.fed_user_consent_cl_scope
    ADD CONSTRAINT constraint_fgrntcsnt_clsc_pm PRIMARY KEY (user_consent_id, scope_id);


--
-- Name: user_consent_client_scope constraint_grntcsnt_clsc_pm; Type: CONSTRAINT; Schema: public; Owner: keycloak
--

ALTER TABLE ONLY public.user_consent_client_scope
    ADD CONSTRAINT constraint_grntcsnt_clsc_pm PRIMARY KEY (user_consent_id, scope_id);


--
-- Name: user_consent constraint_grntcsnt_pm; Type: CONSTRAINT; Schema: public; Owner: keycloak
--

ALTER TABLE ONLY public.user_consent
    ADD CONSTRAINT constraint_grntcsnt_pm PRIMARY KEY (id);


--
-- Name: keycloak_group constraint_group; Type: CONSTRAINT; Schema: public; Owner: keycloak
--

ALTER TABLE ONLY public.keycloak_group
    ADD CONSTRAINT constraint_group PRIMARY KEY (id);


--
-- Name: group_attribute constraint_group_attribute_pk; Type: CONSTRAINT; Schema: public; Owner: keycloak
--

ALTER TABLE ONLY public.group_attribute
    ADD CONSTRAINT constraint_group_attribute_pk PRIMARY KEY (id);


--
-- Name: group_role_mapping constraint_group_role; Type: CONSTRAINT; Schema: public; Owner: keycloak
--

ALTER TABLE ONLY public.group_role_mapping
    ADD CONSTRAINT constraint_group_role PRIMARY KEY (role_id, group_id);


--
-- Name: identity_provider_mapper constraint_idpm; Type: CONSTRAINT; Schema: public; Owner: keycloak
--

ALTER TABLE ONLY public.identity_provider_mapper
    ADD CONSTRAINT constraint_idpm PRIMARY KEY (id);


--
-- Name: idp_mapper_config constraint_idpmconfig; Type: CONSTRAINT; Schema: public; Owner: keycloak
--

ALTER TABLE ONLY public.idp_mapper_config
    ADD CONSTRAINT constraint_idpmconfig PRIMARY KEY (idp_mapper_id, name);


--
-- Name: migration_model constraint_migmod; Type: CONSTRAINT; Schema: public; Owner: keycloak
--

ALTER TABLE ONLY public.migration_model
    ADD CONSTRAINT constraint_migmod PRIMARY KEY (id);


--
-- Name: offline_client_session constraint_offl_cl_ses_pk3; Type: CONSTRAINT; Schema: public; Owner: keycloak
--

ALTER TABLE ONLY public.offline_client_session
    ADD CONSTRAINT constraint_offl_cl_ses_pk3 PRIMARY KEY (user_session_id, client_id, client_storage_provider, external_client_id, offline_flag);


--
-- Name: offline_user_session constraint_offl_us_ses_pk2; Type: CONSTRAINT; Schema: public; Owner: keycloak
--

ALTER TABLE ONLY public.offline_user_session
    ADD CONSTRAINT constraint_offl_us_ses_pk2 PRIMARY KEY (user_session_id, offline_flag);


--
-- Name: protocol_mapper constraint_pcm; Type: CONSTRAINT; Schema: public; Owner: keycloak
--

ALTER TABLE ONLY public.protocol_mapper
    ADD CONSTRAINT constraint_pcm PRIMARY KEY (id);


--
-- Name: protocol_mapper_config constraint_pmconfig; Type: CONSTRAINT; Schema: public; Owner: keycloak
--

ALTER TABLE ONLY public.protocol_mapper_config
    ADD CONSTRAINT constraint_pmconfig PRIMARY KEY (protocol_mapper_id, name);


--
-- Name: realm_default_roles constraint_realm_default_roles; Type: CONSTRAINT; Schema: public; Owner: keycloak
--

ALTER TABLE ONLY public.realm_default_roles
    ADD CONSTRAINT constraint_realm_default_roles PRIMARY KEY (realm_id, role_id);


--
-- Name: redirect_uris constraint_redirect_uris; Type: CONSTRAINT; Schema: public; Owner: keycloak
--

ALTER TABLE ONLY public.redirect_uris
    ADD CONSTRAINT constraint_redirect_uris PRIMARY KEY (client_id, value);


--
-- Name: required_action_config constraint_req_act_cfg_pk; Type: CONSTRAINT; Schema: public; Owner: keycloak
--

ALTER TABLE ONLY public.required_action_config
    ADD CONSTRAINT constraint_req_act_cfg_pk PRIMARY KEY (required_action_id, name);


--
-- Name: required_action_provider constraint_req_act_prv_pk; Type: CONSTRAINT; Schema: public; Owner: keycloak
--

ALTER TABLE ONLY public.required_action_provider
    ADD CONSTRAINT constraint_req_act_prv_pk PRIMARY KEY (id);


--
-- Name: user_required_action constraint_required_action; Type: CONSTRAINT; Schema: public; Owner: keycloak
--

ALTER TABLE ONLY public.user_required_action
    ADD CONSTRAINT constraint_required_action PRIMARY KEY (required_action, user_id);


--
-- Name: resource_uris constraint_resour_uris_pk; Type: CONSTRAINT; Schema: public; Owner: keycloak
--

ALTER TABLE ONLY public.resource_uris
    ADD CONSTRAINT constraint_resour_uris_pk PRIMARY KEY (resource_id, value);


--
-- Name: role_attribute constraint_role_attribute_pk; Type: CONSTRAINT; Schema: public; Owner: keycloak
--

ALTER TABLE ONLY public.role_attribute
    ADD CONSTRAINT constraint_role_attribute_pk PRIMARY KEY (id);


--
-- Name: user_attribute constraint_user_attribute_pk; Type: CONSTRAINT; Schema: public; Owner: keycloak
--

ALTER TABLE ONLY public.user_attribute
    ADD CONSTRAINT constraint_user_attribute_pk PRIMARY KEY (id);


--
-- Name: user_group_membership constraint_user_group; Type: CONSTRAINT; Schema: public; Owner: keycloak
--

ALTER TABLE ONLY public.user_group_membership
    ADD CONSTRAINT constraint_user_group PRIMARY KEY (group_id, user_id);


--
-- Name: user_session_note constraint_usn_pk; Type: CONSTRAINT; Schema: public; Owner: keycloak
--

ALTER TABLE ONLY public.user_session_note
    ADD CONSTRAINT constraint_usn_pk PRIMARY KEY (user_session, name);


--
-- Name: web_origins constraint_web_origins; Type: CONSTRAINT; Schema: public; Owner: keycloak
--

ALTER TABLE ONLY public.web_origins
    ADD CONSTRAINT constraint_web_origins PRIMARY KEY (client_id, value);


--
-- Name: client_scope_attributes pk_cl_tmpl_attr; Type: CONSTRAINT; Schema: public; Owner: keycloak
--

ALTER TABLE ONLY public.client_scope_attributes
    ADD CONSTRAINT pk_cl_tmpl_attr PRIMARY KEY (scope_id, name);


--
-- Name: client_scope pk_cli_template; Type: CONSTRAINT; Schema: public; Owner: keycloak
--

ALTER TABLE ONLY public.client_scope
    ADD CONSTRAINT pk_cli_template PRIMARY KEY (id);


--
-- Name: databasechangeloglock pk_databasechangeloglock; Type: CONSTRAINT; Schema: public; Owner: keycloak
--

ALTER TABLE ONLY public.databasechangeloglock
    ADD CONSTRAINT pk_databasechangeloglock PRIMARY KEY (id);


--
-- Name: resource_server pk_resource_server; Type: CONSTRAINT; Schema: public; Owner: keycloak
--

ALTER TABLE ONLY public.resource_server
    ADD CONSTRAINT pk_resource_server PRIMARY KEY (id);


--
-- Name: client_scope_role_mapping pk_template_scope; Type: CONSTRAINT; Schema: public; Owner: keycloak
--

ALTER TABLE ONLY public.client_scope_role_mapping
    ADD CONSTRAINT pk_template_scope PRIMARY KEY (scope_id, role_id);


--
-- Name: default_client_scope r_def_cli_scope_bind; Type: CONSTRAINT; Schema: public; Owner: keycloak
--

ALTER TABLE ONLY public.default_client_scope
    ADD CONSTRAINT r_def_cli_scope_bind PRIMARY KEY (realm_id, scope_id);


--
-- Name: realm_localizations realm_localizations_pkey; Type: CONSTRAINT; Schema: public; Owner: keycloak
--

ALTER TABLE ONLY public.realm_localizations
    ADD CONSTRAINT realm_localizations_pkey PRIMARY KEY (realm_id, locale);


--
-- Name: resource_attribute res_attr_pk; Type: CONSTRAINT; Schema: public; Owner: keycloak
--

ALTER TABLE ONLY public.resource_attribute
    ADD CONSTRAINT res_attr_pk PRIMARY KEY (id);


--
-- Name: keycloak_group sibling_names; Type: CONSTRAINT; Schema: public; Owner: keycloak
--

ALTER TABLE ONLY public.keycloak_group
    ADD CONSTRAINT sibling_names UNIQUE (realm_id, parent_group, name);


--
-- Name: identity_provider uk_2daelwnibji49avxsrtuf6xj33; Type: CONSTRAINT; Schema: public; Owner: keycloak
--

ALTER TABLE ONLY public.identity_provider
    ADD CONSTRAINT uk_2daelwnibji49avxsrtuf6xj33 UNIQUE (provider_alias, realm_id);


--
-- Name: client_default_roles uk_8aelwnibji49avxsrtuf6xjow; Type: CONSTRAINT; Schema: public; Owner: keycloak
--

ALTER TABLE ONLY public.client_default_roles
    ADD CONSTRAINT uk_8aelwnibji49avxsrtuf6xjow UNIQUE (role_id);


--
-- Name: client uk_b71cjlbenv945rb6gcon438at; Type: CONSTRAINT; Schema: public; Owner: keycloak
--

ALTER TABLE ONLY public.client
    ADD CONSTRAINT uk_b71cjlbenv945rb6gcon438at UNIQUE (realm_id, client_id);


--
-- Name: client_scope uk_cli_scope; Type: CONSTRAINT; Schema: public; Owner: keycloak
--

ALTER TABLE ONLY public.client_scope
    ADD CONSTRAINT uk_cli_scope UNIQUE (realm_id, name);


--
-- Name: user_entity uk_dykn684sl8up1crfei6eckhd7; Type: CONSTRAINT; Schema: public; Owner: keycloak
--

ALTER TABLE ONLY public.user_entity
    ADD CONSTRAINT uk_dykn684sl8up1crfei6eckhd7 UNIQUE (realm_id, email_constraint);


--
-- Name: resource_server_resource uk_frsr6t700s9v50bu18ws5ha6; Type: CONSTRAINT; Schema: public; Owner: keycloak
--

ALTER TABLE ONLY public.resource_server_resource
    ADD CONSTRAINT uk_frsr6t700s9v50bu18ws5ha6 UNIQUE (name, owner, resource_server_id);


--
-- Name: resource_server_perm_ticket uk_frsr6t700s9v50bu18ws5pmt; Type: CONSTRAINT; Schema: public; Owner: keycloak
--

ALTER TABLE ONLY public.resource_server_perm_ticket
    ADD CONSTRAINT uk_frsr6t700s9v50bu18ws5pmt UNIQUE (owner, requester, resource_server_id, resource_id, scope_id);


--
-- Name: resource_server_policy uk_frsrpt700s9v50bu18ws5ha6; Type: CONSTRAINT; Schema: public; Owner: keycloak
--

ALTER TABLE ONLY public.resource_server_policy
    ADD CONSTRAINT uk_frsrpt700s9v50bu18ws5ha6 UNIQUE (name, resource_server_id);


--
-- Name: resource_server_scope uk_frsrst700s9v50bu18ws5ha6; Type: CONSTRAINT; Schema: public; Owner: keycloak
--

ALTER TABLE ONLY public.resource_server_scope
    ADD CONSTRAINT uk_frsrst700s9v50bu18ws5ha6 UNIQUE (name, resource_server_id);


--
-- Name: realm_default_roles uk_h4wpd7w4hsoolni3h0sw7btje; Type: CONSTRAINT; Schema: public; Owner: keycloak
--

ALTER TABLE ONLY public.realm_default_roles
    ADD CONSTRAINT uk_h4wpd7w4hsoolni3h0sw7btje UNIQUE (role_id);


--
-- Name: user_consent uk_jkuwuvd56ontgsuhogm8uewrt; Type: CONSTRAINT; Schema: public; Owner: keycloak
--

ALTER TABLE ONLY public.user_consent
    ADD CONSTRAINT uk_jkuwuvd56ontgsuhogm8uewrt UNIQUE (client_id, client_storage_provider, external_client_id, user_id);


--
-- Name: realm uk_orvsdmla56612eaefiq6wl5oi; Type: CONSTRAINT; Schema: public; Owner: keycloak
--

ALTER TABLE ONLY public.realm
    ADD CONSTRAINT uk_orvsdmla56612eaefiq6wl5oi UNIQUE (name);


--
-- Name: user_entity uk_ru8tt6t700s9v50bu18ws5ha6; Type: CONSTRAINT; Schema: public; Owner: keycloak
--

ALTER TABLE ONLY public.user_entity
    ADD CONSTRAINT uk_ru8tt6t700s9v50bu18ws5ha6 UNIQUE (realm_id, username);


--
-- Name: idx_assoc_pol_assoc_pol_id; Type: INDEX; Schema: public; Owner: keycloak
--

CREATE INDEX idx_assoc_pol_assoc_pol_id ON public.associated_policy USING btree (associated_policy_id);


--
-- Name: idx_auth_config_realm; Type: INDEX; Schema: public; Owner: keycloak
--

CREATE INDEX idx_auth_config_realm ON public.authenticator_config USING btree (realm_id);


--
-- Name: idx_auth_exec_flow; Type: INDEX; Schema: public; Owner: keycloak
--

CREATE INDEX idx_auth_exec_flow ON public.authentication_execution USING btree (flow_id);


--
-- Name: idx_auth_exec_realm_flow; Type: INDEX; Schema: public; Owner: keycloak
--

CREATE INDEX idx_auth_exec_realm_flow ON public.authentication_execution USING btree (realm_id, flow_id);


--
-- Name: idx_auth_flow_realm; Type: INDEX; Schema: public; Owner: keycloak
--

CREATE INDEX idx_auth_flow_realm ON public.authentication_flow USING btree (realm_id);


--
-- Name: idx_cl_clscope; Type: INDEX; Schema: public; Owner: keycloak
--

CREATE INDEX idx_cl_clscope ON public.client_scope_client USING btree (scope_id);


--
-- Name: idx_client_def_roles_client; Type: INDEX; Schema: public; Owner: keycloak
--

CREATE INDEX idx_client_def_roles_client ON public.client_default_roles USING btree (client_id);


--
-- Name: idx_client_id; Type: INDEX; Schema: public; Owner: keycloak
--

CREATE INDEX idx_client_id ON public.client USING btree (client_id);


--
-- Name: idx_client_init_acc_realm; Type: INDEX; Schema: public; Owner: keycloak
--

CREATE INDEX idx_client_init_acc_realm ON public.client_initial_access USING btree (realm_id);


--
-- Name: idx_client_session_session; Type: INDEX; Schema: public; Owner: keycloak
--

CREATE INDEX idx_client_session_session ON public.client_session USING btree (session_id);


--
-- Name: idx_clscope_attrs; Type: INDEX; Schema: public; Owner: keycloak
--

CREATE INDEX idx_clscope_attrs ON public.client_scope_attributes USING btree (scope_id);


--
-- Name: idx_clscope_cl; Type: INDEX; Schema: public; Owner: keycloak
--

CREATE INDEX idx_clscope_cl ON public.client_scope_client USING btree (client_id);


--
-- Name: idx_clscope_protmap; Type: INDEX; Schema: public; Owner: keycloak
--

CREATE INDEX idx_clscope_protmap ON public.protocol_mapper USING btree (client_scope_id);


--
-- Name: idx_clscope_role; Type: INDEX; Schema: public; Owner: keycloak
--

CREATE INDEX idx_clscope_role ON public.client_scope_role_mapping USING btree (scope_id);


--
-- Name: idx_compo_config_compo; Type: INDEX; Schema: public; Owner: keycloak
--

CREATE INDEX idx_compo_config_compo ON public.component_config USING btree (component_id);


--
-- Name: idx_component_provider_type; Type: INDEX; Schema: public; Owner: keycloak
--

CREATE INDEX idx_component_provider_type ON public.component USING btree (provider_type);


--
-- Name: idx_component_realm; Type: INDEX; Schema: public; Owner: keycloak
--

CREATE INDEX idx_component_realm ON public.component USING btree (realm_id);


--
-- Name: idx_composite; Type: INDEX; Schema: public; Owner: keycloak
--

CREATE INDEX idx_composite ON public.composite_role USING btree (composite);


--
-- Name: idx_composite_child; Type: INDEX; Schema: public; Owner: keycloak
--

CREATE INDEX idx_composite_child ON public.composite_role USING btree (child_role);


--
-- Name: idx_defcls_realm; Type: INDEX; Schema: public; Owner: keycloak
--

CREATE INDEX idx_defcls_realm ON public.default_client_scope USING btree (realm_id);


--
-- Name: idx_defcls_scope; Type: INDEX; Schema: public; Owner: keycloak
--

CREATE INDEX idx_defcls_scope ON public.default_client_scope USING btree (scope_id);


--
-- Name: idx_event_time; Type: INDEX; Schema: public; Owner: keycloak
--

CREATE INDEX idx_event_time ON public.event_entity USING btree (realm_id, event_time);


--
-- Name: idx_fedidentity_feduser; Type: INDEX; Schema: public; Owner: keycloak
--

CREATE INDEX idx_fedidentity_feduser ON public.federated_identity USING btree (federated_user_id);


--
-- Name: idx_fedidentity_user; Type: INDEX; Schema: public; Owner: keycloak
--

CREATE INDEX idx_fedidentity_user ON public.federated_identity USING btree (user_id);


--
-- Name: idx_fu_attribute; Type: INDEX; Schema: public; Owner: keycloak
--

CREATE INDEX idx_fu_attribute ON public.fed_user_attribute USING btree (user_id, realm_id, name);


--
-- Name: idx_fu_cnsnt_ext; Type: INDEX; Schema: public; Owner: keycloak
--

CREATE INDEX idx_fu_cnsnt_ext ON public.fed_user_consent USING btree (user_id, client_storage_provider, external_client_id);


--
-- Name: idx_fu_consent; Type: INDEX; Schema: public; Owner: keycloak
--

CREATE INDEX idx_fu_consent ON public.fed_user_consent USING btree (user_id, client_id);


--
-- Name: idx_fu_consent_ru; Type: INDEX; Schema: public; Owner: keycloak
--

CREATE INDEX idx_fu_consent_ru ON public.fed_user_consent USING btree (realm_id, user_id);


--
-- Name: idx_fu_credential; Type: INDEX; Schema: public; Owner: keycloak
--

CREATE INDEX idx_fu_credential ON public.fed_user_credential USING btree (user_id, type);


--
-- Name: idx_fu_credential_ru; Type: INDEX; Schema: public; Owner: keycloak
--

CREATE INDEX idx_fu_credential_ru ON public.fed_user_credential USING btree (realm_id, user_id);


--
-- Name: idx_fu_group_membership; Type: INDEX; Schema: public; Owner: keycloak
--

CREATE INDEX idx_fu_group_membership ON public.fed_user_group_membership USING btree (user_id, group_id);


--
-- Name: idx_fu_group_membership_ru; Type: INDEX; Schema: public; Owner: keycloak
--

CREATE INDEX idx_fu_group_membership_ru ON public.fed_user_group_membership USING btree (realm_id, user_id);


--
-- Name: idx_fu_required_action; Type: INDEX; Schema: public; Owner: keycloak
--

CREATE INDEX idx_fu_required_action ON public.fed_user_required_action USING btree (user_id, required_action);


--
-- Name: idx_fu_required_action_ru; Type: INDEX; Schema: public; Owner: keycloak
--

CREATE INDEX idx_fu_required_action_ru ON public.fed_user_required_action USING btree (realm_id, user_id);


--
-- Name: idx_fu_role_mapping; Type: INDEX; Schema: public; Owner: keycloak
--

CREATE INDEX idx_fu_role_mapping ON public.fed_user_role_mapping USING btree (user_id, role_id);


--
-- Name: idx_fu_role_mapping_ru; Type: INDEX; Schema: public; Owner: keycloak
--

CREATE INDEX idx_fu_role_mapping_ru ON public.fed_user_role_mapping USING btree (realm_id, user_id);


--
-- Name: idx_group_attr_group; Type: INDEX; Schema: public; Owner: keycloak
--

CREATE INDEX idx_group_attr_group ON public.group_attribute USING btree (group_id);


--
-- Name: idx_group_role_mapp_group; Type: INDEX; Schema: public; Owner: keycloak
--

CREATE INDEX idx_group_role_mapp_group ON public.group_role_mapping USING btree (group_id);


--
-- Name: idx_id_prov_mapp_realm; Type: INDEX; Schema: public; Owner: keycloak
--

CREATE INDEX idx_id_prov_mapp_realm ON public.identity_provider_mapper USING btree (realm_id);


--
-- Name: idx_ident_prov_realm; Type: INDEX; Schema: public; Owner: keycloak
--

CREATE INDEX idx_ident_prov_realm ON public.identity_provider USING btree (realm_id);


--
-- Name: idx_keycloak_role_client; Type: INDEX; Schema: public; Owner: keycloak
--

CREATE INDEX idx_keycloak_role_client ON public.keycloak_role USING btree (client);


--
-- Name: idx_keycloak_role_realm; Type: INDEX; Schema: public; Owner: keycloak
--

CREATE INDEX idx_keycloak_role_realm ON public.keycloak_role USING btree (realm);


--
-- Name: idx_offline_uss_createdon; Type: INDEX; Schema: public; Owner: keycloak
--

CREATE INDEX idx_offline_uss_createdon ON public.offline_user_session USING btree (created_on);


--
-- Name: idx_protocol_mapper_client; Type: INDEX; Schema: public; Owner: keycloak
--

CREATE INDEX idx_protocol_mapper_client ON public.protocol_mapper USING btree (client_id);


--
-- Name: idx_realm_attr_realm; Type: INDEX; Schema: public; Owner: keycloak
--

CREATE INDEX idx_realm_attr_realm ON public.realm_attribute USING btree (realm_id);


--
-- Name: idx_realm_clscope; Type: INDEX; Schema: public; Owner: keycloak
--

CREATE INDEX idx_realm_clscope ON public.client_scope USING btree (realm_id);


--
-- Name: idx_realm_def_grp_realm; Type: INDEX; Schema: public; Owner: keycloak
--

CREATE INDEX idx_realm_def_grp_realm ON public.realm_default_groups USING btree (realm_id);


--
-- Name: idx_realm_def_roles_realm; Type: INDEX; Schema: public; Owner: keycloak
--

CREATE INDEX idx_realm_def_roles_realm ON public.realm_default_roles USING btree (realm_id);


--
-- Name: idx_realm_evt_list_realm; Type: INDEX; Schema: public; Owner: keycloak
--

CREATE INDEX idx_realm_evt_list_realm ON public.realm_events_listeners USING btree (realm_id);


--
-- Name: idx_realm_evt_types_realm; Type: INDEX; Schema: public; Owner: keycloak
--

CREATE INDEX idx_realm_evt_types_realm ON public.realm_enabled_event_types USING btree (realm_id);


--
-- Name: idx_realm_master_adm_cli; Type: INDEX; Schema: public; Owner: keycloak
--

CREATE INDEX idx_realm_master_adm_cli ON public.realm USING btree (master_admin_client);


--
-- Name: idx_realm_supp_local_realm; Type: INDEX; Schema: public; Owner: keycloak
--

CREATE INDEX idx_realm_supp_local_realm ON public.realm_supported_locales USING btree (realm_id);


--
-- Name: idx_redir_uri_client; Type: INDEX; Schema: public; Owner: keycloak
--

CREATE INDEX idx_redir_uri_client ON public.redirect_uris USING btree (client_id);


--
-- Name: idx_req_act_prov_realm; Type: INDEX; Schema: public; Owner: keycloak
--

CREATE INDEX idx_req_act_prov_realm ON public.required_action_provider USING btree (realm_id);


--
-- Name: idx_res_policy_policy; Type: INDEX; Schema: public; Owner: keycloak
--

CREATE INDEX idx_res_policy_policy ON public.resource_policy USING btree (policy_id);


--
-- Name: idx_res_scope_scope; Type: INDEX; Schema: public; Owner: keycloak
--

CREATE INDEX idx_res_scope_scope ON public.resource_scope USING btree (scope_id);


--
-- Name: idx_res_serv_pol_res_serv; Type: INDEX; Schema: public; Owner: keycloak
--

CREATE INDEX idx_res_serv_pol_res_serv ON public.resource_server_policy USING btree (resource_server_id);


--
-- Name: idx_res_srv_res_res_srv; Type: INDEX; Schema: public; Owner: keycloak
--

CREATE INDEX idx_res_srv_res_res_srv ON public.resource_server_resource USING btree (resource_server_id);


--
-- Name: idx_res_srv_scope_res_srv; Type: INDEX; Schema: public; Owner: keycloak
--

CREATE INDEX idx_res_srv_scope_res_srv ON public.resource_server_scope USING btree (resource_server_id);


--
-- Name: idx_role_attribute; Type: INDEX; Schema: public; Owner: keycloak
--

CREATE INDEX idx_role_attribute ON public.role_attribute USING btree (role_id);


--
-- Name: idx_role_clscope; Type: INDEX; Schema: public; Owner: keycloak
--

CREATE INDEX idx_role_clscope ON public.client_scope_role_mapping USING btree (role_id);


--
-- Name: idx_scope_mapping_role; Type: INDEX; Schema: public; Owner: keycloak
--

CREATE INDEX idx_scope_mapping_role ON public.scope_mapping USING btree (role_id);


--
-- Name: idx_scope_policy_policy; Type: INDEX; Schema: public; Owner: keycloak
--

CREATE INDEX idx_scope_policy_policy ON public.scope_policy USING btree (policy_id);


--
-- Name: idx_update_time; Type: INDEX; Schema: public; Owner: keycloak
--

CREATE INDEX idx_update_time ON public.migration_model USING btree (update_time);


--
-- Name: idx_us_sess_id_on_cl_sess; Type: INDEX; Schema: public; Owner: keycloak
--

CREATE INDEX idx_us_sess_id_on_cl_sess ON public.offline_client_session USING btree (user_session_id);


--
-- Name: idx_usconsent_clscope; Type: INDEX; Schema: public; Owner: keycloak
--

CREATE INDEX idx_usconsent_clscope ON public.user_consent_client_scope USING btree (user_consent_id);


--
-- Name: idx_user_attribute; Type: INDEX; Schema: public; Owner: keycloak
--

CREATE INDEX idx_user_attribute ON public.user_attribute USING btree (user_id);


--
-- Name: idx_user_consent; Type: INDEX; Schema: public; Owner: keycloak
--

CREATE INDEX idx_user_consent ON public.user_consent USING btree (user_id);


--
-- Name: idx_user_credential; Type: INDEX; Schema: public; Owner: keycloak
--

CREATE INDEX idx_user_credential ON public.credential USING btree (user_id);


--
-- Name: idx_user_email; Type: INDEX; Schema: public; Owner: keycloak
--

CREATE INDEX idx_user_email ON public.user_entity USING btree (email);


--
-- Name: idx_user_group_mapping; Type: INDEX; Schema: public; Owner: keycloak
--

CREATE INDEX idx_user_group_mapping ON public.user_group_membership USING btree (user_id);


--
-- Name: idx_user_reqactions; Type: INDEX; Schema: public; Owner: keycloak
--

CREATE INDEX idx_user_reqactions ON public.user_required_action USING btree (user_id);


--
-- Name: idx_user_role_mapping; Type: INDEX; Schema: public; Owner: keycloak
--

CREATE INDEX idx_user_role_mapping ON public.user_role_mapping USING btree (user_id);


--
-- Name: idx_usr_fed_map_fed_prv; Type: INDEX; Schema: public; Owner: keycloak
--

CREATE INDEX idx_usr_fed_map_fed_prv ON public.user_federation_mapper USING btree (federation_provider_id);


--
-- Name: idx_usr_fed_map_realm; Type: INDEX; Schema: public; Owner: keycloak
--

CREATE INDEX idx_usr_fed_map_realm ON public.user_federation_mapper USING btree (realm_id);


--
-- Name: idx_usr_fed_prv_realm; Type: INDEX; Schema: public; Owner: keycloak
--

CREATE INDEX idx_usr_fed_prv_realm ON public.user_federation_provider USING btree (realm_id);


--
-- Name: idx_web_orig_client; Type: INDEX; Schema: public; Owner: keycloak
--

CREATE INDEX idx_web_orig_client ON public.web_origins USING btree (client_id);


--
-- Name: client_session_auth_status auth_status_constraint; Type: FK CONSTRAINT; Schema: public; Owner: keycloak
--

ALTER TABLE ONLY public.client_session_auth_status
    ADD CONSTRAINT auth_status_constraint FOREIGN KEY (client_session) REFERENCES public.client_session(id);


--
-- Name: identity_provider fk2b4ebc52ae5c3b34; Type: FK CONSTRAINT; Schema: public; Owner: keycloak
--

ALTER TABLE ONLY public.identity_provider
    ADD CONSTRAINT fk2b4ebc52ae5c3b34 FOREIGN KEY (realm_id) REFERENCES public.realm(id);


--
-- Name: client_attributes fk3c47c64beacca966; Type: FK CONSTRAINT; Schema: public; Owner: keycloak
--

ALTER TABLE ONLY public.client_attributes
    ADD CONSTRAINT fk3c47c64beacca966 FOREIGN KEY (client_id) REFERENCES public.client(id);


--
-- Name: federated_identity fk404288b92ef007a6; Type: FK CONSTRAINT; Schema: public; Owner: keycloak
--

ALTER TABLE ONLY public.federated_identity
    ADD CONSTRAINT fk404288b92ef007a6 FOREIGN KEY (user_id) REFERENCES public.user_entity(id);


--
-- Name: client_node_registrations fk4129723ba992f594; Type: FK CONSTRAINT; Schema: public; Owner: keycloak
--

ALTER TABLE ONLY public.client_node_registrations
    ADD CONSTRAINT fk4129723ba992f594 FOREIGN KEY (client_id) REFERENCES public.client(id);


--
-- Name: client_session_note fk5edfb00ff51c2736; Type: FK CONSTRAINT; Schema: public; Owner: keycloak
--

ALTER TABLE ONLY public.client_session_note
    ADD CONSTRAINT fk5edfb00ff51c2736 FOREIGN KEY (client_session) REFERENCES public.client_session(id);


--
-- Name: user_session_note fk5edfb00ff51d3472; Type: FK CONSTRAINT; Schema: public; Owner: keycloak
--

ALTER TABLE ONLY public.user_session_note
    ADD CONSTRAINT fk5edfb00ff51d3472 FOREIGN KEY (user_session) REFERENCES public.user_session(id);


--
-- Name: client_session_role fk_11b7sgqw18i532811v7o2dv76; Type: FK CONSTRAINT; Schema: public; Owner: keycloak
--

ALTER TABLE ONLY public.client_session_role
    ADD CONSTRAINT fk_11b7sgqw18i532811v7o2dv76 FOREIGN KEY (client_session) REFERENCES public.client_session(id);


--
-- Name: redirect_uris fk_1burs8pb4ouj97h5wuppahv9f; Type: FK CONSTRAINT; Schema: public; Owner: keycloak
--

ALTER TABLE ONLY public.redirect_uris
    ADD CONSTRAINT fk_1burs8pb4ouj97h5wuppahv9f FOREIGN KEY (client_id) REFERENCES public.client(id);


--
-- Name: user_federation_provider fk_1fj32f6ptolw2qy60cd8n01e8; Type: FK CONSTRAINT; Schema: public; Owner: keycloak
--

ALTER TABLE ONLY public.user_federation_provider
    ADD CONSTRAINT fk_1fj32f6ptolw2qy60cd8n01e8 FOREIGN KEY (realm_id) REFERENCES public.realm(id);


--
-- Name: client_session_prot_mapper fk_33a8sgqw18i532811v7o2dk89; Type: FK CONSTRAINT; Schema: public; Owner: keycloak
--

ALTER TABLE ONLY public.client_session_prot_mapper
    ADD CONSTRAINT fk_33a8sgqw18i532811v7o2dk89 FOREIGN KEY (client_session) REFERENCES public.client_session(id);


--
-- Name: realm_required_credential fk_5hg65lybevavkqfki3kponh9v; Type: FK CONSTRAINT; Schema: public; Owner: keycloak
--

ALTER TABLE ONLY public.realm_required_credential
    ADD CONSTRAINT fk_5hg65lybevavkqfki3kponh9v FOREIGN KEY (realm_id) REFERENCES public.realm(id);


--
-- Name: resource_attribute fk_5hrm2vlf9ql5fu022kqepovbr; Type: FK CONSTRAINT; Schema: public; Owner: keycloak
--

ALTER TABLE ONLY public.resource_attribute
    ADD CONSTRAINT fk_5hrm2vlf9ql5fu022kqepovbr FOREIGN KEY (resource_id) REFERENCES public.resource_server_resource(id);


--
-- Name: user_attribute fk_5hrm2vlf9ql5fu043kqepovbr; Type: FK CONSTRAINT; Schema: public; Owner: keycloak
--

ALTER TABLE ONLY public.user_attribute
    ADD CONSTRAINT fk_5hrm2vlf9ql5fu043kqepovbr FOREIGN KEY (user_id) REFERENCES public.user_entity(id);


--
-- Name: user_required_action fk_6qj3w1jw9cvafhe19bwsiuvmd; Type: FK CONSTRAINT; Schema: public; Owner: keycloak
--

ALTER TABLE ONLY public.user_required_action
    ADD CONSTRAINT fk_6qj3w1jw9cvafhe19bwsiuvmd FOREIGN KEY (user_id) REFERENCES public.user_entity(id);


--
-- Name: keycloak_role fk_6vyqfe4cn4wlq8r6kt5vdsj5c; Type: FK CONSTRAINT; Schema: public; Owner: keycloak
--

ALTER TABLE ONLY public.keycloak_role
    ADD CONSTRAINT fk_6vyqfe4cn4wlq8r6kt5vdsj5c FOREIGN KEY (realm) REFERENCES public.realm(id);


--
-- Name: realm_smtp_config fk_70ej8xdxgxd0b9hh6180irr0o; Type: FK CONSTRAINT; Schema: public; Owner: keycloak
--

ALTER TABLE ONLY public.realm_smtp_config
    ADD CONSTRAINT fk_70ej8xdxgxd0b9hh6180irr0o FOREIGN KEY (realm_id) REFERENCES public.realm(id);


--
-- Name: realm_attribute fk_8shxd6l3e9atqukacxgpffptw; Type: FK CONSTRAINT; Schema: public; Owner: keycloak
--

ALTER TABLE ONLY public.realm_attribute
    ADD CONSTRAINT fk_8shxd6l3e9atqukacxgpffptw FOREIGN KEY (realm_id) REFERENCES public.realm(id);


--
-- Name: composite_role fk_a63wvekftu8jo1pnj81e7mce2; Type: FK CONSTRAINT; Schema: public; Owner: keycloak
--

ALTER TABLE ONLY public.composite_role
    ADD CONSTRAINT fk_a63wvekftu8jo1pnj81e7mce2 FOREIGN KEY (composite) REFERENCES public.keycloak_role(id);


--
-- Name: authentication_execution fk_auth_exec_flow; Type: FK CONSTRAINT; Schema: public; Owner: keycloak
--

ALTER TABLE ONLY public.authentication_execution
    ADD CONSTRAINT fk_auth_exec_flow FOREIGN KEY (flow_id) REFERENCES public.authentication_flow(id);


--
-- Name: authentication_execution fk_auth_exec_realm; Type: FK CONSTRAINT; Schema: public; Owner: keycloak
--

ALTER TABLE ONLY public.authentication_execution
    ADD CONSTRAINT fk_auth_exec_realm FOREIGN KEY (realm_id) REFERENCES public.realm(id);


--
-- Name: authentication_flow fk_auth_flow_realm; Type: FK CONSTRAINT; Schema: public; Owner: keycloak
--

ALTER TABLE ONLY public.authentication_flow
    ADD CONSTRAINT fk_auth_flow_realm FOREIGN KEY (realm_id) REFERENCES public.realm(id);


--
-- Name: authenticator_config fk_auth_realm; Type: FK CONSTRAINT; Schema: public; Owner: keycloak
--

ALTER TABLE ONLY public.authenticator_config
    ADD CONSTRAINT fk_auth_realm FOREIGN KEY (realm_id) REFERENCES public.realm(id);


--
-- Name: client_session fk_b4ao2vcvat6ukau74wbwtfqo1; Type: FK CONSTRAINT; Schema: public; Owner: keycloak
--

ALTER TABLE ONLY public.client_session
    ADD CONSTRAINT fk_b4ao2vcvat6ukau74wbwtfqo1 FOREIGN KEY (session_id) REFERENCES public.user_session(id);


--
-- Name: user_role_mapping fk_c4fqv34p1mbylloxang7b1q3l; Type: FK CONSTRAINT; Schema: public; Owner: keycloak
--

ALTER TABLE ONLY public.user_role_mapping
    ADD CONSTRAINT fk_c4fqv34p1mbylloxang7b1q3l FOREIGN KEY (user_id) REFERENCES public.user_entity(id);


--
-- Name: client_scope_client fk_c_cli_scope_client; Type: FK CONSTRAINT; Schema: public; Owner: keycloak
--

ALTER TABLE ONLY public.client_scope_client
    ADD CONSTRAINT fk_c_cli_scope_client FOREIGN KEY (client_id) REFERENCES public.client(id);


--
-- Name: client_scope_client fk_c_cli_scope_scope; Type: FK CONSTRAINT; Schema: public; Owner: keycloak
--

ALTER TABLE ONLY public.client_scope_client
    ADD CONSTRAINT fk_c_cli_scope_scope FOREIGN KEY (scope_id) REFERENCES public.client_scope(id);


--
-- Name: client_scope_attributes fk_cl_scope_attr_scope; Type: FK CONSTRAINT; Schema: public; Owner: keycloak
--

ALTER TABLE ONLY public.client_scope_attributes
    ADD CONSTRAINT fk_cl_scope_attr_scope FOREIGN KEY (scope_id) REFERENCES public.client_scope(id);


--
-- Name: client_scope_role_mapping fk_cl_scope_rm_scope; Type: FK CONSTRAINT; Schema: public; Owner: keycloak
--

ALTER TABLE ONLY public.client_scope_role_mapping
    ADD CONSTRAINT fk_cl_scope_rm_scope FOREIGN KEY (scope_id) REFERENCES public.client_scope(id);


--
-- Name: client_user_session_note fk_cl_usr_ses_note; Type: FK CONSTRAINT; Schema: public; Owner: keycloak
--

ALTER TABLE ONLY public.client_user_session_note
    ADD CONSTRAINT fk_cl_usr_ses_note FOREIGN KEY (client_session) REFERENCES public.client_session(id);


--
-- Name: protocol_mapper fk_cli_scope_mapper; Type: FK CONSTRAINT; Schema: public; Owner: keycloak
--

ALTER TABLE ONLY public.protocol_mapper
    ADD CONSTRAINT fk_cli_scope_mapper FOREIGN KEY (client_scope_id) REFERENCES public.client_scope(id);


--
-- Name: client_initial_access fk_client_init_acc_realm; Type: FK CONSTRAINT; Schema: public; Owner: keycloak
--

ALTER TABLE ONLY public.client_initial_access
    ADD CONSTRAINT fk_client_init_acc_realm FOREIGN KEY (realm_id) REFERENCES public.realm(id);


--
-- Name: component_config fk_component_config; Type: FK CONSTRAINT; Schema: public; Owner: keycloak
--

ALTER TABLE ONLY public.component_config
    ADD CONSTRAINT fk_component_config FOREIGN KEY (component_id) REFERENCES public.component(id);


--
-- Name: component fk_component_realm; Type: FK CONSTRAINT; Schema: public; Owner: keycloak
--

ALTER TABLE ONLY public.component
    ADD CONSTRAINT fk_component_realm FOREIGN KEY (realm_id) REFERENCES public.realm(id);


--
-- Name: realm_default_groups fk_def_groups_realm; Type: FK CONSTRAINT; Schema: public; Owner: keycloak
--

ALTER TABLE ONLY public.realm_default_groups
    ADD CONSTRAINT fk_def_groups_realm FOREIGN KEY (realm_id) REFERENCES public.realm(id);


--
-- Name: realm_default_roles fk_evudb1ppw84oxfax2drs03icc; Type: FK CONSTRAINT; Schema: public; Owner: keycloak
--

ALTER TABLE ONLY public.realm_default_roles
    ADD CONSTRAINT fk_evudb1ppw84oxfax2drs03icc FOREIGN KEY (realm_id) REFERENCES public.realm(id);


--
-- Name: user_federation_mapper_config fk_fedmapper_cfg; Type: FK CONSTRAINT; Schema: public; Owner: keycloak
--

ALTER TABLE ONLY public.user_federation_mapper_config
    ADD CONSTRAINT fk_fedmapper_cfg FOREIGN KEY (user_federation_mapper_id) REFERENCES public.user_federation_mapper(id);


--
-- Name: user_federation_mapper fk_fedmapperpm_fedprv; Type: FK CONSTRAINT; Schema: public; Owner: keycloak
--

ALTER TABLE ONLY public.user_federation_mapper
    ADD CONSTRAINT fk_fedmapperpm_fedprv FOREIGN KEY (federation_provider_id) REFERENCES public.user_federation_provider(id);


--
-- Name: user_federation_mapper fk_fedmapperpm_realm; Type: FK CONSTRAINT; Schema: public; Owner: keycloak
--

ALTER TABLE ONLY public.user_federation_mapper
    ADD CONSTRAINT fk_fedmapperpm_realm FOREIGN KEY (realm_id) REFERENCES public.realm(id);


--
-- Name: associated_policy fk_frsr5s213xcx4wnkog82ssrfy; Type: FK CONSTRAINT; Schema: public; Owner: keycloak
--

ALTER TABLE ONLY public.associated_policy
    ADD CONSTRAINT fk_frsr5s213xcx4wnkog82ssrfy FOREIGN KEY (associated_policy_id) REFERENCES public.resource_server_policy(id);


--
-- Name: scope_policy fk_frsrasp13xcx4wnkog82ssrfy; Type: FK CONSTRAINT; Schema: public; Owner: keycloak
--

ALTER TABLE ONLY public.scope_policy
    ADD CONSTRAINT fk_frsrasp13xcx4wnkog82ssrfy FOREIGN KEY (policy_id) REFERENCES public.resource_server_policy(id);


--
-- Name: resource_server_perm_ticket fk_frsrho213xcx4wnkog82sspmt; Type: FK CONSTRAINT; Schema: public; Owner: keycloak
--

ALTER TABLE ONLY public.resource_server_perm_ticket
    ADD CONSTRAINT fk_frsrho213xcx4wnkog82sspmt FOREIGN KEY (resource_server_id) REFERENCES public.resource_server(id);


--
-- Name: resource_server_resource fk_frsrho213xcx4wnkog82ssrfy; Type: FK CONSTRAINT; Schema: public; Owner: keycloak
--

ALTER TABLE ONLY public.resource_server_resource
    ADD CONSTRAINT fk_frsrho213xcx4wnkog82ssrfy FOREIGN KEY (resource_server_id) REFERENCES public.resource_server(id);


--
-- Name: resource_server_perm_ticket fk_frsrho213xcx4wnkog83sspmt; Type: FK CONSTRAINT; Schema: public; Owner: keycloak
--

ALTER TABLE ONLY public.resource_server_perm_ticket
    ADD CONSTRAINT fk_frsrho213xcx4wnkog83sspmt FOREIGN KEY (resource_id) REFERENCES public.resource_server_resource(id);


--
-- Name: resource_server_perm_ticket fk_frsrho213xcx4wnkog84sspmt; Type: FK CONSTRAINT; Schema: public; Owner: keycloak
--

ALTER TABLE ONLY public.resource_server_perm_ticket
    ADD CONSTRAINT fk_frsrho213xcx4wnkog84sspmt FOREIGN KEY (scope_id) REFERENCES public.resource_server_scope(id);


--
-- Name: associated_policy fk_frsrpas14xcx4wnkog82ssrfy; Type: FK CONSTRAINT; Schema: public; Owner: keycloak
--

ALTER TABLE ONLY public.associated_policy
    ADD CONSTRAINT fk_frsrpas14xcx4wnkog82ssrfy FOREIGN KEY (policy_id) REFERENCES public.resource_server_policy(id);


--
-- Name: scope_policy fk_frsrpass3xcx4wnkog82ssrfy; Type: FK CONSTRAINT; Schema: public; Owner: keycloak
--

ALTER TABLE ONLY public.scope_policy
    ADD CONSTRAINT fk_frsrpass3xcx4wnkog82ssrfy FOREIGN KEY (scope_id) REFERENCES public.resource_server_scope(id);


--
-- Name: resource_server_perm_ticket fk_frsrpo2128cx4wnkog82ssrfy; Type: FK CONSTRAINT; Schema: public; Owner: keycloak
--

ALTER TABLE ONLY public.resource_server_perm_ticket
    ADD CONSTRAINT fk_frsrpo2128cx4wnkog82ssrfy FOREIGN KEY (policy_id) REFERENCES public.resource_server_policy(id);


--
-- Name: resource_server_policy fk_frsrpo213xcx4wnkog82ssrfy; Type: FK CONSTRAINT; Schema: public; Owner: keycloak
--

ALTER TABLE ONLY public.resource_server_policy
    ADD CONSTRAINT fk_frsrpo213xcx4wnkog82ssrfy FOREIGN KEY (resource_server_id) REFERENCES public.resource_server(id);


--
-- Name: resource_scope fk_frsrpos13xcx4wnkog82ssrfy; Type: FK CONSTRAINT; Schema: public; Owner: keycloak
--

ALTER TABLE ONLY public.resource_scope
    ADD CONSTRAINT fk_frsrpos13xcx4wnkog82ssrfy FOREIGN KEY (resource_id) REFERENCES public.resource_server_resource(id);


--
-- Name: resource_policy fk_frsrpos53xcx4wnkog82ssrfy; Type: FK CONSTRAINT; Schema: public; Owner: keycloak
--

ALTER TABLE ONLY public.resource_policy
    ADD CONSTRAINT fk_frsrpos53xcx4wnkog82ssrfy FOREIGN KEY (resource_id) REFERENCES public.resource_server_resource(id);


--
-- Name: resource_policy fk_frsrpp213xcx4wnkog82ssrfy; Type: FK CONSTRAINT; Schema: public; Owner: keycloak
--

ALTER TABLE ONLY public.resource_policy
    ADD CONSTRAINT fk_frsrpp213xcx4wnkog82ssrfy FOREIGN KEY (policy_id) REFERENCES public.resource_server_policy(id);


--
-- Name: resource_scope fk_frsrps213xcx4wnkog82ssrfy; Type: FK CONSTRAINT; Schema: public; Owner: keycloak
--

ALTER TABLE ONLY public.resource_scope
    ADD CONSTRAINT fk_frsrps213xcx4wnkog82ssrfy FOREIGN KEY (scope_id) REFERENCES public.resource_server_scope(id);


--
-- Name: resource_server_scope fk_frsrso213xcx4wnkog82ssrfy; Type: FK CONSTRAINT; Schema: public; Owner: keycloak
--

ALTER TABLE ONLY public.resource_server_scope
    ADD CONSTRAINT fk_frsrso213xcx4wnkog82ssrfy FOREIGN KEY (resource_server_id) REFERENCES public.resource_server(id);


--
-- Name: composite_role fk_gr7thllb9lu8q4vqa4524jjy8; Type: FK CONSTRAINT; Schema: public; Owner: keycloak
--

ALTER TABLE ONLY public.composite_role
    ADD CONSTRAINT fk_gr7thllb9lu8q4vqa4524jjy8 FOREIGN KEY (child_role) REFERENCES public.keycloak_role(id);


--
-- Name: user_consent_client_scope fk_grntcsnt_clsc_usc; Type: FK CONSTRAINT; Schema: public; Owner: keycloak
--

ALTER TABLE ONLY public.user_consent_client_scope
    ADD CONSTRAINT fk_grntcsnt_clsc_usc FOREIGN KEY (user_consent_id) REFERENCES public.user_consent(id);


--
-- Name: user_consent fk_grntcsnt_user; Type: FK CONSTRAINT; Schema: public; Owner: keycloak
--

ALTER TABLE ONLY public.user_consent
    ADD CONSTRAINT fk_grntcsnt_user FOREIGN KEY (user_id) REFERENCES public.user_entity(id);


--
-- Name: group_attribute fk_group_attribute_group; Type: FK CONSTRAINT; Schema: public; Owner: keycloak
--

ALTER TABLE ONLY public.group_attribute
    ADD CONSTRAINT fk_group_attribute_group FOREIGN KEY (group_id) REFERENCES public.keycloak_group(id);


--
-- Name: keycloak_group fk_group_realm; Type: FK CONSTRAINT; Schema: public; Owner: keycloak
--

ALTER TABLE ONLY public.keycloak_group
    ADD CONSTRAINT fk_group_realm FOREIGN KEY (realm_id) REFERENCES public.realm(id);


--
-- Name: group_role_mapping fk_group_role_group; Type: FK CONSTRAINT; Schema: public; Owner: keycloak
--

ALTER TABLE ONLY public.group_role_mapping
    ADD CONSTRAINT fk_group_role_group FOREIGN KEY (group_id) REFERENCES public.keycloak_group(id);


--
-- Name: realm_enabled_event_types fk_h846o4h0w8epx5nwedrf5y69j; Type: FK CONSTRAINT; Schema: public; Owner: keycloak
--

ALTER TABLE ONLY public.realm_enabled_event_types
    ADD CONSTRAINT fk_h846o4h0w8epx5nwedrf5y69j FOREIGN KEY (realm_id) REFERENCES public.realm(id);


--
-- Name: realm_events_listeners fk_h846o4h0w8epx5nxev9f5y69j; Type: FK CONSTRAINT; Schema: public; Owner: keycloak
--

ALTER TABLE ONLY public.realm_events_listeners
    ADD CONSTRAINT fk_h846o4h0w8epx5nxev9f5y69j FOREIGN KEY (realm_id) REFERENCES public.realm(id);


--
-- Name: identity_provider_mapper fk_idpm_realm; Type: FK CONSTRAINT; Schema: public; Owner: keycloak
--

ALTER TABLE ONLY public.identity_provider_mapper
    ADD CONSTRAINT fk_idpm_realm FOREIGN KEY (realm_id) REFERENCES public.realm(id);


--
-- Name: idp_mapper_config fk_idpmconfig; Type: FK CONSTRAINT; Schema: public; Owner: keycloak
--

ALTER TABLE ONLY public.idp_mapper_config
    ADD CONSTRAINT fk_idpmconfig FOREIGN KEY (idp_mapper_id) REFERENCES public.identity_provider_mapper(id);


--
-- Name: web_origins fk_lojpho213xcx4wnkog82ssrfy; Type: FK CONSTRAINT; Schema: public; Owner: keycloak
--

ALTER TABLE ONLY public.web_origins
    ADD CONSTRAINT fk_lojpho213xcx4wnkog82ssrfy FOREIGN KEY (client_id) REFERENCES public.client(id);


--
-- Name: client_default_roles fk_nuilts7klwqw2h8m2b5joytky; Type: FK CONSTRAINT; Schema: public; Owner: keycloak
--

ALTER TABLE ONLY public.client_default_roles
    ADD CONSTRAINT fk_nuilts7klwqw2h8m2b5joytky FOREIGN KEY (client_id) REFERENCES public.client(id);


--
-- Name: scope_mapping fk_ouse064plmlr732lxjcn1q5f1; Type: FK CONSTRAINT; Schema: public; Owner: keycloak
--

ALTER TABLE ONLY public.scope_mapping
    ADD CONSTRAINT fk_ouse064plmlr732lxjcn1q5f1 FOREIGN KEY (client_id) REFERENCES public.client(id);


--
-- Name: client fk_p56ctinxxb9gsk57fo49f9tac; Type: FK CONSTRAINT; Schema: public; Owner: keycloak
--

ALTER TABLE ONLY public.client
    ADD CONSTRAINT fk_p56ctinxxb9gsk57fo49f9tac FOREIGN KEY (realm_id) REFERENCES public.realm(id);


--
-- Name: protocol_mapper fk_pcm_realm; Type: FK CONSTRAINT; Schema: public; Owner: keycloak
--

ALTER TABLE ONLY public.protocol_mapper
    ADD CONSTRAINT fk_pcm_realm FOREIGN KEY (client_id) REFERENCES public.client(id);


--
-- Name: credential fk_pfyr0glasqyl0dei3kl69r6v0; Type: FK CONSTRAINT; Schema: public; Owner: keycloak
--

ALTER TABLE ONLY public.credential
    ADD CONSTRAINT fk_pfyr0glasqyl0dei3kl69r6v0 FOREIGN KEY (user_id) REFERENCES public.user_entity(id);


--
-- Name: protocol_mapper_config fk_pmconfig; Type: FK CONSTRAINT; Schema: public; Owner: keycloak
--

ALTER TABLE ONLY public.protocol_mapper_config
    ADD CONSTRAINT fk_pmconfig FOREIGN KEY (protocol_mapper_id) REFERENCES public.protocol_mapper(id);


--
-- Name: default_client_scope fk_r_def_cli_scope_realm; Type: FK CONSTRAINT; Schema: public; Owner: keycloak
--

ALTER TABLE ONLY public.default_client_scope
    ADD CONSTRAINT fk_r_def_cli_scope_realm FOREIGN KEY (realm_id) REFERENCES public.realm(id);


--
-- Name: default_client_scope fk_r_def_cli_scope_scope; Type: FK CONSTRAINT; Schema: public; Owner: keycloak
--

ALTER TABLE ONLY public.default_client_scope
    ADD CONSTRAINT fk_r_def_cli_scope_scope FOREIGN KEY (scope_id) REFERENCES public.client_scope(id);


--
-- Name: client_scope fk_realm_cli_scope; Type: FK CONSTRAINT; Schema: public; Owner: keycloak
--

ALTER TABLE ONLY public.client_scope
    ADD CONSTRAINT fk_realm_cli_scope FOREIGN KEY (realm_id) REFERENCES public.realm(id);


--
-- Name: required_action_provider fk_req_act_realm; Type: FK CONSTRAINT; Schema: public; Owner: keycloak
--

ALTER TABLE ONLY public.required_action_provider
    ADD CONSTRAINT fk_req_act_realm FOREIGN KEY (realm_id) REFERENCES public.realm(id);


--
-- Name: resource_uris fk_resource_server_uris; Type: FK CONSTRAINT; Schema: public; Owner: keycloak
--

ALTER TABLE ONLY public.resource_uris
    ADD CONSTRAINT fk_resource_server_uris FOREIGN KEY (resource_id) REFERENCES public.resource_server_resource(id);


--
-- Name: role_attribute fk_role_attribute_id; Type: FK CONSTRAINT; Schema: public; Owner: keycloak
--

ALTER TABLE ONLY public.role_attribute
    ADD CONSTRAINT fk_role_attribute_id FOREIGN KEY (role_id) REFERENCES public.keycloak_role(id);


--
-- Name: realm_supported_locales fk_supported_locales_realm; Type: FK CONSTRAINT; Schema: public; Owner: keycloak
--

ALTER TABLE ONLY public.realm_supported_locales
    ADD CONSTRAINT fk_supported_locales_realm FOREIGN KEY (realm_id) REFERENCES public.realm(id);


--
-- Name: user_federation_config fk_t13hpu1j94r2ebpekr39x5eu5; Type: FK CONSTRAINT; Schema: public; Owner: keycloak
--

ALTER TABLE ONLY public.user_federation_config
    ADD CONSTRAINT fk_t13hpu1j94r2ebpekr39x5eu5 FOREIGN KEY (user_federation_provider_id) REFERENCES public.user_federation_provider(id);


--
-- Name: user_group_membership fk_user_group_user; Type: FK CONSTRAINT; Schema: public; Owner: keycloak
--

ALTER TABLE ONLY public.user_group_membership
    ADD CONSTRAINT fk_user_group_user FOREIGN KEY (user_id) REFERENCES public.user_entity(id);


--
-- Name: policy_config fkdc34197cf864c4e43; Type: FK CONSTRAINT; Schema: public; Owner: keycloak
--

ALTER TABLE ONLY public.policy_config
    ADD CONSTRAINT fkdc34197cf864c4e43 FOREIGN KEY (policy_id) REFERENCES public.resource_server_policy(id);


--
-- Name: identity_provider_config fkdc4897cf864c4e43; Type: FK CONSTRAINT; Schema: public; Owner: keycloak
--

ALTER TABLE ONLY public.identity_provider_config
    ADD CONSTRAINT fkdc4897cf864c4e43 FOREIGN KEY (identity_provider_id) REFERENCES public.identity_provider(internal_id);


--
--

