



--
-- Name: admin_event_entity; Type: TABLE; Schema: public; Owner: shifternetzwerk
--

CREATE TABLE public.admin_event_entity (
    id character varying(36) NOT NULL,
    admin_event_time bigint,
    realm_id character varying(255),
    operation_type character varying(255),
    auth_realm_id character varying(255),
    auth_client_id character varying(255),
    auth_user_id character varying(255),
    ip_address character varying(255),
    resource_path character varying(2550),
    representation text,
    error character varying(255),
    resource_type character varying(64)
);


ALTER TABLE public.admin_event_entity OWNER TO shifternetzwerk;

--
-- Name: associated_policy; Type: TABLE; Schema: public; Owner: shifternetzwerk
--

CREATE TABLE public.associated_policy (
    policy_id character varying(36) NOT NULL,
    associated_policy_id character varying(36) NOT NULL
);


ALTER TABLE public.associated_policy OWNER TO shifternetzwerk;

--
-- Name: authentication_execution; Type: TABLE; Schema: public; Owner: shifternetzwerk
--

CREATE TABLE public.authentication_execution (
    id character varying(36) NOT NULL,
    alias character varying(255),
    authenticator character varying(36),
    realm_id character varying(36),
    flow_id character varying(36),
    requirement integer,
    priority integer,
    authenticator_flow boolean DEFAULT false NOT NULL,
    auth_flow_id character varying(36),
    auth_config character varying(36)
);


ALTER TABLE public.authentication_execution OWNER TO shifternetzwerk;

--
-- Name: authentication_flow; Type: TABLE; Schema: public; Owner: shifternetzwerk
--

CREATE TABLE public.authentication_flow (
    id character varying(36) NOT NULL,
    alias character varying(255),
    description character varying(255),
    realm_id character varying(36),
    provider_id character varying(36) DEFAULT 'basic-flow'::character varying NOT NULL,
    top_level boolean DEFAULT false NOT NULL,
    built_in boolean DEFAULT false NOT NULL
);


ALTER TABLE public.authentication_flow OWNER TO shifternetzwerk;

--
-- Name: authenticator_config; Type: TABLE; Schema: public; Owner: shifternetzwerk
--

CREATE TABLE public.authenticator_config (
    id character varying(36) NOT NULL,
    alias character varying(255),
    realm_id character varying(36)
);


ALTER TABLE public.authenticator_config OWNER TO shifternetzwerk;

--
-- Name: authenticator_config_entry; Type: TABLE; Schema: public; Owner: shifternetzwerk
--

CREATE TABLE public.authenticator_config_entry (
    authenticator_id character varying(36) NOT NULL,
    value text,
    name character varying(255) NOT NULL
);


ALTER TABLE public.authenticator_config_entry OWNER TO shifternetzwerk;

--
-- Name: broker_link; Type: TABLE; Schema: public; Owner: shifternetzwerk
--

CREATE TABLE public.broker_link (
    identity_provider character varying(255) NOT NULL,
    storage_provider_id character varying(255),
    realm_id character varying(36) NOT NULL,
    broker_user_id character varying(255),
    broker_username character varying(255),
    token text,
    user_id character varying(255) NOT NULL
);


ALTER TABLE public.broker_link OWNER TO shifternetzwerk;

--
-- Name: client_attributes; Type: TABLE; Schema: public; Owner: shifternetzwerk
--

CREATE TABLE public.client_attributes (
    client_id character varying(36) NOT NULL,
    value character varying(4000),
    name character varying(255) NOT NULL
);


ALTER TABLE public.client_attributes OWNER TO shifternetzwerk;

--
-- Name: client_auth_flow_bindings; Type: TABLE; Schema: public; Owner: shifternetzwerk
--

CREATE TABLE public.client_auth_flow_bindings (
    client_id character varying(36) NOT NULL,
    flow_id character varying(36),
    binding_name character varying(255) NOT NULL
);


ALTER TABLE public.client_auth_flow_bindings OWNER TO shifternetzwerk;

--
-- Name: client_default_roles; Type: TABLE; Schema: public; Owner: shifternetzwerk
--

CREATE TABLE public.client_default_roles (
    client_id character varying(36) NOT NULL,
    role_id character varying(36) NOT NULL
);


ALTER TABLE public.client_default_roles OWNER TO shifternetzwerk;

--
-- Name: client_initial_access; Type: TABLE; Schema: public; Owner: shifternetzwerk
--

CREATE TABLE public.client_initial_access (
    id character varying(36) NOT NULL,
    realm_id character varying(36) NOT NULL,
    "timestamp" integer,
    expiration integer,
    count integer,
    remaining_count integer
);


ALTER TABLE public.client_initial_access OWNER TO shifternetzwerk;

--
-- Name: client_node_registrations; Type: TABLE; Schema: public; Owner: shifternetzwerk
--

CREATE TABLE public.client_node_registrations (
    client_id character varying(36) NOT NULL,
    value integer,
    name character varying(255) NOT NULL
);


ALTER TABLE public.client_node_registrations OWNER TO shifternetzwerk;

--
-- Name: client_scope; Type: TABLE; Schema: public; Owner: shifternetzwerk
--

CREATE TABLE public.client_scope (
    id character varying(36) NOT NULL,
    name character varying(255),
    realm_id character varying(36),
    description character varying(255),
    protocol character varying(255)
);


ALTER TABLE public.client_scope OWNER TO shifternetzwerk;

--
-- Name: client_scope_attributes; Type: TABLE; Schema: public; Owner: shifternetzwerk
--

CREATE TABLE public.client_scope_attributes (
    scope_id character varying(36) NOT NULL,
    value character varying(2048),
    name character varying(255) NOT NULL
);


ALTER TABLE public.client_scope_attributes OWNER TO shifternetzwerk;

--
-- Name: client_scope_client; Type: TABLE; Schema: public; Owner: shifternetzwerk
--

CREATE TABLE public.client_scope_client (
    client_id character varying(36) NOT NULL,
    scope_id character varying(36) NOT NULL,
    default_scope boolean DEFAULT false NOT NULL
);


ALTER TABLE public.client_scope_client OWNER TO shifternetzwerk;

--
-- Name: client_scope_role_mapping; Type: TABLE; Schema: public; Owner: shifternetzwerk
--

CREATE TABLE public.client_scope_role_mapping (
    scope_id character varying(36) NOT NULL,
    role_id character varying(36) NOT NULL
);


ALTER TABLE public.client_scope_role_mapping OWNER TO shifternetzwerk;

--
-- Name: client_session; Type: TABLE; Schema: public; Owner: shifternetzwerk
--

CREATE TABLE public.client_session (
    id character varying(36) NOT NULL,
    client_id character varying(36),
    redirect_uri character varying(255),
    state character varying(255),
    "timestamp" integer,
    session_id character varying(36),
    auth_method character varying(255),
    realm_id character varying(255),
    auth_user_id character varying(36),
    current_action character varying(36)
);


ALTER TABLE public.client_session OWNER TO shifternetzwerk;

--
-- Name: client_session_auth_status; Type: TABLE; Schema: public; Owner: shifternetzwerk
--

CREATE TABLE public.client_session_auth_status (
    authenticator character varying(36) NOT NULL,
    status integer,
    client_session character varying(36) NOT NULL
);


ALTER TABLE public.client_session_auth_status OWNER TO shifternetzwerk;

--
-- Name: client_session_note; Type: TABLE; Schema: public; Owner: shifternetzwerk
--

CREATE TABLE public.client_session_note (
    name character varying(255) NOT NULL,
    value character varying(255),
    client_session character varying(36) NOT NULL
);


ALTER TABLE public.client_session_note OWNER TO shifternetzwerk;

--
-- Name: client_session_prot_mapper; Type: TABLE; Schema: public; Owner: shifternetzwerk
--

CREATE TABLE public.client_session_prot_mapper (
    protocol_mapper_id character varying(36) NOT NULL,
    client_session character varying(36) NOT NULL
);


ALTER TABLE public.client_session_prot_mapper OWNER TO shifternetzwerk;

--
-- Name: client_session_role; Type: TABLE; Schema: public; Owner: shifternetzwerk
--

CREATE TABLE public.client_session_role (
    role_id character varying(255) NOT NULL,
    client_session character varying(36) NOT NULL
);


ALTER TABLE public.client_session_role OWNER TO shifternetzwerk;

--
-- Name: client_user_session_note; Type: TABLE; Schema: public; Owner: shifternetzwerk
--

CREATE TABLE public.client_user_session_note (
    name character varying(255) NOT NULL,
    value character varying(2048),
    client_session character varying(36) NOT NULL
);


ALTER TABLE public.client_user_session_note OWNER TO shifternetzwerk;

--
-- Name: component; Type: TABLE; Schema: public; Owner: shifternetzwerk
--

CREATE TABLE public.component (
    id character varying(36) NOT NULL,
    name character varying(255),
    parent_id character varying(36),
    provider_id character varying(36),
    provider_type character varying(255),
    realm_id character varying(36),
    sub_type character varying(255)
);


ALTER TABLE public.component OWNER TO shifternetzwerk;

--
-- Name: component_config; Type: TABLE; Schema: public; Owner: shifternetzwerk
--

CREATE TABLE public.component_config (
    id character varying(36) NOT NULL,
    component_id character varying(36) NOT NULL,
    name character varying(255) NOT NULL,
    value character varying(4000)
);


ALTER TABLE public.component_config OWNER TO shifternetzwerk;

--
-- Name: composite_role; Type: TABLE; Schema: public; Owner: shifternetzwerk
--

CREATE TABLE public.composite_role (
    composite character varying(36) NOT NULL,
    child_role character varying(36) NOT NULL
);


ALTER TABLE public.composite_role OWNER TO shifternetzwerk;

--
-- Name: databasechangelog; Type: TABLE; Schema: public; Owner: shifternetzwerk
--

CREATE TABLE public.databasechangelog (
    id character varying(255) NOT NULL,
    author character varying(255) NOT NULL,
    filename character varying(255) NOT NULL,
    dateexecuted timestamp without time zone NOT NULL,
    orderexecuted integer NOT NULL,
    exectype character varying(10) NOT NULL,
    md5sum character varying(35),
    description character varying(255),
    comments character varying(255),
    tag character varying(255),
    liquibase character varying(20),
    contexts character varying(255),
    labels character varying(255),
    deployment_id character varying(10)
);


ALTER TABLE public.databasechangelog OWNER TO shifternetzwerk;

--
-- Name: databasechangeloglock; Type: TABLE; Schema: public; Owner: shifternetzwerk
--

CREATE TABLE public.databasechangeloglock (
    id integer NOT NULL,
    locked boolean NOT NULL,
    lockgranted timestamp without time zone,
    lockedby character varying(255)
);


ALTER TABLE public.databasechangeloglock OWNER TO shifternetzwerk;

--
-- Name: default_client_scope; Type: TABLE; Schema: public; Owner: shifternetzwerk
--

CREATE TABLE public.default_client_scope (
    realm_id character varying(36) NOT NULL,
    scope_id character varying(36) NOT NULL,
    default_scope boolean DEFAULT false NOT NULL
);


ALTER TABLE public.default_client_scope OWNER TO shifternetzwerk;

--
-- Name: event_entity; Type: TABLE; Schema: public; Owner: shifternetzwerk
--

CREATE TABLE public.event_entity (
    id character varying(36) NOT NULL,
    client_id character varying(255),
    details_json character varying(2550),
    error character varying(255),
    ip_address character varying(255),
    realm_id character varying(255),
    session_id character varying(255),
    event_time bigint,
    type character varying(255),
    user_id character varying(255)
);


ALTER TABLE public.event_entity OWNER TO shifternetzwerk;

--
-- Name: fed_user_attribute; Type: TABLE; Schema: public; Owner: shifternetzwerk
--

CREATE TABLE public.fed_user_attribute (
    id character varying(36) NOT NULL,
    name character varying(255) NOT NULL,
    user_id character varying(255) NOT NULL,
    realm_id character varying(36) NOT NULL,
    storage_provider_id character varying(36),
    value character varying(2024)
);


ALTER TABLE public.fed_user_attribute OWNER TO shifternetzwerk;

--
-- Name: fed_user_consent; Type: TABLE; Schema: public; Owner: shifternetzwerk
--

CREATE TABLE public.fed_user_consent (
    id character varying(36) NOT NULL,
    client_id character varying(255),
    user_id character varying(255) NOT NULL,
    realm_id character varying(36) NOT NULL,
    storage_provider_id character varying(36),
    created_date bigint,
    last_updated_date bigint,
    client_storage_provider character varying(36),
    external_client_id character varying(255)
);


ALTER TABLE public.fed_user_consent OWNER TO shifternetzwerk;

--
-- Name: fed_user_consent_cl_scope; Type: TABLE; Schema: public; Owner: shifternetzwerk
--

CREATE TABLE public.fed_user_consent_cl_scope (
    user_consent_id character varying(36) NOT NULL,
    scope_id character varying(36) NOT NULL
);


ALTER TABLE public.fed_user_consent_cl_scope OWNER TO shifternetzwerk;

--
-- Name: fed_user_credential; Type: TABLE; Schema: public; Owner: shifternetzwerk
--

CREATE TABLE public.fed_user_credential (
    id character varying(36) NOT NULL,
    salt bytea,
    type character varying(255),
    created_date bigint,
    user_id character varying(255) NOT NULL,
    realm_id character varying(36) NOT NULL,
    storage_provider_id character varying(36),
    user_label character varying(255),
    secret_data text,
    credential_data text,
    priority integer
);


ALTER TABLE public.fed_user_credential OWNER TO shifternetzwerk;

--
-- Name: fed_user_group_membership; Type: TABLE; Schema: public; Owner: shifternetzwerk
--

CREATE TABLE public.fed_user_group_membership (
    group_id character varying(36) NOT NULL,
    user_id character varying(255) NOT NULL,
    realm_id character varying(36) NOT NULL,
    storage_provider_id character varying(36)
);


ALTER TABLE public.fed_user_group_membership OWNER TO shifternetzwerk;

--
-- Name: fed_user_required_action; Type: TABLE; Schema: public; Owner: shifternetzwerk
--

CREATE TABLE public.fed_user_required_action (
    required_action character varying(255) DEFAULT ' '::character varying NOT NULL,
    user_id character varying(255) NOT NULL,
    realm_id character varying(36) NOT NULL,
    storage_provider_id character varying(36)
);


ALTER TABLE public.fed_user_required_action OWNER TO shifternetzwerk;

--
-- Name: fed_user_role_mapping; Type: TABLE; Schema: public; Owner: shifternetzwerk
--

CREATE TABLE public.fed_user_role_mapping (
    role_id character varying(36) NOT NULL,
    user_id character varying(255) NOT NULL,
    realm_id character varying(36) NOT NULL,
    storage_provider_id character varying(36)
);


ALTER TABLE public.fed_user_role_mapping OWNER TO shifternetzwerk;

--
-- Name: federated_identity; Type: TABLE; Schema: public; Owner: shifternetzwerk
--

CREATE TABLE public.federated_identity (
    identity_provider character varying(255) NOT NULL,
    realm_id character varying(36),
    federated_user_id character varying(255),
    federated_username character varying(255),
    token text,
    user_id character varying(36) NOT NULL
);


ALTER TABLE public.federated_identity OWNER TO shifternetzwerk;

--
-- Name: federated_user; Type: TABLE; Schema: public; Owner: shifternetzwerk
--

CREATE TABLE public.federated_user (
    id character varying(255) NOT NULL,
    storage_provider_id character varying(255),
    realm_id character varying(36) NOT NULL
);


ALTER TABLE public.federated_user OWNER TO shifternetzwerk;

--
-- Name: group_attribute; Type: TABLE; Schema: public; Owner: shifternetzwerk
--

CREATE TABLE public.group_attribute (
    id character varying(36) DEFAULT 'sybase-needs-something-here'::character varying NOT NULL,
    name character varying(255) NOT NULL,
    value character varying(255),
    group_id character varying(36) NOT NULL
);


ALTER TABLE public.group_attribute OWNER TO shifternetzwerk;

--
-- Name: group_role_mapping; Type: TABLE; Schema: public; Owner: shifternetzwerk
--

CREATE TABLE public.group_role_mapping (
    role_id character varying(36) NOT NULL,
    group_id character varying(36) NOT NULL
);


ALTER TABLE public.group_role_mapping OWNER TO shifternetzwerk;

--
-- Name: identity_provider; Type: TABLE; Schema: public; Owner: shifternetzwerk
--

CREATE TABLE public.identity_provider (
    internal_id character varying(36) NOT NULL,
    enabled boolean DEFAULT false NOT NULL,
    provider_alias character varying(255),
    provider_id character varying(255),
    store_token boolean DEFAULT false NOT NULL,
    authenticate_by_default boolean DEFAULT false NOT NULL,
    realm_id character varying(36),
    add_token_role boolean DEFAULT true NOT NULL,
    trust_email boolean DEFAULT false NOT NULL,
    first_broker_login_flow_id character varying(36),
    post_broker_login_flow_id character varying(36),
    provider_display_name character varying(255),
    link_only boolean DEFAULT false NOT NULL
);


ALTER TABLE public.identity_provider OWNER TO shifternetzwerk;

--
-- Name: identity_provider_config; Type: TABLE; Schema: public; Owner: shifternetzwerk
--

CREATE TABLE public.identity_provider_config (
    identity_provider_id character varying(36) NOT NULL,
    value text,
    name character varying(255) NOT NULL
);


ALTER TABLE public.identity_provider_config OWNER TO shifternetzwerk;

--
-- Name: identity_provider_mapper; Type: TABLE; Schema: public; Owner: shifternetzwerk
--

CREATE TABLE public.identity_provider_mapper (
    id character varying(36) NOT NULL,
    name character varying(255) NOT NULL,
    idp_alias character varying(255) NOT NULL,
    idp_mapper_name character varying(255) NOT NULL,
    realm_id character varying(36) NOT NULL
);


ALTER TABLE public.identity_provider_mapper OWNER TO shifternetzwerk;

--
-- Name: idp_mapper_config; Type: TABLE; Schema: public; Owner: shifternetzwerk
--

CREATE TABLE public.idp_mapper_config (
    idp_mapper_id character varying(36) NOT NULL,
    value text,
    name character varying(255) NOT NULL
);


ALTER TABLE public.idp_mapper_config OWNER TO shifternetzwerk;

--
-- Name: keycloak_group; Type: TABLE; Schema: public; Owner: shifternetzwerk
--

CREATE TABLE public.keycloak_group (
    id character varying(36) NOT NULL,
    name character varying(255),
    parent_group character varying(36) NOT NULL,
    realm_id character varying(36)
);


ALTER TABLE public.keycloak_group OWNER TO shifternetzwerk;

--
-- Name: keycloak_role; Type: TABLE; Schema: public; Owner: shifternetzwerk
--

CREATE TABLE public.keycloak_role (
    id character varying(36) NOT NULL,
    client_realm_constraint character varying(255),
    client_role boolean DEFAULT false NOT NULL,
    description character varying(255),
    name character varying(255),
    realm_id character varying(255),
    client character varying(36),
    realm character varying(36)
);


ALTER TABLE public.keycloak_role OWNER TO shifternetzwerk;

--
-- Name: migration_model; Type: TABLE; Schema: public; Owner: shifternetzwerk
--

CREATE TABLE public.migration_model (
    id character varying(36) NOT NULL,
    version character varying(36),
    update_time bigint DEFAULT 0 NOT NULL
);


ALTER TABLE public.migration_model OWNER TO shifternetzwerk;

--
-- Name: policy_config; Type: TABLE; Schema: public; Owner: shifternetzwerk
--

CREATE TABLE public.policy_config (
    policy_id character varying(36) NOT NULL,
    name character varying(255) NOT NULL,
    value text
);


ALTER TABLE public.policy_config OWNER TO shifternetzwerk;

--
-- Name: protocol_mapper; Type: TABLE; Schema: public; Owner: shifternetzwerk
--

CREATE TABLE public.protocol_mapper (
    id character varying(36) NOT NULL,
    name character varying(255) NOT NULL,
    protocol character varying(255) NOT NULL,
    protocol_mapper_name character varying(255) NOT NULL,
    client_id character varying(36),
    client_scope_id character varying(36)
);


ALTER TABLE public.protocol_mapper OWNER TO shifternetzwerk;

--
-- Name: protocol_mapper_config; Type: TABLE; Schema: public; Owner: shifternetzwerk
--

CREATE TABLE public.protocol_mapper_config (
    protocol_mapper_id character varying(36) NOT NULL,
    value text,
    name character varying(255) NOT NULL
);


ALTER TABLE public.protocol_mapper_config OWNER TO shifternetzwerk;

--
-- Name: realm_attribute; Type: TABLE; Schema: public; Owner: shifternetzwerk
--

CREATE TABLE public.realm_attribute (
    name character varying(255) NOT NULL,
    value character varying(255),
    realm_id character varying(36) NOT NULL
);


ALTER TABLE public.realm_attribute OWNER TO shifternetzwerk;

--
-- Name: realm_default_groups; Type: TABLE; Schema: public; Owner: shifternetzwerk
--

CREATE TABLE public.realm_default_groups (
    realm_id character varying(36) NOT NULL,
    group_id character varying(36) NOT NULL
);


ALTER TABLE public.realm_default_groups OWNER TO shifternetzwerk;

--
-- Name: realm_default_roles; Type: TABLE; Schema: public; Owner: shifternetzwerk
--

CREATE TABLE public.realm_default_roles (
    realm_id character varying(36) NOT NULL,
    role_id character varying(36) NOT NULL
);


ALTER TABLE public.realm_default_roles OWNER TO shifternetzwerk;

--
-- Name: realm_enabled_event_types; Type: TABLE; Schema: public; Owner: shifternetzwerk
--

CREATE TABLE public.realm_enabled_event_types (
    realm_id character varying(36) NOT NULL,
    value character varying(255) NOT NULL
);


ALTER TABLE public.realm_enabled_event_types OWNER TO shifternetzwerk;

--
-- Name: realm_events_listeners; Type: TABLE; Schema: public; Owner: shifternetzwerk
--

CREATE TABLE public.realm_events_listeners (
    realm_id character varying(36) NOT NULL,
    value character varying(255) NOT NULL
);


ALTER TABLE public.realm_events_listeners OWNER TO shifternetzwerk;

--
-- Name: realm_localizations; Type: TABLE; Schema: public; Owner: shifternetzwerk
--

CREATE TABLE public.realm_localizations (
    realm_id character varying(255) NOT NULL,
    locale character varying(255) NOT NULL,
    texts text NOT NULL
);


ALTER TABLE public.realm_localizations OWNER TO shifternetzwerk;

--
-- Name: realm_smtp_config; Type: TABLE; Schema: public; Owner: shifternetzwerk
--

CREATE TABLE public.realm_smtp_config (
    realm_id character varying(36) NOT NULL,
    value character varying(255),
    name character varying(255) NOT NULL
);


ALTER TABLE public.realm_smtp_config OWNER TO shifternetzwerk;

--
-- Name: realm_supported_locales; Type: TABLE; Schema: public; Owner: shifternetzwerk
--

CREATE TABLE public.realm_supported_locales (
    realm_id character varying(36) NOT NULL,
    value character varying(255) NOT NULL
);


ALTER TABLE public.realm_supported_locales OWNER TO shifternetzwerk;

--
-- Name: redirect_uris; Type: TABLE; Schema: public; Owner: shifternetzwerk
--

CREATE TABLE public.redirect_uris (
    client_id character varying(36) NOT NULL,
    value character varying(255) NOT NULL
);


ALTER TABLE public.redirect_uris OWNER TO shifternetzwerk;

--
-- Name: required_action_config; Type: TABLE; Schema: public; Owner: shifternetzwerk
--

CREATE TABLE public.required_action_config (
    required_action_id character varying(36) NOT NULL,
    value text,
    name character varying(255) NOT NULL
);


ALTER TABLE public.required_action_config OWNER TO shifternetzwerk;

--
-- Name: required_action_provider; Type: TABLE; Schema: public; Owner: shifternetzwerk
--

CREATE TABLE public.required_action_provider (
    id character varying(36) NOT NULL,
    alias character varying(255),
    name character varying(255),
    realm_id character varying(36),
    enabled boolean DEFAULT false NOT NULL,
    default_action boolean DEFAULT false NOT NULL,
    provider_id character varying(255),
    priority integer
);


ALTER TABLE public.required_action_provider OWNER TO shifternetzwerk;

--
-- Name: resource_attribute; Type: TABLE; Schema: public; Owner: shifternetzwerk
--

CREATE TABLE public.resource_attribute (
    id character varying(36) DEFAULT 'sybase-needs-something-here'::character varying NOT NULL,
    name character varying(255) NOT NULL,
    value character varying(255),
    resource_id character varying(36) NOT NULL
);


ALTER TABLE public.resource_attribute OWNER TO shifternetzwerk;

--
-- Name: resource_policy; Type: TABLE; Schema: public; Owner: shifternetzwerk
--

CREATE TABLE public.resource_policy (
    resource_id character varying(36) NOT NULL,
    policy_id character varying(36) NOT NULL
);


ALTER TABLE public.resource_policy OWNER TO shifternetzwerk;

--
-- Name: resource_scope; Type: TABLE; Schema: public; Owner: shifternetzwerk
--

CREATE TABLE public.resource_scope (
    resource_id character varying(36) NOT NULL,
    scope_id character varying(36) NOT NULL
);


ALTER TABLE public.resource_scope OWNER TO shifternetzwerk;

--
-- Name: resource_server; Type: TABLE; Schema: public; Owner: shifternetzwerk
--

CREATE TABLE public.resource_server (
    id character varying(36) NOT NULL,
    allow_rs_remote_mgmt boolean DEFAULT false NOT NULL,
    policy_enforce_mode character varying(15) NOT NULL,
    decision_strategy smallint DEFAULT 1 NOT NULL
);


ALTER TABLE public.resource_server OWNER TO shifternetzwerk;

--
-- Name: resource_server_perm_ticket; Type: TABLE; Schema: public; Owner: shifternetzwerk
--

CREATE TABLE public.resource_server_perm_ticket (
    id character varying(36) NOT NULL,
    owner character varying(255) NOT NULL,
    requester character varying(255) NOT NULL,
    created_timestamp bigint NOT NULL,
    granted_timestamp bigint,
    resource_id character varying(36) NOT NULL,
    scope_id character varying(36),
    resource_server_id character varying(36) NOT NULL,
    policy_id character varying(36)
);


ALTER TABLE public.resource_server_perm_ticket OWNER TO shifternetzwerk;

--
-- Name: resource_server_policy; Type: TABLE; Schema: public; Owner: shifternetzwerk
--

CREATE TABLE public.resource_server_policy (
    id character varying(36) NOT NULL,
    name character varying(255) NOT NULL,
    description character varying(255),
    type character varying(255) NOT NULL,
    decision_strategy character varying(20),
    logic character varying(20),
    resource_server_id character varying(36) NOT NULL,
    owner character varying(255)
);


ALTER TABLE public.resource_server_policy OWNER TO shifternetzwerk;

--
-- Name: resource_server_resource; Type: TABLE; Schema: public; Owner: shifternetzwerk
--

CREATE TABLE public.resource_server_resource (
    id character varying(36) NOT NULL,
    name character varying(255) NOT NULL,
    type character varying(255),
    icon_uri character varying(255),
    owner character varying(255) NOT NULL,
    resource_server_id character varying(36) NOT NULL,
    owner_managed_access boolean DEFAULT false NOT NULL,
    display_name character varying(255)
);


ALTER TABLE public.resource_server_resource OWNER TO shifternetzwerk;

--
-- Name: resource_server_scope; Type: TABLE; Schema: public; Owner: shifternetzwerk
--

CREATE TABLE public.resource_server_scope (
    id character varying(36) NOT NULL,
    name character varying(255) NOT NULL,
    icon_uri character varying(255),
    resource_server_id character varying(36) NOT NULL,
    display_name character varying(255)
);


ALTER TABLE public.resource_server_scope OWNER TO shifternetzwerk;

--
-- Name: resource_uris; Type: TABLE; Schema: public; Owner: shifternetzwerk
--

CREATE TABLE public.resource_uris (
    resource_id character varying(36) NOT NULL,
    value character varying(255) NOT NULL
);


ALTER TABLE public.resource_uris OWNER TO shifternetzwerk;

--
-- Name: role_attribute; Type: TABLE; Schema: public; Owner: shifternetzwerk
--

CREATE TABLE public.role_attribute (
    id character varying(36) NOT NULL,
    role_id character varying(36) NOT NULL,
    name character varying(255) NOT NULL,
    value character varying(255)
);


ALTER TABLE public.role_attribute OWNER TO shifternetzwerk;

--
-- Name: scope_mapping; Type: TABLE; Schema: public; Owner: shifternetzwerk
--

CREATE TABLE public.scope_mapping (
    client_id character varying(36) NOT NULL,
    role_id character varying(36) NOT NULL
);


ALTER TABLE public.scope_mapping OWNER TO shifternetzwerk;

--
-- Name: scope_policy; Type: TABLE; Schema: public; Owner: shifternetzwerk
--

CREATE TABLE public.scope_policy (
    scope_id character varying(36) NOT NULL,
    policy_id character varying(36) NOT NULL
);


ALTER TABLE public.scope_policy OWNER TO shifternetzwerk;

--
-- Name: user_attribute; Type: TABLE; Schema: public; Owner: shifternetzwerk
--

CREATE TABLE public.user_attribute (
    name character varying(255) NOT NULL,
    value character varying(255),
    user_id character varying(36) NOT NULL,
    id character varying(36) DEFAULT 'sybase-needs-something-here'::character varying NOT NULL
);


ALTER TABLE public.user_attribute OWNER TO shifternetzwerk;

--
-- Name: user_consent; Type: TABLE; Schema: public; Owner: shifternetzwerk
--

CREATE TABLE public.user_consent (
    id character varying(36) NOT NULL,
    client_id character varying(255),
    user_id character varying(36) NOT NULL,
    created_date bigint,
    last_updated_date bigint,
    client_storage_provider character varying(36),
    external_client_id character varying(255)
);


ALTER TABLE public.user_consent OWNER TO shifternetzwerk;

--
-- Name: user_consent_client_scope; Type: TABLE; Schema: public; Owner: shifternetzwerk
--

CREATE TABLE public.user_consent_client_scope (
    user_consent_id character varying(36) NOT NULL,
    scope_id character varying(36) NOT NULL
);


ALTER TABLE public.user_consent_client_scope OWNER TO shifternetzwerk;

--
-- Name: user_entity; Type: TABLE; Schema: public; Owner: shifternetzwerk
--

CREATE TABLE public.user_entity (
    id character varying(36) NOT NULL,
    email character varying(255),
    email_constraint character varying(255),
    email_verified boolean DEFAULT false NOT NULL,
    enabled boolean DEFAULT false NOT NULL,
    federation_link character varying(255),
    first_name character varying(255),
    last_name character varying(255),
    realm_id character varying(255),
    username character varying(255),
    created_timestamp bigint,
    service_account_client_link character varying(255),
    not_before integer DEFAULT 0 NOT NULL
);


ALTER TABLE public.user_entity OWNER TO shifternetzwerk;

--
-- Name: user_federation_config; Type: TABLE; Schema: public; Owner: shifternetzwerk
--

CREATE TABLE public.user_federation_config (
    user_federation_provider_id character varying(36) NOT NULL,
    value character varying(255),
    name character varying(255) NOT NULL
);


ALTER TABLE public.user_federation_config OWNER TO shifternetzwerk;

--
-- Name: user_federation_mapper; Type: TABLE; Schema: public; Owner: shifternetzwerk
--

CREATE TABLE public.user_federation_mapper (
    id character varying(36) NOT NULL,
    name character varying(255) NOT NULL,
    federation_provider_id character varying(36) NOT NULL,
    federation_mapper_type character varying(255) NOT NULL,
    realm_id character varying(36) NOT NULL
);


ALTER TABLE public.user_federation_mapper OWNER TO shifternetzwerk;

--
-- Name: user_federation_mapper_config; Type: TABLE; Schema: public; Owner: shifternetzwerk
--

CREATE TABLE public.user_federation_mapper_config (
    user_federation_mapper_id character varying(36) NOT NULL,
    value character varying(255),
    name character varying(255) NOT NULL
);


ALTER TABLE public.user_federation_mapper_config OWNER TO shifternetzwerk;

--
-- Name: user_federation_provider; Type: TABLE; Schema: public; Owner: shifternetzwerk
--

CREATE TABLE public.user_federation_provider (
    id character varying(36) NOT NULL,
    changed_sync_period integer,
    display_name character varying(255),
    full_sync_period integer,
    last_sync integer,
    priority integer,
    provider_name character varying(255),
    realm_id character varying(36)
);


ALTER TABLE public.user_federation_provider OWNER TO shifternetzwerk;

--
-- Name: user_group_membership; Type: TABLE; Schema: public; Owner: shifternetzwerk
--

CREATE TABLE public.user_group_membership (
    group_id character varying(36) NOT NULL,
    user_id character varying(36) NOT NULL
);


ALTER TABLE public.user_group_membership OWNER TO shifternetzwerk;

--
-- Name: user_required_action; Type: TABLE; Schema: public; Owner: shifternetzwerk
--

CREATE TABLE public.user_required_action (
    user_id character varying(36) NOT NULL,
    required_action character varying(255) DEFAULT ' '::character varying NOT NULL
);


ALTER TABLE public.user_required_action OWNER TO shifternetzwerk;

--
-- Name: user_role_mapping; Type: TABLE; Schema: public; Owner: shifternetzwerk
--

CREATE TABLE public.user_role_mapping (
    role_id character varying(255) NOT NULL,
    user_id character varying(36) NOT NULL
);


ALTER TABLE public.user_role_mapping OWNER TO shifternetzwerk;

--
-- Name: user_session; Type: TABLE; Schema: public; Owner: shifternetzwerk
--

CREATE TABLE public.user_session (
    id character varying(36) NOT NULL,
    auth_method character varying(255),
    ip_address character varying(255),
    last_session_refresh integer,
    login_username character varying(255),
    realm_id character varying(255),
    remember_me boolean DEFAULT false NOT NULL,
    started integer,
    user_id character varying(255),
    user_session_state integer,
    broker_session_id character varying(255),
    broker_user_id character varying(255)
);


ALTER TABLE public.user_session OWNER TO shifternetzwerk;

--
-- Name: user_session_note; Type: TABLE; Schema: public; Owner: shifternetzwerk
--

CREATE TABLE public.user_session_note (
    user_session character varying(36) NOT NULL,
    name character varying(255) NOT NULL,
    value character varying(2048)
);


ALTER TABLE public.user_session_note OWNER TO shifternetzwerk;

--
-- Name: username_login_failure; Type: TABLE; Schema: public; Owner: shifternetzwerk
--

CREATE TABLE public.username_login_failure (
    realm_id character varying(36) NOT NULL,
    username character varying(255) NOT NULL,
    failed_login_not_before integer,
    last_failure bigint,
    last_ip_failure character varying(255),
    num_failures integer
);


ALTER TABLE public.username_login_failure OWNER TO shifternetzwerk;

--
-- Name: web_origins; Type: TABLE; Schema: public; Owner: shifternetzwerk
--

CREATE TABLE public.web_origins (
    client_id character varying(36) NOT NULL,
    value character varying(255) NOT NULL
);


ALTER TABLE public.web_origins OWNER TO shifternetzwerk;

--
-- Data for Name: admin_event_entity; Type: TABLE DATA; Schema: public; Owner: shifternetzwerk
--

COPY public.admin_event_entity (id, admin_event_time, realm_id, operation_type, auth_realm_id, auth_client_id, auth_user_id, ip_address, resource_path, representation, error, resource_type) FROM stdin;
\.


--
-- Data for Name: associated_policy; Type: TABLE DATA; Schema: public; Owner: shifternetzwerk
--

COPY public.associated_policy (policy_id, associated_policy_id) FROM stdin;
4b5c72cc-b8b8-4bfc-95ac-61815669f985	ff09b194-0615-4cfd-9851-74adf540dabd
\.


--
-- Data for Name: authentication_execution; Type: TABLE DATA; Schema: public; Owner: shifternetzwerk
--

COPY public.authentication_execution (id, alias, authenticator, realm_id, flow_id, requirement, priority, authenticator_flow, auth_flow_id, auth_config) FROM stdin;
6fbf8b8e-6d80-4a57-bc2e-7c1514aa085e	\N	auth-cookie	master	b29e5602-846a-4483-a714-a0b92ead7215	2	10	f	\N	\N
5057569a-283a-4c9a-84d2-82048d882b0d	\N	auth-spnego	master	b29e5602-846a-4483-a714-a0b92ead7215	3	20	f	\N	\N
a155ab59-c48e-4b93-9b2f-298c7de45191	\N	identity-provider-redirector	master	b29e5602-846a-4483-a714-a0b92ead7215	2	25	f	\N	\N
20ab983a-3380-4d78-b906-eab404030b4a	\N	\N	master	b29e5602-846a-4483-a714-a0b92ead7215	2	30	t	38020cc4-f364-4bee-bba7-0865cf5d925d	\N
c47aa663-0552-428a-b5f1-6ab5af344c80	\N	auth-username-password-form	master	38020cc4-f364-4bee-bba7-0865cf5d925d	0	10	f	\N	\N
dbdfb69a-bc5f-4cf2-b898-8a28157f0855	\N	\N	master	38020cc4-f364-4bee-bba7-0865cf5d925d	1	20	t	dd8e2ef4-78fa-4da2-93c9-787e32d8d0ea	\N
1f948b2f-6f31-43de-8c3d-cca9971701b7	\N	conditional-user-configured	master	dd8e2ef4-78fa-4da2-93c9-787e32d8d0ea	0	10	f	\N	\N
b9bd6efd-6fe3-4433-b02f-0fc63083baa7	\N	auth-otp-form	master	dd8e2ef4-78fa-4da2-93c9-787e32d8d0ea	0	20	f	\N	\N
60511dc9-7de3-453e-a7b7-f26be9e559d1	\N	direct-grant-validate-username	master	97fd88ab-56d5-45db-8662-3f6b5d5de2ad	0	10	f	\N	\N
b0b97392-fb1a-4d35-8967-881b82b312b7	\N	direct-grant-validate-password	master	97fd88ab-56d5-45db-8662-3f6b5d5de2ad	0	20	f	\N	\N
7ff0551b-f1df-4cb0-a2ba-35df841fd4b3	\N	\N	master	97fd88ab-56d5-45db-8662-3f6b5d5de2ad	1	30	t	0c527668-a472-461e-8e21-651e5bdf8dfe	\N
5b712a20-5cb6-4e05-8973-b1a279cddc45	\N	conditional-user-configured	master	0c527668-a472-461e-8e21-651e5bdf8dfe	0	10	f	\N	\N
3c012287-5cdd-44bb-9834-301eca3bc7bf	\N	direct-grant-validate-otp	master	0c527668-a472-461e-8e21-651e5bdf8dfe	0	20	f	\N	\N
cefb6f14-1f56-4efe-b69d-ee1389ddf5f6	\N	registration-page-form	master	04b8d525-ad2f-41f3-86d9-f3b3609ed18c	0	10	t	9a9df4ef-5272-4097-bc95-6deced65dc3e	\N
22b9337e-db8a-4d52-892d-e51ef85a6062	\N	registration-user-creation	master	9a9df4ef-5272-4097-bc95-6deced65dc3e	0	20	f	\N	\N
f94d28dd-8921-4534-b0c7-58414371b7e9	\N	registration-profile-action	master	9a9df4ef-5272-4097-bc95-6deced65dc3e	0	40	f	\N	\N
6b6000f6-6879-454c-b3c8-16d50554cfa1	\N	registration-password-action	master	9a9df4ef-5272-4097-bc95-6deced65dc3e	0	50	f	\N	\N
0928ffa0-96a7-4f24-ba1e-2588d52ac19d	\N	registration-recaptcha-action	master	9a9df4ef-5272-4097-bc95-6deced65dc3e	3	60	f	\N	\N
c0710e63-5c42-41fc-a24e-4ef2b61b3129	\N	reset-credentials-choose-user	master	ad127d57-e52b-416c-9396-3c23a3a4ab0b	0	10	f	\N	\N
9a2d25ce-e2b2-45b8-a76a-238790981576	\N	reset-credential-email	master	ad127d57-e52b-416c-9396-3c23a3a4ab0b	0	20	f	\N	\N
f73032e9-562b-4d16-9feb-95e40137d4b5	\N	reset-password	master	ad127d57-e52b-416c-9396-3c23a3a4ab0b	0	30	f	\N	\N
5c8e66ce-b73f-417a-9f5b-480e4184d20e	\N	\N	master	ad127d57-e52b-416c-9396-3c23a3a4ab0b	1	40	t	bbf09b1e-efc3-458a-b564-a6093e8a8646	\N
cafe027f-4f4f-423c-ab13-6d581bdb2519	\N	conditional-user-configured	master	bbf09b1e-efc3-458a-b564-a6093e8a8646	0	10	f	\N	\N
fc7651d2-533e-4c61-b5b1-a1968f1c841f	\N	reset-otp	master	bbf09b1e-efc3-458a-b564-a6093e8a8646	0	20	f	\N	\N
c12ad4be-ef27-43c4-abf4-b1c77b7a6027	\N	client-secret	master	cf97573c-2448-4e73-91a7-c0a9304938a1	2	10	f	\N	\N
9201a66e-deec-4839-83c4-f0f7bb8cfc89	\N	client-jwt	master	cf97573c-2448-4e73-91a7-c0a9304938a1	2	20	f	\N	\N
41edff21-365b-4a01-ae35-aa1bdb1836a6	\N	client-secret-jwt	master	cf97573c-2448-4e73-91a7-c0a9304938a1	2	30	f	\N	\N
4eee3e92-4192-45b2-af56-ca98afbfdb3b	\N	client-x509	master	cf97573c-2448-4e73-91a7-c0a9304938a1	2	40	f	\N	\N
73246b19-ec3a-4be4-9199-f023a32cb0d2	\N	idp-review-profile	master	6f6e4a01-133d-499a-b3a7-3f6199b0f418	0	10	f	\N	33fb8bd4-0fcb-4cf5-8c0b-83556375f777
e4dff688-43a5-4787-99f8-750aae717d52	\N	\N	master	6f6e4a01-133d-499a-b3a7-3f6199b0f418	0	20	t	32f59f9d-9461-4371-aec9-f3989708cefe	\N
061a5bcd-98b8-47cb-96b7-c0741a7f82e7	\N	idp-create-user-if-unique	master	32f59f9d-9461-4371-aec9-f3989708cefe	2	10	f	\N	acc23bca-e2f8-40da-bf80-42c8db7abbdd
8342d14e-e37a-4936-9072-f9ec195bfa7d	\N	\N	master	32f59f9d-9461-4371-aec9-f3989708cefe	2	20	t	dd7628f8-7e22-4858-bb14-bc19e9e7129c	\N
d8758008-0083-45e7-93da-b79cfd0434e9	\N	idp-confirm-link	master	dd7628f8-7e22-4858-bb14-bc19e9e7129c	0	10	f	\N	\N
7f195cb0-b2cd-4419-93f1-519109f4ac08	\N	\N	master	dd7628f8-7e22-4858-bb14-bc19e9e7129c	0	20	t	e2402716-0ea6-45c6-a7b8-98fefe25eca2	\N
280331c8-a872-451a-97d7-1089895ef0ee	\N	idp-email-verification	master	e2402716-0ea6-45c6-a7b8-98fefe25eca2	2	10	f	\N	\N
1d828e09-fe86-4687-b598-4d07999a8988	\N	\N	master	e2402716-0ea6-45c6-a7b8-98fefe25eca2	2	20	t	28d8d0cd-800c-4780-9f2b-b769b1edd52a	\N
fbfc0cd5-1673-4b90-b13f-98df24a3d33a	\N	idp-username-password-form	master	28d8d0cd-800c-4780-9f2b-b769b1edd52a	0	10	f	\N	\N
4ca4a924-1b5c-4f69-a8b4-1c1d4bd81507	\N	\N	master	28d8d0cd-800c-4780-9f2b-b769b1edd52a	1	20	t	e31bd93e-d481-48e8-88dd-4d058c9302b4	\N
40339a0e-031f-42a3-bb4b-e58c0ed43c52	\N	conditional-user-configured	master	e31bd93e-d481-48e8-88dd-4d058c9302b4	0	10	f	\N	\N
0702d1cb-ea6f-410b-8398-6e13a5d7991a	\N	auth-otp-form	master	e31bd93e-d481-48e8-88dd-4d058c9302b4	0	20	f	\N	\N
db2949ea-3509-404b-8a1c-d20db1e2fdcd	\N	http-basic-authenticator	master	62fdf821-fb9d-44b4-9d54-36675f1f1fa7	0	10	f	\N	\N
d1c25e0e-f168-4022-8886-d8789def7ead	\N	docker-http-basic-authenticator	master	78022899-8279-4093-8a60-d6c96c963127	0	10	f	\N	\N
97acd69f-22ae-47ad-9047-843f9e1759b4	\N	no-cookie-redirect	master	fae972e2-74a0-4837-9db0-22b5840a8727	0	10	f	\N	\N
7b7f4dc2-78e9-42e0-8062-0a109d4b6ad0	\N	\N	master	fae972e2-74a0-4837-9db0-22b5840a8727	0	20	t	61730500-fc70-4d7b-8446-d1ad507bfe41	\N
8cb25048-1bf9-4eaa-aaf4-81d91b915f22	\N	basic-auth	master	61730500-fc70-4d7b-8446-d1ad507bfe41	0	10	f	\N	\N
4166e3c4-e296-43f5-a08c-e34ccc22e6fb	\N	basic-auth-otp	master	61730500-fc70-4d7b-8446-d1ad507bfe41	3	20	f	\N	\N
12dcdd59-e3e2-4aa0-a83a-5a4c26c7b196	\N	auth-spnego	master	61730500-fc70-4d7b-8446-d1ad507bfe41	3	30	f	\N	\N
842f440a-c838-40c2-b17f-ca3e89a85e88	\N	idp-confirm-link	jhipster	c6645cae-3648-4be8-9929-5424923ac062	0	10	f	\N	\N
b8983fb2-7ea0-4bf0-807f-86062a830226	\N	\N	jhipster	c6645cae-3648-4be8-9929-5424923ac062	0	20	t	bdf5bca1-b9d8-4994-987d-3d61a817afef	\N
05b71afc-c166-410c-9704-c3e538fe38bf	\N	idp-email-verification	jhipster	bdf5bca1-b9d8-4994-987d-3d61a817afef	2	10	f	\N	\N
1d36ac52-e62d-491f-9fd7-8c1a8c2c8841	\N	\N	jhipster	bdf5bca1-b9d8-4994-987d-3d61a817afef	2	20	t	23a99861-b82a-4484-9cfb-a0580dbcc2c4	\N
dc9cfe96-25ed-4529-b04f-37ada90e20b5	\N	idp-username-password-form	jhipster	23a99861-b82a-4484-9cfb-a0580dbcc2c4	0	10	f	\N	\N
c00687c2-9c52-4919-b360-b5e5b6050767	\N	\N	jhipster	23a99861-b82a-4484-9cfb-a0580dbcc2c4	1	20	t	b4f6c09b-8f00-4b45-a97a-656fc9adf98a	\N
2838dcd2-1501-43f7-a121-e878bcd99494	\N	conditional-user-configured	jhipster	b4f6c09b-8f00-4b45-a97a-656fc9adf98a	0	10	f	\N	\N
9c9433ba-ad9f-4d29-ba8d-1b780f865ac5	\N	auth-otp-form	jhipster	b4f6c09b-8f00-4b45-a97a-656fc9adf98a	0	20	f	\N	\N
1d13f4a7-117c-4051-a169-214a7e8beaa6	\N	auth-cookie	jhipster	3d249737-95c2-4d3b-a40e-fa5acbfbbcd5	2	10	f	\N	\N
98757068-67bd-4418-b3dc-1af2978b0cb5	\N	auth-spnego	jhipster	3d249737-95c2-4d3b-a40e-fa5acbfbbcd5	3	20	f	\N	\N
42d8d6a4-03e9-4f76-8625-8b60144c967d	\N	identity-provider-redirector	jhipster	3d249737-95c2-4d3b-a40e-fa5acbfbbcd5	2	25	f	\N	\N
8dfab729-9285-4b51-8666-f8813ae289f5	\N	\N	jhipster	3d249737-95c2-4d3b-a40e-fa5acbfbbcd5	2	30	t	feee62bc-49b0-4bd0-afeb-d12e633a52e7	\N
54c980f9-c32e-4dd4-b3be-b905628ff932	\N	client-secret	jhipster	9b1188c3-2c44-4c66-9c2f-4b14535159ad	2	10	f	\N	\N
59e69a8f-6f9e-4514-8714-30f7dc56a242	\N	client-jwt	jhipster	9b1188c3-2c44-4c66-9c2f-4b14535159ad	2	20	f	\N	\N
f03ff039-dc67-476d-8e3b-15805fe4f73a	\N	client-secret-jwt	jhipster	9b1188c3-2c44-4c66-9c2f-4b14535159ad	2	30	f	\N	\N
cb59c18e-c66e-43ee-b327-9e347549b448	\N	client-x509	jhipster	9b1188c3-2c44-4c66-9c2f-4b14535159ad	2	40	f	\N	\N
8236841c-dd91-4acf-89b8-5d9d936e4cef	\N	direct-grant-validate-username	jhipster	20c3db6b-2296-410a-8b09-35b302f312fb	0	10	f	\N	\N
4f548014-4798-4ed4-8399-70b8f579bb23	\N	direct-grant-validate-password	jhipster	20c3db6b-2296-410a-8b09-35b302f312fb	0	20	f	\N	\N
c0da8c73-b838-40c1-86f5-c315701843f8	\N	\N	jhipster	20c3db6b-2296-410a-8b09-35b302f312fb	1	30	t	4a10af41-7af0-419e-b663-24bb303a02b4	\N
d2bf8ace-1536-4de0-a2ea-e95370337986	\N	conditional-user-configured	jhipster	4a10af41-7af0-419e-b663-24bb303a02b4	0	10	f	\N	\N
1e4bd709-4628-4042-a320-78f2ad8eb9e4	\N	direct-grant-validate-otp	jhipster	4a10af41-7af0-419e-b663-24bb303a02b4	0	20	f	\N	\N
3468e7cf-5a8f-4dc6-8c76-07f8d6133591	\N	docker-http-basic-authenticator	jhipster	d87d78b9-2681-4339-8715-36dbf61926b7	0	10	f	\N	\N
47752fc1-ebc0-4916-9be3-5369ac2be321	\N	idp-review-profile	jhipster	26513a97-1bd2-45f1-887a-92ffa312587e	0	10	f	\N	952fa470-f731-4785-a0d6-062556cb1865
6d822090-a3a4-46cb-8855-a125d53e4a62	\N	\N	jhipster	26513a97-1bd2-45f1-887a-92ffa312587e	0	20	t	cbd03e51-8b62-4c7f-a201-1048109601b0	\N
f808edc2-8e23-4385-a6f1-1b2a021523bd	\N	idp-create-user-if-unique	jhipster	cbd03e51-8b62-4c7f-a201-1048109601b0	2	10	f	\N	580de8e5-cc96-4a9a-9206-8c30c29b3cd2
5900279d-0c70-4ffa-83e5-1ee934bb83c2	\N	\N	jhipster	cbd03e51-8b62-4c7f-a201-1048109601b0	2	20	t	c6645cae-3648-4be8-9929-5424923ac062	\N
d34c181f-fe6a-4662-bb9a-f1cf264e2baa	\N	auth-username-password-form	jhipster	feee62bc-49b0-4bd0-afeb-d12e633a52e7	0	10	f	\N	\N
cb7b1462-ea70-413b-bac2-58908d250c04	\N	\N	jhipster	feee62bc-49b0-4bd0-afeb-d12e633a52e7	1	20	t	15d2aa72-1acb-4ace-8399-35b89c0eff5a	\N
992b74a7-3364-4c84-9b66-466b6a6892b4	\N	conditional-user-configured	jhipster	15d2aa72-1acb-4ace-8399-35b89c0eff5a	0	10	f	\N	\N
2f42e32d-a16d-42b7-9f32-c4ea775e1d5b	\N	auth-otp-form	jhipster	15d2aa72-1acb-4ace-8399-35b89c0eff5a	0	20	f	\N	\N
9976ee24-4e83-41bc-b805-33db68ca433d	\N	no-cookie-redirect	jhipster	b8ce4255-652f-4b29-a368-9197867dd5bb	0	10	f	\N	\N
227ea972-86fe-4352-8546-bfd0be9386ff	\N	basic-auth	jhipster	b8ce4255-652f-4b29-a368-9197867dd5bb	0	20	f	\N	\N
3dd3416c-a4ca-4d19-a54e-622bea031830	\N	basic-auth-otp	jhipster	b8ce4255-652f-4b29-a368-9197867dd5bb	3	30	f	\N	\N
d47127d9-c427-4396-9078-90a40c47c52d	\N	auth-spnego	jhipster	b8ce4255-652f-4b29-a368-9197867dd5bb	3	40	f	\N	\N
6f2b0cca-0277-4885-bf3a-925e59535ae1	\N	registration-page-form	jhipster	784febfc-277f-4991-ae98-12f23372fb67	0	10	t	e3f516b2-0767-43c2-ac71-2d7259f2d0c6	\N
b0e58062-6d7a-4778-a28b-280d5f69874b	\N	registration-user-creation	jhipster	e3f516b2-0767-43c2-ac71-2d7259f2d0c6	0	20	f	\N	\N
cd2628ae-2ee5-434a-bcf4-3d090445717d	\N	registration-profile-action	jhipster	e3f516b2-0767-43c2-ac71-2d7259f2d0c6	0	40	f	\N	\N
829938b4-baab-4107-bc55-158c2bf3a15a	\N	registration-password-action	jhipster	e3f516b2-0767-43c2-ac71-2d7259f2d0c6	0	50	f	\N	\N
6641f154-ff6e-4b51-9fd2-d78b502947e6	\N	registration-recaptcha-action	jhipster	e3f516b2-0767-43c2-ac71-2d7259f2d0c6	3	60	f	\N	\N
5f1570b6-893a-4d4f-921f-cd548ef4945f	\N	reset-credentials-choose-user	jhipster	7c212b48-0fab-429a-9609-2e633a57687b	0	10	f	\N	\N
9559d9bc-a2ee-4438-a0b0-9107d11aa089	\N	reset-credential-email	jhipster	7c212b48-0fab-429a-9609-2e633a57687b	0	20	f	\N	\N
aee64ad4-b437-4920-8e64-28729f699328	\N	reset-password	jhipster	7c212b48-0fab-429a-9609-2e633a57687b	0	30	f	\N	\N
5dbd25b2-e4e2-48bd-bd46-f84fd3a14614	\N	\N	jhipster	7c212b48-0fab-429a-9609-2e633a57687b	1	40	t	7d7acb8e-8c0f-440b-828b-c963bcc1cdb4	\N
7c32662c-5889-49c4-919f-047dbce27f8b	\N	conditional-user-configured	jhipster	7d7acb8e-8c0f-440b-828b-c963bcc1cdb4	0	10	f	\N	\N
65b1e8e6-5074-474a-b11f-eda8592a973e	\N	reset-otp	jhipster	7d7acb8e-8c0f-440b-828b-c963bcc1cdb4	0	20	f	\N	\N
1086a031-538a-4d68-b773-3b5790a5f4c7	\N	http-basic-authenticator	jhipster	d4253d8c-d4ce-42e2-90ae-312d9a4c77f0	0	10	f	\N	\N
\.


--
-- Data for Name: authentication_flow; Type: TABLE DATA; Schema: public; Owner: shifternetzwerk
--

COPY public.authentication_flow (id, alias, description, realm_id, provider_id, top_level, built_in) FROM stdin;
b29e5602-846a-4483-a714-a0b92ead7215	browser	browser based authentication	master	basic-flow	t	t
38020cc4-f364-4bee-bba7-0865cf5d925d	forms	Username, password, otp and other auth forms.	master	basic-flow	f	t
dd8e2ef4-78fa-4da2-93c9-787e32d8d0ea	Browser - Conditional OTP	Flow to determine if the OTP is required for the authentication	master	basic-flow	f	t
97fd88ab-56d5-45db-8662-3f6b5d5de2ad	direct grant	OpenID Connect Resource Owner Grant	master	basic-flow	t	t
0c527668-a472-461e-8e21-651e5bdf8dfe	Direct Grant - Conditional OTP	Flow to determine if the OTP is required for the authentication	master	basic-flow	f	t
04b8d525-ad2f-41f3-86d9-f3b3609ed18c	registration	registration flow	master	basic-flow	t	t
9a9df4ef-5272-4097-bc95-6deced65dc3e	registration form	registration form	master	form-flow	f	t
ad127d57-e52b-416c-9396-3c23a3a4ab0b	reset credentials	Reset credentials for a user if they forgot their password or something	master	basic-flow	t	t
bbf09b1e-efc3-458a-b564-a6093e8a8646	Reset - Conditional OTP	Flow to determine if the OTP should be reset or not. Set to REQUIRED to force.	master	basic-flow	f	t
cf97573c-2448-4e73-91a7-c0a9304938a1	clients	Base authentication for clients	master	client-flow	t	t
6f6e4a01-133d-499a-b3a7-3f6199b0f418	first broker login	Actions taken after first broker login with identity provider account, which is not yet linked to any Keycloak account	master	basic-flow	t	t
32f59f9d-9461-4371-aec9-f3989708cefe	User creation or linking	Flow for the existing/non-existing user alternatives	master	basic-flow	f	t
dd7628f8-7e22-4858-bb14-bc19e9e7129c	Handle Existing Account	Handle what to do if there is existing account with same email/username like authenticated identity provider	master	basic-flow	f	t
e2402716-0ea6-45c6-a7b8-98fefe25eca2	Account verification options	Method with which to verity the existing account	master	basic-flow	f	t
28d8d0cd-800c-4780-9f2b-b769b1edd52a	Verify Existing Account by Re-authentication	Reauthentication of existing account	master	basic-flow	f	t
e31bd93e-d481-48e8-88dd-4d058c9302b4	First broker login - Conditional OTP	Flow to determine if the OTP is required for the authentication	master	basic-flow	f	t
62fdf821-fb9d-44b4-9d54-36675f1f1fa7	saml ecp	SAML ECP Profile Authentication Flow	master	basic-flow	t	t
78022899-8279-4093-8a60-d6c96c963127	docker auth	Used by Docker clients to authenticate against the IDP	master	basic-flow	t	t
fae972e2-74a0-4837-9db0-22b5840a8727	http challenge	An authentication flow based on challenge-response HTTP Authentication Schemes	master	basic-flow	t	t
61730500-fc70-4d7b-8446-d1ad507bfe41	Authentication Options	Authentication options.	master	basic-flow	f	t
c6645cae-3648-4be8-9929-5424923ac062	Handle Existing Account	Handle what to do if there is existing account with same email/username like authenticated identity provider	jhipster	basic-flow	f	t
bdf5bca1-b9d8-4994-987d-3d61a817afef	Handle Existing Account - Alternatives - 0	Subflow of Handle Existing Account with alternative executions	jhipster	basic-flow	f	t
23a99861-b82a-4484-9cfb-a0580dbcc2c4	Verify Existing Account by Re-authentication	Reauthentication of existing account	jhipster	basic-flow	f	t
b4f6c09b-8f00-4b45-a97a-656fc9adf98a	Verify Existing Account by Re-authentication - auth-otp-form - Conditional	Flow to determine if the auth-otp-form authenticator should be used or not.	jhipster	basic-flow	f	t
3d249737-95c2-4d3b-a40e-fa5acbfbbcd5	browser	browser based authentication	jhipster	basic-flow	t	t
9b1188c3-2c44-4c66-9c2f-4b14535159ad	clients	Base authentication for clients	jhipster	client-flow	t	t
20c3db6b-2296-410a-8b09-35b302f312fb	direct grant	OpenID Connect Resource Owner Grant	jhipster	basic-flow	t	t
4a10af41-7af0-419e-b663-24bb303a02b4	direct grant - direct-grant-validate-otp - Conditional	Flow to determine if the direct-grant-validate-otp authenticator should be used or not.	jhipster	basic-flow	f	t
d87d78b9-2681-4339-8715-36dbf61926b7	docker auth	Used by Docker clients to authenticate against the IDP	jhipster	basic-flow	t	t
26513a97-1bd2-45f1-887a-92ffa312587e	first broker login	Actions taken after first broker login with identity provider account, which is not yet linked to any Keycloak account	jhipster	basic-flow	t	t
cbd03e51-8b62-4c7f-a201-1048109601b0	first broker login - Alternatives - 0	Subflow of first broker login with alternative executions	jhipster	basic-flow	f	t
feee62bc-49b0-4bd0-afeb-d12e633a52e7	forms	Username, password, otp and other auth forms.	jhipster	basic-flow	f	t
15d2aa72-1acb-4ace-8399-35b89c0eff5a	forms - auth-otp-form - Conditional	Flow to determine if the auth-otp-form authenticator should be used or not.	jhipster	basic-flow	f	t
b8ce4255-652f-4b29-a368-9197867dd5bb	http challenge	An authentication flow based on challenge-response HTTP Authentication Schemes	jhipster	basic-flow	t	t
784febfc-277f-4991-ae98-12f23372fb67	registration	registration flow	jhipster	basic-flow	t	t
e3f516b2-0767-43c2-ac71-2d7259f2d0c6	registration form	registration form	jhipster	form-flow	f	t
7c212b48-0fab-429a-9609-2e633a57687b	reset credentials	Reset credentials for a user if they forgot their password or something	jhipster	basic-flow	t	t
7d7acb8e-8c0f-440b-828b-c963bcc1cdb4	reset credentials - reset-otp - Conditional	Flow to determine if the reset-otp authenticator should be used or not.	jhipster	basic-flow	f	t
d4253d8c-d4ce-42e2-90ae-312d9a4c77f0	saml ecp	SAML ECP Profile Authentication Flow	jhipster	basic-flow	t	t
\.


--
-- Data for Name: authenticator_config; Type: TABLE DATA; Schema: public; Owner: shifternetzwerk
--

COPY public.authenticator_config (id, alias, realm_id) FROM stdin;
33fb8bd4-0fcb-4cf5-8c0b-83556375f777	review profile config	master
acc23bca-e2f8-40da-bf80-42c8db7abbdd	create unique user config	master
580de8e5-cc96-4a9a-9206-8c30c29b3cd2	create unique user config	jhipster
952fa470-f731-4785-a0d6-062556cb1865	review profile config	jhipster
\.


--
-- Data for Name: authenticator_config_entry; Type: TABLE DATA; Schema: public; Owner: shifternetzwerk
--

COPY public.authenticator_config_entry (authenticator_id, value, name) FROM stdin;
33fb8bd4-0fcb-4cf5-8c0b-83556375f777	missing	update.profile.on.first.login
acc23bca-e2f8-40da-bf80-42c8db7abbdd	false	require.password.update.after.registration
580de8e5-cc96-4a9a-9206-8c30c29b3cd2	false	require.password.update.after.registration
952fa470-f731-4785-a0d6-062556cb1865	missing	update.profile.on.first.login
\.


--
-- Data for Name: broker_link; Type: TABLE DATA; Schema: public; Owner: shifternetzwerk
--

COPY public.broker_link (identity_provider, storage_provider_id, realm_id, broker_user_id, broker_username, token, user_id) FROM stdin;
\.


--
-- Data for Name: client_attributes; Type: TABLE DATA; Schema: public; Owner: shifternetzwerk
--

COPY public.client_attributes (client_id, value, name) FROM stdin;
e79a8baf-a4f1-4066-a4c3-781b3f84df3f	S256	pkce.code.challenge.method
efba9c28-195e-4710-8c64-dc0e6bac7917	S256	pkce.code.challenge.method
7b6ab455-242e-42aa-96d8-9c9e2b74da9d	S256	pkce.code.challenge.method
98ae8603-4547-4218-8fb9-ebc550a0e10b	false	saml.assertion.signature
98ae8603-4547-4218-8fb9-ebc550a0e10b	false	saml.force.post.binding
98ae8603-4547-4218-8fb9-ebc550a0e10b	false	saml.multivalued.roles
98ae8603-4547-4218-8fb9-ebc550a0e10b	false	saml.encrypt
98ae8603-4547-4218-8fb9-ebc550a0e10b	false	saml.server.signature
98ae8603-4547-4218-8fb9-ebc550a0e10b	false	saml.server.signature.keyinfo.ext
98ae8603-4547-4218-8fb9-ebc550a0e10b	false	exclude.session.state.from.auth.response
98ae8603-4547-4218-8fb9-ebc550a0e10b	false	saml_force_name_id_format
98ae8603-4547-4218-8fb9-ebc550a0e10b	false	saml.client.signature
98ae8603-4547-4218-8fb9-ebc550a0e10b	false	tls.client.certificate.bound.access.tokens
98ae8603-4547-4218-8fb9-ebc550a0e10b	false	saml.authnstatement
98ae8603-4547-4218-8fb9-ebc550a0e10b	false	display.on.consent.screen
98ae8603-4547-4218-8fb9-ebc550a0e10b	false	saml.onetimeuse.condition
0aa176c1-8d28-4a8b-8e97-7e4b49a289ff	S256	pkce.code.challenge.method
1eabef67-6473-4ba8-b07c-14bdbae4aaed	false	saml.assertion.signature
1eabef67-6473-4ba8-b07c-14bdbae4aaed	false	saml.force.post.binding
1eabef67-6473-4ba8-b07c-14bdbae4aaed	false	saml.multivalued.roles
1eabef67-6473-4ba8-b07c-14bdbae4aaed	false	saml.encrypt
1eabef67-6473-4ba8-b07c-14bdbae4aaed	false	saml.server.signature
1eabef67-6473-4ba8-b07c-14bdbae4aaed	false	saml.server.signature.keyinfo.ext
1eabef67-6473-4ba8-b07c-14bdbae4aaed	false	exclude.session.state.from.auth.response
1eabef67-6473-4ba8-b07c-14bdbae4aaed	false	saml_force_name_id_format
1eabef67-6473-4ba8-b07c-14bdbae4aaed	false	saml.client.signature
1eabef67-6473-4ba8-b07c-14bdbae4aaed	false	tls.client.certificate.bound.access.tokens
1eabef67-6473-4ba8-b07c-14bdbae4aaed	false	saml.authnstatement
1eabef67-6473-4ba8-b07c-14bdbae4aaed	false	display.on.consent.screen
1eabef67-6473-4ba8-b07c-14bdbae4aaed	false	saml.onetimeuse.condition
3babdb2c-8e3b-4e76-b61c-38016d6abbd7	false	saml.assertion.signature
3babdb2c-8e3b-4e76-b61c-38016d6abbd7	false	saml.force.post.binding
3babdb2c-8e3b-4e76-b61c-38016d6abbd7	false	saml.multivalued.roles
3babdb2c-8e3b-4e76-b61c-38016d6abbd7	false	saml.encrypt
3babdb2c-8e3b-4e76-b61c-38016d6abbd7	false	backchannel.logout.revoke.offline.tokens
3babdb2c-8e3b-4e76-b61c-38016d6abbd7	false	saml.server.signature
3babdb2c-8e3b-4e76-b61c-38016d6abbd7	false	saml.server.signature.keyinfo.ext
3babdb2c-8e3b-4e76-b61c-38016d6abbd7	true	exclude.session.state.from.auth.response
3babdb2c-8e3b-4e76-b61c-38016d6abbd7	false	backchannel.logout.session.required
3babdb2c-8e3b-4e76-b61c-38016d6abbd7	false	client_credentials.use_refresh_token
3babdb2c-8e3b-4e76-b61c-38016d6abbd7	false	saml_force_name_id_format
3babdb2c-8e3b-4e76-b61c-38016d6abbd7	false	saml.client.signature
3babdb2c-8e3b-4e76-b61c-38016d6abbd7	false	tls.client.certificate.bound.access.tokens
3babdb2c-8e3b-4e76-b61c-38016d6abbd7	false	saml.authnstatement
3babdb2c-8e3b-4e76-b61c-38016d6abbd7	false	display.on.consent.screen
3babdb2c-8e3b-4e76-b61c-38016d6abbd7	false	saml.onetimeuse.condition
3babdb2c-8e3b-4e76-b61c-38016d6abbd7	\N	request.uris
\.


--
-- Data for Name: client_auth_flow_bindings; Type: TABLE DATA; Schema: public; Owner: shifternetzwerk
--

COPY public.client_auth_flow_bindings (client_id, flow_id, binding_name) FROM stdin;
\.


--
-- Data for Name: client_default_roles; Type: TABLE DATA; Schema: public; Owner: shifternetzwerk
--

COPY public.client_default_roles (client_id, role_id) FROM stdin;
962a768f-6775-472d-99b2-dc739bdce328	03b02dee-9a70-451b-93e0-bb6f00f450f3
962a768f-6775-472d-99b2-dc739bdce328	1a7f697b-d779-49a4-94ee-28076f275a55
e07da50b-cddc-4524-b630-436a5a6ba8ab	354b3a09-47a6-4051-957c-c6a3ee28a190
e07da50b-cddc-4524-b630-436a5a6ba8ab	21b65e52-b4e3-453e-b0f0-10a44a4a887d
\.


--
-- Data for Name: client_initial_access; Type: TABLE DATA; Schema: public; Owner: shifternetzwerk
--

COPY public.client_initial_access (id, realm_id, "timestamp", expiration, count, remaining_count) FROM stdin;
\.


--
-- Data for Name: client_node_registrations; Type: TABLE DATA; Schema: public; Owner: shifternetzwerk
--

COPY public.client_node_registrations (client_id, value, name) FROM stdin;
\.


--
-- Data for Name: client_scope; Type: TABLE DATA; Schema: public; Owner: shifternetzwerk
--

COPY public.client_scope (id, name, realm_id, description, protocol) FROM stdin;
5162118c-11cf-4acd-a8e6-39d9816c594f	offline_access	master	OpenID Connect built-in scope: offline_access	openid-connect
aaeb225c-755c-4351-bc70-7c21349a3a81	role_list	master	SAML role list	saml
4e5e3ac3-d467-41e9-93d1-4b8970337662	profile	master	OpenID Connect built-in scope: profile	openid-connect
2c9680a9-f9c3-4085-996f-ca28b6937213	email	master	OpenID Connect built-in scope: email	openid-connect
a350b257-e6ad-4177-ab8d-930515e87e66	address	master	OpenID Connect built-in scope: address	openid-connect
86b3f8bb-d21f-4e92-9db0-a6c6b9d40ffb	phone	master	OpenID Connect built-in scope: phone	openid-connect
ab957b72-2b2a-42f7-85b7-5a9a9360cfec	roles	master	OpenID Connect scope for add user roles to the access token	openid-connect
7f187501-21e2-4ad1-b961-88c984e00fd8	web-origins	master	OpenID Connect scope for add allowed web origins to the access token	openid-connect
24eaefc8-2278-4c37-9a65-6279a16c46c5	microprofile-jwt	master	Microprofile - JWT built-in scope	openid-connect
1dc1e050-891a-4f5b-ac9d-5ea0c2e3c05e	address	jhipster	OpenID Connect built-in scope: address	openid-connect
39e1693b-a924-4fbb-b98c-520869771f83	email	jhipster	OpenID Connect built-in scope: email	openid-connect
3880d5d9-fced-4446-97fe-0434f2bb76ea	jhipster	jhipster	Jhipster specific claims	openid-connect
a72d436e-111b-445b-804a-967d249f6455	microprofile-jwt	jhipster	Microprofile - JWT built-in scope	openid-connect
5253d2be-3116-4510-ac05-99619ce2494c	offline_access	jhipster	OpenID Connect built-in scope: offline_access	openid-connect
0d3b55db-e68b-4c83-91d4-7370a6810a24	phone	jhipster	OpenID Connect built-in scope: phone	openid-connect
d5de6a8a-8894-4e72-b6ef-f9bf3a7a6541	profile	jhipster	OpenID Connect built-in scope: profile	openid-connect
391f1641-cb22-41a3-a0ed-752d9264aaf5	role_list	jhipster	SAML role list	saml
021d9ac1-9650-401c-b2a2-efa2f3e6b70c	roles	jhipster	OpenID Connect scope for add user roles to the access token	openid-connect
84fdcb72-668b-408e-aaea-110d594afe5e	web-origins	jhipster	OpenID Connect scope for add allowed web origins to the access token	openid-connect
\.


--
-- Data for Name: client_scope_attributes; Type: TABLE DATA; Schema: public; Owner: shifternetzwerk
--

COPY public.client_scope_attributes (scope_id, value, name) FROM stdin;
5162118c-11cf-4acd-a8e6-39d9816c594f	true	display.on.consent.screen
5162118c-11cf-4acd-a8e6-39d9816c594f	${offlineAccessScopeConsentText}	consent.screen.text
aaeb225c-755c-4351-bc70-7c21349a3a81	true	display.on.consent.screen
aaeb225c-755c-4351-bc70-7c21349a3a81	${samlRoleListScopeConsentText}	consent.screen.text
4e5e3ac3-d467-41e9-93d1-4b8970337662	true	display.on.consent.screen
4e5e3ac3-d467-41e9-93d1-4b8970337662	${profileScopeConsentText}	consent.screen.text
4e5e3ac3-d467-41e9-93d1-4b8970337662	true	include.in.token.scope
2c9680a9-f9c3-4085-996f-ca28b6937213	true	display.on.consent.screen
2c9680a9-f9c3-4085-996f-ca28b6937213	${emailScopeConsentText}	consent.screen.text
2c9680a9-f9c3-4085-996f-ca28b6937213	true	include.in.token.scope
a350b257-e6ad-4177-ab8d-930515e87e66	true	display.on.consent.screen
a350b257-e6ad-4177-ab8d-930515e87e66	${addressScopeConsentText}	consent.screen.text
a350b257-e6ad-4177-ab8d-930515e87e66	true	include.in.token.scope
86b3f8bb-d21f-4e92-9db0-a6c6b9d40ffb	true	display.on.consent.screen
86b3f8bb-d21f-4e92-9db0-a6c6b9d40ffb	${phoneScopeConsentText}	consent.screen.text
86b3f8bb-d21f-4e92-9db0-a6c6b9d40ffb	true	include.in.token.scope
ab957b72-2b2a-42f7-85b7-5a9a9360cfec	true	display.on.consent.screen
ab957b72-2b2a-42f7-85b7-5a9a9360cfec	${rolesScopeConsentText}	consent.screen.text
ab957b72-2b2a-42f7-85b7-5a9a9360cfec	false	include.in.token.scope
7f187501-21e2-4ad1-b961-88c984e00fd8	false	display.on.consent.screen
7f187501-21e2-4ad1-b961-88c984e00fd8		consent.screen.text
7f187501-21e2-4ad1-b961-88c984e00fd8	false	include.in.token.scope
24eaefc8-2278-4c37-9a65-6279a16c46c5	false	display.on.consent.screen
24eaefc8-2278-4c37-9a65-6279a16c46c5	true	include.in.token.scope
1dc1e050-891a-4f5b-ac9d-5ea0c2e3c05e	${addressScopeConsentText}	consent.screen.text
1dc1e050-891a-4f5b-ac9d-5ea0c2e3c05e	true	display.on.consent.screen
39e1693b-a924-4fbb-b98c-520869771f83	${emailScopeConsentText}	consent.screen.text
39e1693b-a924-4fbb-b98c-520869771f83	true	display.on.consent.screen
3880d5d9-fced-4446-97fe-0434f2bb76ea	false	display.on.consent.screen
a72d436e-111b-445b-804a-967d249f6455	true	include.in.token.scope
a72d436e-111b-445b-804a-967d249f6455	false	display.on.consent.screen
5253d2be-3116-4510-ac05-99619ce2494c	${offlineAccessScopeConsentText}	consent.screen.text
5253d2be-3116-4510-ac05-99619ce2494c	true	display.on.consent.screen
0d3b55db-e68b-4c83-91d4-7370a6810a24	${phoneScopeConsentText}	consent.screen.text
0d3b55db-e68b-4c83-91d4-7370a6810a24	true	display.on.consent.screen
d5de6a8a-8894-4e72-b6ef-f9bf3a7a6541	${profileScopeConsentText}	consent.screen.text
d5de6a8a-8894-4e72-b6ef-f9bf3a7a6541	true	display.on.consent.screen
391f1641-cb22-41a3-a0ed-752d9264aaf5	${samlRoleListScopeConsentText}	consent.screen.text
391f1641-cb22-41a3-a0ed-752d9264aaf5	true	display.on.consent.screen
021d9ac1-9650-401c-b2a2-efa2f3e6b70c	false	include.in.token.scope
021d9ac1-9650-401c-b2a2-efa2f3e6b70c	true	display.on.consent.screen
021d9ac1-9650-401c-b2a2-efa2f3e6b70c	${rolesScopeConsentText}	consent.screen.text
84fdcb72-668b-408e-aaea-110d594afe5e	false	include.in.token.scope
84fdcb72-668b-408e-aaea-110d594afe5e	false	display.on.consent.screen
84fdcb72-668b-408e-aaea-110d594afe5e		consent.screen.text
\.


--
-- Data for Name: client_scope_client; Type: TABLE DATA; Schema: public; Owner: shifternetzwerk
--

COPY public.client_scope_client (client_id, scope_id, default_scope) FROM stdin;
962a768f-6775-472d-99b2-dc739bdce328	aaeb225c-755c-4351-bc70-7c21349a3a81	t
e79a8baf-a4f1-4066-a4c3-781b3f84df3f	aaeb225c-755c-4351-bc70-7c21349a3a81	t
030eb316-2eae-4343-aa9b-ba6bc921db81	aaeb225c-755c-4351-bc70-7c21349a3a81	t
0b97b661-78a5-4372-b6e7-b55ea7516a34	aaeb225c-755c-4351-bc70-7c21349a3a81	t
ea3a9b81-91a2-4a3f-89a3-32c761d3486e	aaeb225c-755c-4351-bc70-7c21349a3a81	t
efba9c28-195e-4710-8c64-dc0e6bac7917	aaeb225c-755c-4351-bc70-7c21349a3a81	t
962a768f-6775-472d-99b2-dc739bdce328	ab957b72-2b2a-42f7-85b7-5a9a9360cfec	t
962a768f-6775-472d-99b2-dc739bdce328	7f187501-21e2-4ad1-b961-88c984e00fd8	t
962a768f-6775-472d-99b2-dc739bdce328	2c9680a9-f9c3-4085-996f-ca28b6937213	t
962a768f-6775-472d-99b2-dc739bdce328	4e5e3ac3-d467-41e9-93d1-4b8970337662	t
962a768f-6775-472d-99b2-dc739bdce328	5162118c-11cf-4acd-a8e6-39d9816c594f	f
962a768f-6775-472d-99b2-dc739bdce328	86b3f8bb-d21f-4e92-9db0-a6c6b9d40ffb	f
962a768f-6775-472d-99b2-dc739bdce328	a350b257-e6ad-4177-ab8d-930515e87e66	f
962a768f-6775-472d-99b2-dc739bdce328	24eaefc8-2278-4c37-9a65-6279a16c46c5	f
e79a8baf-a4f1-4066-a4c3-781b3f84df3f	ab957b72-2b2a-42f7-85b7-5a9a9360cfec	t
e79a8baf-a4f1-4066-a4c3-781b3f84df3f	7f187501-21e2-4ad1-b961-88c984e00fd8	t
e79a8baf-a4f1-4066-a4c3-781b3f84df3f	2c9680a9-f9c3-4085-996f-ca28b6937213	t
e79a8baf-a4f1-4066-a4c3-781b3f84df3f	4e5e3ac3-d467-41e9-93d1-4b8970337662	t
e79a8baf-a4f1-4066-a4c3-781b3f84df3f	5162118c-11cf-4acd-a8e6-39d9816c594f	f
e79a8baf-a4f1-4066-a4c3-781b3f84df3f	86b3f8bb-d21f-4e92-9db0-a6c6b9d40ffb	f
e79a8baf-a4f1-4066-a4c3-781b3f84df3f	a350b257-e6ad-4177-ab8d-930515e87e66	f
e79a8baf-a4f1-4066-a4c3-781b3f84df3f	24eaefc8-2278-4c37-9a65-6279a16c46c5	f
030eb316-2eae-4343-aa9b-ba6bc921db81	ab957b72-2b2a-42f7-85b7-5a9a9360cfec	t
030eb316-2eae-4343-aa9b-ba6bc921db81	7f187501-21e2-4ad1-b961-88c984e00fd8	t
030eb316-2eae-4343-aa9b-ba6bc921db81	2c9680a9-f9c3-4085-996f-ca28b6937213	t
030eb316-2eae-4343-aa9b-ba6bc921db81	4e5e3ac3-d467-41e9-93d1-4b8970337662	t
030eb316-2eae-4343-aa9b-ba6bc921db81	5162118c-11cf-4acd-a8e6-39d9816c594f	f
030eb316-2eae-4343-aa9b-ba6bc921db81	86b3f8bb-d21f-4e92-9db0-a6c6b9d40ffb	f
030eb316-2eae-4343-aa9b-ba6bc921db81	a350b257-e6ad-4177-ab8d-930515e87e66	f
030eb316-2eae-4343-aa9b-ba6bc921db81	24eaefc8-2278-4c37-9a65-6279a16c46c5	f
0b97b661-78a5-4372-b6e7-b55ea7516a34	ab957b72-2b2a-42f7-85b7-5a9a9360cfec	t
0b97b661-78a5-4372-b6e7-b55ea7516a34	7f187501-21e2-4ad1-b961-88c984e00fd8	t
0b97b661-78a5-4372-b6e7-b55ea7516a34	2c9680a9-f9c3-4085-996f-ca28b6937213	t
0b97b661-78a5-4372-b6e7-b55ea7516a34	4e5e3ac3-d467-41e9-93d1-4b8970337662	t
0b97b661-78a5-4372-b6e7-b55ea7516a34	5162118c-11cf-4acd-a8e6-39d9816c594f	f
0b97b661-78a5-4372-b6e7-b55ea7516a34	86b3f8bb-d21f-4e92-9db0-a6c6b9d40ffb	f
0b97b661-78a5-4372-b6e7-b55ea7516a34	a350b257-e6ad-4177-ab8d-930515e87e66	f
0b97b661-78a5-4372-b6e7-b55ea7516a34	24eaefc8-2278-4c37-9a65-6279a16c46c5	f
ea3a9b81-91a2-4a3f-89a3-32c761d3486e	ab957b72-2b2a-42f7-85b7-5a9a9360cfec	t
ea3a9b81-91a2-4a3f-89a3-32c761d3486e	7f187501-21e2-4ad1-b961-88c984e00fd8	t
ea3a9b81-91a2-4a3f-89a3-32c761d3486e	2c9680a9-f9c3-4085-996f-ca28b6937213	t
ea3a9b81-91a2-4a3f-89a3-32c761d3486e	4e5e3ac3-d467-41e9-93d1-4b8970337662	t
ea3a9b81-91a2-4a3f-89a3-32c761d3486e	5162118c-11cf-4acd-a8e6-39d9816c594f	f
ea3a9b81-91a2-4a3f-89a3-32c761d3486e	86b3f8bb-d21f-4e92-9db0-a6c6b9d40ffb	f
ea3a9b81-91a2-4a3f-89a3-32c761d3486e	a350b257-e6ad-4177-ab8d-930515e87e66	f
ea3a9b81-91a2-4a3f-89a3-32c761d3486e	24eaefc8-2278-4c37-9a65-6279a16c46c5	f
efba9c28-195e-4710-8c64-dc0e6bac7917	ab957b72-2b2a-42f7-85b7-5a9a9360cfec	t
efba9c28-195e-4710-8c64-dc0e6bac7917	7f187501-21e2-4ad1-b961-88c984e00fd8	t
efba9c28-195e-4710-8c64-dc0e6bac7917	2c9680a9-f9c3-4085-996f-ca28b6937213	t
efba9c28-195e-4710-8c64-dc0e6bac7917	4e5e3ac3-d467-41e9-93d1-4b8970337662	t
efba9c28-195e-4710-8c64-dc0e6bac7917	5162118c-11cf-4acd-a8e6-39d9816c594f	f
efba9c28-195e-4710-8c64-dc0e6bac7917	86b3f8bb-d21f-4e92-9db0-a6c6b9d40ffb	f
efba9c28-195e-4710-8c64-dc0e6bac7917	a350b257-e6ad-4177-ab8d-930515e87e66	f
efba9c28-195e-4710-8c64-dc0e6bac7917	24eaefc8-2278-4c37-9a65-6279a16c46c5	f
6ab54071-1724-4b5d-ab21-1d5a453099e7	aaeb225c-755c-4351-bc70-7c21349a3a81	t
6ab54071-1724-4b5d-ab21-1d5a453099e7	ab957b72-2b2a-42f7-85b7-5a9a9360cfec	t
6ab54071-1724-4b5d-ab21-1d5a453099e7	7f187501-21e2-4ad1-b961-88c984e00fd8	t
6ab54071-1724-4b5d-ab21-1d5a453099e7	2c9680a9-f9c3-4085-996f-ca28b6937213	t
6ab54071-1724-4b5d-ab21-1d5a453099e7	4e5e3ac3-d467-41e9-93d1-4b8970337662	t
6ab54071-1724-4b5d-ab21-1d5a453099e7	5162118c-11cf-4acd-a8e6-39d9816c594f	f
6ab54071-1724-4b5d-ab21-1d5a453099e7	86b3f8bb-d21f-4e92-9db0-a6c6b9d40ffb	f
6ab54071-1724-4b5d-ab21-1d5a453099e7	a350b257-e6ad-4177-ab8d-930515e87e66	f
6ab54071-1724-4b5d-ab21-1d5a453099e7	24eaefc8-2278-4c37-9a65-6279a16c46c5	f
e07da50b-cddc-4524-b630-436a5a6ba8ab	84fdcb72-668b-408e-aaea-110d594afe5e	t
e07da50b-cddc-4524-b630-436a5a6ba8ab	391f1641-cb22-41a3-a0ed-752d9264aaf5	t
e07da50b-cddc-4524-b630-436a5a6ba8ab	021d9ac1-9650-401c-b2a2-efa2f3e6b70c	t
e07da50b-cddc-4524-b630-436a5a6ba8ab	d5de6a8a-8894-4e72-b6ef-f9bf3a7a6541	t
e07da50b-cddc-4524-b630-436a5a6ba8ab	39e1693b-a924-4fbb-b98c-520869771f83	t
e07da50b-cddc-4524-b630-436a5a6ba8ab	1dc1e050-891a-4f5b-ac9d-5ea0c2e3c05e	f
e07da50b-cddc-4524-b630-436a5a6ba8ab	0d3b55db-e68b-4c83-91d4-7370a6810a24	f
e07da50b-cddc-4524-b630-436a5a6ba8ab	5253d2be-3116-4510-ac05-99619ce2494c	f
e07da50b-cddc-4524-b630-436a5a6ba8ab	a72d436e-111b-445b-804a-967d249f6455	f
3babdb2c-8e3b-4e76-b61c-38016d6abbd7	7f187501-21e2-4ad1-b961-88c984e00fd8	t
3babdb2c-8e3b-4e76-b61c-38016d6abbd7	aaeb225c-755c-4351-bc70-7c21349a3a81	t
3babdb2c-8e3b-4e76-b61c-38016d6abbd7	ab957b72-2b2a-42f7-85b7-5a9a9360cfec	t
3babdb2c-8e3b-4e76-b61c-38016d6abbd7	4e5e3ac3-d467-41e9-93d1-4b8970337662	t
3babdb2c-8e3b-4e76-b61c-38016d6abbd7	2c9680a9-f9c3-4085-996f-ca28b6937213	t
3babdb2c-8e3b-4e76-b61c-38016d6abbd7	a350b257-e6ad-4177-ab8d-930515e87e66	f
3babdb2c-8e3b-4e76-b61c-38016d6abbd7	86b3f8bb-d21f-4e92-9db0-a6c6b9d40ffb	f
3babdb2c-8e3b-4e76-b61c-38016d6abbd7	5162118c-11cf-4acd-a8e6-39d9816c594f	f
3babdb2c-8e3b-4e76-b61c-38016d6abbd7	24eaefc8-2278-4c37-9a65-6279a16c46c5	f
7b6ab455-242e-42aa-96d8-9c9e2b74da9d	84fdcb72-668b-408e-aaea-110d594afe5e	t
7b6ab455-242e-42aa-96d8-9c9e2b74da9d	391f1641-cb22-41a3-a0ed-752d9264aaf5	t
7b6ab455-242e-42aa-96d8-9c9e2b74da9d	021d9ac1-9650-401c-b2a2-efa2f3e6b70c	t
7b6ab455-242e-42aa-96d8-9c9e2b74da9d	d5de6a8a-8894-4e72-b6ef-f9bf3a7a6541	t
7b6ab455-242e-42aa-96d8-9c9e2b74da9d	39e1693b-a924-4fbb-b98c-520869771f83	t
7b6ab455-242e-42aa-96d8-9c9e2b74da9d	1dc1e050-891a-4f5b-ac9d-5ea0c2e3c05e	f
7b6ab455-242e-42aa-96d8-9c9e2b74da9d	0d3b55db-e68b-4c83-91d4-7370a6810a24	f
7b6ab455-242e-42aa-96d8-9c9e2b74da9d	5253d2be-3116-4510-ac05-99619ce2494c	f
7b6ab455-242e-42aa-96d8-9c9e2b74da9d	a72d436e-111b-445b-804a-967d249f6455	f
5a9610bf-6a47-46a1-9442-9e43eacd98e8	84fdcb72-668b-408e-aaea-110d594afe5e	t
5a9610bf-6a47-46a1-9442-9e43eacd98e8	391f1641-cb22-41a3-a0ed-752d9264aaf5	t
5a9610bf-6a47-46a1-9442-9e43eacd98e8	021d9ac1-9650-401c-b2a2-efa2f3e6b70c	t
5a9610bf-6a47-46a1-9442-9e43eacd98e8	d5de6a8a-8894-4e72-b6ef-f9bf3a7a6541	t
5a9610bf-6a47-46a1-9442-9e43eacd98e8	39e1693b-a924-4fbb-b98c-520869771f83	t
5a9610bf-6a47-46a1-9442-9e43eacd98e8	1dc1e050-891a-4f5b-ac9d-5ea0c2e3c05e	f
5a9610bf-6a47-46a1-9442-9e43eacd98e8	0d3b55db-e68b-4c83-91d4-7370a6810a24	f
5a9610bf-6a47-46a1-9442-9e43eacd98e8	5253d2be-3116-4510-ac05-99619ce2494c	f
5a9610bf-6a47-46a1-9442-9e43eacd98e8	a72d436e-111b-445b-804a-967d249f6455	f
274afcdb-7742-4a3a-acc5-17db61a4d200	84fdcb72-668b-408e-aaea-110d594afe5e	t
274afcdb-7742-4a3a-acc5-17db61a4d200	391f1641-cb22-41a3-a0ed-752d9264aaf5	t
274afcdb-7742-4a3a-acc5-17db61a4d200	021d9ac1-9650-401c-b2a2-efa2f3e6b70c	t
274afcdb-7742-4a3a-acc5-17db61a4d200	d5de6a8a-8894-4e72-b6ef-f9bf3a7a6541	t
274afcdb-7742-4a3a-acc5-17db61a4d200	39e1693b-a924-4fbb-b98c-520869771f83	t
274afcdb-7742-4a3a-acc5-17db61a4d200	1dc1e050-891a-4f5b-ac9d-5ea0c2e3c05e	f
274afcdb-7742-4a3a-acc5-17db61a4d200	0d3b55db-e68b-4c83-91d4-7370a6810a24	f
274afcdb-7742-4a3a-acc5-17db61a4d200	5253d2be-3116-4510-ac05-99619ce2494c	f
274afcdb-7742-4a3a-acc5-17db61a4d200	a72d436e-111b-445b-804a-967d249f6455	f
98ae8603-4547-4218-8fb9-ebc550a0e10b	84fdcb72-668b-408e-aaea-110d594afe5e	t
98ae8603-4547-4218-8fb9-ebc550a0e10b	391f1641-cb22-41a3-a0ed-752d9264aaf5	t
98ae8603-4547-4218-8fb9-ebc550a0e10b	021d9ac1-9650-401c-b2a2-efa2f3e6b70c	t
98ae8603-4547-4218-8fb9-ebc550a0e10b	d5de6a8a-8894-4e72-b6ef-f9bf3a7a6541	t
98ae8603-4547-4218-8fb9-ebc550a0e10b	39e1693b-a924-4fbb-b98c-520869771f83	t
98ae8603-4547-4218-8fb9-ebc550a0e10b	1dc1e050-891a-4f5b-ac9d-5ea0c2e3c05e	f
98ae8603-4547-4218-8fb9-ebc550a0e10b	0d3b55db-e68b-4c83-91d4-7370a6810a24	f
98ae8603-4547-4218-8fb9-ebc550a0e10b	5253d2be-3116-4510-ac05-99619ce2494c	f
98ae8603-4547-4218-8fb9-ebc550a0e10b	a72d436e-111b-445b-804a-967d249f6455	f
48fb7988-d909-445a-81db-fe825dca0db2	391f1641-cb22-41a3-a0ed-752d9264aaf5	t
48fb7988-d909-445a-81db-fe825dca0db2	d5de6a8a-8894-4e72-b6ef-f9bf3a7a6541	t
48fb7988-d909-445a-81db-fe825dca0db2	39e1693b-a924-4fbb-b98c-520869771f83	t
48fb7988-d909-445a-81db-fe825dca0db2	1dc1e050-891a-4f5b-ac9d-5ea0c2e3c05e	f
48fb7988-d909-445a-81db-fe825dca0db2	0d3b55db-e68b-4c83-91d4-7370a6810a24	f
48fb7988-d909-445a-81db-fe825dca0db2	5253d2be-3116-4510-ac05-99619ce2494c	f
48fb7988-d909-445a-81db-fe825dca0db2	a72d436e-111b-445b-804a-967d249f6455	f
0aa176c1-8d28-4a8b-8e97-7e4b49a289ff	84fdcb72-668b-408e-aaea-110d594afe5e	t
0aa176c1-8d28-4a8b-8e97-7e4b49a289ff	391f1641-cb22-41a3-a0ed-752d9264aaf5	t
0aa176c1-8d28-4a8b-8e97-7e4b49a289ff	021d9ac1-9650-401c-b2a2-efa2f3e6b70c	t
0aa176c1-8d28-4a8b-8e97-7e4b49a289ff	d5de6a8a-8894-4e72-b6ef-f9bf3a7a6541	t
0aa176c1-8d28-4a8b-8e97-7e4b49a289ff	39e1693b-a924-4fbb-b98c-520869771f83	t
0aa176c1-8d28-4a8b-8e97-7e4b49a289ff	1dc1e050-891a-4f5b-ac9d-5ea0c2e3c05e	f
0aa176c1-8d28-4a8b-8e97-7e4b49a289ff	0d3b55db-e68b-4c83-91d4-7370a6810a24	f
0aa176c1-8d28-4a8b-8e97-7e4b49a289ff	5253d2be-3116-4510-ac05-99619ce2494c	f
0aa176c1-8d28-4a8b-8e97-7e4b49a289ff	a72d436e-111b-445b-804a-967d249f6455	f
1eabef67-6473-4ba8-b07c-14bdbae4aaed	84fdcb72-668b-408e-aaea-110d594afe5e	t
1eabef67-6473-4ba8-b07c-14bdbae4aaed	3880d5d9-fced-4446-97fe-0434f2bb76ea	t
1eabef67-6473-4ba8-b07c-14bdbae4aaed	391f1641-cb22-41a3-a0ed-752d9264aaf5	t
1eabef67-6473-4ba8-b07c-14bdbae4aaed	021d9ac1-9650-401c-b2a2-efa2f3e6b70c	t
1eabef67-6473-4ba8-b07c-14bdbae4aaed	d5de6a8a-8894-4e72-b6ef-f9bf3a7a6541	t
1eabef67-6473-4ba8-b07c-14bdbae4aaed	39e1693b-a924-4fbb-b98c-520869771f83	t
1eabef67-6473-4ba8-b07c-14bdbae4aaed	1dc1e050-891a-4f5b-ac9d-5ea0c2e3c05e	f
1eabef67-6473-4ba8-b07c-14bdbae4aaed	0d3b55db-e68b-4c83-91d4-7370a6810a24	f
1eabef67-6473-4ba8-b07c-14bdbae4aaed	5253d2be-3116-4510-ac05-99619ce2494c	f
1eabef67-6473-4ba8-b07c-14bdbae4aaed	a72d436e-111b-445b-804a-967d249f6455	f
\.


--
-- Data for Name: client_scope_role_mapping; Type: TABLE DATA; Schema: public; Owner: shifternetzwerk
--

COPY public.client_scope_role_mapping (scope_id, role_id) FROM stdin;
5162118c-11cf-4acd-a8e6-39d9816c594f	3f796c7d-679f-46de-bed8-d91c8e11eae0
5253d2be-3116-4510-ac05-99619ce2494c	932ca70d-a311-42f9-9042-431cef835b9e
\.


--
-- Data for Name: client_session; Type: TABLE DATA; Schema: public; Owner: shifternetzwerk
--

COPY public.client_session (id, client_id, redirect_uri, state, "timestamp", session_id, auth_method, realm_id, auth_user_id, current_action) FROM stdin;
\.


--
-- Data for Name: client_session_auth_status; Type: TABLE DATA; Schema: public; Owner: shifternetzwerk
--

COPY public.client_session_auth_status (authenticator, status, client_session) FROM stdin;
\.


--
-- Data for Name: client_session_note; Type: TABLE DATA; Schema: public; Owner: shifternetzwerk
--

COPY public.client_session_note (name, value, client_session) FROM stdin;
\.


--
-- Data for Name: client_session_prot_mapper; Type: TABLE DATA; Schema: public; Owner: shifternetzwerk
--

COPY public.client_session_prot_mapper (protocol_mapper_id, client_session) FROM stdin;
\.


--
-- Data for Name: client_session_role; Type: TABLE DATA; Schema: public; Owner: shifternetzwerk
--

COPY public.client_session_role (role_id, client_session) FROM stdin;
\.


--
-- Data for Name: client_user_session_note; Type: TABLE DATA; Schema: public; Owner: shifternetzwerk
--

COPY public.client_user_session_note (name, value, client_session) FROM stdin;
\.


--
-- Data for Name: component; Type: TABLE DATA; Schema: public; Owner: shifternetzwerk
--

COPY public.component (id, name, parent_id, provider_id, provider_type, realm_id, sub_type) FROM stdin;
379d234e-a2cd-49c5-8135-97f7286513a1	Trusted Hosts	master	trusted-hosts	org.keycloak.services.clientregistration.policy.ClientRegistrationPolicy	master	anonymous
6ad75be1-f629-44fd-a894-d72de07aae59	Consent Required	master	consent-required	org.keycloak.services.clientregistration.policy.ClientRegistrationPolicy	master	anonymous
e97c3f42-d8cf-449a-b11c-2e36513c3370	Full Scope Disabled	master	scope	org.keycloak.services.clientregistration.policy.ClientRegistrationPolicy	master	anonymous
abeea13b-0f95-4ffa-a308-a885f91a6c85	Max Clients Limit	master	max-clients	org.keycloak.services.clientregistration.policy.ClientRegistrationPolicy	master	anonymous
497bf93c-21cf-4364-9485-5d9ac6ceeafb	Allowed Protocol Mapper Types	master	allowed-protocol-mappers	org.keycloak.services.clientregistration.policy.ClientRegistrationPolicy	master	anonymous
dca6e543-03d0-4773-9ea1-6f4ea1aadd1e	Allowed Client Scopes	master	allowed-client-templates	org.keycloak.services.clientregistration.policy.ClientRegistrationPolicy	master	anonymous
22875567-5829-46a4-8ea5-37a7a206cb46	Allowed Protocol Mapper Types	master	allowed-protocol-mappers	org.keycloak.services.clientregistration.policy.ClientRegistrationPolicy	master	authenticated
4cd37546-17ed-4fbb-be3c-a79e962b219e	Allowed Client Scopes	master	allowed-client-templates	org.keycloak.services.clientregistration.policy.ClientRegistrationPolicy	master	authenticated
96bb5289-e057-4a3d-a273-89372bbc8cc0	Allowed Client Scopes	jhipster	allowed-client-templates	org.keycloak.services.clientregistration.policy.ClientRegistrationPolicy	jhipster	authenticated
5782d02c-2ba5-47d1-9732-dfaaf0e5cfdf	Allowed Protocol Mapper Types	jhipster	allowed-protocol-mappers	org.keycloak.services.clientregistration.policy.ClientRegistrationPolicy	jhipster	authenticated
c8d395e2-dd81-4118-b838-7095be5cc1c8	Allowed Protocol Mapper Types	jhipster	allowed-protocol-mappers	org.keycloak.services.clientregistration.policy.ClientRegistrationPolicy	jhipster	anonymous
1175c6f8-2d58-437f-bb21-4660c8c1a62c	Full Scope Disabled	jhipster	scope	org.keycloak.services.clientregistration.policy.ClientRegistrationPolicy	jhipster	anonymous
4bd2778a-908f-4ac3-873f-61e674eecc2f	Consent Required	jhipster	consent-required	org.keycloak.services.clientregistration.policy.ClientRegistrationPolicy	jhipster	anonymous
65809493-b60f-4b44-b1dc-28a22772c321	Allowed Client Scopes	jhipster	allowed-client-templates	org.keycloak.services.clientregistration.policy.ClientRegistrationPolicy	jhipster	anonymous
950acf43-614d-47a3-a7c9-d5072433c4b8	Max Clients Limit	jhipster	max-clients	org.keycloak.services.clientregistration.policy.ClientRegistrationPolicy	jhipster	anonymous
e2a65f9f-5ad8-4634-ab3a-810409a3e067	Trusted Hosts	jhipster	trusted-hosts	org.keycloak.services.clientregistration.policy.ClientRegistrationPolicy	jhipster	anonymous
8ab3be1d-3e01-4eb6-8ff2-d116b02ffc48	aes-generated	jhipster	aes-generated	org.keycloak.keys.KeyProvider	jhipster	\N
2a3661d8-3594-4872-881a-9f2d394b675d	rsa-generated	jhipster	rsa-generated	org.keycloak.keys.KeyProvider	jhipster	\N
1d291cea-3d41-41cb-9ab6-ef1513fe3fe8	hmac-generated	jhipster	hmac-generated	org.keycloak.keys.KeyProvider	jhipster	\N
c8df9517-dcf1-4a96-8f6a-ee98a7cf2659	fallback-HS256	master	hmac-generated	org.keycloak.keys.KeyProvider	master	\N
6553c95d-5c5b-4f3e-8b17-4374644011e2	fallback-RS256	master	rsa-generated	org.keycloak.keys.KeyProvider	master	\N
\.


--
-- Data for Name: component_config; Type: TABLE DATA; Schema: public; Owner: shifternetzwerk
--

COPY public.component_config (id, component_id, name, value) FROM stdin;
3804d0fc-e35f-487b-a1b6-11b792433505	4cd37546-17ed-4fbb-be3c-a79e962b219e	allow-default-scopes	true
d6c7df22-d6ea-46f0-985f-ce8a6444d001	497bf93c-21cf-4364-9485-5d9ac6ceeafb	allowed-protocol-mapper-types	saml-user-property-mapper
971e4460-2e1d-4449-a962-3feb3b40d560	497bf93c-21cf-4364-9485-5d9ac6ceeafb	allowed-protocol-mapper-types	oidc-address-mapper
d9923079-170e-46d9-9bda-60447108264b	497bf93c-21cf-4364-9485-5d9ac6ceeafb	allowed-protocol-mapper-types	oidc-usermodel-property-mapper
1b4afa81-6fab-4164-8486-fafa63f9bd1e	497bf93c-21cf-4364-9485-5d9ac6ceeafb	allowed-protocol-mapper-types	oidc-full-name-mapper
12d1d209-a5bd-4c03-890e-a8315577ba53	497bf93c-21cf-4364-9485-5d9ac6ceeafb	allowed-protocol-mapper-types	saml-role-list-mapper
1ef4d85b-6ec0-405d-bb1b-43ff7732bf11	497bf93c-21cf-4364-9485-5d9ac6ceeafb	allowed-protocol-mapper-types	oidc-sha256-pairwise-sub-mapper
d511d717-bb2e-4d26-bf9d-ef1efe58428d	497bf93c-21cf-4364-9485-5d9ac6ceeafb	allowed-protocol-mapper-types	saml-user-attribute-mapper
4af592ca-b2ed-4b5e-90ad-fcc55ed88c1b	497bf93c-21cf-4364-9485-5d9ac6ceeafb	allowed-protocol-mapper-types	oidc-usermodel-attribute-mapper
88e118fd-8a39-4009-beb9-8a857141f8b8	dca6e543-03d0-4773-9ea1-6f4ea1aadd1e	allow-default-scopes	true
8091050b-bdd5-4287-b907-c2d3c8569469	379d234e-a2cd-49c5-8135-97f7286513a1	host-sending-registration-request-must-match	true
a4ab03ab-4e9f-4e16-8b27-b16206f573c9	379d234e-a2cd-49c5-8135-97f7286513a1	client-uris-must-match	true
3e658424-429f-4422-9d7a-c506e0f479b0	abeea13b-0f95-4ffa-a308-a885f91a6c85	max-clients	200
60090f59-5088-427f-8f42-4054c12d26e0	22875567-5829-46a4-8ea5-37a7a206cb46	allowed-protocol-mapper-types	saml-user-attribute-mapper
78f2f65b-1c79-43bc-bb78-20aa5b4e5fa1	22875567-5829-46a4-8ea5-37a7a206cb46	allowed-protocol-mapper-types	oidc-sha256-pairwise-sub-mapper
20e93e9e-e225-4990-aa2c-ab88aad35acd	22875567-5829-46a4-8ea5-37a7a206cb46	allowed-protocol-mapper-types	oidc-full-name-mapper
bceb77af-086d-47fd-9b4a-5b7e3d466b04	22875567-5829-46a4-8ea5-37a7a206cb46	allowed-protocol-mapper-types	oidc-usermodel-attribute-mapper
a9df73fc-24a4-4a1b-b551-fae9445fc702	22875567-5829-46a4-8ea5-37a7a206cb46	allowed-protocol-mapper-types	saml-role-list-mapper
e9f0d760-4e46-46e5-872f-92316151a067	22875567-5829-46a4-8ea5-37a7a206cb46	allowed-protocol-mapper-types	saml-user-property-mapper
f502cde0-4327-4eea-ba93-17108702ae4a	22875567-5829-46a4-8ea5-37a7a206cb46	allowed-protocol-mapper-types	oidc-usermodel-property-mapper
6e4dd533-dc1e-4c08-ae91-9272936b0dd4	22875567-5829-46a4-8ea5-37a7a206cb46	allowed-protocol-mapper-types	oidc-address-mapper
eaba39aa-30d0-4431-a6e9-eccdb8134151	96bb5289-e057-4a3d-a273-89372bbc8cc0	allow-default-scopes	true
b7ff14b4-0f81-414a-9cab-7fbb63b66796	8ab3be1d-3e01-4eb6-8ff2-d116b02ffc48	kid	5e60869c-f39e-4e5c-ad3a-b05f8c30e9fe
b30bc66b-3ff9-44a8-972b-a1ec5d8b7160	8ab3be1d-3e01-4eb6-8ff2-d116b02ffc48	priority	100
da5018f5-20a7-4a1d-bb10-91c5df1a1460	8ab3be1d-3e01-4eb6-8ff2-d116b02ffc48	secret	KcwHMsj9jfFa1SYV0A3lEA
339da75a-6756-4ba1-878f-1ee210f1d9db	5782d02c-2ba5-47d1-9732-dfaaf0e5cfdf	allowed-protocol-mapper-types	saml-user-attribute-mapper
4fe4e54e-c85d-40da-ae72-370a28a67549	5782d02c-2ba5-47d1-9732-dfaaf0e5cfdf	allowed-protocol-mapper-types	oidc-usermodel-property-mapper
b6e66da8-f093-4714-a793-fbd6ca89bccb	5782d02c-2ba5-47d1-9732-dfaaf0e5cfdf	allowed-protocol-mapper-types	saml-user-property-mapper
e6739f0d-9e64-4ec6-8b9c-e26434b63a6e	5782d02c-2ba5-47d1-9732-dfaaf0e5cfdf	allowed-protocol-mapper-types	oidc-address-mapper
788265ec-4c08-4fa5-b00d-0c8347468acb	5782d02c-2ba5-47d1-9732-dfaaf0e5cfdf	allowed-protocol-mapper-types	oidc-sha256-pairwise-sub-mapper
883b60e5-d993-4ba5-be72-989504bbf1f0	5782d02c-2ba5-47d1-9732-dfaaf0e5cfdf	allowed-protocol-mapper-types	oidc-usermodel-attribute-mapper
03f453dd-d858-4fed-8948-251e2ff7ddd5	5782d02c-2ba5-47d1-9732-dfaaf0e5cfdf	allowed-protocol-mapper-types	oidc-full-name-mapper
bb5e74e5-8d2b-46f2-aa09-3057bb0429f2	5782d02c-2ba5-47d1-9732-dfaaf0e5cfdf	allowed-protocol-mapper-types	saml-role-list-mapper
f194f637-2cd4-4d3d-a63d-c1794b264eaa	2a3661d8-3594-4872-881a-9f2d394b675d	priority	100
da290601-59fc-485b-aacb-5c79538a6c01	2a3661d8-3594-4872-881a-9f2d394b675d	privateKey	MIIEpQIBAAKCAQEAqgBH3eNQNAIChRjRi8URawzzzpk76CkQvxXNO+QqLjCP6w64m15SMWcpBOJrnD+AJSvGIn37qXH3VPc8ilNuIw8FlFBPHhl7Y5U/aZcjONQPQVgLIrO7hgJSSAnDnEpio0uY0uA9ib/JVWU4ElfXmFX1SEGpf4odhmOlyUClo2HFD9OdKyHjbhIO7lMDanMPQahSevki7WESGkT1se0hhM/+gYgU2EsJwnV2in9O++gWrXUFivE+We9XGe53V5ZpRv8NKjkcR7hxkp0iO4xC7MwHAEku0bU7BgVby9EHcOUhyU9Lm5LxraJYuDOvHNtl/8qe9umASLtc4RVFu6NqjwIDAQABAoIBAQCYNDAj5UUFi1ceOx5BeWsi4THYIzGTplCsBKT/nkR1nlz8Iu39jPEh8i6zhNS7y867ePmoIAuVpce/dqvpXNEa6nQgWda8KCxk+FcR/pM2agZOhrlRlIGsdZ+dh8BuydqOQTzOcJ4oGmHz5u/Q3HzWkv9Mdh1/ZvUQQV9JVGv4XjZquE4tXX4mDjywQi6krDBxRDvsAkL7RiFXPIq4S3BMcl9VgOsyfVl3XXlU3DJKLvj9EV0dV4aWQ7xh+OY5Rk4OwgBnClodAOLuTzElhE0FEIqwNEG79vKGxHFTNPrcpDTYcHFlJA9Mql/X5y2xw+ea4x8bWshoR8kpsaJ6noXhAoGBAN6vcjuYkzMANKrLSjiYWrHZyPW8bQiwR8Dar2xWI8C1GKRKvC+nxD9gF5lhnn9DcqTy4LYOTlqckjPGU1TOKDphhWVdU+o4P7QwqJIdgr8Ws6Q7Bay4sPVIPwVm9JYBmJWirIbK5GgvSjQUuw54gpeyiPPFsnr5eXWiitzTbdXdAoGBAMNvGQomN95mKrm1nd6891dccEtGJ8tMMJhpJWIJOvgZ7Uv5VIog+YBQ2YYrfUC12lqfXJzE2VJtr7VNnUxOkDMY/hnBgTWWqEvPXmAau4MP/lBfhkUsMXYuEF4TBQtaL7plMd2FG/mnI6VezYGFd73retT+8hHhA4Y9rF7EOClbAoGAeJHN6+6kZIzL912yhgoXsQwV/tdSwc2QTB8btDC/kut6uBmu4q6XVykUHfv48Tb3r8/BU1FTo0P69QWAwP4OUe3TaBqsALkL5OgjnVlVHVmRUm6Sl/438dZ4KNihvUaH8xztBN595NsV9jTzQtaE/tWvyS1Vgbfpx4OGZCIl6hECgYEAoFsyQn+la9iMyiBZTv/iO05f3YPM9ySm4wezYsOMHTK44JPOaCAyWLT+JvbcKRKN/bmw9fkXEGlruOncXVZBP4wMQvnhmSTrJnkaSOTmYt3mn/AhbfSbCQs25tnYU75GVzzdM5QapjgcKX6mRNZMsArdmJMv8LeeerF0E7YRFu0CgYEAwkBc0FIDzJXhJ0nrpxaJ31QyN2GIHp6cUU1C07J/7gd8LYLXLRrWix6Hu97cgOqAUIZogLj/UoOmkhWGISwjIbwms+chErrydV2v2sYeVRipiyIBcPrgaZG5+jxSwCDQWpKw7PZ+CJQwetX8HQ5mSJISSokhx5FSxH7WdLS7Upw=
6cd33411-f63a-43f6-9e3d-a0d717b17abe	2a3661d8-3594-4872-881a-9f2d394b675d	certificate	MIICnzCCAYcCBgF6FRkNTTANBgkqhkiG9w0BAQsFADATMREwDwYDVQQDDAhqaGlwc3RlcjAeFw0yMTA2MTYxMzUxNDFaFw0zMTA2MTYxMzUzMjFaMBMxETAPBgNVBAMMCGpoaXBzdGVyMIIBIjANBgkqhkiG9w0BAQEFAAOCAQ8AMIIBCgKCAQEAqgBH3eNQNAIChRjRi8URawzzzpk76CkQvxXNO+QqLjCP6w64m15SMWcpBOJrnD+AJSvGIn37qXH3VPc8ilNuIw8FlFBPHhl7Y5U/aZcjONQPQVgLIrO7hgJSSAnDnEpio0uY0uA9ib/JVWU4ElfXmFX1SEGpf4odhmOlyUClo2HFD9OdKyHjbhIO7lMDanMPQahSevki7WESGkT1se0hhM/+gYgU2EsJwnV2in9O++gWrXUFivE+We9XGe53V5ZpRv8NKjkcR7hxkp0iO4xC7MwHAEku0bU7BgVby9EHcOUhyU9Lm5LxraJYuDOvHNtl/8qe9umASLtc4RVFu6NqjwIDAQABMA0GCSqGSIb3DQEBCwUAA4IBAQBp40CUX1YX3aHcE7W5rb9oQmllwJgUG1bmK1ibD/Yp7mkmmiY0X1BB9Qk0yI8ENNGP2V5BkhGCU7ss67tc/JEqD2CdRLTjv5qePkjDTaLJVJrQWIJXTNBuxdYnR/Vx83HIR2Grqy05Yuxef0K9aHi2aynPQi37rHJV1sBYvBK33LLyQKUChWWwMHzrEiaTq0gyLolsEO0AFZLXcFFH3yktxrqDc/yDZqnlEgzPTEiMgSSFLvmMdBN3pw0HsqAfA5QE52EUQFJhKeT7TmspcdBm3/9TNDjhYpZTnb3+pqx9tK5d9oWXXjowHnTSFy4pAfqUn0w2YqTORtVPBUwNYvPm
617e070e-33a3-462f-b782-5183644dc622	c8d395e2-dd81-4118-b838-7095be5cc1c8	allowed-protocol-mapper-types	oidc-sha256-pairwise-sub-mapper
1d773fa4-ff9e-465d-9e8f-4751327943db	c8d395e2-dd81-4118-b838-7095be5cc1c8	allowed-protocol-mapper-types	oidc-address-mapper
dd7bd44f-29c1-4024-8933-fb4b64ed59d8	c8d395e2-dd81-4118-b838-7095be5cc1c8	allowed-protocol-mapper-types	saml-user-attribute-mapper
f1be378b-1f62-40ea-855b-73ac2dd2137b	c8d395e2-dd81-4118-b838-7095be5cc1c8	allowed-protocol-mapper-types	saml-role-list-mapper
28560dbf-ba80-4a28-835c-65b363813c3f	c8d395e2-dd81-4118-b838-7095be5cc1c8	allowed-protocol-mapper-types	oidc-full-name-mapper
ac44d823-a5ff-4f35-9753-5bc26572df1b	c8d395e2-dd81-4118-b838-7095be5cc1c8	allowed-protocol-mapper-types	oidc-usermodel-attribute-mapper
bd84be7e-3945-4349-b330-b34b02676d14	c8d395e2-dd81-4118-b838-7095be5cc1c8	allowed-protocol-mapper-types	saml-user-property-mapper
eba0f1cb-8625-423c-9e02-598bc471b0af	c8d395e2-dd81-4118-b838-7095be5cc1c8	allowed-protocol-mapper-types	oidc-usermodel-property-mapper
03ae5564-6723-4586-bbb5-8b2f51f0d91b	1d291cea-3d41-41cb-9ab6-ef1513fe3fe8	priority	100
47254305-0e22-432b-82a3-2517ce861abd	1d291cea-3d41-41cb-9ab6-ef1513fe3fe8	kid	b7d67839-38c4-4875-a938-d3b4de255c69
bfe20be3-aae3-4b57-bfd6-6bba3eda3e3b	1d291cea-3d41-41cb-9ab6-ef1513fe3fe8	secret	xRzhqJoVs3g5IV2tWPVXeEeTr-Hd9dCDRU2wkD0P3wFa8nuN7JFG6P_vQ4XEaWj-cxtRqNyBbbsMoGFG0MpOVg
798dfaa6-c950-474a-ba65-48a11cf3eebe	65809493-b60f-4b44-b1dc-28a22772c321	allow-default-scopes	true
091ae2e9-e9cf-4862-8282-3adbf0e39dd8	950acf43-614d-47a3-a7c9-d5072433c4b8	max-clients	200
4a70a47f-e090-4a21-bed1-1ffd8b457881	e2a65f9f-5ad8-4634-ab3a-810409a3e067	client-uris-must-match	true
1fc9ef3f-be2d-4f9e-b553-16e2cef887ea	e2a65f9f-5ad8-4634-ab3a-810409a3e067	host-sending-registration-request-must-match	true
6f1e2b84-25e2-4f8e-9ff2-cac2fefbdc41	c8df9517-dcf1-4a96-8f6a-ee98a7cf2659	priority	-100
d12cd61b-7f07-4991-a698-e337c3ecfcfa	c8df9517-dcf1-4a96-8f6a-ee98a7cf2659	algorithm	HS256
c8a50d8a-341d-44a6-a03d-02d582ce0985	c8df9517-dcf1-4a96-8f6a-ee98a7cf2659	secret	jFn6ml3m2KjJaACC7LLYPjOt9sUuu40VRGWWiS8pstPUCDCys6vzIR5Em5ltsxfVwmm0UU174JaZMEz_6IZo8A
5473bcb2-e55b-463b-82c4-9d6c0a4648fd	c8df9517-dcf1-4a96-8f6a-ee98a7cf2659	kid	216c91a5-fd31-4315-958f-e168707e9723
34c83113-1710-482d-9522-222163c8262c	6553c95d-5c5b-4f3e-8b17-4374644011e2	privateKey	MIIEogIBAAKCAQEApxPDDQUXR06aVzkqp6bFs/pxSKhDTFMYeYkwFiNgwb3v7O/l5gYpHdl+kh4W4d0uPeTcPs1LZBv9oVzsuo5I9+47o3/aFBkfgvIqHch8AI/ZrSeIAQ7pLdM2WAFAF1mXOObLju71X1ogB6DCCgjMo6oxb9UVCVxa4W5g7JAyZv+YX0WhSjRIBADCGdH/c/CoA5yvHW5A7KaQ03/5tN2E1L0yFz7/qewa/WYL6Vf3ZdluL6BCvlF7uSMNkp2YZgt6y03cb/olwnRR6nYXuj7ioDUxsD4edi4PvpcrmHxkX1Q6hs6KgjWetzi9Iar8dKNfnfVRmq3MYV0r5JQ3qFNlxwIDAQABAoIBAHgyc2RugSy/k7GkYtdx11F/nvgSdTf3n+fvljSXBwjayDzA6bfuPq5GxhQAqZ2cLaRBfWGA9/fxWyo3W+dqbXxQW39of09uM4lVBo+ep/cPhh5YDjQUshRRmwr8+0rRHUXGZDNUHhqXD+vs7yug4PftfNtjhFrTol4Dtp75rgkCNYeC1XvSI1+I2E09ybU7D4DvBdPmdXzFui7dGZW0YZkAh/Yy5p2NEcX6uhB3pf0jKM/v1O8oBU2OC2vgBL9D16wdXTSfQPILxrEs68i4CHBhO63wf1JvGXk/4FeoerN+rUIaayV/YWoYIU9kjyapbsCACWs1nhZ+rP3wP+A1F2ECgYEA42C7iyF0wEUWx3wV6gaDkXw3UEsEj0EWksw+6AtDXKXAzjhfShT12zJ5IuFd0NwUZAMZzJ0Ifu0zAD3JUhFUv1G3RJKD48iV4NGgMCWU4v96M7klbCjB6nOgFOkLAiWNwRAqUjPIdSDncDKTK9SnpDBWXvR/3t8SFWdooWH4rUsCgYEAvBvWDb1ULasrnTxK6ZqpjJ1AzXarwVVoeDyvuVw1Dz4n40ItuA4tLggl7AhhaQl4YiPgrUIILQwe1EP6eYw+5L2xYxlnSPDUeAUpD5Pyxah0CUkE3D9QUwfj29n8U/pvh6RAuBm5CEMw8VOTck3iB/R1QkvVkYdvwIW+Ehz5h/UCgYAdp0juLS/Pv3LoEzu8aJsSBzQjiZUPpbpu7KorkwR2+br6agmrXK5vptZ7gQ6+JWWXYXwk3jn0a7TiDCzMQixeQyb2j3EZ7Nf3GP+eJ9iR/iWOx0+lGm+nxuqSr43a+tDQ4+3RCKXU+LSWQlJFPhea5x7shVCD3W27UuAnY+KNnwKBgByB63KxmqxBIJ73oDK+6asRudxpe6YVF3wBVnA09SWWOd1LDjqyi05KldSrgHe2o7Pb1BTtyOdqytFIbBE3m+B2jweBthFrzgdSYOKnfUdPPCacFkx6m+W5cGLFKmRfs79OuTAtVclWxXgNPm84NmUWOx8M9xTS/bCjlCaSlY5xAoGAED5rRZnTz30gwe3NNIqa7wfcC4cLT5XvVznWEPy6iSrBFlGKRbQK1DYkc3Npwy/0sjOY+eRLjKH3ozy6SXhrhLjNCOle7j4DhSz7H1qzkrGCXTQQ56XFQ1yB+kSfqFK/JS4tfFn7OFoCku5igZQNxV/jPzO81DHR+pJVgy2NLWU=
85eda216-fdb2-449e-8b10-7eeb002d6274	6553c95d-5c5b-4f3e-8b17-4374644011e2	algorithm	RS256
d72ff850-e194-4c71-b1ec-1e48f2fde2c6	6553c95d-5c5b-4f3e-8b17-4374644011e2	priority	-100
9ded15a8-75b4-43f1-95a9-ce6045254d72	6553c95d-5c5b-4f3e-8b17-4374644011e2	certificate	MIICmzCCAYMCBgF6FRnGgjANBgkqhkiG9w0BAQsFADARMQ8wDQYDVQQDDAZtYXN0ZXIwHhcNMjEwNjE2MTM1MjI4WhcNMzEwNjE2MTM1NDA4WjARMQ8wDQYDVQQDDAZtYXN0ZXIwggEiMA0GCSqGSIb3DQEBAQUAA4IBDwAwggEKAoIBAQCnE8MNBRdHTppXOSqnpsWz+nFIqENMUxh5iTAWI2DBve/s7+XmBikd2X6SHhbh3S495Nw+zUtkG/2hXOy6jkj37jujf9oUGR+C8iodyHwAj9mtJ4gBDukt0zZYAUAXWZc45suO7vVfWiAHoMIKCMyjqjFv1RUJXFrhbmDskDJm/5hfRaFKNEgEAMIZ0f9z8KgDnK8dbkDsppDTf/m03YTUvTIXPv+p7Br9ZgvpV/dl2W4voEK+UXu5Iw2SnZhmC3rLTdxv+iXCdFHqdhe6PuKgNTGwPh52Lg++lyuYfGRfVDqGzoqCNZ63OL0hqvx0o1+d9VGarcxhXSvklDeoU2XHAgMBAAEwDQYJKoZIhvcNAQELBQADggEBAIqCWAXUxpTQZyVwIzb2zVc+Mz1U8iBZJGpvzsuTr6oqrjKW3pLbG1PJ3ov8RZAr1QgyqpbGsYfcib1CF47FrFH75gA5OXqS2UsVA2yenRtfOh2SdtTJEj7W4zIzmEcAOAWZ0+6HnIWrRpg8eAoqqOAYP3htrmcBQymqlBRsIHxkFLh3Pi8ybjeWfWOys24Mj4eu4BA15G+jKb3bUrUi6WnTaeDUkoGws2M/o4kO8OYUX/RhT4c6YCvbUjoIwQ34s2LfvGEQRv+02bWaiPWr3aF0WfWgjD2ECDzY8yYDl1YYR16RCgeqFoKvXvV1hV65SjJj4C/JAcioc7br6NgQFfg=
\.


--
-- Data for Name: composite_role; Type: TABLE DATA; Schema: public; Owner: shifternetzwerk
--

COPY public.composite_role (composite, child_role) FROM stdin;
16f36b9b-db49-43a3-b081-7b3b326b57a2	e10b6828-3797-4412-886f-67e65212d2ac
16f36b9b-db49-43a3-b081-7b3b326b57a2	647909b0-cbcb-46c8-bb37-ba427ec026f0
16f36b9b-db49-43a3-b081-7b3b326b57a2	34cccd50-4c36-439f-9224-cf2f9bfa38b4
16f36b9b-db49-43a3-b081-7b3b326b57a2	0be2fca9-d9f0-4066-8640-2b334f9d15c6
16f36b9b-db49-43a3-b081-7b3b326b57a2	98ead9d4-4381-4644-bb02-c1bd86a7f345
16f36b9b-db49-43a3-b081-7b3b326b57a2	6ca78f26-bc44-40f5-97a5-51b482e3da72
16f36b9b-db49-43a3-b081-7b3b326b57a2	89b01fcc-c411-4d56-88fc-b6b06a0fa324
16f36b9b-db49-43a3-b081-7b3b326b57a2	928addb5-8d93-48a3-88f3-8a6094733c51
16f36b9b-db49-43a3-b081-7b3b326b57a2	5f92814c-954e-4fee-93d3-4063aecc1948
16f36b9b-db49-43a3-b081-7b3b326b57a2	3ec7cb23-f97d-46cb-956e-3d5d16eb4b63
16f36b9b-db49-43a3-b081-7b3b326b57a2	98973e52-96b0-4ea0-bf06-8e3dab7132a3
16f36b9b-db49-43a3-b081-7b3b326b57a2	f6b2dc1f-da19-4421-8ae1-f60451efdbe9
16f36b9b-db49-43a3-b081-7b3b326b57a2	d16e1352-d1f8-4bb6-9496-2cbc6a1056d3
16f36b9b-db49-43a3-b081-7b3b326b57a2	9d778970-97b1-446e-b129-0f73a449a04b
16f36b9b-db49-43a3-b081-7b3b326b57a2	136ebd76-db3a-46b9-968e-f3e591afb4c7
16f36b9b-db49-43a3-b081-7b3b326b57a2	fc13acf8-0877-46fc-b7b7-7dc3987d6182
16f36b9b-db49-43a3-b081-7b3b326b57a2	bce2f194-b042-4225-9d45-2b7728b30ec7
16f36b9b-db49-43a3-b081-7b3b326b57a2	ab98c7df-5909-4e8e-91d3-51fc299ec892
98ead9d4-4381-4644-bb02-c1bd86a7f345	fc13acf8-0877-46fc-b7b7-7dc3987d6182
0be2fca9-d9f0-4066-8640-2b334f9d15c6	136ebd76-db3a-46b9-968e-f3e591afb4c7
0be2fca9-d9f0-4066-8640-2b334f9d15c6	ab98c7df-5909-4e8e-91d3-51fc299ec892
1a7f697b-d779-49a4-94ee-28076f275a55	e43c12d0-a709-4c46-afe1-7f1302aea85c
2c131d8b-4198-44e4-a274-e2f1ef2e50cb	254cbf76-37f6-4683-aed2-970f1a705ec6
16f36b9b-db49-43a3-b081-7b3b326b57a2	0ab6910d-8602-4fcc-8f39-e626e502fc6e
16f36b9b-db49-43a3-b081-7b3b326b57a2	38b1615b-57df-4fd2-bfb6-8e8d5cfcd31c
16f36b9b-db49-43a3-b081-7b3b326b57a2	f430b482-b292-4c60-bcdf-6d64f83da216
16f36b9b-db49-43a3-b081-7b3b326b57a2	fb08a98f-921a-4700-993f-153318c7d412
16f36b9b-db49-43a3-b081-7b3b326b57a2	3420fe08-59e2-48cd-9fbb-f200dc82d839
16f36b9b-db49-43a3-b081-7b3b326b57a2	39dc785c-966f-4f52-bba4-05ea6cf6211d
16f36b9b-db49-43a3-b081-7b3b326b57a2	f3745b2b-78b8-4114-b85f-1d4da92f20bd
16f36b9b-db49-43a3-b081-7b3b326b57a2	8eca6c33-ff33-4b18-ab05-1286f48095a3
16f36b9b-db49-43a3-b081-7b3b326b57a2	47e1a1e5-da34-4006-b560-5658583dc5ba
16f36b9b-db49-43a3-b081-7b3b326b57a2	f2125188-64bd-46d0-9f38-41cb4246d2cd
16f36b9b-db49-43a3-b081-7b3b326b57a2	a0079952-c20c-4c06-8623-392c20be358b
16f36b9b-db49-43a3-b081-7b3b326b57a2	eca52bd0-57ba-4e55-8c3e-a2fa96b3cad6
16f36b9b-db49-43a3-b081-7b3b326b57a2	932f3532-6283-45f4-9248-99000f1891f7
16f36b9b-db49-43a3-b081-7b3b326b57a2	6d1505c5-d336-4e34-8fea-17aa52f492cf
16f36b9b-db49-43a3-b081-7b3b326b57a2	33b7676e-2eb8-4d6d-97bc-27e23cf17072
16f36b9b-db49-43a3-b081-7b3b326b57a2	aff56c95-a96f-4595-9f5a-9da358475d95
16f36b9b-db49-43a3-b081-7b3b326b57a2	879c9ee2-bc6d-4afa-86a5-adcc92930ab5
16f36b9b-db49-43a3-b081-7b3b326b57a2	fb9988e7-befc-4896-8319-25e014e42568
3420fe08-59e2-48cd-9fbb-f200dc82d839	aff56c95-a96f-4595-9f5a-9da358475d95
fb08a98f-921a-4700-993f-153318c7d412	fb9988e7-befc-4896-8319-25e014e42568
fb08a98f-921a-4700-993f-153318c7d412	33b7676e-2eb8-4d6d-97bc-27e23cf17072
84752518-6f2f-451f-ab59-de3ce6674ba1	2f58d746-0582-47fe-9b67-30809d5ad461
84752518-6f2f-451f-ab59-de3ce6674ba1	8018bd1e-0b43-4b0c-8e5a-fbf31f8ee6db
083a848a-49cb-457f-9615-120be8c74d9e	2f58d746-0582-47fe-9b67-30809d5ad461
083a848a-49cb-457f-9615-120be8c74d9e	4873b8a8-8035-4b5e-bdd9-99ac74a4a43b
083a848a-49cb-457f-9615-120be8c74d9e	5aa18f9b-2fb1-4edb-bdde-fb79273eee38
083a848a-49cb-457f-9615-120be8c74d9e	84752518-6f2f-451f-ab59-de3ce6674ba1
083a848a-49cb-457f-9615-120be8c74d9e	c9fb6965-e734-46b4-a174-fa9d1fb7e1cc
083a848a-49cb-457f-9615-120be8c74d9e	42abef51-b33b-4eb3-8515-3c6b16ca3849
083a848a-49cb-457f-9615-120be8c74d9e	a3f9ba91-6ed5-47ff-a1cc-384c00cc203d
083a848a-49cb-457f-9615-120be8c74d9e	24493c26-5ea3-4e53-b949-ca27a06ff098
083a848a-49cb-457f-9615-120be8c74d9e	24ba1589-1141-4836-91bb-ad1b10db4944
083a848a-49cb-457f-9615-120be8c74d9e	2d8a0ec8-111b-41a2-bf49-7f1ae086c5b1
083a848a-49cb-457f-9615-120be8c74d9e	38cbec3e-9ca1-4292-a513-09e86fdcf6b1
083a848a-49cb-457f-9615-120be8c74d9e	4ee94804-bc06-4d02-8541-410768b88a49
083a848a-49cb-457f-9615-120be8c74d9e	3774414f-db0d-4928-b080-f22599622e97
083a848a-49cb-457f-9615-120be8c74d9e	2a54d26e-7a55-4fc9-92cb-45e613084562
083a848a-49cb-457f-9615-120be8c74d9e	8fdff21b-f46c-407c-b566-ce4fcc4c51d4
083a848a-49cb-457f-9615-120be8c74d9e	11bc32e5-55a6-431d-b6c7-32bd9504d070
083a848a-49cb-457f-9615-120be8c74d9e	5ea73aac-d0cf-4303-87a4-c9d7f5852734
083a848a-49cb-457f-9615-120be8c74d9e	8018bd1e-0b43-4b0c-8e5a-fbf31f8ee6db
11bc32e5-55a6-431d-b6c7-32bd9504d070	4873b8a8-8035-4b5e-bdd9-99ac74a4a43b
42dcf4f5-8f73-4907-bd90-669cccd66c23	91f398b2-23a0-4cd3-8bc0-c3097df0e1e5
21b65e52-b4e3-453e-b0f0-10a44a4a887d	8d650dc2-d0e7-4ad7-8193-3ce1b7361b02
16f36b9b-db49-43a3-b081-7b3b326b57a2	591f85a9-cb12-43b6-b6d2-d79340012a63
\.


--
-- Data for Name: databasechangelog; Type: TABLE DATA; Schema: public; Owner: shifternetzwerk
--

COPY public.databasechangelog (id, author, filename, dateexecuted, orderexecuted, exectype, md5sum, description, comments, tag, liquibase, contexts, labels, deployment_id) FROM stdin;
1.0.0.Final-KEYCLOAK-5461	sthorger@redhat.com	META-INF/jpa-changelog-1.0.0.Final.xml	2021-06-16 13:53:06.980188	1	EXECUTED	7:4e70412f24a3f382c82183742ec79317	createTable tableName=APPLICATION_DEFAULT_ROLES; createTable tableName=CLIENT; createTable tableName=CLIENT_SESSION; createTable tableName=CLIENT_SESSION_ROLE; createTable tableName=COMPOSITE_ROLE; createTable tableName=CREDENTIAL; createTable tab...		\N	3.5.4	\N	\N	3851584881
1.0.0.Final-KEYCLOAK-5461	sthorger@redhat.com	META-INF/db2-jpa-changelog-1.0.0.Final.xml	2021-06-16 13:53:07.005245	2	MARK_RAN	7:cb16724583e9675711801c6875114f28	createTable tableName=APPLICATION_DEFAULT_ROLES; createTable tableName=CLIENT; createTable tableName=CLIENT_SESSION; createTable tableName=CLIENT_SESSION_ROLE; createTable tableName=COMPOSITE_ROLE; createTable tableName=CREDENTIAL; createTable tab...		\N	3.5.4	\N	\N	3851584881
1.1.0.Beta1	sthorger@redhat.com	META-INF/jpa-changelog-1.1.0.Beta1.xml	2021-06-16 13:53:07.229701	3	EXECUTED	7:0310eb8ba07cec616460794d42ade0fa	delete tableName=CLIENT_SESSION_ROLE; delete tableName=CLIENT_SESSION; delete tableName=USER_SESSION; createTable tableName=CLIENT_ATTRIBUTES; createTable tableName=CLIENT_SESSION_NOTE; createTable tableName=APP_NODE_REGISTRATIONS; addColumn table...		\N	3.5.4	\N	\N	3851584881
1.1.0.Final	sthorger@redhat.com	META-INF/jpa-changelog-1.1.0.Final.xml	2021-06-16 13:53:07.270098	4	EXECUTED	7:5d25857e708c3233ef4439df1f93f012	renameColumn newColumnName=EVENT_TIME, oldColumnName=TIME, tableName=EVENT_ENTITY		\N	3.5.4	\N	\N	3851584881
1.2.0.Beta1	psilva@redhat.com	META-INF/jpa-changelog-1.2.0.Beta1.xml	2021-06-16 13:53:07.981073	5	EXECUTED	7:c7a54a1041d58eb3817a4a883b4d4e84	delete tableName=CLIENT_SESSION_ROLE; delete tableName=CLIENT_SESSION_NOTE; delete tableName=CLIENT_SESSION; delete tableName=USER_SESSION; createTable tableName=PROTOCOL_MAPPER; createTable tableName=PROTOCOL_MAPPER_CONFIG; createTable tableName=...		\N	3.5.4	\N	\N	3851584881
1.2.0.Beta1	psilva@redhat.com	META-INF/db2-jpa-changelog-1.2.0.Beta1.xml	2021-06-16 13:53:07.988605	6	MARK_RAN	7:2e01012df20974c1c2a605ef8afe25b7	delete tableName=CLIENT_SESSION_ROLE; delete tableName=CLIENT_SESSION_NOTE; delete tableName=CLIENT_SESSION; delete tableName=USER_SESSION; createTable tableName=PROTOCOL_MAPPER; createTable tableName=PROTOCOL_MAPPER_CONFIG; createTable tableName=...		\N	3.5.4	\N	\N	3851584881
1.2.0.RC1	bburke@redhat.com	META-INF/jpa-changelog-1.2.0.CR1.xml	2021-06-16 13:53:08.442486	7	EXECUTED	7:0f08df48468428e0f30ee59a8ec01a41	delete tableName=CLIENT_SESSION_ROLE; delete tableName=CLIENT_SESSION_NOTE; delete tableName=CLIENT_SESSION; delete tableName=USER_SESSION_NOTE; delete tableName=USER_SESSION; createTable tableName=MIGRATION_MODEL; createTable tableName=IDENTITY_P...		\N	3.5.4	\N	\N	3851584881
1.2.0.RC1	bburke@redhat.com	META-INF/db2-jpa-changelog-1.2.0.CR1.xml	2021-06-16 13:53:08.460124	8	MARK_RAN	7:a77ea2ad226b345e7d689d366f185c8c	delete tableName=CLIENT_SESSION_ROLE; delete tableName=CLIENT_SESSION_NOTE; delete tableName=CLIENT_SESSION; delete tableName=USER_SESSION_NOTE; delete tableName=USER_SESSION; createTable tableName=MIGRATION_MODEL; createTable tableName=IDENTITY_P...		\N	3.5.4	\N	\N	3851584881
1.2.0.Final	keycloak	META-INF/jpa-changelog-1.2.0.Final.xml	2021-06-16 13:53:08.47975	9	EXECUTED	7:a3377a2059aefbf3b90ebb4c4cc8e2ab	update tableName=CLIENT; update tableName=CLIENT; update tableName=CLIENT		\N	3.5.4	\N	\N	3851584881
1.3.0	bburke@redhat.com	META-INF/jpa-changelog-1.3.0.xml	2021-06-16 13:53:09.048933	10	EXECUTED	7:04c1dbedc2aa3e9756d1a1668e003451	delete tableName=CLIENT_SESSION_ROLE; delete tableName=CLIENT_SESSION_PROT_MAPPER; delete tableName=CLIENT_SESSION_NOTE; delete tableName=CLIENT_SESSION; delete tableName=USER_SESSION_NOTE; delete tableName=USER_SESSION; createTable tableName=ADMI...		\N	3.5.4	\N	\N	3851584881
1.4.0	bburke@redhat.com	META-INF/jpa-changelog-1.4.0.xml	2021-06-16 13:53:09.367156	11	EXECUTED	7:36ef39ed560ad07062d956db861042ba	delete tableName=CLIENT_SESSION_AUTH_STATUS; delete tableName=CLIENT_SESSION_ROLE; delete tableName=CLIENT_SESSION_PROT_MAPPER; delete tableName=CLIENT_SESSION_NOTE; delete tableName=CLIENT_SESSION; delete tableName=USER_SESSION_NOTE; delete table...		\N	3.5.4	\N	\N	3851584881
1.4.0	bburke@redhat.com	META-INF/db2-jpa-changelog-1.4.0.xml	2021-06-16 13:53:09.377092	12	MARK_RAN	7:d909180b2530479a716d3f9c9eaea3d7	delete tableName=CLIENT_SESSION_AUTH_STATUS; delete tableName=CLIENT_SESSION_ROLE; delete tableName=CLIENT_SESSION_PROT_MAPPER; delete tableName=CLIENT_SESSION_NOTE; delete tableName=CLIENT_SESSION; delete tableName=USER_SESSION_NOTE; delete table...		\N	3.5.4	\N	\N	3851584881
1.5.0	bburke@redhat.com	META-INF/jpa-changelog-1.5.0.xml	2021-06-16 13:53:09.432325	13	EXECUTED	7:cf12b04b79bea5152f165eb41f3955f6	delete tableName=CLIENT_SESSION_AUTH_STATUS; delete tableName=CLIENT_SESSION_ROLE; delete tableName=CLIENT_SESSION_PROT_MAPPER; delete tableName=CLIENT_SESSION_NOTE; delete tableName=CLIENT_SESSION; delete tableName=USER_SESSION_NOTE; delete table...		\N	3.5.4	\N	\N	3851584881
1.6.1_from15	mposolda@redhat.com	META-INF/jpa-changelog-1.6.1.xml	2021-06-16 13:53:09.608024	14	EXECUTED	7:7e32c8f05c755e8675764e7d5f514509	addColumn tableName=REALM; addColumn tableName=KEYCLOAK_ROLE; addColumn tableName=CLIENT; createTable tableName=OFFLINE_USER_SESSION; createTable tableName=OFFLINE_CLIENT_SESSION; addPrimaryKey constraintName=CONSTRAINT_OFFL_US_SES_PK2, tableName=...		\N	3.5.4	\N	\N	3851584881
1.6.1_from16-pre	mposolda@redhat.com	META-INF/jpa-changelog-1.6.1.xml	2021-06-16 13:53:09.616402	15	MARK_RAN	7:980ba23cc0ec39cab731ce903dd01291	delete tableName=OFFLINE_CLIENT_SESSION; delete tableName=OFFLINE_USER_SESSION		\N	3.5.4	\N	\N	3851584881
1.6.1_from16	mposolda@redhat.com	META-INF/jpa-changelog-1.6.1.xml	2021-06-16 13:53:09.624232	16	MARK_RAN	7:2fa220758991285312eb84f3b4ff5336	dropPrimaryKey constraintName=CONSTRAINT_OFFLINE_US_SES_PK, tableName=OFFLINE_USER_SESSION; dropPrimaryKey constraintName=CONSTRAINT_OFFLINE_CL_SES_PK, tableName=OFFLINE_CLIENT_SESSION; addColumn tableName=OFFLINE_USER_SESSION; update tableName=OF...		\N	3.5.4	\N	\N	3851584881
1.6.1	mposolda@redhat.com	META-INF/jpa-changelog-1.6.1.xml	2021-06-16 13:53:09.632953	17	EXECUTED	7:d41d8cd98f00b204e9800998ecf8427e	empty		\N	3.5.4	\N	\N	3851584881
1.7.0	bburke@redhat.com	META-INF/jpa-changelog-1.7.0.xml	2021-06-16 13:53:09.892059	18	EXECUTED	7:91ace540896df890cc00a0490ee52bbc	createTable tableName=KEYCLOAK_GROUP; createTable tableName=GROUP_ROLE_MAPPING; createTable tableName=GROUP_ATTRIBUTE; createTable tableName=USER_GROUP_MEMBERSHIP; createTable tableName=REALM_DEFAULT_GROUPS; addColumn tableName=IDENTITY_PROVIDER; ...		\N	3.5.4	\N	\N	3851584881
1.8.0	mposolda@redhat.com	META-INF/jpa-changelog-1.8.0.xml	2021-06-16 13:53:10.150315	19	EXECUTED	7:c31d1646dfa2618a9335c00e07f89f24	addColumn tableName=IDENTITY_PROVIDER; createTable tableName=CLIENT_TEMPLATE; createTable tableName=CLIENT_TEMPLATE_ATTRIBUTES; createTable tableName=TEMPLATE_SCOPE_MAPPING; dropNotNullConstraint columnName=CLIENT_ID, tableName=PROTOCOL_MAPPER; ad...		\N	3.5.4	\N	\N	3851584881
1.8.0-2	keycloak	META-INF/jpa-changelog-1.8.0.xml	2021-06-16 13:53:10.165976	20	EXECUTED	7:df8bc21027a4f7cbbb01f6344e89ce07	dropDefaultValue columnName=ALGORITHM, tableName=CREDENTIAL; update tableName=CREDENTIAL		\N	3.5.4	\N	\N	3851584881
authz-3.4.0.CR1-resource-server-pk-change-part1	glavoie@gmail.com	META-INF/jpa-changelog-authz-3.4.0.CR1.xml	2021-06-16 13:53:13.750861	45	EXECUTED	7:6a48ce645a3525488a90fbf76adf3bb3	addColumn tableName=RESOURCE_SERVER_POLICY; addColumn tableName=RESOURCE_SERVER_RESOURCE; addColumn tableName=RESOURCE_SERVER_SCOPE		\N	3.5.4	\N	\N	3851584881
1.8.0	mposolda@redhat.com	META-INF/db2-jpa-changelog-1.8.0.xml	2021-06-16 13:53:10.175272	21	MARK_RAN	7:f987971fe6b37d963bc95fee2b27f8df	addColumn tableName=IDENTITY_PROVIDER; createTable tableName=CLIENT_TEMPLATE; createTable tableName=CLIENT_TEMPLATE_ATTRIBUTES; createTable tableName=TEMPLATE_SCOPE_MAPPING; dropNotNullConstraint columnName=CLIENT_ID, tableName=PROTOCOL_MAPPER; ad...		\N	3.5.4	\N	\N	3851584881
1.8.0-2	keycloak	META-INF/db2-jpa-changelog-1.8.0.xml	2021-06-16 13:53:10.183487	22	MARK_RAN	7:df8bc21027a4f7cbbb01f6344e89ce07	dropDefaultValue columnName=ALGORITHM, tableName=CREDENTIAL; update tableName=CREDENTIAL		\N	3.5.4	\N	\N	3851584881
1.9.0	mposolda@redhat.com	META-INF/jpa-changelog-1.9.0.xml	2021-06-16 13:53:10.250715	23	EXECUTED	7:ed2dc7f799d19ac452cbcda56c929e47	update tableName=REALM; update tableName=REALM; update tableName=REALM; update tableName=REALM; update tableName=CREDENTIAL; update tableName=CREDENTIAL; update tableName=CREDENTIAL; update tableName=REALM; update tableName=REALM; customChange; dr...		\N	3.5.4	\N	\N	3851584881
1.9.1	keycloak	META-INF/jpa-changelog-1.9.1.xml	2021-06-16 13:53:10.266039	24	EXECUTED	7:80b5db88a5dda36ece5f235be8757615	modifyDataType columnName=PRIVATE_KEY, tableName=REALM; modifyDataType columnName=PUBLIC_KEY, tableName=REALM; modifyDataType columnName=CERTIFICATE, tableName=REALM		\N	3.5.4	\N	\N	3851584881
1.9.1	keycloak	META-INF/db2-jpa-changelog-1.9.1.xml	2021-06-16 13:53:10.275182	25	MARK_RAN	7:1437310ed1305a9b93f8848f301726ce	modifyDataType columnName=PRIVATE_KEY, tableName=REALM; modifyDataType columnName=CERTIFICATE, tableName=REALM		\N	3.5.4	\N	\N	3851584881
1.9.2	keycloak	META-INF/jpa-changelog-1.9.2.xml	2021-06-16 13:53:10.667007	26	EXECUTED	7:b82ffb34850fa0836be16deefc6a87c4	createIndex indexName=IDX_USER_EMAIL, tableName=USER_ENTITY; createIndex indexName=IDX_USER_ROLE_MAPPING, tableName=USER_ROLE_MAPPING; createIndex indexName=IDX_USER_GROUP_MAPPING, tableName=USER_GROUP_MEMBERSHIP; createIndex indexName=IDX_USER_CO...		\N	3.5.4	\N	\N	3851584881
authz-2.0.0	psilva@redhat.com	META-INF/jpa-changelog-authz-2.0.0.xml	2021-06-16 13:53:11.244314	27	EXECUTED	7:9cc98082921330d8d9266decdd4bd658	createTable tableName=RESOURCE_SERVER; addPrimaryKey constraintName=CONSTRAINT_FARS, tableName=RESOURCE_SERVER; addUniqueConstraint constraintName=UK_AU8TT6T700S9V50BU18WS5HA6, tableName=RESOURCE_SERVER; createTable tableName=RESOURCE_SERVER_RESOU...		\N	3.5.4	\N	\N	3851584881
authz-2.5.1	psilva@redhat.com	META-INF/jpa-changelog-authz-2.5.1.xml	2021-06-16 13:53:11.253361	28	EXECUTED	7:03d64aeed9cb52b969bd30a7ac0db57e	update tableName=RESOURCE_SERVER_POLICY		\N	3.5.4	\N	\N	3851584881
2.1.0-KEYCLOAK-5461	bburke@redhat.com	META-INF/jpa-changelog-2.1.0.xml	2021-06-16 13:53:11.802598	29	EXECUTED	7:f1f9fd8710399d725b780f463c6b21cd	createTable tableName=BROKER_LINK; createTable tableName=FED_USER_ATTRIBUTE; createTable tableName=FED_USER_CONSENT; createTable tableName=FED_USER_CONSENT_ROLE; createTable tableName=FED_USER_CONSENT_PROT_MAPPER; createTable tableName=FED_USER_CR...		\N	3.5.4	\N	\N	3851584881
2.2.0	bburke@redhat.com	META-INF/jpa-changelog-2.2.0.xml	2021-06-16 13:53:11.902033	30	EXECUTED	7:53188c3eb1107546e6f765835705b6c1	addColumn tableName=ADMIN_EVENT_ENTITY; createTable tableName=CREDENTIAL_ATTRIBUTE; createTable tableName=FED_CREDENTIAL_ATTRIBUTE; modifyDataType columnName=VALUE, tableName=CREDENTIAL; addForeignKeyConstraint baseTableName=FED_CREDENTIAL_ATTRIBU...		\N	3.5.4	\N	\N	3851584881
2.3.0	bburke@redhat.com	META-INF/jpa-changelog-2.3.0.xml	2021-06-16 13:53:12.009196	31	EXECUTED	7:d6e6f3bc57a0c5586737d1351725d4d4	createTable tableName=FEDERATED_USER; addPrimaryKey constraintName=CONSTR_FEDERATED_USER, tableName=FEDERATED_USER; dropDefaultValue columnName=TOTP, tableName=USER_ENTITY; dropColumn columnName=TOTP, tableName=USER_ENTITY; addColumn tableName=IDE...		\N	3.5.4	\N	\N	3851584881
2.4.0	bburke@redhat.com	META-INF/jpa-changelog-2.4.0.xml	2021-06-16 13:53:12.023691	32	EXECUTED	7:454d604fbd755d9df3fd9c6329043aa5	customChange		\N	3.5.4	\N	\N	3851584881
2.5.0	bburke@redhat.com	META-INF/jpa-changelog-2.5.0.xml	2021-06-16 13:53:12.042599	33	EXECUTED	7:57e98a3077e29caf562f7dbf80c72600	customChange; modifyDataType columnName=USER_ID, tableName=OFFLINE_USER_SESSION		\N	3.5.4	\N	\N	3851584881
2.5.0-unicode-oracle	hmlnarik@redhat.com	META-INF/jpa-changelog-2.5.0.xml	2021-06-16 13:53:12.051761	34	MARK_RAN	7:e4c7e8f2256210aee71ddc42f538b57a	modifyDataType columnName=DESCRIPTION, tableName=AUTHENTICATION_FLOW; modifyDataType columnName=DESCRIPTION, tableName=CLIENT_TEMPLATE; modifyDataType columnName=DESCRIPTION, tableName=RESOURCE_SERVER_POLICY; modifyDataType columnName=DESCRIPTION,...		\N	3.5.4	\N	\N	3851584881
2.5.0-unicode-other-dbs	hmlnarik@redhat.com	META-INF/jpa-changelog-2.5.0.xml	2021-06-16 13:53:12.217779	35	EXECUTED	7:09a43c97e49bc626460480aa1379b522	modifyDataType columnName=DESCRIPTION, tableName=AUTHENTICATION_FLOW; modifyDataType columnName=DESCRIPTION, tableName=CLIENT_TEMPLATE; modifyDataType columnName=DESCRIPTION, tableName=RESOURCE_SERVER_POLICY; modifyDataType columnName=DESCRIPTION,...		\N	3.5.4	\N	\N	3851584881
2.5.0-duplicate-email-support	slawomir@dabek.name	META-INF/jpa-changelog-2.5.0.xml	2021-06-16 13:53:12.233737	36	EXECUTED	7:26bfc7c74fefa9126f2ce702fb775553	addColumn tableName=REALM		\N	3.5.4	\N	\N	3851584881
2.5.0-unique-group-names	hmlnarik@redhat.com	META-INF/jpa-changelog-2.5.0.xml	2021-06-16 13:53:12.283899	37	EXECUTED	7:a161e2ae671a9020fff61e996a207377	addUniqueConstraint constraintName=SIBLING_NAMES, tableName=KEYCLOAK_GROUP		\N	3.5.4	\N	\N	3851584881
2.5.1	bburke@redhat.com	META-INF/jpa-changelog-2.5.1.xml	2021-06-16 13:53:12.300558	38	EXECUTED	7:37fc1781855ac5388c494f1442b3f717	addColumn tableName=FED_USER_CONSENT		\N	3.5.4	\N	\N	3851584881
3.0.0	bburke@redhat.com	META-INF/jpa-changelog-3.0.0.xml	2021-06-16 13:53:12.318074	39	EXECUTED	7:13a27db0dae6049541136adad7261d27	addColumn tableName=IDENTITY_PROVIDER		\N	3.5.4	\N	\N	3851584881
3.2.0-fix	keycloak	META-INF/jpa-changelog-3.2.0.xml	2021-06-16 13:53:12.325457	40	MARK_RAN	7:550300617e3b59e8af3a6294df8248a3	addNotNullConstraint columnName=REALM_ID, tableName=CLIENT_INITIAL_ACCESS		\N	3.5.4	\N	\N	3851584881
3.2.0-fix-with-keycloak-5416	keycloak	META-INF/jpa-changelog-3.2.0.xml	2021-06-16 13:53:12.333986	41	MARK_RAN	7:e3a9482b8931481dc2772a5c07c44f17	dropIndex indexName=IDX_CLIENT_INIT_ACC_REALM, tableName=CLIENT_INITIAL_ACCESS; addNotNullConstraint columnName=REALM_ID, tableName=CLIENT_INITIAL_ACCESS; createIndex indexName=IDX_CLIENT_INIT_ACC_REALM, tableName=CLIENT_INITIAL_ACCESS		\N	3.5.4	\N	\N	3851584881
3.2.0-fix-offline-sessions	hmlnarik	META-INF/jpa-changelog-3.2.0.xml	2021-06-16 13:53:12.344381	42	EXECUTED	7:72b07d85a2677cb257edb02b408f332d	customChange		\N	3.5.4	\N	\N	3851584881
3.2.0-fixed	keycloak	META-INF/jpa-changelog-3.2.0.xml	2021-06-16 13:53:13.720386	43	EXECUTED	7:a72a7858967bd414835d19e04d880312	addColumn tableName=REALM; dropPrimaryKey constraintName=CONSTRAINT_OFFL_CL_SES_PK2, tableName=OFFLINE_CLIENT_SESSION; dropColumn columnName=CLIENT_SESSION_ID, tableName=OFFLINE_CLIENT_SESSION; addPrimaryKey constraintName=CONSTRAINT_OFFL_CL_SES_P...		\N	3.5.4	\N	\N	3851584881
3.3.0	keycloak	META-INF/jpa-changelog-3.3.0.xml	2021-06-16 13:53:13.734839	44	EXECUTED	7:94edff7cf9ce179e7e85f0cd78a3cf2c	addColumn tableName=USER_ENTITY		\N	3.5.4	\N	\N	3851584881
authz-3.4.0.CR1-resource-server-pk-change-part2-KEYCLOAK-6095	hmlnarik@redhat.com	META-INF/jpa-changelog-authz-3.4.0.CR1.xml	2021-06-16 13:53:13.761288	46	EXECUTED	7:e64b5dcea7db06077c6e57d3b9e5ca14	customChange		\N	3.5.4	\N	\N	3851584881
authz-3.4.0.CR1-resource-server-pk-change-part3-fixed	glavoie@gmail.com	META-INF/jpa-changelog-authz-3.4.0.CR1.xml	2021-06-16 13:53:13.767348	47	MARK_RAN	7:fd8cf02498f8b1e72496a20afc75178c	dropIndex indexName=IDX_RES_SERV_POL_RES_SERV, tableName=RESOURCE_SERVER_POLICY; dropIndex indexName=IDX_RES_SRV_RES_RES_SRV, tableName=RESOURCE_SERVER_RESOURCE; dropIndex indexName=IDX_RES_SRV_SCOPE_RES_SRV, tableName=RESOURCE_SERVER_SCOPE		\N	3.5.4	\N	\N	3851584881
authz-3.4.0.CR1-resource-server-pk-change-part3-fixed-nodropindex	glavoie@gmail.com	META-INF/jpa-changelog-authz-3.4.0.CR1.xml	2021-06-16 13:53:14.054133	48	EXECUTED	7:542794f25aa2b1fbabb7e577d6646319	addNotNullConstraint columnName=RESOURCE_SERVER_CLIENT_ID, tableName=RESOURCE_SERVER_POLICY; addNotNullConstraint columnName=RESOURCE_SERVER_CLIENT_ID, tableName=RESOURCE_SERVER_RESOURCE; addNotNullConstraint columnName=RESOURCE_SERVER_CLIENT_ID, ...		\N	3.5.4	\N	\N	3851584881
authn-3.4.0.CR1-refresh-token-max-reuse	glavoie@gmail.com	META-INF/jpa-changelog-authz-3.4.0.CR1.xml	2021-06-16 13:53:14.073119	49	EXECUTED	7:edad604c882df12f74941dac3cc6d650	addColumn tableName=REALM		\N	3.5.4	\N	\N	3851584881
3.4.0	keycloak	META-INF/jpa-changelog-3.4.0.xml	2021-06-16 13:53:14.562211	50	EXECUTED	7:0f88b78b7b46480eb92690cbf5e44900	addPrimaryKey constraintName=CONSTRAINT_REALM_DEFAULT_ROLES, tableName=REALM_DEFAULT_ROLES; addPrimaryKey constraintName=CONSTRAINT_COMPOSITE_ROLE, tableName=COMPOSITE_ROLE; addPrimaryKey constraintName=CONSTR_REALM_DEFAULT_GROUPS, tableName=REALM...		\N	3.5.4	\N	\N	3851584881
3.4.0-KEYCLOAK-5230	hmlnarik@redhat.com	META-INF/jpa-changelog-3.4.0.xml	2021-06-16 13:53:15.031249	51	EXECUTED	7:d560e43982611d936457c327f872dd59	createIndex indexName=IDX_FU_ATTRIBUTE, tableName=FED_USER_ATTRIBUTE; createIndex indexName=IDX_FU_CONSENT, tableName=FED_USER_CONSENT; createIndex indexName=IDX_FU_CONSENT_RU, tableName=FED_USER_CONSENT; createIndex indexName=IDX_FU_CREDENTIAL, t...		\N	3.5.4	\N	\N	3851584881
3.4.1	psilva@redhat.com	META-INF/jpa-changelog-3.4.1.xml	2021-06-16 13:53:15.077725	52	EXECUTED	7:c155566c42b4d14ef07059ec3b3bbd8e	modifyDataType columnName=VALUE, tableName=CLIENT_ATTRIBUTES		\N	3.5.4	\N	\N	3851584881
3.4.2	keycloak	META-INF/jpa-changelog-3.4.2.xml	2021-06-16 13:53:15.087995	53	EXECUTED	7:b40376581f12d70f3c89ba8ddf5b7dea	update tableName=REALM		\N	3.5.4	\N	\N	3851584881
3.4.2-KEYCLOAK-5172	mkanis@redhat.com	META-INF/jpa-changelog-3.4.2.xml	2021-06-16 13:53:15.171703	54	EXECUTED	7:a1132cc395f7b95b3646146c2e38f168	update tableName=CLIENT		\N	3.5.4	\N	\N	3851584881
4.0.0-KEYCLOAK-6335	bburke@redhat.com	META-INF/jpa-changelog-4.0.0.xml	2021-06-16 13:53:15.217673	55	EXECUTED	7:d8dc5d89c789105cfa7ca0e82cba60af	createTable tableName=CLIENT_AUTH_FLOW_BINDINGS; addPrimaryKey constraintName=C_CLI_FLOW_BIND, tableName=CLIENT_AUTH_FLOW_BINDINGS		\N	3.5.4	\N	\N	3851584881
4.0.0-CLEANUP-UNUSED-TABLE	bburke@redhat.com	META-INF/jpa-changelog-4.0.0.xml	2021-06-16 13:53:15.23484	56	EXECUTED	7:7822e0165097182e8f653c35517656a3	dropTable tableName=CLIENT_IDENTITY_PROV_MAPPING		\N	3.5.4	\N	\N	3851584881
4.0.0-KEYCLOAK-6228	bburke@redhat.com	META-INF/jpa-changelog-4.0.0.xml	2021-06-16 13:53:15.395554	57	EXECUTED	7:c6538c29b9c9a08f9e9ea2de5c2b6375	dropUniqueConstraint constraintName=UK_JKUWUVD56ONTGSUHOGM8UEWRT, tableName=USER_CONSENT; dropNotNullConstraint columnName=CLIENT_ID, tableName=USER_CONSENT; addColumn tableName=USER_CONSENT; addUniqueConstraint constraintName=UK_JKUWUVD56ONTGSUHO...		\N	3.5.4	\N	\N	3851584881
4.0.0-KEYCLOAK-5579-fixed	mposolda@redhat.com	META-INF/jpa-changelog-4.0.0.xml	2021-06-16 13:53:16.223929	58	EXECUTED	7:6d4893e36de22369cf73bcb051ded875	dropForeignKeyConstraint baseTableName=CLIENT_TEMPLATE_ATTRIBUTES, constraintName=FK_CL_TEMPL_ATTR_TEMPL; renameTable newTableName=CLIENT_SCOPE_ATTRIBUTES, oldTableName=CLIENT_TEMPLATE_ATTRIBUTES; renameColumn newColumnName=SCOPE_ID, oldColumnName...		\N	3.5.4	\N	\N	3851584881
authz-4.0.0.CR1	psilva@redhat.com	META-INF/jpa-changelog-authz-4.0.0.CR1.xml	2021-06-16 13:53:16.429724	59	EXECUTED	7:57960fc0b0f0dd0563ea6f8b2e4a1707	createTable tableName=RESOURCE_SERVER_PERM_TICKET; addPrimaryKey constraintName=CONSTRAINT_FAPMT, tableName=RESOURCE_SERVER_PERM_TICKET; addForeignKeyConstraint baseTableName=RESOURCE_SERVER_PERM_TICKET, constraintName=FK_FRSRHO213XCX4WNKOG82SSPMT...		\N	3.5.4	\N	\N	3851584881
authz-4.0.0.Beta3	psilva@redhat.com	META-INF/jpa-changelog-authz-4.0.0.Beta3.xml	2021-06-16 13:53:16.453532	60	EXECUTED	7:2b4b8bff39944c7097977cc18dbceb3b	addColumn tableName=RESOURCE_SERVER_POLICY; addColumn tableName=RESOURCE_SERVER_PERM_TICKET; addForeignKeyConstraint baseTableName=RESOURCE_SERVER_PERM_TICKET, constraintName=FK_FRSRPO2128CX4WNKOG82SSRFY, referencedTableName=RESOURCE_SERVER_POLICY		\N	3.5.4	\N	\N	3851584881
authz-4.2.0.Final	mhajas@redhat.com	META-INF/jpa-changelog-authz-4.2.0.Final.xml	2021-06-16 13:53:16.478537	61	EXECUTED	7:2aa42a964c59cd5b8ca9822340ba33a8	createTable tableName=RESOURCE_URIS; addForeignKeyConstraint baseTableName=RESOURCE_URIS, constraintName=FK_RESOURCE_SERVER_URIS, referencedTableName=RESOURCE_SERVER_RESOURCE; customChange; dropColumn columnName=URI, tableName=RESOURCE_SERVER_RESO...		\N	3.5.4	\N	\N	3851584881
authz-4.2.0.Final-KEYCLOAK-9944	hmlnarik@redhat.com	META-INF/jpa-changelog-authz-4.2.0.Final.xml	2021-06-16 13:53:16.528431	62	EXECUTED	7:9ac9e58545479929ba23f4a3087a0346	addPrimaryKey constraintName=CONSTRAINT_RESOUR_URIS_PK, tableName=RESOURCE_URIS		\N	3.5.4	\N	\N	3851584881
4.2.0-KEYCLOAK-6313	wadahiro@gmail.com	META-INF/jpa-changelog-4.2.0.xml	2021-06-16 13:53:16.545217	63	EXECUTED	7:14d407c35bc4fe1976867756bcea0c36	addColumn tableName=REQUIRED_ACTION_PROVIDER		\N	3.5.4	\N	\N	3851584881
4.3.0-KEYCLOAK-7984	wadahiro@gmail.com	META-INF/jpa-changelog-4.3.0.xml	2021-06-16 13:53:16.555548	64	EXECUTED	7:241a8030c748c8548e346adee548fa93	update tableName=REQUIRED_ACTION_PROVIDER		\N	3.5.4	\N	\N	3851584881
4.6.0-KEYCLOAK-7950	psilva@redhat.com	META-INF/jpa-changelog-4.6.0.xml	2021-06-16 13:53:16.563177	65	EXECUTED	7:7d3182f65a34fcc61e8d23def037dc3f	update tableName=RESOURCE_SERVER_RESOURCE		\N	3.5.4	\N	\N	3851584881
4.6.0-KEYCLOAK-8377	keycloak	META-INF/jpa-changelog-4.6.0.xml	2021-06-16 13:53:16.678864	66	EXECUTED	7:b30039e00a0b9715d430d1b0636728fa	createTable tableName=ROLE_ATTRIBUTE; addPrimaryKey constraintName=CONSTRAINT_ROLE_ATTRIBUTE_PK, tableName=ROLE_ATTRIBUTE; addForeignKeyConstraint baseTableName=ROLE_ATTRIBUTE, constraintName=FK_ROLE_ATTRIBUTE_ID, referencedTableName=KEYCLOAK_ROLE...		\N	3.5.4	\N	\N	3851584881
4.6.0-KEYCLOAK-8555	gideonray@gmail.com	META-INF/jpa-changelog-4.6.0.xml	2021-06-16 13:53:16.728933	67	EXECUTED	7:3797315ca61d531780f8e6f82f258159	createIndex indexName=IDX_COMPONENT_PROVIDER_TYPE, tableName=COMPONENT		\N	3.5.4	\N	\N	3851584881
4.7.0-KEYCLOAK-1267	sguilhen@redhat.com	META-INF/jpa-changelog-4.7.0.xml	2021-06-16 13:53:16.745495	68	EXECUTED	7:c7aa4c8d9573500c2d347c1941ff0301	addColumn tableName=REALM		\N	3.5.4	\N	\N	3851584881
4.7.0-KEYCLOAK-7275	keycloak	META-INF/jpa-changelog-4.7.0.xml	2021-06-16 13:53:16.804358	69	EXECUTED	7:b207faee394fc074a442ecd42185a5dd	renameColumn newColumnName=CREATED_ON, oldColumnName=LAST_SESSION_REFRESH, tableName=OFFLINE_USER_SESSION; addNotNullConstraint columnName=CREATED_ON, tableName=OFFLINE_USER_SESSION; addColumn tableName=OFFLINE_USER_SESSION; customChange; createIn...		\N	3.5.4	\N	\N	3851584881
4.8.0-KEYCLOAK-8835	sguilhen@redhat.com	META-INF/jpa-changelog-4.8.0.xml	2021-06-16 13:53:16.828197	70	EXECUTED	7:ab9a9762faaba4ddfa35514b212c4922	addNotNullConstraint columnName=SSO_MAX_LIFESPAN_REMEMBER_ME, tableName=REALM; addNotNullConstraint columnName=SSO_IDLE_TIMEOUT_REMEMBER_ME, tableName=REALM		\N	3.5.4	\N	\N	3851584881
authz-7.0.0-KEYCLOAK-10443	psilva@redhat.com	META-INF/jpa-changelog-authz-7.0.0.xml	2021-06-16 13:53:16.845053	71	EXECUTED	7:b9710f74515a6ccb51b72dc0d19df8c4	addColumn tableName=RESOURCE_SERVER		\N	3.5.4	\N	\N	3851584881
8.0.0-adding-credential-columns	keycloak	META-INF/jpa-changelog-8.0.0.xml	2021-06-16 13:53:16.870137	72	EXECUTED	7:ec9707ae4d4f0b7452fee20128083879	addColumn tableName=CREDENTIAL; addColumn tableName=FED_USER_CREDENTIAL		\N	3.5.4	\N	\N	3851584881
8.0.0-updating-credential-data-not-oracle	keycloak	META-INF/jpa-changelog-8.0.0.xml	2021-06-16 13:53:16.887343	73	EXECUTED	7:03b3f4b264c3c68ba082250a80b74216	update tableName=CREDENTIAL; update tableName=CREDENTIAL; update tableName=CREDENTIAL; update tableName=FED_USER_CREDENTIAL; update tableName=FED_USER_CREDENTIAL; update tableName=FED_USER_CREDENTIAL		\N	3.5.4	\N	\N	3851584881
8.0.0-updating-credential-data-oracle	keycloak	META-INF/jpa-changelog-8.0.0.xml	2021-06-16 13:53:16.895674	74	MARK_RAN	7:64c5728f5ca1f5aa4392217701c4fe23	update tableName=CREDENTIAL; update tableName=CREDENTIAL; update tableName=CREDENTIAL; update tableName=FED_USER_CREDENTIAL; update tableName=FED_USER_CREDENTIAL; update tableName=FED_USER_CREDENTIAL		\N	3.5.4	\N	\N	3851584881
8.0.0-credential-cleanup-fixed	keycloak	META-INF/jpa-changelog-8.0.0.xml	2021-06-16 13:53:16.928936	75	EXECUTED	7:b48da8c11a3d83ddd6b7d0c8c2219345	dropDefaultValue columnName=COUNTER, tableName=CREDENTIAL; dropDefaultValue columnName=DIGITS, tableName=CREDENTIAL; dropDefaultValue columnName=PERIOD, tableName=CREDENTIAL; dropDefaultValue columnName=ALGORITHM, tableName=CREDENTIAL; dropColumn ...		\N	3.5.4	\N	\N	3851584881
8.0.0-resource-tag-support	keycloak	META-INF/jpa-changelog-8.0.0.xml	2021-06-16 13:53:16.979201	76	EXECUTED	7:a73379915c23bfad3e8f5c6d5c0aa4bd	addColumn tableName=MIGRATION_MODEL; createIndex indexName=IDX_UPDATE_TIME, tableName=MIGRATION_MODEL		\N	3.5.4	\N	\N	3851584881
9.0.0-always-display-client	keycloak	META-INF/jpa-changelog-9.0.0.xml	2021-06-16 13:53:16.995901	77	EXECUTED	7:39e0073779aba192646291aa2332493d	addColumn tableName=CLIENT		\N	3.5.4	\N	\N	3851584881
9.0.0-drop-constraints-for-column-increase	keycloak	META-INF/jpa-changelog-9.0.0.xml	2021-06-16 13:53:17.020698	78	MARK_RAN	7:81f87368f00450799b4bf42ea0b3ec34	dropUniqueConstraint constraintName=UK_FRSR6T700S9V50BU18WS5PMT, tableName=RESOURCE_SERVER_PERM_TICKET; dropUniqueConstraint constraintName=UK_FRSR6T700S9V50BU18WS5HA6, tableName=RESOURCE_SERVER_RESOURCE; dropPrimaryKey constraintName=CONSTRAINT_O...		\N	3.5.4	\N	\N	3851584881
9.0.0-increase-column-size-federated-fk	keycloak	META-INF/jpa-changelog-9.0.0.xml	2021-06-16 13:53:17.138284	79	EXECUTED	7:20b37422abb9fb6571c618148f013a15	modifyDataType columnName=CLIENT_ID, tableName=FED_USER_CONSENT; modifyDataType columnName=CLIENT_REALM_CONSTRAINT, tableName=KEYCLOAK_ROLE; modifyDataType columnName=OWNER, tableName=RESOURCE_SERVER_POLICY; modifyDataType columnName=CLIENT_ID, ta...		\N	3.5.4	\N	\N	3851584881
9.0.0-recreate-constraints-after-column-increase	keycloak	META-INF/jpa-changelog-9.0.0.xml	2021-06-16 13:53:17.146435	80	MARK_RAN	7:1970bb6cfb5ee800736b95ad3fb3c78a	addNotNullConstraint columnName=CLIENT_ID, tableName=OFFLINE_CLIENT_SESSION; addNotNullConstraint columnName=OWNER, tableName=RESOURCE_SERVER_PERM_TICKET; addNotNullConstraint columnName=REQUESTER, tableName=RESOURCE_SERVER_PERM_TICKET; addNotNull...		\N	3.5.4	\N	\N	3851584881
9.0.1-add-index-to-client.client_id	keycloak	META-INF/jpa-changelog-9.0.1.xml	2021-06-16 13:53:17.221173	81	EXECUTED	7:45d9b25fc3b455d522d8dcc10a0f4c80	createIndex indexName=IDX_CLIENT_ID, tableName=CLIENT		\N	3.5.4	\N	\N	3851584881
9.0.1-KEYCLOAK-12579-drop-constraints	keycloak	META-INF/jpa-changelog-9.0.1.xml	2021-06-16 13:53:17.229843	82	MARK_RAN	7:890ae73712bc187a66c2813a724d037f	dropUniqueConstraint constraintName=SIBLING_NAMES, tableName=KEYCLOAK_GROUP		\N	3.5.4	\N	\N	3851584881
9.0.1-KEYCLOAK-12579-add-not-null-constraint	keycloak	META-INF/jpa-changelog-9.0.1.xml	2021-06-16 13:53:17.246089	83	EXECUTED	7:0a211980d27fafe3ff50d19a3a29b538	addNotNullConstraint columnName=PARENT_GROUP, tableName=KEYCLOAK_GROUP		\N	3.5.4	\N	\N	3851584881
9.0.1-KEYCLOAK-12579-recreate-constraints	keycloak	META-INF/jpa-changelog-9.0.1.xml	2021-06-16 13:53:17.254921	84	MARK_RAN	7:a161e2ae671a9020fff61e996a207377	addUniqueConstraint constraintName=SIBLING_NAMES, tableName=KEYCLOAK_GROUP		\N	3.5.4	\N	\N	3851584881
9.0.1-add-index-to-events	keycloak	META-INF/jpa-changelog-9.0.1.xml	2021-06-16 13:53:17.302974	85	EXECUTED	7:01c49302201bdf815b0a18d1f98a55dc	createIndex indexName=IDX_EVENT_TIME, tableName=EVENT_ENTITY		\N	3.5.4	\N	\N	3851584881
map-remove-ri	keycloak	META-INF/jpa-changelog-11.0.0.xml	2021-06-16 13:53:17.319709	86	EXECUTED	7:3dace6b144c11f53f1ad2c0361279b86	dropForeignKeyConstraint baseTableName=REALM, constraintName=FK_TRAF444KK6QRKMS7N56AIWQ5Y; dropForeignKeyConstraint baseTableName=KEYCLOAK_ROLE, constraintName=FK_KJHO5LE2C0RAL09FL8CM9WFW9		\N	3.5.4	\N	\N	3851584881
map-remove-ri	keycloak	META-INF/jpa-changelog-12.0.0.xml	2021-06-16 13:53:17.336567	87	EXECUTED	7:578d0b92077eaf2ab95ad0ec087aa903	dropForeignKeyConstraint baseTableName=REALM_DEFAULT_GROUPS, constraintName=FK_DEF_GROUPS_GROUP; dropForeignKeyConstraint baseTableName=REALM_DEFAULT_ROLES, constraintName=FK_H4WPD7W4HSOOLNI3H0SW7BTJE; dropForeignKeyConstraint baseTableName=CLIENT...		\N	3.5.4	\N	\N	3851584881
12.1.0-add-realm-localization-table	keycloak	META-INF/jpa-changelog-12.0.0.xml	2021-06-16 13:53:17.421181	88	EXECUTED	7:c95abe90d962c57a09ecaee57972835d	createTable tableName=REALM_LOCALIZATIONS; addPrimaryKey tableName=REALM_LOCALIZATIONS		\N	3.5.4	\N	\N	3851584881
\.


--
-- Data for Name: databasechangeloglock; Type: TABLE DATA; Schema: public; Owner: shifternetzwerk
--

COPY public.databasechangeloglock (id, locked, lockgranted, lockedby) FROM stdin;
1	f	\N	\N
1000	f	\N	\N
1001	f	\N	\N
\.


--
-- Data for Name: default_client_scope; Type: TABLE DATA; Schema: public; Owner: shifternetzwerk
--

COPY public.default_client_scope (realm_id, scope_id, default_scope) FROM stdin;
master	5162118c-11cf-4acd-a8e6-39d9816c594f	f
master	aaeb225c-755c-4351-bc70-7c21349a3a81	t
master	4e5e3ac3-d467-41e9-93d1-4b8970337662	t
master	2c9680a9-f9c3-4085-996f-ca28b6937213	t
master	a350b257-e6ad-4177-ab8d-930515e87e66	f
master	86b3f8bb-d21f-4e92-9db0-a6c6b9d40ffb	f
master	ab957b72-2b2a-42f7-85b7-5a9a9360cfec	t
master	7f187501-21e2-4ad1-b961-88c984e00fd8	t
master	24eaefc8-2278-4c37-9a65-6279a16c46c5	f
jhipster	021d9ac1-9650-401c-b2a2-efa2f3e6b70c	t
jhipster	391f1641-cb22-41a3-a0ed-752d9264aaf5	t
jhipster	39e1693b-a924-4fbb-b98c-520869771f83	t
jhipster	84fdcb72-668b-408e-aaea-110d594afe5e	t
jhipster	d5de6a8a-8894-4e72-b6ef-f9bf3a7a6541	t
jhipster	0d3b55db-e68b-4c83-91d4-7370a6810a24	f
jhipster	1dc1e050-891a-4f5b-ac9d-5ea0c2e3c05e	f
jhipster	5253d2be-3116-4510-ac05-99619ce2494c	f
jhipster	a72d436e-111b-445b-804a-967d249f6455	f
\.


--
-- Data for Name: event_entity; Type: TABLE DATA; Schema: public; Owner: shifternetzwerk
--

COPY public.event_entity (id, client_id, details_json, error, ip_address, realm_id, session_id, event_time, type, user_id) FROM stdin;
\.


--
-- Data for Name: fed_user_attribute; Type: TABLE DATA; Schema: public; Owner: shifternetzwerk
--

COPY public.fed_user_attribute (id, name, user_id, realm_id, storage_provider_id, value) FROM stdin;
\.


--
-- Data for Name: fed_user_consent; Type: TABLE DATA; Schema: public; Owner: shifternetzwerk
--

COPY public.fed_user_consent (id, client_id, user_id, realm_id, storage_provider_id, created_date, last_updated_date, client_storage_provider, external_client_id) FROM stdin;
\.


--
-- Data for Name: fed_user_consent_cl_scope; Type: TABLE DATA; Schema: public; Owner: shifternetzwerk
--

COPY public.fed_user_consent_cl_scope (user_consent_id, scope_id) FROM stdin;
\.


--
-- Data for Name: fed_user_credential; Type: TABLE DATA; Schema: public; Owner: shifternetzwerk
--

COPY public.fed_user_credential (id, salt, type, created_date, user_id, realm_id, storage_provider_id, user_label, secret_data, credential_data, priority) FROM stdin;
\.


--
-- Data for Name: fed_user_group_membership; Type: TABLE DATA; Schema: public; Owner: shifternetzwerk
--

COPY public.fed_user_group_membership (group_id, user_id, realm_id, storage_provider_id) FROM stdin;
\.


--
-- Data for Name: fed_user_required_action; Type: TABLE DATA; Schema: public; Owner: shifternetzwerk
--

COPY public.fed_user_required_action (required_action, user_id, realm_id, storage_provider_id) FROM stdin;
\.


--
-- Data for Name: fed_user_role_mapping; Type: TABLE DATA; Schema: public; Owner: shifternetzwerk
--

COPY public.fed_user_role_mapping (role_id, user_id, realm_id, storage_provider_id) FROM stdin;
\.


--
-- Data for Name: federated_identity; Type: TABLE DATA; Schema: public; Owner: shifternetzwerk
--

COPY public.federated_identity (identity_provider, realm_id, federated_user_id, federated_username, token, user_id) FROM stdin;
\.


--
-- Data for Name: federated_user; Type: TABLE DATA; Schema: public; Owner: shifternetzwerk
--

COPY public.federated_user (id, storage_provider_id, realm_id) FROM stdin;
\.


--
-- Data for Name: group_attribute; Type: TABLE DATA; Schema: public; Owner: shifternetzwerk
--

COPY public.group_attribute (id, name, value, group_id) FROM stdin;
\.


--
-- Data for Name: group_role_mapping; Type: TABLE DATA; Schema: public; Owner: shifternetzwerk
--

COPY public.group_role_mapping (role_id, group_id) FROM stdin;
a2350d85-938e-440c-847c-35086fe0f1d8	c4255caa-6cf7-40fb-8d5a-1b8799a438b8
8b1a0e78-24be-49ed-bc74-6471bd8d0f8f	ab0947d8-3b91-42a0-81e7-953a3c207316
5738575f-ec12-4bf3-9525-b3620531f1b8	2e5928ca-1b7e-4de3-b1ab-791949441793
\.


--
-- Data for Name: identity_provider; Type: TABLE DATA; Schema: public; Owner: shifternetzwerk
--

COPY public.identity_provider (internal_id, enabled, provider_alias, provider_id, store_token, authenticate_by_default, realm_id, add_token_role, trust_email, first_broker_login_flow_id, post_broker_login_flow_id, provider_display_name, link_only) FROM stdin;
\.


--
-- Data for Name: identity_provider_config; Type: TABLE DATA; Schema: public; Owner: shifternetzwerk
--

COPY public.identity_provider_config (identity_provider_id, value, name) FROM stdin;
\.


--
-- Data for Name: identity_provider_mapper; Type: TABLE DATA; Schema: public; Owner: shifternetzwerk
--

COPY public.identity_provider_mapper (id, name, idp_alias, idp_mapper_name, realm_id) FROM stdin;
\.


--
-- Data for Name: idp_mapper_config; Type: TABLE DATA; Schema: public; Owner: shifternetzwerk
--

COPY public.idp_mapper_config (idp_mapper_id, value, name) FROM stdin;
\.


--
-- Data for Name: keycloak_group; Type: TABLE DATA; Schema: public; Owner: shifternetzwerk
--

COPY public.keycloak_group (id, name, parent_group, realm_id) FROM stdin;
c4255caa-6cf7-40fb-8d5a-1b8799a438b8	Admins	 	jhipster
ab0947d8-3b91-42a0-81e7-953a3c207316	Users	 	jhipster
2e5928ca-1b7e-4de3-b1ab-791949441793	shiftergroup	 	master
\.


--
-- Data for Name: keycloak_role; Type: TABLE DATA; Schema: public; Owner: shifternetzwerk
--

COPY public.keycloak_role (id, client_realm_constraint, client_role, description, name, realm_id, client, realm) FROM stdin;
16f36b9b-db49-43a3-b081-7b3b326b57a2	master	f	${role_admin}	admin	master	\N	master
e10b6828-3797-4412-886f-67e65212d2ac	master	f	${role_create-realm}	create-realm	master	\N	master
647909b0-cbcb-46c8-bb37-ba427ec026f0	ea3a9b81-91a2-4a3f-89a3-32c761d3486e	t	${role_create-client}	create-client	master	ea3a9b81-91a2-4a3f-89a3-32c761d3486e	\N
34cccd50-4c36-439f-9224-cf2f9bfa38b4	ea3a9b81-91a2-4a3f-89a3-32c761d3486e	t	${role_view-realm}	view-realm	master	ea3a9b81-91a2-4a3f-89a3-32c761d3486e	\N
0be2fca9-d9f0-4066-8640-2b334f9d15c6	ea3a9b81-91a2-4a3f-89a3-32c761d3486e	t	${role_view-users}	view-users	master	ea3a9b81-91a2-4a3f-89a3-32c761d3486e	\N
98ead9d4-4381-4644-bb02-c1bd86a7f345	ea3a9b81-91a2-4a3f-89a3-32c761d3486e	t	${role_view-clients}	view-clients	master	ea3a9b81-91a2-4a3f-89a3-32c761d3486e	\N
6ca78f26-bc44-40f5-97a5-51b482e3da72	ea3a9b81-91a2-4a3f-89a3-32c761d3486e	t	${role_view-events}	view-events	master	ea3a9b81-91a2-4a3f-89a3-32c761d3486e	\N
89b01fcc-c411-4d56-88fc-b6b06a0fa324	ea3a9b81-91a2-4a3f-89a3-32c761d3486e	t	${role_view-identity-providers}	view-identity-providers	master	ea3a9b81-91a2-4a3f-89a3-32c761d3486e	\N
928addb5-8d93-48a3-88f3-8a6094733c51	ea3a9b81-91a2-4a3f-89a3-32c761d3486e	t	${role_view-authorization}	view-authorization	master	ea3a9b81-91a2-4a3f-89a3-32c761d3486e	\N
5f92814c-954e-4fee-93d3-4063aecc1948	ea3a9b81-91a2-4a3f-89a3-32c761d3486e	t	${role_manage-realm}	manage-realm	master	ea3a9b81-91a2-4a3f-89a3-32c761d3486e	\N
3ec7cb23-f97d-46cb-956e-3d5d16eb4b63	ea3a9b81-91a2-4a3f-89a3-32c761d3486e	t	${role_manage-users}	manage-users	master	ea3a9b81-91a2-4a3f-89a3-32c761d3486e	\N
98973e52-96b0-4ea0-bf06-8e3dab7132a3	ea3a9b81-91a2-4a3f-89a3-32c761d3486e	t	${role_manage-clients}	manage-clients	master	ea3a9b81-91a2-4a3f-89a3-32c761d3486e	\N
f6b2dc1f-da19-4421-8ae1-f60451efdbe9	ea3a9b81-91a2-4a3f-89a3-32c761d3486e	t	${role_manage-events}	manage-events	master	ea3a9b81-91a2-4a3f-89a3-32c761d3486e	\N
d16e1352-d1f8-4bb6-9496-2cbc6a1056d3	ea3a9b81-91a2-4a3f-89a3-32c761d3486e	t	${role_manage-identity-providers}	manage-identity-providers	master	ea3a9b81-91a2-4a3f-89a3-32c761d3486e	\N
9d778970-97b1-446e-b129-0f73a449a04b	ea3a9b81-91a2-4a3f-89a3-32c761d3486e	t	${role_manage-authorization}	manage-authorization	master	ea3a9b81-91a2-4a3f-89a3-32c761d3486e	\N
136ebd76-db3a-46b9-968e-f3e591afb4c7	ea3a9b81-91a2-4a3f-89a3-32c761d3486e	t	${role_query-users}	query-users	master	ea3a9b81-91a2-4a3f-89a3-32c761d3486e	\N
fc13acf8-0877-46fc-b7b7-7dc3987d6182	ea3a9b81-91a2-4a3f-89a3-32c761d3486e	t	${role_query-clients}	query-clients	master	ea3a9b81-91a2-4a3f-89a3-32c761d3486e	\N
bce2f194-b042-4225-9d45-2b7728b30ec7	ea3a9b81-91a2-4a3f-89a3-32c761d3486e	t	${role_query-realms}	query-realms	master	ea3a9b81-91a2-4a3f-89a3-32c761d3486e	\N
ab98c7df-5909-4e8e-91d3-51fc299ec892	ea3a9b81-91a2-4a3f-89a3-32c761d3486e	t	${role_query-groups}	query-groups	master	ea3a9b81-91a2-4a3f-89a3-32c761d3486e	\N
03b02dee-9a70-451b-93e0-bb6f00f450f3	962a768f-6775-472d-99b2-dc739bdce328	t	${role_view-profile}	view-profile	master	962a768f-6775-472d-99b2-dc739bdce328	\N
1a7f697b-d779-49a4-94ee-28076f275a55	962a768f-6775-472d-99b2-dc739bdce328	t	${role_manage-account}	manage-account	master	962a768f-6775-472d-99b2-dc739bdce328	\N
e43c12d0-a709-4c46-afe1-7f1302aea85c	962a768f-6775-472d-99b2-dc739bdce328	t	${role_manage-account-links}	manage-account-links	master	962a768f-6775-472d-99b2-dc739bdce328	\N
62151437-dca2-4865-85c8-d41615da57dc	962a768f-6775-472d-99b2-dc739bdce328	t	${role_view-applications}	view-applications	master	962a768f-6775-472d-99b2-dc739bdce328	\N
254cbf76-37f6-4683-aed2-970f1a705ec6	962a768f-6775-472d-99b2-dc739bdce328	t	${role_view-consent}	view-consent	master	962a768f-6775-472d-99b2-dc739bdce328	\N
2c131d8b-4198-44e4-a274-e2f1ef2e50cb	962a768f-6775-472d-99b2-dc739bdce328	t	${role_manage-consent}	manage-consent	master	962a768f-6775-472d-99b2-dc739bdce328	\N
e4672ca3-3a17-4b1a-86fa-4735abdb8380	962a768f-6775-472d-99b2-dc739bdce328	t	${role_delete-account}	delete-account	master	962a768f-6775-472d-99b2-dc739bdce328	\N
c0678126-5d9d-4663-989b-2180d3d4be5b	0b97b661-78a5-4372-b6e7-b55ea7516a34	t	${role_read-token}	read-token	master	0b97b661-78a5-4372-b6e7-b55ea7516a34	\N
0ab6910d-8602-4fcc-8f39-e626e502fc6e	ea3a9b81-91a2-4a3f-89a3-32c761d3486e	t	${role_impersonation}	impersonation	master	ea3a9b81-91a2-4a3f-89a3-32c761d3486e	\N
3f796c7d-679f-46de-bed8-d91c8e11eae0	master	f	${role_offline-access}	offline_access	master	\N	master
2dc15707-b7be-4e1f-9e21-b7a2d7136b7f	master	f	${role_uma_authorization}	uma_authorization	master	\N	master
38b1615b-57df-4fd2-bfb6-8e8d5cfcd31c	6ab54071-1724-4b5d-ab21-1d5a453099e7	t	${role_create-client}	create-client	master	6ab54071-1724-4b5d-ab21-1d5a453099e7	\N
f430b482-b292-4c60-bcdf-6d64f83da216	6ab54071-1724-4b5d-ab21-1d5a453099e7	t	${role_view-realm}	view-realm	master	6ab54071-1724-4b5d-ab21-1d5a453099e7	\N
fb08a98f-921a-4700-993f-153318c7d412	6ab54071-1724-4b5d-ab21-1d5a453099e7	t	${role_view-users}	view-users	master	6ab54071-1724-4b5d-ab21-1d5a453099e7	\N
3420fe08-59e2-48cd-9fbb-f200dc82d839	6ab54071-1724-4b5d-ab21-1d5a453099e7	t	${role_view-clients}	view-clients	master	6ab54071-1724-4b5d-ab21-1d5a453099e7	\N
39dc785c-966f-4f52-bba4-05ea6cf6211d	6ab54071-1724-4b5d-ab21-1d5a453099e7	t	${role_view-events}	view-events	master	6ab54071-1724-4b5d-ab21-1d5a453099e7	\N
f3745b2b-78b8-4114-b85f-1d4da92f20bd	6ab54071-1724-4b5d-ab21-1d5a453099e7	t	${role_view-identity-providers}	view-identity-providers	master	6ab54071-1724-4b5d-ab21-1d5a453099e7	\N
8eca6c33-ff33-4b18-ab05-1286f48095a3	6ab54071-1724-4b5d-ab21-1d5a453099e7	t	${role_view-authorization}	view-authorization	master	6ab54071-1724-4b5d-ab21-1d5a453099e7	\N
47e1a1e5-da34-4006-b560-5658583dc5ba	6ab54071-1724-4b5d-ab21-1d5a453099e7	t	${role_manage-realm}	manage-realm	master	6ab54071-1724-4b5d-ab21-1d5a453099e7	\N
f2125188-64bd-46d0-9f38-41cb4246d2cd	6ab54071-1724-4b5d-ab21-1d5a453099e7	t	${role_manage-users}	manage-users	master	6ab54071-1724-4b5d-ab21-1d5a453099e7	\N
a0079952-c20c-4c06-8623-392c20be358b	6ab54071-1724-4b5d-ab21-1d5a453099e7	t	${role_manage-clients}	manage-clients	master	6ab54071-1724-4b5d-ab21-1d5a453099e7	\N
eca52bd0-57ba-4e55-8c3e-a2fa96b3cad6	6ab54071-1724-4b5d-ab21-1d5a453099e7	t	${role_manage-events}	manage-events	master	6ab54071-1724-4b5d-ab21-1d5a453099e7	\N
932f3532-6283-45f4-9248-99000f1891f7	6ab54071-1724-4b5d-ab21-1d5a453099e7	t	${role_manage-identity-providers}	manage-identity-providers	master	6ab54071-1724-4b5d-ab21-1d5a453099e7	\N
6d1505c5-d336-4e34-8fea-17aa52f492cf	6ab54071-1724-4b5d-ab21-1d5a453099e7	t	${role_manage-authorization}	manage-authorization	master	6ab54071-1724-4b5d-ab21-1d5a453099e7	\N
33b7676e-2eb8-4d6d-97bc-27e23cf17072	6ab54071-1724-4b5d-ab21-1d5a453099e7	t	${role_query-users}	query-users	master	6ab54071-1724-4b5d-ab21-1d5a453099e7	\N
aff56c95-a96f-4595-9f5a-9da358475d95	6ab54071-1724-4b5d-ab21-1d5a453099e7	t	${role_query-clients}	query-clients	master	6ab54071-1724-4b5d-ab21-1d5a453099e7	\N
879c9ee2-bc6d-4afa-86a5-adcc92930ab5	6ab54071-1724-4b5d-ab21-1d5a453099e7	t	${role_query-realms}	query-realms	master	6ab54071-1724-4b5d-ab21-1d5a453099e7	\N
fb9988e7-befc-4896-8319-25e014e42568	6ab54071-1724-4b5d-ab21-1d5a453099e7	t	${role_query-groups}	query-groups	master	6ab54071-1724-4b5d-ab21-1d5a453099e7	\N
a2350d85-938e-440c-847c-35086fe0f1d8	jhipster	f	Jhipster administrator role	ROLE_ADMIN	jhipster	\N	jhipster
932ca70d-a311-42f9-9042-431cef835b9e	jhipster	f	${role_offline-access}	offline_access	jhipster	\N	jhipster
8b1a0e78-24be-49ed-bc74-6471bd8d0f8f	jhipster	f	Jhipster user role	ROLE_USER	jhipster	\N	jhipster
96c0124c-0f00-4769-8cd3-f7dfd74a0af3	jhipster	f	${role_uma_authorization}	uma_authorization	jhipster	\N	jhipster
6ceaaca5-30a4-444b-9078-723b7cc13591	98ae8603-4547-4218-8fb9-ebc550a0e10b	t	\N	uma_protection	jhipster	98ae8603-4547-4218-8fb9-ebc550a0e10b	\N
2f58d746-0582-47fe-9b67-30809d5ad461	48fb7988-d909-445a-81db-fe825dca0db2	t	${role_query-users}	query-users	jhipster	48fb7988-d909-445a-81db-fe825dca0db2	\N
4873b8a8-8035-4b5e-bdd9-99ac74a4a43b	48fb7988-d909-445a-81db-fe825dca0db2	t	${role_query-clients}	query-clients	jhipster	48fb7988-d909-445a-81db-fe825dca0db2	\N
5aa18f9b-2fb1-4edb-bdde-fb79273eee38	48fb7988-d909-445a-81db-fe825dca0db2	t	${role_view-events}	view-events	jhipster	48fb7988-d909-445a-81db-fe825dca0db2	\N
84752518-6f2f-451f-ab59-de3ce6674ba1	48fb7988-d909-445a-81db-fe825dca0db2	t	${role_view-users}	view-users	jhipster	48fb7988-d909-445a-81db-fe825dca0db2	\N
c9fb6965-e734-46b4-a174-fa9d1fb7e1cc	48fb7988-d909-445a-81db-fe825dca0db2	t	${role_manage-events}	manage-events	jhipster	48fb7988-d909-445a-81db-fe825dca0db2	\N
42abef51-b33b-4eb3-8515-3c6b16ca3849	48fb7988-d909-445a-81db-fe825dca0db2	t	${role_manage-identity-providers}	manage-identity-providers	jhipster	48fb7988-d909-445a-81db-fe825dca0db2	\N
a3f9ba91-6ed5-47ff-a1cc-384c00cc203d	48fb7988-d909-445a-81db-fe825dca0db2	t	${role_impersonation}	impersonation	jhipster	48fb7988-d909-445a-81db-fe825dca0db2	\N
24493c26-5ea3-4e53-b949-ca27a06ff098	48fb7988-d909-445a-81db-fe825dca0db2	t	${role_manage-users}	manage-users	jhipster	48fb7988-d909-445a-81db-fe825dca0db2	\N
24ba1589-1141-4836-91bb-ad1b10db4944	48fb7988-d909-445a-81db-fe825dca0db2	t	${role_create-client}	create-client	jhipster	48fb7988-d909-445a-81db-fe825dca0db2	\N
38cbec3e-9ca1-4292-a513-09e86fdcf6b1	48fb7988-d909-445a-81db-fe825dca0db2	t	${role_view-identity-providers}	view-identity-providers	jhipster	48fb7988-d909-445a-81db-fe825dca0db2	\N
2d8a0ec8-111b-41a2-bf49-7f1ae086c5b1	48fb7988-d909-445a-81db-fe825dca0db2	t	${role_manage-realm}	manage-realm	jhipster	48fb7988-d909-445a-81db-fe825dca0db2	\N
4ee94804-bc06-4d02-8541-410768b88a49	48fb7988-d909-445a-81db-fe825dca0db2	t	${role_manage-authorization}	manage-authorization	jhipster	48fb7988-d909-445a-81db-fe825dca0db2	\N
3774414f-db0d-4928-b080-f22599622e97	48fb7988-d909-445a-81db-fe825dca0db2	t	${role_manage-clients}	manage-clients	jhipster	48fb7988-d909-445a-81db-fe825dca0db2	\N
2a54d26e-7a55-4fc9-92cb-45e613084562	48fb7988-d909-445a-81db-fe825dca0db2	t	${role_view-realm}	view-realm	jhipster	48fb7988-d909-445a-81db-fe825dca0db2	\N
8fdff21b-f46c-407c-b566-ce4fcc4c51d4	48fb7988-d909-445a-81db-fe825dca0db2	t	${role_view-authorization}	view-authorization	jhipster	48fb7988-d909-445a-81db-fe825dca0db2	\N
083a848a-49cb-457f-9615-120be8c74d9e	48fb7988-d909-445a-81db-fe825dca0db2	t	${role_realm-admin}	realm-admin	jhipster	48fb7988-d909-445a-81db-fe825dca0db2	\N
11bc32e5-55a6-431d-b6c7-32bd9504d070	48fb7988-d909-445a-81db-fe825dca0db2	t	${role_view-clients}	view-clients	jhipster	48fb7988-d909-445a-81db-fe825dca0db2	\N
5ea73aac-d0cf-4303-87a4-c9d7f5852734	48fb7988-d909-445a-81db-fe825dca0db2	t	${role_query-realms}	query-realms	jhipster	48fb7988-d909-445a-81db-fe825dca0db2	\N
8018bd1e-0b43-4b0c-8e5a-fbf31f8ee6db	48fb7988-d909-445a-81db-fe825dca0db2	t	${role_query-groups}	query-groups	jhipster	48fb7988-d909-445a-81db-fe825dca0db2	\N
225066d4-4a07-4550-a851-3d9359cbbac2	274afcdb-7742-4a3a-acc5-17db61a4d200	t	${role_read-token}	read-token	jhipster	274afcdb-7742-4a3a-acc5-17db61a4d200	\N
42dcf4f5-8f73-4907-bd90-669cccd66c23	e07da50b-cddc-4524-b630-436a5a6ba8ab	t	${role_manage-consent}	manage-consent	jhipster	e07da50b-cddc-4524-b630-436a5a6ba8ab	\N
354b3a09-47a6-4051-957c-c6a3ee28a190	e07da50b-cddc-4524-b630-436a5a6ba8ab	t	${role_view-profile}	view-profile	jhipster	e07da50b-cddc-4524-b630-436a5a6ba8ab	\N
8d650dc2-d0e7-4ad7-8193-3ce1b7361b02	e07da50b-cddc-4524-b630-436a5a6ba8ab	t	${role_manage-account-links}	manage-account-links	jhipster	e07da50b-cddc-4524-b630-436a5a6ba8ab	\N
21b65e52-b4e3-453e-b0f0-10a44a4a887d	e07da50b-cddc-4524-b630-436a5a6ba8ab	t	${role_manage-account}	manage-account	jhipster	e07da50b-cddc-4524-b630-436a5a6ba8ab	\N
5328d093-e39c-4a2d-b664-01ed54505337	e07da50b-cddc-4524-b630-436a5a6ba8ab	t	${role_view-applications}	view-applications	jhipster	e07da50b-cddc-4524-b630-436a5a6ba8ab	\N
91f398b2-23a0-4cd3-8bc0-c3097df0e1e5	e07da50b-cddc-4524-b630-436a5a6ba8ab	t	${role_view-consent}	view-consent	jhipster	e07da50b-cddc-4524-b630-436a5a6ba8ab	\N
591f85a9-cb12-43b6-b6d2-d79340012a63	6ab54071-1724-4b5d-ab21-1d5a453099e7	t	${role_impersonation}	impersonation	master	6ab54071-1724-4b5d-ab21-1d5a453099e7	\N
5eebe025-2e6b-49e3-aa61-bdc9ebb5916a	e07da50b-cddc-4524-b630-436a5a6ba8ab	t	${role_delete-account}	delete-account	jhipster	e07da50b-cddc-4524-b630-436a5a6ba8ab	\N
5738575f-ec12-4bf3-9525-b3620531f1b8	master	f	\N	Shifter	master	\N	master
7b6a0a22-7b47-4aa5-85a4-5f292f6343f1	master	f	\N	Poweruser	master	\N	master
581f0df7-40ef-479c-93cc-7528ad9680ed	master	f	Jhipster and Keycloak user	user	master	\N	master
\.


--
-- Data for Name: migration_model; Type: TABLE DATA; Schema: public; Owner: shifternetzwerk
--

COPY public.migration_model (id, version, update_time) FROM stdin;
zpge8	12.0.4	1623851599
\.


--
-- Data for Name: policy_config; Type: TABLE DATA; Schema: public; Owner: shifternetzwerk
--

COPY public.policy_config (policy_id, name, value) FROM stdin;
ff09b194-0615-4cfd-9851-74adf540dabd	code	// by default, grants any permission associated with this policy\n$evaluation.grant();\n
4b5c72cc-b8b8-4bfc-95ac-61815669f985	defaultResourceType	urn:internal:resources:default
\.


--
-- Data for Name: protocol_mapper; Type: TABLE DATA; Schema: public; Owner: shifternetzwerk
--

COPY public.protocol_mapper (id, name, protocol, protocol_mapper_name, client_id, client_scope_id) FROM stdin;
006ee659-1dad-475b-bedc-6aba282a8f62	audience resolve	openid-connect	oidc-audience-resolve-mapper	e79a8baf-a4f1-4066-a4c3-781b3f84df3f	\N
d5bc58d3-c1af-4c14-89e9-11a7527c6f5a	locale	openid-connect	oidc-usermodel-attribute-mapper	efba9c28-195e-4710-8c64-dc0e6bac7917	\N
7be59dc7-8714-485a-8d75-a9be9564a0cc	role list	saml	saml-role-list-mapper	\N	aaeb225c-755c-4351-bc70-7c21349a3a81
980a6360-dbc8-4b0b-aa82-32c918d3cc0d	full name	openid-connect	oidc-full-name-mapper	\N	4e5e3ac3-d467-41e9-93d1-4b8970337662
14e228e5-d926-43f3-bad7-caa17810acc8	family name	openid-connect	oidc-usermodel-property-mapper	\N	4e5e3ac3-d467-41e9-93d1-4b8970337662
d7e215ce-1a96-4d24-b3e1-175d608c2578	given name	openid-connect	oidc-usermodel-property-mapper	\N	4e5e3ac3-d467-41e9-93d1-4b8970337662
a411bd20-324a-4a68-b6bd-e6a5a2635c5e	middle name	openid-connect	oidc-usermodel-attribute-mapper	\N	4e5e3ac3-d467-41e9-93d1-4b8970337662
c58ebab7-03fb-4c79-b319-93336b287d46	nickname	openid-connect	oidc-usermodel-attribute-mapper	\N	4e5e3ac3-d467-41e9-93d1-4b8970337662
d9f52d43-d3c0-406b-a55b-4c5390e57ee3	username	openid-connect	oidc-usermodel-property-mapper	\N	4e5e3ac3-d467-41e9-93d1-4b8970337662
247a9caf-5fa7-4f89-9569-e5e0737ee674	profile	openid-connect	oidc-usermodel-attribute-mapper	\N	4e5e3ac3-d467-41e9-93d1-4b8970337662
ae5d4ead-17e3-42ea-83e6-983f6bb23300	picture	openid-connect	oidc-usermodel-attribute-mapper	\N	4e5e3ac3-d467-41e9-93d1-4b8970337662
74608c88-b389-4cfe-b813-629967e61f10	website	openid-connect	oidc-usermodel-attribute-mapper	\N	4e5e3ac3-d467-41e9-93d1-4b8970337662
12885c2b-1065-46a1-a67d-f981fa9d5a1f	gender	openid-connect	oidc-usermodel-attribute-mapper	\N	4e5e3ac3-d467-41e9-93d1-4b8970337662
f0ea409e-46b4-4721-82d7-24dd1b409d69	birthdate	openid-connect	oidc-usermodel-attribute-mapper	\N	4e5e3ac3-d467-41e9-93d1-4b8970337662
8ab5b93c-522a-4de3-99f2-bfdb39bb1e94	zoneinfo	openid-connect	oidc-usermodel-attribute-mapper	\N	4e5e3ac3-d467-41e9-93d1-4b8970337662
16f36c0e-8760-4416-9961-b513609cbbd8	locale	openid-connect	oidc-usermodel-attribute-mapper	\N	4e5e3ac3-d467-41e9-93d1-4b8970337662
15aa06fe-3a9f-4a9a-928d-23f7a14b04d6	updated at	openid-connect	oidc-usermodel-attribute-mapper	\N	4e5e3ac3-d467-41e9-93d1-4b8970337662
65128bd2-e1f2-469d-962d-5a80e999d46d	email	openid-connect	oidc-usermodel-property-mapper	\N	2c9680a9-f9c3-4085-996f-ca28b6937213
3e29027a-05da-408f-83aa-a6b6af4489c0	email verified	openid-connect	oidc-usermodel-property-mapper	\N	2c9680a9-f9c3-4085-996f-ca28b6937213
5eb9abd4-cb81-495b-af24-14953ef45248	address	openid-connect	oidc-address-mapper	\N	a350b257-e6ad-4177-ab8d-930515e87e66
7c6ff3e4-dae2-42f4-9a82-ef8fb3d71c7b	phone number	openid-connect	oidc-usermodel-attribute-mapper	\N	86b3f8bb-d21f-4e92-9db0-a6c6b9d40ffb
599c7513-71a6-47af-a9ca-772f7d25572b	phone number verified	openid-connect	oidc-usermodel-attribute-mapper	\N	86b3f8bb-d21f-4e92-9db0-a6c6b9d40ffb
0a3e8fa2-60b2-4dd7-96ea-44889c6c1d98	realm roles	openid-connect	oidc-usermodel-realm-role-mapper	\N	ab957b72-2b2a-42f7-85b7-5a9a9360cfec
47849a77-8e28-4682-9b89-e008ca3bdad9	client roles	openid-connect	oidc-usermodel-client-role-mapper	\N	ab957b72-2b2a-42f7-85b7-5a9a9360cfec
7cde408c-8c37-45f0-92d0-27bba16fcadd	audience resolve	openid-connect	oidc-audience-resolve-mapper	\N	ab957b72-2b2a-42f7-85b7-5a9a9360cfec
7a038191-3134-4615-9fb7-53e68a66b107	allowed web origins	openid-connect	oidc-allowed-origins-mapper	\N	7f187501-21e2-4ad1-b961-88c984e00fd8
bdb2e8df-d429-4096-bbb8-2dc75c25f4b3	upn	openid-connect	oidc-usermodel-property-mapper	\N	24eaefc8-2278-4c37-9a65-6279a16c46c5
202ff041-933a-4edb-b789-c312055bfc32	groups	openid-connect	oidc-usermodel-realm-role-mapper	\N	24eaefc8-2278-4c37-9a65-6279a16c46c5
b9a92105-8ca5-45d1-8a99-626255ac174f	address	openid-connect	oidc-address-mapper	\N	1dc1e050-891a-4f5b-ac9d-5ea0c2e3c05e
76f898bc-70e4-4e0a-a259-ae4cb58260f9	email verified	openid-connect	oidc-usermodel-property-mapper	\N	39e1693b-a924-4fbb-b98c-520869771f83
e348c7f8-e835-4539-a80b-b588510a82a9	email	openid-connect	oidc-usermodel-property-mapper	\N	39e1693b-a924-4fbb-b98c-520869771f83
e7c536ca-1711-4ed5-9f21-20a25435f475	login	openid-connect	oidc-usermodel-attribute-mapper	\N	3880d5d9-fced-4446-97fe-0434f2bb76ea
646e3a98-5f0c-4192-91f0-9719c295b278	langKey	openid-connect	oidc-usermodel-attribute-mapper	\N	3880d5d9-fced-4446-97fe-0434f2bb76ea
70b3e85f-e7b4-4c30-9d10-e0b589776951	roles	openid-connect	oidc-usermodel-realm-role-mapper	\N	3880d5d9-fced-4446-97fe-0434f2bb76ea
dec0c468-3c11-429b-844e-dfd632b20ba7	upn	openid-connect	oidc-usermodel-property-mapper	\N	a72d436e-111b-445b-804a-967d249f6455
1ac09ef6-ab67-4379-b15a-5e54e50783be	groups	openid-connect	oidc-usermodel-realm-role-mapper	\N	a72d436e-111b-445b-804a-967d249f6455
bbc582f4-4749-42b8-9c65-71f4edfd3979	phone number	openid-connect	oidc-usermodel-attribute-mapper	\N	0d3b55db-e68b-4c83-91d4-7370a6810a24
74840763-9b35-4c9a-8789-4008fedc26c2	phone number verified	openid-connect	oidc-usermodel-attribute-mapper	\N	0d3b55db-e68b-4c83-91d4-7370a6810a24
ecb34ff7-d27d-4696-b536-0512044b21a9	website	openid-connect	oidc-usermodel-attribute-mapper	\N	d5de6a8a-8894-4e72-b6ef-f9bf3a7a6541
f3cf3c8b-891a-48a1-97b3-1d10d55ddecd	locale	openid-connect	oidc-usermodel-attribute-mapper	\N	d5de6a8a-8894-4e72-b6ef-f9bf3a7a6541
fa3b86c8-abaf-4261-b48d-41cd3cf2dc6a	full name	openid-connect	oidc-full-name-mapper	\N	d5de6a8a-8894-4e72-b6ef-f9bf3a7a6541
219532f1-3c5c-4b30-a018-ae99adb6fc87	birthdate	openid-connect	oidc-usermodel-attribute-mapper	\N	d5de6a8a-8894-4e72-b6ef-f9bf3a7a6541
c443f4cd-1174-49a7-a2b3-65d5ccde5efa	nickname	openid-connect	oidc-usermodel-attribute-mapper	\N	d5de6a8a-8894-4e72-b6ef-f9bf3a7a6541
14631b9c-83eb-48ab-a224-29f047015e52	username	openid-connect	oidc-usermodel-property-mapper	\N	d5de6a8a-8894-4e72-b6ef-f9bf3a7a6541
cedd1f1b-951a-4332-9fa1-2edf1a266283	middle name	openid-connect	oidc-usermodel-attribute-mapper	\N	d5de6a8a-8894-4e72-b6ef-f9bf3a7a6541
5a33d5e4-e124-412e-be4d-b6b28b41382a	family name	openid-connect	oidc-usermodel-property-mapper	\N	d5de6a8a-8894-4e72-b6ef-f9bf3a7a6541
c4122959-6738-4883-b50a-acd0033a477a	profile	openid-connect	oidc-usermodel-attribute-mapper	\N	d5de6a8a-8894-4e72-b6ef-f9bf3a7a6541
d7db1b88-2c3c-419a-91cf-19ad13355a56	zoneinfo	openid-connect	oidc-usermodel-attribute-mapper	\N	d5de6a8a-8894-4e72-b6ef-f9bf3a7a6541
dfd19868-5c87-4a51-80e0-2a82dfabb16c	updated at	openid-connect	oidc-usermodel-attribute-mapper	\N	d5de6a8a-8894-4e72-b6ef-f9bf3a7a6541
19551b04-fc0c-44c4-b2bf-966da87ba3c3	given name	openid-connect	oidc-usermodel-property-mapper	\N	d5de6a8a-8894-4e72-b6ef-f9bf3a7a6541
c422b63f-e809-41c2-854c-e801e8e25485	gender	openid-connect	oidc-usermodel-attribute-mapper	\N	d5de6a8a-8894-4e72-b6ef-f9bf3a7a6541
2ccf435c-c255-4715-8dcd-15091f97c5a5	picture	openid-connect	oidc-usermodel-attribute-mapper	\N	d5de6a8a-8894-4e72-b6ef-f9bf3a7a6541
7cbb4477-af0c-4394-a754-b72a1b4638e0	role list	saml	saml-role-list-mapper	\N	391f1641-cb22-41a3-a0ed-752d9264aaf5
bbbd7dc1-63d0-468f-9463-4772833ef2fa	client roles	openid-connect	oidc-usermodel-client-role-mapper	\N	021d9ac1-9650-401c-b2a2-efa2f3e6b70c
9271d821-b803-406d-8574-2f5a2693f065	realm roles	openid-connect	oidc-usermodel-realm-role-mapper	\N	021d9ac1-9650-401c-b2a2-efa2f3e6b70c
90b1a715-e12e-4af8-89f6-82a370d57d1a	audience resolve	openid-connect	oidc-audience-resolve-mapper	\N	021d9ac1-9650-401c-b2a2-efa2f3e6b70c
134b3451-cf2d-4ead-8fce-bf24b32f014c	allowed web origins	openid-connect	oidc-allowed-origins-mapper	\N	84fdcb72-668b-408e-aaea-110d594afe5e
013df1b5-9a5b-44f2-a0b6-5bf6d448556b	audience resolve	openid-connect	oidc-audience-resolve-mapper	7b6ab455-242e-42aa-96d8-9c9e2b74da9d	\N
46513189-074c-4ba5-bfa7-29bae63faaaf	Client IP Address	openid-connect	oidc-usersessionmodel-note-mapper	98ae8603-4547-4218-8fb9-ebc550a0e10b	\N
974887a2-e14a-4afd-84fc-a848009079ae	Client ID	openid-connect	oidc-usersessionmodel-note-mapper	98ae8603-4547-4218-8fb9-ebc550a0e10b	\N
1b1a1f44-66df-4670-badb-46a3d361ec7c	Client Host	openid-connect	oidc-usersessionmodel-note-mapper	98ae8603-4547-4218-8fb9-ebc550a0e10b	\N
abfaa4cd-4bc1-4223-be5d-c56c641369f2	locale	openid-connect	oidc-usermodel-attribute-mapper	0aa176c1-8d28-4a8b-8e97-7e4b49a289ff	\N
21635601-25db-4828-8964-15ecf1c42c0f	middle name	openid-connect	oidc-usermodel-attribute-mapper	3babdb2c-8e3b-4e76-b61c-38016d6abbd7	\N
8d165721-d518-4ef5-8b4d-a224ba297d6a	given name	openid-connect	oidc-usermodel-property-mapper	3babdb2c-8e3b-4e76-b61c-38016d6abbd7	\N
365570cc-a358-4f8f-a700-e48136ebabf5	profile	openid-connect	oidc-usermodel-attribute-mapper	3babdb2c-8e3b-4e76-b61c-38016d6abbd7	\N
44eae7b3-59d2-4395-a679-c08754cf70e0	email	openid-connect	oidc-usermodel-property-mapper	3babdb2c-8e3b-4e76-b61c-38016d6abbd7	\N
74a71d5e-8918-44a7-a8d0-41fef8e53843	address	openid-connect	oidc-address-mapper	3babdb2c-8e3b-4e76-b61c-38016d6abbd7	\N
e3aac5de-5cb6-4722-9a7f-df7070a34e69	username	openid-connect	oidc-usermodel-property-mapper	3babdb2c-8e3b-4e76-b61c-38016d6abbd7	\N
b2e09199-bee8-4fbb-bd58-86262ee3ac13	snetFavourites	openid-connect	oidc-usermodel-property-mapper	3babdb2c-8e3b-4e76-b61c-38016d6abbd7	\N
fd8b2b62-b302-4a11-b539-8b38fd2eac71	family name	openid-connect	oidc-usermodel-property-mapper	3babdb2c-8e3b-4e76-b61c-38016d6abbd7	\N
b2cfb50b-09b7-494c-9790-96038b498aab	full name	openid-connect	oidc-full-name-mapper	3babdb2c-8e3b-4e76-b61c-38016d6abbd7	\N
263dc0e2-0c7c-4e57-96eb-2d2471270438	phone number	openid-connect	oidc-usermodel-attribute-mapper	3babdb2c-8e3b-4e76-b61c-38016d6abbd7	\N
\.


--
-- Data for Name: protocol_mapper_config; Type: TABLE DATA; Schema: public; Owner: shifternetzwerk
--

COPY public.protocol_mapper_config (protocol_mapper_id, value, name) FROM stdin;
d5bc58d3-c1af-4c14-89e9-11a7527c6f5a	true	userinfo.token.claim
d5bc58d3-c1af-4c14-89e9-11a7527c6f5a	locale	user.attribute
d5bc58d3-c1af-4c14-89e9-11a7527c6f5a	true	id.token.claim
d5bc58d3-c1af-4c14-89e9-11a7527c6f5a	true	access.token.claim
d5bc58d3-c1af-4c14-89e9-11a7527c6f5a	locale	claim.name
d5bc58d3-c1af-4c14-89e9-11a7527c6f5a	String	jsonType.label
7be59dc7-8714-485a-8d75-a9be9564a0cc	false	single
7be59dc7-8714-485a-8d75-a9be9564a0cc	Basic	attribute.nameformat
7be59dc7-8714-485a-8d75-a9be9564a0cc	Role	attribute.name
980a6360-dbc8-4b0b-aa82-32c918d3cc0d	true	userinfo.token.claim
980a6360-dbc8-4b0b-aa82-32c918d3cc0d	true	id.token.claim
980a6360-dbc8-4b0b-aa82-32c918d3cc0d	true	access.token.claim
14e228e5-d926-43f3-bad7-caa17810acc8	true	userinfo.token.claim
14e228e5-d926-43f3-bad7-caa17810acc8	lastName	user.attribute
14e228e5-d926-43f3-bad7-caa17810acc8	true	id.token.claim
14e228e5-d926-43f3-bad7-caa17810acc8	true	access.token.claim
14e228e5-d926-43f3-bad7-caa17810acc8	family_name	claim.name
14e228e5-d926-43f3-bad7-caa17810acc8	String	jsonType.label
d7e215ce-1a96-4d24-b3e1-175d608c2578	true	userinfo.token.claim
d7e215ce-1a96-4d24-b3e1-175d608c2578	firstName	user.attribute
d7e215ce-1a96-4d24-b3e1-175d608c2578	true	id.token.claim
d7e215ce-1a96-4d24-b3e1-175d608c2578	true	access.token.claim
d7e215ce-1a96-4d24-b3e1-175d608c2578	given_name	claim.name
d7e215ce-1a96-4d24-b3e1-175d608c2578	String	jsonType.label
a411bd20-324a-4a68-b6bd-e6a5a2635c5e	true	userinfo.token.claim
a411bd20-324a-4a68-b6bd-e6a5a2635c5e	middleName	user.attribute
a411bd20-324a-4a68-b6bd-e6a5a2635c5e	true	id.token.claim
a411bd20-324a-4a68-b6bd-e6a5a2635c5e	true	access.token.claim
a411bd20-324a-4a68-b6bd-e6a5a2635c5e	middle_name	claim.name
a411bd20-324a-4a68-b6bd-e6a5a2635c5e	String	jsonType.label
c58ebab7-03fb-4c79-b319-93336b287d46	true	userinfo.token.claim
c58ebab7-03fb-4c79-b319-93336b287d46	nickname	user.attribute
c58ebab7-03fb-4c79-b319-93336b287d46	true	id.token.claim
c58ebab7-03fb-4c79-b319-93336b287d46	true	access.token.claim
c58ebab7-03fb-4c79-b319-93336b287d46	nickname	claim.name
c58ebab7-03fb-4c79-b319-93336b287d46	String	jsonType.label
d9f52d43-d3c0-406b-a55b-4c5390e57ee3	true	userinfo.token.claim
d9f52d43-d3c0-406b-a55b-4c5390e57ee3	username	user.attribute
d9f52d43-d3c0-406b-a55b-4c5390e57ee3	true	id.token.claim
d9f52d43-d3c0-406b-a55b-4c5390e57ee3	true	access.token.claim
d9f52d43-d3c0-406b-a55b-4c5390e57ee3	preferred_username	claim.name
d9f52d43-d3c0-406b-a55b-4c5390e57ee3	String	jsonType.label
247a9caf-5fa7-4f89-9569-e5e0737ee674	true	userinfo.token.claim
247a9caf-5fa7-4f89-9569-e5e0737ee674	profile	user.attribute
247a9caf-5fa7-4f89-9569-e5e0737ee674	true	id.token.claim
247a9caf-5fa7-4f89-9569-e5e0737ee674	true	access.token.claim
247a9caf-5fa7-4f89-9569-e5e0737ee674	profile	claim.name
247a9caf-5fa7-4f89-9569-e5e0737ee674	String	jsonType.label
ae5d4ead-17e3-42ea-83e6-983f6bb23300	true	userinfo.token.claim
ae5d4ead-17e3-42ea-83e6-983f6bb23300	picture	user.attribute
ae5d4ead-17e3-42ea-83e6-983f6bb23300	true	id.token.claim
ae5d4ead-17e3-42ea-83e6-983f6bb23300	true	access.token.claim
ae5d4ead-17e3-42ea-83e6-983f6bb23300	picture	claim.name
ae5d4ead-17e3-42ea-83e6-983f6bb23300	String	jsonType.label
74608c88-b389-4cfe-b813-629967e61f10	true	userinfo.token.claim
74608c88-b389-4cfe-b813-629967e61f10	website	user.attribute
74608c88-b389-4cfe-b813-629967e61f10	true	id.token.claim
74608c88-b389-4cfe-b813-629967e61f10	true	access.token.claim
74608c88-b389-4cfe-b813-629967e61f10	website	claim.name
74608c88-b389-4cfe-b813-629967e61f10	String	jsonType.label
12885c2b-1065-46a1-a67d-f981fa9d5a1f	true	userinfo.token.claim
12885c2b-1065-46a1-a67d-f981fa9d5a1f	gender	user.attribute
12885c2b-1065-46a1-a67d-f981fa9d5a1f	true	id.token.claim
12885c2b-1065-46a1-a67d-f981fa9d5a1f	true	access.token.claim
12885c2b-1065-46a1-a67d-f981fa9d5a1f	gender	claim.name
12885c2b-1065-46a1-a67d-f981fa9d5a1f	String	jsonType.label
f0ea409e-46b4-4721-82d7-24dd1b409d69	true	userinfo.token.claim
f0ea409e-46b4-4721-82d7-24dd1b409d69	birthdate	user.attribute
f0ea409e-46b4-4721-82d7-24dd1b409d69	true	id.token.claim
f0ea409e-46b4-4721-82d7-24dd1b409d69	true	access.token.claim
f0ea409e-46b4-4721-82d7-24dd1b409d69	birthdate	claim.name
f0ea409e-46b4-4721-82d7-24dd1b409d69	String	jsonType.label
8ab5b93c-522a-4de3-99f2-bfdb39bb1e94	true	userinfo.token.claim
8ab5b93c-522a-4de3-99f2-bfdb39bb1e94	zoneinfo	user.attribute
8ab5b93c-522a-4de3-99f2-bfdb39bb1e94	true	id.token.claim
8ab5b93c-522a-4de3-99f2-bfdb39bb1e94	true	access.token.claim
8ab5b93c-522a-4de3-99f2-bfdb39bb1e94	zoneinfo	claim.name
8ab5b93c-522a-4de3-99f2-bfdb39bb1e94	String	jsonType.label
16f36c0e-8760-4416-9961-b513609cbbd8	true	userinfo.token.claim
16f36c0e-8760-4416-9961-b513609cbbd8	locale	user.attribute
16f36c0e-8760-4416-9961-b513609cbbd8	true	id.token.claim
16f36c0e-8760-4416-9961-b513609cbbd8	true	access.token.claim
16f36c0e-8760-4416-9961-b513609cbbd8	locale	claim.name
16f36c0e-8760-4416-9961-b513609cbbd8	String	jsonType.label
15aa06fe-3a9f-4a9a-928d-23f7a14b04d6	true	userinfo.token.claim
15aa06fe-3a9f-4a9a-928d-23f7a14b04d6	updatedAt	user.attribute
15aa06fe-3a9f-4a9a-928d-23f7a14b04d6	true	id.token.claim
15aa06fe-3a9f-4a9a-928d-23f7a14b04d6	true	access.token.claim
15aa06fe-3a9f-4a9a-928d-23f7a14b04d6	updated_at	claim.name
15aa06fe-3a9f-4a9a-928d-23f7a14b04d6	String	jsonType.label
65128bd2-e1f2-469d-962d-5a80e999d46d	true	userinfo.token.claim
65128bd2-e1f2-469d-962d-5a80e999d46d	email	user.attribute
65128bd2-e1f2-469d-962d-5a80e999d46d	true	id.token.claim
65128bd2-e1f2-469d-962d-5a80e999d46d	true	access.token.claim
65128bd2-e1f2-469d-962d-5a80e999d46d	email	claim.name
65128bd2-e1f2-469d-962d-5a80e999d46d	String	jsonType.label
3e29027a-05da-408f-83aa-a6b6af4489c0	true	userinfo.token.claim
3e29027a-05da-408f-83aa-a6b6af4489c0	emailVerified	user.attribute
3e29027a-05da-408f-83aa-a6b6af4489c0	true	id.token.claim
3e29027a-05da-408f-83aa-a6b6af4489c0	true	access.token.claim
3e29027a-05da-408f-83aa-a6b6af4489c0	email_verified	claim.name
3e29027a-05da-408f-83aa-a6b6af4489c0	boolean	jsonType.label
5eb9abd4-cb81-495b-af24-14953ef45248	formatted	user.attribute.formatted
5eb9abd4-cb81-495b-af24-14953ef45248	country	user.attribute.country
5eb9abd4-cb81-495b-af24-14953ef45248	postal_code	user.attribute.postal_code
5eb9abd4-cb81-495b-af24-14953ef45248	true	userinfo.token.claim
5eb9abd4-cb81-495b-af24-14953ef45248	street	user.attribute.street
5eb9abd4-cb81-495b-af24-14953ef45248	true	id.token.claim
5eb9abd4-cb81-495b-af24-14953ef45248	region	user.attribute.region
5eb9abd4-cb81-495b-af24-14953ef45248	true	access.token.claim
5eb9abd4-cb81-495b-af24-14953ef45248	locality	user.attribute.locality
7c6ff3e4-dae2-42f4-9a82-ef8fb3d71c7b	true	userinfo.token.claim
7c6ff3e4-dae2-42f4-9a82-ef8fb3d71c7b	phoneNumber	user.attribute
7c6ff3e4-dae2-42f4-9a82-ef8fb3d71c7b	true	id.token.claim
7c6ff3e4-dae2-42f4-9a82-ef8fb3d71c7b	true	access.token.claim
7c6ff3e4-dae2-42f4-9a82-ef8fb3d71c7b	phone_number	claim.name
7c6ff3e4-dae2-42f4-9a82-ef8fb3d71c7b	String	jsonType.label
599c7513-71a6-47af-a9ca-772f7d25572b	true	userinfo.token.claim
599c7513-71a6-47af-a9ca-772f7d25572b	phoneNumberVerified	user.attribute
599c7513-71a6-47af-a9ca-772f7d25572b	true	id.token.claim
599c7513-71a6-47af-a9ca-772f7d25572b	true	access.token.claim
599c7513-71a6-47af-a9ca-772f7d25572b	phone_number_verified	claim.name
599c7513-71a6-47af-a9ca-772f7d25572b	boolean	jsonType.label
0a3e8fa2-60b2-4dd7-96ea-44889c6c1d98	true	multivalued
0a3e8fa2-60b2-4dd7-96ea-44889c6c1d98	foo	user.attribute
0a3e8fa2-60b2-4dd7-96ea-44889c6c1d98	true	access.token.claim
0a3e8fa2-60b2-4dd7-96ea-44889c6c1d98	realm_access.roles	claim.name
0a3e8fa2-60b2-4dd7-96ea-44889c6c1d98	String	jsonType.label
47849a77-8e28-4682-9b89-e008ca3bdad9	true	multivalued
47849a77-8e28-4682-9b89-e008ca3bdad9	foo	user.attribute
47849a77-8e28-4682-9b89-e008ca3bdad9	true	access.token.claim
47849a77-8e28-4682-9b89-e008ca3bdad9	resource_access.${client_id}.roles	claim.name
47849a77-8e28-4682-9b89-e008ca3bdad9	String	jsonType.label
bdb2e8df-d429-4096-bbb8-2dc75c25f4b3	true	userinfo.token.claim
bdb2e8df-d429-4096-bbb8-2dc75c25f4b3	username	user.attribute
bdb2e8df-d429-4096-bbb8-2dc75c25f4b3	true	id.token.claim
bdb2e8df-d429-4096-bbb8-2dc75c25f4b3	true	access.token.claim
bdb2e8df-d429-4096-bbb8-2dc75c25f4b3	upn	claim.name
bdb2e8df-d429-4096-bbb8-2dc75c25f4b3	String	jsonType.label
202ff041-933a-4edb-b789-c312055bfc32	true	multivalued
202ff041-933a-4edb-b789-c312055bfc32	foo	user.attribute
202ff041-933a-4edb-b789-c312055bfc32	true	id.token.claim
202ff041-933a-4edb-b789-c312055bfc32	true	access.token.claim
202ff041-933a-4edb-b789-c312055bfc32	groups	claim.name
202ff041-933a-4edb-b789-c312055bfc32	String	jsonType.label
b9a92105-8ca5-45d1-8a99-626255ac174f	formatted	user.attribute.formatted
b9a92105-8ca5-45d1-8a99-626255ac174f	country	user.attribute.country
b9a92105-8ca5-45d1-8a99-626255ac174f	postal_code	user.attribute.postal_code
b9a92105-8ca5-45d1-8a99-626255ac174f	true	userinfo.token.claim
b9a92105-8ca5-45d1-8a99-626255ac174f	street	user.attribute.street
b9a92105-8ca5-45d1-8a99-626255ac174f	true	id.token.claim
b9a92105-8ca5-45d1-8a99-626255ac174f	region	user.attribute.region
b9a92105-8ca5-45d1-8a99-626255ac174f	true	access.token.claim
b9a92105-8ca5-45d1-8a99-626255ac174f	locality	user.attribute.locality
76f898bc-70e4-4e0a-a259-ae4cb58260f9	true	userinfo.token.claim
76f898bc-70e4-4e0a-a259-ae4cb58260f9	emailVerified	user.attribute
76f898bc-70e4-4e0a-a259-ae4cb58260f9	true	id.token.claim
76f898bc-70e4-4e0a-a259-ae4cb58260f9	true	access.token.claim
76f898bc-70e4-4e0a-a259-ae4cb58260f9	email_verified	claim.name
76f898bc-70e4-4e0a-a259-ae4cb58260f9	boolean	jsonType.label
e348c7f8-e835-4539-a80b-b588510a82a9	true	userinfo.token.claim
e348c7f8-e835-4539-a80b-b588510a82a9	email	user.attribute
e348c7f8-e835-4539-a80b-b588510a82a9	true	id.token.claim
e348c7f8-e835-4539-a80b-b588510a82a9	true	access.token.claim
e348c7f8-e835-4539-a80b-b588510a82a9	email	claim.name
e348c7f8-e835-4539-a80b-b588510a82a9	String	jsonType.label
e7c536ca-1711-4ed5-9f21-20a25435f475	preferred_username	user.attribute
e7c536ca-1711-4ed5-9f21-20a25435f475	login	claim.name
e7c536ca-1711-4ed5-9f21-20a25435f475	String	jsonType.label
e7c536ca-1711-4ed5-9f21-20a25435f475	true	userinfo.token.claim
646e3a98-5f0c-4192-91f0-9719c295b278	langKey	user.attribute
646e3a98-5f0c-4192-91f0-9719c295b278	langKey	claim.name
646e3a98-5f0c-4192-91f0-9719c295b278	String	jsonType.label
646e3a98-5f0c-4192-91f0-9719c295b278	true	userinfo.token.claim
70b3e85f-e7b4-4c30-9d10-e0b589776951	true	access.token.claim
70b3e85f-e7b4-4c30-9d10-e0b589776951	roles	claim.name
70b3e85f-e7b4-4c30-9d10-e0b589776951	String	jsonType.label
70b3e85f-e7b4-4c30-9d10-e0b589776951	true	multivalued
70b3e85f-e7b4-4c30-9d10-e0b589776951	true	userinfo.token.claim
dec0c468-3c11-429b-844e-dfd632b20ba7	true	userinfo.token.claim
dec0c468-3c11-429b-844e-dfd632b20ba7	username	user.attribute
dec0c468-3c11-429b-844e-dfd632b20ba7	true	id.token.claim
dec0c468-3c11-429b-844e-dfd632b20ba7	true	access.token.claim
dec0c468-3c11-429b-844e-dfd632b20ba7	upn	claim.name
dec0c468-3c11-429b-844e-dfd632b20ba7	String	jsonType.label
1ac09ef6-ab67-4379-b15a-5e54e50783be	true	multivalued
1ac09ef6-ab67-4379-b15a-5e54e50783be	true	userinfo.token.claim
1ac09ef6-ab67-4379-b15a-5e54e50783be	foo	user.attribute
1ac09ef6-ab67-4379-b15a-5e54e50783be	true	id.token.claim
1ac09ef6-ab67-4379-b15a-5e54e50783be	true	access.token.claim
1ac09ef6-ab67-4379-b15a-5e54e50783be	groups	claim.name
1ac09ef6-ab67-4379-b15a-5e54e50783be	String	jsonType.label
bbc582f4-4749-42b8-9c65-71f4edfd3979	true	userinfo.token.claim
bbc582f4-4749-42b8-9c65-71f4edfd3979	phoneNumber	user.attribute
bbc582f4-4749-42b8-9c65-71f4edfd3979	true	id.token.claim
bbc582f4-4749-42b8-9c65-71f4edfd3979	true	access.token.claim
bbc582f4-4749-42b8-9c65-71f4edfd3979	phone_number	claim.name
bbc582f4-4749-42b8-9c65-71f4edfd3979	String	jsonType.label
74840763-9b35-4c9a-8789-4008fedc26c2	true	userinfo.token.claim
74840763-9b35-4c9a-8789-4008fedc26c2	phoneNumberVerified	user.attribute
74840763-9b35-4c9a-8789-4008fedc26c2	true	id.token.claim
74840763-9b35-4c9a-8789-4008fedc26c2	true	access.token.claim
74840763-9b35-4c9a-8789-4008fedc26c2	phone_number_verified	claim.name
74840763-9b35-4c9a-8789-4008fedc26c2	boolean	jsonType.label
ecb34ff7-d27d-4696-b536-0512044b21a9	true	userinfo.token.claim
ecb34ff7-d27d-4696-b536-0512044b21a9	website	user.attribute
ecb34ff7-d27d-4696-b536-0512044b21a9	true	id.token.claim
ecb34ff7-d27d-4696-b536-0512044b21a9	true	access.token.claim
ecb34ff7-d27d-4696-b536-0512044b21a9	website	claim.name
ecb34ff7-d27d-4696-b536-0512044b21a9	String	jsonType.label
f3cf3c8b-891a-48a1-97b3-1d10d55ddecd	true	userinfo.token.claim
f3cf3c8b-891a-48a1-97b3-1d10d55ddecd	locale	user.attribute
f3cf3c8b-891a-48a1-97b3-1d10d55ddecd	true	id.token.claim
f3cf3c8b-891a-48a1-97b3-1d10d55ddecd	true	access.token.claim
f3cf3c8b-891a-48a1-97b3-1d10d55ddecd	locale	claim.name
f3cf3c8b-891a-48a1-97b3-1d10d55ddecd	String	jsonType.label
fa3b86c8-abaf-4261-b48d-41cd3cf2dc6a	true	id.token.claim
fa3b86c8-abaf-4261-b48d-41cd3cf2dc6a	true	access.token.claim
fa3b86c8-abaf-4261-b48d-41cd3cf2dc6a	true	userinfo.token.claim
219532f1-3c5c-4b30-a018-ae99adb6fc87	true	userinfo.token.claim
219532f1-3c5c-4b30-a018-ae99adb6fc87	birthdate	user.attribute
219532f1-3c5c-4b30-a018-ae99adb6fc87	true	id.token.claim
219532f1-3c5c-4b30-a018-ae99adb6fc87	true	access.token.claim
219532f1-3c5c-4b30-a018-ae99adb6fc87	birthdate	claim.name
219532f1-3c5c-4b30-a018-ae99adb6fc87	String	jsonType.label
c443f4cd-1174-49a7-a2b3-65d5ccde5efa	true	userinfo.token.claim
c443f4cd-1174-49a7-a2b3-65d5ccde5efa	nickname	user.attribute
c443f4cd-1174-49a7-a2b3-65d5ccde5efa	true	id.token.claim
c443f4cd-1174-49a7-a2b3-65d5ccde5efa	true	access.token.claim
c443f4cd-1174-49a7-a2b3-65d5ccde5efa	nickname	claim.name
c443f4cd-1174-49a7-a2b3-65d5ccde5efa	String	jsonType.label
14631b9c-83eb-48ab-a224-29f047015e52	true	userinfo.token.claim
14631b9c-83eb-48ab-a224-29f047015e52	username	user.attribute
14631b9c-83eb-48ab-a224-29f047015e52	true	id.token.claim
14631b9c-83eb-48ab-a224-29f047015e52	true	access.token.claim
14631b9c-83eb-48ab-a224-29f047015e52	preferred_username	claim.name
14631b9c-83eb-48ab-a224-29f047015e52	String	jsonType.label
cedd1f1b-951a-4332-9fa1-2edf1a266283	true	userinfo.token.claim
cedd1f1b-951a-4332-9fa1-2edf1a266283	middleName	user.attribute
cedd1f1b-951a-4332-9fa1-2edf1a266283	true	id.token.claim
cedd1f1b-951a-4332-9fa1-2edf1a266283	true	access.token.claim
cedd1f1b-951a-4332-9fa1-2edf1a266283	middle_name	claim.name
cedd1f1b-951a-4332-9fa1-2edf1a266283	String	jsonType.label
5a33d5e4-e124-412e-be4d-b6b28b41382a	true	userinfo.token.claim
5a33d5e4-e124-412e-be4d-b6b28b41382a	lastName	user.attribute
5a33d5e4-e124-412e-be4d-b6b28b41382a	true	id.token.claim
5a33d5e4-e124-412e-be4d-b6b28b41382a	true	access.token.claim
5a33d5e4-e124-412e-be4d-b6b28b41382a	family_name	claim.name
5a33d5e4-e124-412e-be4d-b6b28b41382a	String	jsonType.label
c4122959-6738-4883-b50a-acd0033a477a	true	userinfo.token.claim
c4122959-6738-4883-b50a-acd0033a477a	profile	user.attribute
c4122959-6738-4883-b50a-acd0033a477a	true	id.token.claim
c4122959-6738-4883-b50a-acd0033a477a	true	access.token.claim
c4122959-6738-4883-b50a-acd0033a477a	profile	claim.name
c4122959-6738-4883-b50a-acd0033a477a	String	jsonType.label
d7db1b88-2c3c-419a-91cf-19ad13355a56	true	userinfo.token.claim
d7db1b88-2c3c-419a-91cf-19ad13355a56	zoneinfo	user.attribute
d7db1b88-2c3c-419a-91cf-19ad13355a56	true	id.token.claim
d7db1b88-2c3c-419a-91cf-19ad13355a56	true	access.token.claim
d7db1b88-2c3c-419a-91cf-19ad13355a56	zoneinfo	claim.name
d7db1b88-2c3c-419a-91cf-19ad13355a56	String	jsonType.label
dfd19868-5c87-4a51-80e0-2a82dfabb16c	true	userinfo.token.claim
dfd19868-5c87-4a51-80e0-2a82dfabb16c	updatedAt	user.attribute
dfd19868-5c87-4a51-80e0-2a82dfabb16c	true	id.token.claim
dfd19868-5c87-4a51-80e0-2a82dfabb16c	true	access.token.claim
dfd19868-5c87-4a51-80e0-2a82dfabb16c	updated_at	claim.name
dfd19868-5c87-4a51-80e0-2a82dfabb16c	String	jsonType.label
19551b04-fc0c-44c4-b2bf-966da87ba3c3	true	userinfo.token.claim
19551b04-fc0c-44c4-b2bf-966da87ba3c3	firstName	user.attribute
19551b04-fc0c-44c4-b2bf-966da87ba3c3	true	id.token.claim
19551b04-fc0c-44c4-b2bf-966da87ba3c3	true	access.token.claim
19551b04-fc0c-44c4-b2bf-966da87ba3c3	given_name	claim.name
19551b04-fc0c-44c4-b2bf-966da87ba3c3	String	jsonType.label
c422b63f-e809-41c2-854c-e801e8e25485	true	userinfo.token.claim
c422b63f-e809-41c2-854c-e801e8e25485	gender	user.attribute
c422b63f-e809-41c2-854c-e801e8e25485	true	id.token.claim
c422b63f-e809-41c2-854c-e801e8e25485	true	access.token.claim
c422b63f-e809-41c2-854c-e801e8e25485	gender	claim.name
c422b63f-e809-41c2-854c-e801e8e25485	String	jsonType.label
2ccf435c-c255-4715-8dcd-15091f97c5a5	true	userinfo.token.claim
2ccf435c-c255-4715-8dcd-15091f97c5a5	picture	user.attribute
2ccf435c-c255-4715-8dcd-15091f97c5a5	true	id.token.claim
2ccf435c-c255-4715-8dcd-15091f97c5a5	true	access.token.claim
2ccf435c-c255-4715-8dcd-15091f97c5a5	picture	claim.name
2ccf435c-c255-4715-8dcd-15091f97c5a5	String	jsonType.label
7cbb4477-af0c-4394-a754-b72a1b4638e0	false	single
7cbb4477-af0c-4394-a754-b72a1b4638e0	Basic	attribute.nameformat
7cbb4477-af0c-4394-a754-b72a1b4638e0	Role	attribute.name
bbbd7dc1-63d0-468f-9463-4772833ef2fa	foo	user.attribute
bbbd7dc1-63d0-468f-9463-4772833ef2fa	true	access.token.claim
bbbd7dc1-63d0-468f-9463-4772833ef2fa	resource_access.${client_id}.roles	claim.name
bbbd7dc1-63d0-468f-9463-4772833ef2fa	String	jsonType.label
bbbd7dc1-63d0-468f-9463-4772833ef2fa	true	multivalued
9271d821-b803-406d-8574-2f5a2693f065	foo	user.attribute
9271d821-b803-406d-8574-2f5a2693f065	true	access.token.claim
9271d821-b803-406d-8574-2f5a2693f065	realm_access.roles	claim.name
9271d821-b803-406d-8574-2f5a2693f065	String	jsonType.label
9271d821-b803-406d-8574-2f5a2693f065	true	multivalued
46513189-074c-4ba5-bfa7-29bae63faaaf	clientAddress	user.session.note
46513189-074c-4ba5-bfa7-29bae63faaaf	true	userinfo.token.claim
46513189-074c-4ba5-bfa7-29bae63faaaf	true	id.token.claim
46513189-074c-4ba5-bfa7-29bae63faaaf	true	access.token.claim
46513189-074c-4ba5-bfa7-29bae63faaaf	clientAddress	claim.name
46513189-074c-4ba5-bfa7-29bae63faaaf	String	jsonType.label
974887a2-e14a-4afd-84fc-a848009079ae	clientId	user.session.note
974887a2-e14a-4afd-84fc-a848009079ae	true	userinfo.token.claim
974887a2-e14a-4afd-84fc-a848009079ae	true	id.token.claim
974887a2-e14a-4afd-84fc-a848009079ae	true	access.token.claim
974887a2-e14a-4afd-84fc-a848009079ae	clientId	claim.name
974887a2-e14a-4afd-84fc-a848009079ae	String	jsonType.label
1b1a1f44-66df-4670-badb-46a3d361ec7c	clientHost	user.session.note
1b1a1f44-66df-4670-badb-46a3d361ec7c	true	userinfo.token.claim
1b1a1f44-66df-4670-badb-46a3d361ec7c	true	id.token.claim
1b1a1f44-66df-4670-badb-46a3d361ec7c	true	access.token.claim
1b1a1f44-66df-4670-badb-46a3d361ec7c	clientHost	claim.name
1b1a1f44-66df-4670-badb-46a3d361ec7c	String	jsonType.label
abfaa4cd-4bc1-4223-be5d-c56c641369f2	true	userinfo.token.claim
abfaa4cd-4bc1-4223-be5d-c56c641369f2	locale	user.attribute
abfaa4cd-4bc1-4223-be5d-c56c641369f2	true	id.token.claim
abfaa4cd-4bc1-4223-be5d-c56c641369f2	true	access.token.claim
abfaa4cd-4bc1-4223-be5d-c56c641369f2	locale	claim.name
abfaa4cd-4bc1-4223-be5d-c56c641369f2	String	jsonType.label
21635601-25db-4828-8964-15ecf1c42c0f	true	userinfo.token.claim
21635601-25db-4828-8964-15ecf1c42c0f	middleName	user.attribute
21635601-25db-4828-8964-15ecf1c42c0f	true	id.token.claim
21635601-25db-4828-8964-15ecf1c42c0f	true	access.token.claim
21635601-25db-4828-8964-15ecf1c42c0f	middle_name	claim.name
21635601-25db-4828-8964-15ecf1c42c0f	String	jsonType.label
8d165721-d518-4ef5-8b4d-a224ba297d6a	true	userinfo.token.claim
8d165721-d518-4ef5-8b4d-a224ba297d6a	firstName	user.attribute
8d165721-d518-4ef5-8b4d-a224ba297d6a	true	id.token.claim
8d165721-d518-4ef5-8b4d-a224ba297d6a	true	access.token.claim
8d165721-d518-4ef5-8b4d-a224ba297d6a	given_name	claim.name
8d165721-d518-4ef5-8b4d-a224ba297d6a	String	jsonType.label
365570cc-a358-4f8f-a700-e48136ebabf5	true	userinfo.token.claim
365570cc-a358-4f8f-a700-e48136ebabf5	profile	user.attribute
365570cc-a358-4f8f-a700-e48136ebabf5	true	id.token.claim
365570cc-a358-4f8f-a700-e48136ebabf5	true	access.token.claim
365570cc-a358-4f8f-a700-e48136ebabf5	profile	claim.name
365570cc-a358-4f8f-a700-e48136ebabf5	String	jsonType.label
44eae7b3-59d2-4395-a679-c08754cf70e0	true	userinfo.token.claim
44eae7b3-59d2-4395-a679-c08754cf70e0	email	user.attribute
44eae7b3-59d2-4395-a679-c08754cf70e0	true	id.token.claim
44eae7b3-59d2-4395-a679-c08754cf70e0	true	access.token.claim
44eae7b3-59d2-4395-a679-c08754cf70e0	email	claim.name
44eae7b3-59d2-4395-a679-c08754cf70e0	String	jsonType.label
74a71d5e-8918-44a7-a8d0-41fef8e53843	formatted	user.attribute.formatted
74a71d5e-8918-44a7-a8d0-41fef8e53843	country	user.attribute.country
74a71d5e-8918-44a7-a8d0-41fef8e53843	postal_code	user.attribute.postal_code
74a71d5e-8918-44a7-a8d0-41fef8e53843	true	userinfo.token.claim
74a71d5e-8918-44a7-a8d0-41fef8e53843	street	user.attribute.street
74a71d5e-8918-44a7-a8d0-41fef8e53843	true	id.token.claim
74a71d5e-8918-44a7-a8d0-41fef8e53843	region	user.attribute.region
74a71d5e-8918-44a7-a8d0-41fef8e53843	true	access.token.claim
74a71d5e-8918-44a7-a8d0-41fef8e53843	locality	user.attribute.locality
e3aac5de-5cb6-4722-9a7f-df7070a34e69	true	userinfo.token.claim
e3aac5de-5cb6-4722-9a7f-df7070a34e69	username	user.attribute
e3aac5de-5cb6-4722-9a7f-df7070a34e69	true	id.token.claim
e3aac5de-5cb6-4722-9a7f-df7070a34e69	true	access.token.claim
e3aac5de-5cb6-4722-9a7f-df7070a34e69	preferred_username	claim.name
e3aac5de-5cb6-4722-9a7f-df7070a34e69	String	jsonType.label
b2e09199-bee8-4fbb-bd58-86262ee3ac13	true	userinfo.token.claim
b2e09199-bee8-4fbb-bd58-86262ee3ac13	snetFavourites	user.attribute
b2e09199-bee8-4fbb-bd58-86262ee3ac13	true	id.token.claim
b2e09199-bee8-4fbb-bd58-86262ee3ac13	true	access.token.claim
b2e09199-bee8-4fbb-bd58-86262ee3ac13	snetFavourites	claim.name
b2e09199-bee8-4fbb-bd58-86262ee3ac13	JSON	jsonType.label
fd8b2b62-b302-4a11-b539-8b38fd2eac71	true	userinfo.token.claim
fd8b2b62-b302-4a11-b539-8b38fd2eac71	lastName	user.attribute
fd8b2b62-b302-4a11-b539-8b38fd2eac71	true	id.token.claim
fd8b2b62-b302-4a11-b539-8b38fd2eac71	true	access.token.claim
fd8b2b62-b302-4a11-b539-8b38fd2eac71	family_name	claim.name
fd8b2b62-b302-4a11-b539-8b38fd2eac71	String	jsonType.label
b2cfb50b-09b7-494c-9790-96038b498aab	true	id.token.claim
b2cfb50b-09b7-494c-9790-96038b498aab	true	access.token.claim
b2cfb50b-09b7-494c-9790-96038b498aab	true	userinfo.token.claim
263dc0e2-0c7c-4e57-96eb-2d2471270438	true	userinfo.token.claim
263dc0e2-0c7c-4e57-96eb-2d2471270438	phoneNumber	user.attribute
263dc0e2-0c7c-4e57-96eb-2d2471270438	true	id.token.claim
263dc0e2-0c7c-4e57-96eb-2d2471270438	true	access.token.claim
263dc0e2-0c7c-4e57-96eb-2d2471270438	phone_number	claim.name
263dc0e2-0c7c-4e57-96eb-2d2471270438	String	jsonType.label
\.


--
-- Data for Name: realm_attribute; Type: TABLE DATA; Schema: public; Owner: shifternetzwerk
--

COPY public.realm_attribute (name, value, realm_id) FROM stdin;
_browser_header.contentSecurityPolicyReportOnly		jhipster
_browser_header.xContentTypeOptions	nosniff	jhipster
_browser_header.xRobotsTag	none	jhipster
_browser_header.xFrameOptions	SAMEORIGIN	jhipster
_browser_header.contentSecurityPolicy	frame-src 'self'; frame-ancestors 'self'; object-src 'none';	jhipster
_browser_header.xXSSProtection	1; mode=block	jhipster
_browser_header.strictTransportSecurity	max-age=31536000; includeSubDomains	jhipster
bruteForceProtected	false	jhipster
permanentLockout	false	jhipster
maxFailureWaitSeconds	900	jhipster
minimumQuickLoginWaitSeconds	60	jhipster
waitIncrementSeconds	60	jhipster
quickLoginCheckMilliSeconds	1000	jhipster
maxDeltaTimeSeconds	43200	jhipster
failureFactor	30	jhipster
offlineSessionMaxLifespanEnabled	false	jhipster
offlineSessionMaxLifespan	5184000	jhipster
clientSessionIdleTimeout	0	jhipster
clientSessionMaxLifespan	0	jhipster
actionTokenGeneratedByAdminLifespan	43200	jhipster
actionTokenGeneratedByUserLifespan	300	jhipster
webAuthnPolicyRpEntityName	keycloak	jhipster
webAuthnPolicySignatureAlgorithms	ES256	jhipster
webAuthnPolicyRpId		jhipster
webAuthnPolicyAttestationConveyancePreference	not specified	jhipster
webAuthnPolicyAuthenticatorAttachment	not specified	jhipster
webAuthnPolicyRequireResidentKey	not specified	jhipster
webAuthnPolicyUserVerificationRequirement	not specified	jhipster
webAuthnPolicyCreateTimeout	0	jhipster
webAuthnPolicyAvoidSameAuthenticatorRegister	false	jhipster
webAuthnPolicyRpEntityNamePasswordless	keycloak	jhipster
webAuthnPolicySignatureAlgorithmsPasswordless	ES256	jhipster
webAuthnPolicyRpIdPasswordless		jhipster
webAuthnPolicyAttestationConveyancePreferencePasswordless	not specified	jhipster
webAuthnPolicyAuthenticatorAttachmentPasswordless	not specified	jhipster
webAuthnPolicyRequireResidentKeyPasswordless	not specified	jhipster
webAuthnPolicyUserVerificationRequirementPasswordless	not specified	jhipster
webAuthnPolicyCreateTimeoutPasswordless	0	jhipster
webAuthnPolicyAvoidSameAuthenticatorRegisterPasswordless	false	jhipster
clientSessionIdleTimeout	0	master
clientSessionMaxLifespan	0	master
clientOfflineSessionIdleTimeout	0	master
clientOfflineSessionMaxLifespan	0	master
displayName	Keycloak	master
displayNameHtml	<div class="kc-logo-text"><span>Keycloak</span></div>	master
bruteForceProtected	false	master
permanentLockout	false	master
maxFailureWaitSeconds	900	master
minimumQuickLoginWaitSeconds	60	master
waitIncrementSeconds	60	master
quickLoginCheckMilliSeconds	1000	master
maxDeltaTimeSeconds	43200	master
failureFactor	30	master
actionTokenGeneratedByAdminLifespan	43200	master
actionTokenGeneratedByUserLifespan	300	master
offlineSessionMaxLifespanEnabled	false	master
offlineSessionMaxLifespan	5184000	master
webAuthnPolicyRpEntityName	keycloak	master
webAuthnPolicySignatureAlgorithms	ES256	master
webAuthnPolicyRpId		master
webAuthnPolicyAttestationConveyancePreference	not specified	master
webAuthnPolicyAuthenticatorAttachment	not specified	master
webAuthnPolicyRequireResidentKey	not specified	master
webAuthnPolicyUserVerificationRequirement	not specified	master
webAuthnPolicyCreateTimeout	0	master
webAuthnPolicyAvoidSameAuthenticatorRegister	false	master
webAuthnPolicyRpEntityNamePasswordless	keycloak	master
webAuthnPolicySignatureAlgorithmsPasswordless	ES256	master
webAuthnPolicyRpIdPasswordless		master
webAuthnPolicyAttestationConveyancePreferencePasswordless	not specified	master
webAuthnPolicyAuthenticatorAttachmentPasswordless	not specified	master
webAuthnPolicyRequireResidentKeyPasswordless	not specified	master
webAuthnPolicyUserVerificationRequirementPasswordless	not specified	master
webAuthnPolicyCreateTimeoutPasswordless	0	master
webAuthnPolicyAvoidSameAuthenticatorRegisterPasswordless	false	master
_browser_header.contentSecurityPolicyReportOnly		master
_browser_header.xContentTypeOptions	nosniff	master
_browser_header.xRobotsTag	none	master
_browser_header.xFrameOptions	SAMEORIGIN	master
_browser_header.contentSecurityPolicy	frame-src 'self'; frame-ancestors 'self'; object-src 'none';	master
_browser_header.xXSSProtection	1; mode=block	master
_browser_header.strictTransportSecurity	max-age=31536000; includeSubDomains	master
\.


--
-- Data for Name: realm_default_groups; Type: TABLE DATA; Schema: public; Owner: shifternetzwerk
--

COPY public.realm_default_groups (realm_id, group_id) FROM stdin;
\.


--
-- Data for Name: realm_default_roles; Type: TABLE DATA; Schema: public; Owner: shifternetzwerk
--

COPY public.realm_default_roles (realm_id, role_id) FROM stdin;
master	3f796c7d-679f-46de-bed8-d91c8e11eae0
master	2dc15707-b7be-4e1f-9e21-b7a2d7136b7f
jhipster	932ca70d-a311-42f9-9042-431cef835b9e
jhipster	96c0124c-0f00-4769-8cd3-f7dfd74a0af3
\.


--
-- Data for Name: realm_enabled_event_types; Type: TABLE DATA; Schema: public; Owner: shifternetzwerk
--

COPY public.realm_enabled_event_types (realm_id, value) FROM stdin;
\.


--
-- Data for Name: realm_events_listeners; Type: TABLE DATA; Schema: public; Owner: shifternetzwerk
--

COPY public.realm_events_listeners (realm_id, value) FROM stdin;
jhipster	jboss-logging
master	jboss-logging
\.


--
-- Data for Name: realm_localizations; Type: TABLE DATA; Schema: public; Owner: shifternetzwerk
--

COPY public.realm_localizations (realm_id, locale, texts) FROM stdin;
\.


--
-- Data for Name: realm_smtp_config; Type: TABLE DATA; Schema: public; Owner: shifternetzwerk
--

COPY public.realm_smtp_config (realm_id, value, name) FROM stdin;
\.


--
-- Data for Name: realm_supported_locales; Type: TABLE DATA; Schema: public; Owner: shifternetzwerk
--

COPY public.realm_supported_locales (realm_id, value) FROM stdin;
master	
\.


--
-- Data for Name: redirect_uris; Type: TABLE DATA; Schema: public; Owner: shifternetzwerk
--

COPY public.redirect_uris (client_id, value) FROM stdin;
962a768f-6775-472d-99b2-dc739bdce328	/realms/master/account/*
e79a8baf-a4f1-4066-a4c3-781b3f84df3f	/realms/master/account/*
efba9c28-195e-4710-8c64-dc0e6bac7917	/admin/master/console/*
e07da50b-cddc-4524-b630-436a5a6ba8ab	/realms/jhipster/account/*
7b6ab455-242e-42aa-96d8-9c9e2b74da9d	/realms/jhipster/account/*
0aa176c1-8d28-4a8b-8e97-7e4b49a289ff	/admin/jhipster/console/*
1eabef67-6473-4ba8-b07c-14bdbae4aaed	http://127.0.0.1:*
1eabef67-6473-4ba8-b07c-14bdbae4aaed	dev.localhost.ionic:*
1eabef67-6473-4ba8-b07c-14bdbae4aaed	http://localhost:*
1eabef67-6473-4ba8-b07c-14bdbae4aaed	https://127.0.0.1:*
1eabef67-6473-4ba8-b07c-14bdbae4aaed	https://localhost:*
3babdb2c-8e3b-4e76-b61c-38016d6abbd7	https://shifter.shiftphones.com*
3babdb2c-8e3b-4e76-b61c-38016d6abbd7	http://localhost*
3babdb2c-8e3b-4e76-b61c-38016d6abbd7	https://localhost*
3babdb2c-8e3b-4e76-b61c-38016d6abbd7	http://shifter.shiftphones.com*
3babdb2c-8e3b-4e76-b61c-38016d6abbd7	http://localhost:8080/
\.


--
-- Data for Name: required_action_config; Type: TABLE DATA; Schema: public; Owner: shifternetzwerk
--

COPY public.required_action_config (required_action_id, value, name) FROM stdin;
\.


--
-- Data for Name: required_action_provider; Type: TABLE DATA; Schema: public; Owner: shifternetzwerk
--

COPY public.required_action_provider (id, alias, name, realm_id, enabled, default_action, provider_id, priority) FROM stdin;
df8bdf4f-23be-45ba-bd6f-134f1360d8be	VERIFY_EMAIL	Verify Email	master	t	f	VERIFY_EMAIL	50
4f23155b-a087-45f0-88c8-623684555e7a	UPDATE_PROFILE	Update Profile	master	t	f	UPDATE_PROFILE	40
5544692f-767e-4687-8c56-135c12e74d46	CONFIGURE_TOTP	Configure OTP	master	t	f	CONFIGURE_TOTP	10
2a225481-ce07-4c81-8c89-bfcb2ecc8217	UPDATE_PASSWORD	Update Password	master	t	f	UPDATE_PASSWORD	30
344940d5-b13f-452d-ba69-6b2e9f5cf9b9	terms_and_conditions	Terms and Conditions	master	f	f	terms_and_conditions	20
122901fd-3fbd-4e59-b6b5-43bf14b403ae	update_user_locale	Update User Locale	master	t	f	update_user_locale	1000
240dc45e-61bb-4abf-a9e4-af097e3a2cd9	delete_account	Delete Account	master	f	f	delete_account	60
d90f2a96-ac3b-409b-b13e-c9664922064f	CONFIGURE_TOTP	Configure OTP	jhipster	t	f	CONFIGURE_TOTP	10
8fc3d91b-9055-4a33-be90-98a7b9483783	terms_and_conditions	Terms and Conditions	jhipster	f	f	terms_and_conditions	20
36cf78f7-557d-46a7-9b0a-542a1ab00efc	UPDATE_PASSWORD	Update Password	jhipster	t	f	UPDATE_PASSWORD	30
029939ff-b2df-4334-8030-9fecf49c9481	UPDATE_PROFILE	Update Profile	jhipster	t	f	UPDATE_PROFILE	40
5bd0c5d6-ba2a-4e52-a4a2-be4d32704600	VERIFY_EMAIL	Verify Email	jhipster	t	f	VERIFY_EMAIL	50
84c939db-1586-4089-8c96-4e329132a917	update_user_locale	Update User Locale	jhipster	t	f	update_user_locale	1000
a9e59f89-8cec-4d16-bc16-bd0f413bd05b	delete_account	Delete Account	jhipster	f	f	delete_account	60
\.


--
-- Data for Name: resource_attribute; Type: TABLE DATA; Schema: public; Owner: shifternetzwerk
--

COPY public.resource_attribute (id, name, value, resource_id) FROM stdin;
\.


--
-- Data for Name: resource_policy; Type: TABLE DATA; Schema: public; Owner: shifternetzwerk
--

COPY public.resource_policy (resource_id, policy_id) FROM stdin;
\.


--
-- Data for Name: resource_scope; Type: TABLE DATA; Schema: public; Owner: shifternetzwerk
--

COPY public.resource_scope (resource_id, scope_id) FROM stdin;
\.


--
-- Data for Name: resource_server; Type: TABLE DATA; Schema: public; Owner: shifternetzwerk
--

COPY public.resource_server (id, allow_rs_remote_mgmt, policy_enforce_mode, decision_strategy) FROM stdin;
98ae8603-4547-4218-8fb9-ebc550a0e10b	f	0	1
\.


--
-- Data for Name: resource_server_perm_ticket; Type: TABLE DATA; Schema: public; Owner: shifternetzwerk
--

COPY public.resource_server_perm_ticket (id, owner, requester, created_timestamp, granted_timestamp, resource_id, scope_id, resource_server_id, policy_id) FROM stdin;
\.


--
-- Data for Name: resource_server_policy; Type: TABLE DATA; Schema: public; Owner: shifternetzwerk
--

COPY public.resource_server_policy (id, name, description, type, decision_strategy, logic, resource_server_id, owner) FROM stdin;
ff09b194-0615-4cfd-9851-74adf540dabd	Default Policy	A policy that grants access only for users within this realm	js	0	0	98ae8603-4547-4218-8fb9-ebc550a0e10b	\N
4b5c72cc-b8b8-4bfc-95ac-61815669f985	Default Permission	A permission that applies to the default resource type	resource	1	0	98ae8603-4547-4218-8fb9-ebc550a0e10b	\N
\.


--
-- Data for Name: resource_server_resource; Type: TABLE DATA; Schema: public; Owner: shifternetzwerk
--

COPY public.resource_server_resource (id, name, type, icon_uri, owner, resource_server_id, owner_managed_access, display_name) FROM stdin;
9e347a4d-ab6b-4075-9d24-23d20dfd30bc	Default Resource	urn:internal:resources:default	\N	98ae8603-4547-4218-8fb9-ebc550a0e10b	98ae8603-4547-4218-8fb9-ebc550a0e10b	f	\N
\.


--
-- Data for Name: resource_server_scope; Type: TABLE DATA; Schema: public; Owner: shifternetzwerk
--

COPY public.resource_server_scope (id, name, icon_uri, resource_server_id, display_name) FROM stdin;
\.


--
-- Data for Name: resource_uris; Type: TABLE DATA; Schema: public; Owner: shifternetzwerk
--

COPY public.resource_uris (resource_id, value) FROM stdin;
9e347a4d-ab6b-4075-9d24-23d20dfd30bc	/*
\.


--
-- Data for Name: role_attribute; Type: TABLE DATA; Schema: public; Owner: shifternetzwerk
--

COPY public.role_attribute (id, role_id, name, value) FROM stdin;
\.


--
-- Data for Name: scope_mapping; Type: TABLE DATA; Schema: public; Owner: shifternetzwerk
--

COPY public.scope_mapping (client_id, role_id) FROM stdin;
e79a8baf-a4f1-4066-a4c3-781b3f84df3f	1a7f697b-d779-49a4-94ee-28076f275a55
7b6ab455-242e-42aa-96d8-9c9e2b74da9d	21b65e52-b4e3-453e-b0f0-10a44a4a887d
\.


--
-- Data for Name: scope_policy; Type: TABLE DATA; Schema: public; Owner: shifternetzwerk
--

COPY public.scope_policy (scope_id, policy_id) FROM stdin;
\.


--
-- Data for Name: user_attribute; Type: TABLE DATA; Schema: public; Owner: shifternetzwerk
--

COPY public.user_attribute (name, value, user_id, id) FROM stdin;
phoneNumber	0123456789	90153db2-5b9a-4088-85e6-9ebdb4ae8316	b9241b3a-f7ab-4cb4-90c2-b78f9a30619a
street	nbxbxb	90153db2-5b9a-4088-85e6-9ebdb4ae8316	545971b7-b15c-4db8-ac6a-eecb9107b726
locality	xcbbxcb	90153db2-5b9a-4088-85e6-9ebdb4ae8316	9a3568fe-f05a-44fb-b18b-5f40648f47b7
snetFavourites	{"shifterIDs":[]}	fcebb86d-c942-4098-9f57-20af04186c2a	d530f2ac-5c79-482d-80d6-5b154213ef3c
country	Japan	90153db2-5b9a-4088-85e6-9ebdb4ae8316	ec288e5c-68ba-4169-a261-6b36e1eb6152
snetFavourites	{"shifterIDs":[]}	fcebb86d-c942-4098-9f57-20af04186c2a	c3b1a31c-b457-451a-b516-05c9d00db5ed
country		fcebb86d-c942-4098-9f57-20af04186c2a	619cfa6f-a736-4a6e-998a-d81b2d44e6e5
phoneNumber		fcebb86d-c942-4098-9f57-20af04186c2a	8690d92f-3d33-4141-ad79-12d77fbf80a2
street		fcebb86d-c942-4098-9f57-20af04186c2a	1f8b3721-bd3f-4708-892a-8717c6e97f79
locality		fcebb86d-c942-4098-9f57-20af04186c2a	fc568ad8-a981-4d96-bed7-31ccbe20deec
postal_code		fcebb86d-c942-4098-9f57-20af04186c2a	923f1571-d624-4a36-865f-ed4ceffd1fb1
region		fcebb86d-c942-4098-9f57-20af04186c2a	76dd4892-a0cd-4a0f-8a28-36a038fcbd8d
country		8f956ca2-20f6-4128-9a98-0846289eb73c	b7d17ab3-36e8-4aa4-9b0a-8bbb2019e0fd
locality		8f956ca2-20f6-4128-9a98-0846289eb73c	fb306874-6f16-4b6d-b52d-171d0b85a472
description		8f956ca2-20f6-4128-9a98-0846289eb73c	8401805d-8552-490b-aec1-4ac92a2a301f
snetFavourites	{"shifterIDs":[]}	8f956ca2-20f6-4128-9a98-0846289eb73c	29ef4ba7-0bea-47c7-bd23-3558e53b967c
phoneNumber		8f956ca2-20f6-4128-9a98-0846289eb73c	3a12d883-2816-4152-b2e6-45342aeb2644
street		8f956ca2-20f6-4128-9a98-0846289eb73c	1839a28e-9987-4b14-ab63-a568e9981e83
postal_code		8f956ca2-20f6-4128-9a98-0846289eb73c	7afc0ede-03df-40e5-aee1-2ceb95f1b518
region		8f956ca2-20f6-4128-9a98-0846289eb73c	f66754f3-97a2-4402-85f0-c4c391397cd8
snetFavourites	{"shifterIDs":[]}	21898ddf-29f1-4e20-8a06-5cdac5ccf998	ab225b6f-c588-401e-b6c0-036e621b446a
country		21898ddf-29f1-4e20-8a06-5cdac5ccf998	4e600e9a-a716-4771-b5c2-8db034f218b5
phoneNumber		21898ddf-29f1-4e20-8a06-5cdac5ccf998	6f2c8b56-8e35-47eb-80bb-3e1e1d3662b5
street		21898ddf-29f1-4e20-8a06-5cdac5ccf998	ef347090-a50f-49da-ad75-1b05be53e715
locality		21898ddf-29f1-4e20-8a06-5cdac5ccf998	3cbb9859-3160-4c3e-b0e5-5b197005796e
postal_code		21898ddf-29f1-4e20-8a06-5cdac5ccf998	012e7326-767b-4c5e-afea-f58f25c12a59
region		21898ddf-29f1-4e20-8a06-5cdac5ccf998	995aca3b-81da-4ad6-ac50-1d0aa2e71c20
snetFavourites	{"shifterIDs":[]}	21898ddf-29f1-4e20-8a06-5cdac5ccf998	3cfa0d39-3483-4e2b-afcb-4d35bd74a36d
country		21898ddf-29f1-4e20-8a06-5cdac5ccf998	65da87d5-be24-460c-b161-2d08a7c36bb1
phoneNumber		21898ddf-29f1-4e20-8a06-5cdac5ccf998	9f5825ea-bb30-43b5-8d2d-0187e0c89923
street		21898ddf-29f1-4e20-8a06-5cdac5ccf998	70f3cf50-904c-4c3c-88d6-6767b6386b98
locality		21898ddf-29f1-4e20-8a06-5cdac5ccf998	783ba6ba-a5e6-4bd1-a61a-c0fa08710a44
postal_code		21898ddf-29f1-4e20-8a06-5cdac5ccf998	83626ba3-dccc-415c-b21c-3376c743442e
region		21898ddf-29f1-4e20-8a06-5cdac5ccf998	cdd80799-063c-44c5-ab6f-e1031e84e510
snetFavourites	{"shifterIDs":[]}	dcb581d8-8797-4d5c-80b8-5ab6dfc6fd4f	794cb446-a1ea-490c-9a88-68133d37beb0
snetFavourites	{"shifterIDs":[]}	dcb581d8-8797-4d5c-80b8-5ab6dfc6fd4f	d68a26f3-9902-4491-aa38-1549b53da642
country		dcb581d8-8797-4d5c-80b8-5ab6dfc6fd4f	5a1dea1a-fd42-4384-93ee-76f40fd384c6
country		dcb581d8-8797-4d5c-80b8-5ab6dfc6fd4f	31214bf2-3f5d-4d45-b404-21d0fa098c5a
phoneNumber		dcb581d8-8797-4d5c-80b8-5ab6dfc6fd4f	235e0ee9-5c20-4305-82a0-9d8e6bcb4622
phoneNumber		dcb581d8-8797-4d5c-80b8-5ab6dfc6fd4f	b8be0564-294a-4303-bd22-eb08ff92ccca
street		dcb581d8-8797-4d5c-80b8-5ab6dfc6fd4f	198c19d9-e1af-4317-be5c-49e13aa5b12b
street		dcb581d8-8797-4d5c-80b8-5ab6dfc6fd4f	ff370897-9b77-4173-ab6c-3bce82d4fb9c
locality		dcb581d8-8797-4d5c-80b8-5ab6dfc6fd4f	5cf70686-e6b6-403a-bbb8-1936bbef79d1
locality		dcb581d8-8797-4d5c-80b8-5ab6dfc6fd4f	8dedb2ad-b48b-4e49-b99a-3f3a26152243
postal_code		dcb581d8-8797-4d5c-80b8-5ab6dfc6fd4f	dde4e03f-a1c2-432f-a305-d3a1ff766d26
region		dcb581d8-8797-4d5c-80b8-5ab6dfc6fd4f	a49e7367-9459-45de-9dbc-0025364da2d6
postal_code		dcb581d8-8797-4d5c-80b8-5ab6dfc6fd4f	d0c02a19-c966-4f6e-a623-44287a90a0a6
region		dcb581d8-8797-4d5c-80b8-5ab6dfc6fd4f	eb5c748d-a3b1-419a-b8e3-9e84a48d9833
description	Hello	90153db2-5b9a-4088-85e6-9ebdb4ae8316	8ee98cbf-9364-4ab3-9595-2e7ae27ae8d5
snetFavourites	{"shifterIDs":[]}	472921db-8199-42ae-9522-676e47325b4f	b76e2dd4-9a74-46bf-8e7b-6be8e9f80d01
country		472921db-8199-42ae-9522-676e47325b4f	4da24ad2-7ee8-42db-b64d-ac51fa01029d
phoneNumber		472921db-8199-42ae-9522-676e47325b4f	617b0c69-d521-46dd-8b06-2e689a65cc41
street		472921db-8199-42ae-9522-676e47325b4f	a2bbf96f-9ffb-4878-b7d4-0abc8fac17c8
locality		472921db-8199-42ae-9522-676e47325b4f	bb4e964e-19b5-4f17-8de3-bfa3dc3ffa73
postal_code		472921db-8199-42ae-9522-676e47325b4f	856d370c-c8f5-4d40-b1fa-ca78f7b22317
region		472921db-8199-42ae-9522-676e47325b4f	c203fd56-100d-4efe-a582-ce09741ffabb
snetFavourites	{"shifterIDs":[]}	472921db-8199-42ae-9522-676e47325b4f	5126d8c9-a082-46e3-89b8-6ba9b4cae22e
country		472921db-8199-42ae-9522-676e47325b4f	b57c8114-1d7f-434b-8392-58b4a2a1a09c
phoneNumber		472921db-8199-42ae-9522-676e47325b4f	69015d41-4cf7-402a-9b0f-47f620a8af40
street		472921db-8199-42ae-9522-676e47325b4f	0ca96773-8845-4979-92a1-1a20eab66896
locality		472921db-8199-42ae-9522-676e47325b4f	823311c5-5797-4865-8155-e7ab58f6f0dd
postal_code		472921db-8199-42ae-9522-676e47325b4f	fc7043ce-0c23-4c30-a4ca-fa63d359c317
region		472921db-8199-42ae-9522-676e47325b4f	49989bc7-c795-451c-ba95-7e559745489d
snetFavourites	{"shifterIDs":[]}	d561ac15-d663-4c72-b6db-2bb2b11b95a4	59d5d87a-2910-4933-849c-99d8b92919dd
country		d561ac15-d663-4c72-b6db-2bb2b11b95a4	92f516ba-0d83-42e9-ba21-65f59218c137
phoneNumber		d561ac15-d663-4c72-b6db-2bb2b11b95a4	c6dd48d2-eee5-4138-87cf-43c763a71f3a
street		d561ac15-d663-4c72-b6db-2bb2b11b95a4	77e22a08-d444-4c4e-b4b2-b27be910be60
locality		d561ac15-d663-4c72-b6db-2bb2b11b95a4	574dffba-1eef-4b03-8e89-1f9b82e880c4
postal_code		d561ac15-d663-4c72-b6db-2bb2b11b95a4	bceae809-3c8c-4598-a1cb-d77e282f029f
region		d561ac15-d663-4c72-b6db-2bb2b11b95a4	ffc82916-e68f-40ab-924d-5599342a7dcb
snetFavourites	{"shifterIDs":[]}	d561ac15-d663-4c72-b6db-2bb2b11b95a4	56bd89d3-2e33-445c-86e9-ff4486918ad4
country		d561ac15-d663-4c72-b6db-2bb2b11b95a4	e32ad2c5-d56d-4cec-afa6-496c3ebdb37e
phoneNumber		d561ac15-d663-4c72-b6db-2bb2b11b95a4	8fbfb111-e560-4d75-a832-f18ae12368d3
street		d561ac15-d663-4c72-b6db-2bb2b11b95a4	d4352983-9f66-4ec6-ad60-0b87b0bc483e
locality		d561ac15-d663-4c72-b6db-2bb2b11b95a4	42dc8ebb-a5bf-4104-82ed-a0433678bc7e
postal_code		d561ac15-d663-4c72-b6db-2bb2b11b95a4	bb5c7340-fbbb-4723-92b0-b0bcd72a37cd
region		d561ac15-d663-4c72-b6db-2bb2b11b95a4	ac72fec3-73b0-4e9b-a63b-da1ab6dca9c2
snetFavourites	{"shifterIDs":[]}	2b5af508-ce52-4faa-82bb-1d716827decd	982d7a12-49bb-401b-9da5-23ed8e8c3f1e
snetFavourites	{"shifterIDs":[]}	2b5af508-ce52-4faa-82bb-1d716827decd	0bd0203d-e168-4c86-87a6-a709bdc9b290
country		2b5af508-ce52-4faa-82bb-1d716827decd	5a5c23a7-f142-4a46-8028-a16404f93c9e
country		2b5af508-ce52-4faa-82bb-1d716827decd	5ea74ff4-71a1-4ec7-894e-fb55e501c281
phoneNumber		2b5af508-ce52-4faa-82bb-1d716827decd	3d7305b1-e9c9-4287-923a-2c5132b41ff8
phoneNumber		2b5af508-ce52-4faa-82bb-1d716827decd	dfcd622a-b0bb-4a34-8389-b43d1e1b6e70
street		2b5af508-ce52-4faa-82bb-1d716827decd	4fa6d67c-9304-4296-a9e1-6168849e8874
street		2b5af508-ce52-4faa-82bb-1d716827decd	4b796972-f50c-4485-a023-c28deb3de18b
locality		2b5af508-ce52-4faa-82bb-1d716827decd	d09f5003-2f8d-4792-b754-727c3d9113e8
locality		2b5af508-ce52-4faa-82bb-1d716827decd	bf948c22-e411-4807-a5bf-e33682f304c2
postal_code		2b5af508-ce52-4faa-82bb-1d716827decd	2e1810fe-f3da-4ab0-bff2-65512b260828
postal_code		2b5af508-ce52-4faa-82bb-1d716827decd	4380df59-294a-4e27-89a8-734ba55291b4
region		2b5af508-ce52-4faa-82bb-1d716827decd	3c037ba5-1d47-43bb-85bc-2241a5f12c2d
region		2b5af508-ce52-4faa-82bb-1d716827decd	da73c6e8-7301-44e8-bd09-60c4205705d4
region	Tokyo	90153db2-5b9a-4088-85e6-9ebdb4ae8316	dc46adaa-4c5b-4b37-99c2-ec8f6ba5f9f0
country		b92cf042-7d00-43a0-aefe-ea14a13ad969	4652dfc0-8a7d-497c-b4dc-1af9cdb0e378
phoneNumber		b92cf042-7d00-43a0-aefe-ea14a13ad969	7e2c7440-39e0-4bc7-82e3-892738e12393
street		b92cf042-7d00-43a0-aefe-ea14a13ad969	048f814b-7c98-416e-a575-0a678b7c8e5a
locality		b92cf042-7d00-43a0-aefe-ea14a13ad969	bdad6b3c-ff33-4df0-be47-2eb5975401f2
postal_code		b92cf042-7d00-43a0-aefe-ea14a13ad969	f6974f90-3a39-4649-b043-737c8ee21064
region		b92cf042-7d00-43a0-aefe-ea14a13ad969	c2d94187-ae70-43a0-a9a5-a60eb406d1d8
snetFavourites	{"shifterIDs":[35707,2214]}	b92cf042-7d00-43a0-aefe-ea14a13ad969	56c265b5-25c6-4836-8611-dc2e87093618
snetFavourites	{"shifterIDs":[]}	af69d886-4bd9-47c2-9316-3493714b02f3	f881d544-c5e9-4150-884c-f5f76735df78
country		af69d886-4bd9-47c2-9316-3493714b02f3	fa27cda3-d225-4317-b464-449e0fd0de16
phoneNumber		af69d886-4bd9-47c2-9316-3493714b02f3	3a0824d9-4fe8-4dcd-9dff-f93c18769e3f
street		af69d886-4bd9-47c2-9316-3493714b02f3	aa1763c6-3517-439a-a65c-053165e71e8b
locality		af69d886-4bd9-47c2-9316-3493714b02f3	4bb55bcd-e6d1-4856-bd0c-312fd3cc8100
postal_code		af69d886-4bd9-47c2-9316-3493714b02f3	96cb9b01-dc71-427a-a6b8-841324d6187b
region		af69d886-4bd9-47c2-9316-3493714b02f3	0047b0da-bed0-4633-a6b9-25f71f85b78f
snetFavourites	{"shifterIDs":[]}	af69d886-4bd9-47c2-9316-3493714b02f3	1ae70af7-274e-44f1-90c2-76dc49afd974
country		af69d886-4bd9-47c2-9316-3493714b02f3	8c2b5a5f-bdca-41cb-a8cc-63d1d0e93e08
phoneNumber		af69d886-4bd9-47c2-9316-3493714b02f3	457c5f91-d536-4af0-b180-a248be31a619
country	Japan	90153db2-5b9a-4088-85e6-9ebdb4ae8316	f658e284-6472-45c2-8d5e-3d73a19445d3
snetFavourites	{"shifterIDs":[58765]}	90153db2-5b9a-4088-85e6-9ebdb4ae8316	441b0b85-d432-42ed-b206-5323a9612801
street		af69d886-4bd9-47c2-9316-3493714b02f3	9eb38648-5eff-4b53-adbc-97c47809dbe1
locality		af69d886-4bd9-47c2-9316-3493714b02f3	46ffa666-de7a-4582-9808-562f603dad79
postal_code		af69d886-4bd9-47c2-9316-3493714b02f3	c172f729-3e06-4bbc-9335-0f2e0e8ffc39
region		af69d886-4bd9-47c2-9316-3493714b02f3	cf7d8f87-4965-4951-a37f-ee60981ed11e
country		c5b22e1e-e634-4333-b250-847f18a2f595	bb3ed798-b284-4df8-af55-1556c59209e3
locality		c5b22e1e-e634-4333-b250-847f18a2f595	980a7c4f-d4ca-4b52-a2d2-58cb65950dc2
description		c5b22e1e-e634-4333-b250-847f18a2f595	e015f8de-2a89-4755-bf5e-5fef7c65060b
snetFavourites	{"shifterIDs":[]}	c5b22e1e-e634-4333-b250-847f18a2f595	e0a20266-89c8-4662-a0bf-163293d27c4b
phoneNumber		c5b22e1e-e634-4333-b250-847f18a2f595	1db9fc1d-a222-4a08-b441-ea1880a12fb2
street		c5b22e1e-e634-4333-b250-847f18a2f595	24e82c21-e573-45a1-b32a-9740af6f5282
postal_code		c5b22e1e-e634-4333-b250-847f18a2f595	4fe2f915-f085-4ef1-861c-01451b43929b
region		c5b22e1e-e634-4333-b250-847f18a2f595	a1d40c8c-e5d1-46f3-a98c-afa680d1e9f3
country		8f956ca2-20f6-4128-9a98-0846289eb73c	cec1f5e7-8082-41cb-a209-4e4f368d0bfe
locality		8f956ca2-20f6-4128-9a98-0846289eb73c	ef581846-0857-4a55-8312-769315088392
description		8f956ca2-20f6-4128-9a98-0846289eb73c	92567f6e-1373-4183-964d-ae1cc1d1b0ab
snetFavourites	{"shifterIDs":[]}	8f956ca2-20f6-4128-9a98-0846289eb73c	215851f9-c3e7-4e64-8b6d-144fe75d9045
phoneNumber		8f956ca2-20f6-4128-9a98-0846289eb73c	97be7354-5f14-484e-9a9b-70899a91e92c
street		8f956ca2-20f6-4128-9a98-0846289eb73c	cfe4e37f-21f1-41c1-8fd9-ec2ba2eabde6
postal_code		8f956ca2-20f6-4128-9a98-0846289eb73c	ef2dc4bd-0bdf-4ba9-8ef4-0b6b41a75bf3
region		8f956ca2-20f6-4128-9a98-0846289eb73c	339ced3a-f4e5-4a26-bdad-b49b656a3c18
country		c5b22e1e-e634-4333-b250-847f18a2f595	d3c57cd5-9538-4165-98f3-de9a291b6192
locality		c5b22e1e-e634-4333-b250-847f18a2f595	ba17780b-9edb-4a66-92d8-ae3562caea20
description		c5b22e1e-e634-4333-b250-847f18a2f595	84537086-4663-452a-8980-d68efbe53a96
snetFavourites	{"shifterIDs":[]}	c5b22e1e-e634-4333-b250-847f18a2f595	a9af57a7-b388-4622-90f6-991c89168b13
phoneNumber		c5b22e1e-e634-4333-b250-847f18a2f595	b7cdd625-dff2-4f4a-a2ec-d3c18c7d5f34
street		c5b22e1e-e634-4333-b250-847f18a2f595	c700014c-8872-42e0-9554-f3f6227f9190
postal_code		c5b22e1e-e634-4333-b250-847f18a2f595	9fda1269-f71a-4519-8db3-b0dfe5a82279
region		c5b22e1e-e634-4333-b250-847f18a2f595	f85447cf-941f-4dce-9e82-cc0ef6201a8b
country		775a42ca-d12e-40fd-b06a-67f05e64e2e3	0c89c0e5-225d-4ba8-b49f-a78de1ac4688
locality		775a42ca-d12e-40fd-b06a-67f05e64e2e3	3ea0d2f3-e4a1-4e03-a8b6-e994de97ab0a
description		775a42ca-d12e-40fd-b06a-67f05e64e2e3	dbbdeb87-a52f-425d-a511-324c7fbf30ac
snetFavourites	{"shifterIDs":[]}	775a42ca-d12e-40fd-b06a-67f05e64e2e3	aaa4da94-a4b8-40f5-b67f-6d53143cfe2f
phoneNumber		775a42ca-d12e-40fd-b06a-67f05e64e2e3	793cfc67-a8e7-4492-bfcf-e3043b591061
street		775a42ca-d12e-40fd-b06a-67f05e64e2e3	07591986-e516-4bba-a3e6-bcba3ec8e5e9
postal_code		775a42ca-d12e-40fd-b06a-67f05e64e2e3	04cb59a5-141f-4706-a583-8a30e0541ce3
region		775a42ca-d12e-40fd-b06a-67f05e64e2e3	73986b69-7c72-4c0f-8977-82f315bb189d
country		775a42ca-d12e-40fd-b06a-67f05e64e2e3	b6747664-4542-4250-8c8a-d2af70e915d9
locality		775a42ca-d12e-40fd-b06a-67f05e64e2e3	0de57e00-b0d8-46eb-acdc-15c23f57b2bd
description		775a42ca-d12e-40fd-b06a-67f05e64e2e3	f2eb5f59-a843-42f7-a183-136421b688ce
snetFavourites	{"shifterIDs":[]}	775a42ca-d12e-40fd-b06a-67f05e64e2e3	02973258-a9bd-462a-b88a-c13f5d1bce5d
phoneNumber		775a42ca-d12e-40fd-b06a-67f05e64e2e3	e295548e-ea4e-41ce-aceb-487af31acbe7
street		775a42ca-d12e-40fd-b06a-67f05e64e2e3	3f81ee0b-b192-4eb5-9413-aff193049652
postal_code		775a42ca-d12e-40fd-b06a-67f05e64e2e3	e9ec3ed4-b39a-4f0e-a66f-6c352e77395c
region		775a42ca-d12e-40fd-b06a-67f05e64e2e3	29149674-f18d-49d1-b6f9-90b2c553c52b
country		09296f81-4fe8-405f-a9e9-68db1ddc42df	148246e8-c562-437b-adaa-241fec2d1116
country		09296f81-4fe8-405f-a9e9-68db1ddc42df	d3877678-5b00-4cbb-a814-72173646c69b
locality		09296f81-4fe8-405f-a9e9-68db1ddc42df	d8359650-1aaf-4e82-82b0-79e76568dac9
description		09296f81-4fe8-405f-a9e9-68db1ddc42df	45501b45-4d74-465b-a5a1-27b23650dd98
locality		09296f81-4fe8-405f-a9e9-68db1ddc42df	d3fe888a-8286-4e25-b88a-e780be68a786
snetFavourites	{"shifterIDs":[]}	09296f81-4fe8-405f-a9e9-68db1ddc42df	bbeaeac1-e215-4a7e-b658-892ba11c4406
phoneNumber		09296f81-4fe8-405f-a9e9-68db1ddc42df	386c1b39-f9bf-4e47-95ff-4ab654474131
description		09296f81-4fe8-405f-a9e9-68db1ddc42df	90562bda-68f3-4f9b-969c-7e5900b83a74
street		09296f81-4fe8-405f-a9e9-68db1ddc42df	418924e9-fb28-470c-8d09-82d160a943f3
snetFavourites	{"shifterIDs":[]}	09296f81-4fe8-405f-a9e9-68db1ddc42df	83fdfb98-4398-4cc9-9d3f-eeb69a7c1fd3
postal_code		09296f81-4fe8-405f-a9e9-68db1ddc42df	6257095d-065a-4849-957c-4d133cf1c7f3
phoneNumber		09296f81-4fe8-405f-a9e9-68db1ddc42df	ea2d89a0-b266-4b71-af17-39e50f164e5f
region		09296f81-4fe8-405f-a9e9-68db1ddc42df	4010b94f-8ed5-46b4-8aec-83d7c892006d
street		09296f81-4fe8-405f-a9e9-68db1ddc42df	89897ce0-eb5f-4a57-ba25-ec48b9180bc0
postal_code		09296f81-4fe8-405f-a9e9-68db1ddc42df	9d068a4e-fcdc-48bb-ace5-a797786af9fd
region		09296f81-4fe8-405f-a9e9-68db1ddc42df	5c602cc2-a59d-4d0f-bbb9-1ec5849f57ee
country		b2860364-a471-4457-857a-4f481d11b482	f10b3884-aa3f-4909-9881-de29181edc5f
country		b2860364-a471-4457-857a-4f481d11b482	4b77e7b2-3b20-4e27-8632-41759562777a
locality		b2860364-a471-4457-857a-4f481d11b482	bb35e871-140f-4902-936f-5010e22b7b19
locality		b2860364-a471-4457-857a-4f481d11b482	6a69bd1c-781c-49b7-b3b8-a22d6afed0b2
description		b2860364-a471-4457-857a-4f481d11b482	992877f5-4e67-4cd2-855d-76174dbc8fa8
description		b2860364-a471-4457-857a-4f481d11b482	d4f6ae08-682c-4793-83e4-0eb976f56c42
snetFavourites	{"shifterIDs":[]}	b2860364-a471-4457-857a-4f481d11b482	80cd7a7e-842a-4f09-a641-d85dad34e6be
snetFavourites	{"shifterIDs":[]}	b2860364-a471-4457-857a-4f481d11b482	5e2359a2-67af-400e-b029-bb79572011a3
phoneNumber		b2860364-a471-4457-857a-4f481d11b482	3f1ebddf-da07-4381-84e6-439661666a07
phoneNumber		b2860364-a471-4457-857a-4f481d11b482	d08faa23-18ed-4977-8798-e1af22e6d862
street		b2860364-a471-4457-857a-4f481d11b482	8c697c7d-0ba8-4332-a277-213047fb2373
street		b2860364-a471-4457-857a-4f481d11b482	48036fca-c129-4739-a220-f6baa79f7182
postal_code		b2860364-a471-4457-857a-4f481d11b482	cb0afd89-631b-47c4-9312-0a3fb523a570
postal_code		b2860364-a471-4457-857a-4f481d11b482	de0d6398-c1cc-41df-9c84-d8fac89b3686
region		b2860364-a471-4457-857a-4f481d11b482	78f0b712-461e-426c-bff1-ec8e091ff332
region		b2860364-a471-4457-857a-4f481d11b482	9003d7ce-3623-4f3c-9a5c-86043462c05b
country		c29a807c-fd48-41d9-91ad-0210e6ab2115	d0674228-91c4-4e4b-bb36-1512f3b086af
country		c29a807c-fd48-41d9-91ad-0210e6ab2115	56436a0b-e80c-45cd-8129-585626416838
locality		c29a807c-fd48-41d9-91ad-0210e6ab2115	12e0b6cc-dd98-4d65-aea2-56cbf4641aae
locality		c29a807c-fd48-41d9-91ad-0210e6ab2115	6d6f8c12-6fd1-4324-8cfb-2117ed2e9261
description		c29a807c-fd48-41d9-91ad-0210e6ab2115	ca579342-2fa4-4a76-8897-088f227d7fc9
snetFavourites	{"shifterIDs":[]}	c29a807c-fd48-41d9-91ad-0210e6ab2115	5e1ebb62-08e7-415b-a5fd-859e034ecbe6
description		c29a807c-fd48-41d9-91ad-0210e6ab2115	792e3c44-71b9-4011-8162-f9983becac5d
phoneNumber		c29a807c-fd48-41d9-91ad-0210e6ab2115	0e25f88c-4d3f-4850-8f07-5c8859343b94
snetFavourites	{"shifterIDs":[]}	c29a807c-fd48-41d9-91ad-0210e6ab2115	8e83d4f7-a6f2-436b-a004-43c0077c536b
street		c29a807c-fd48-41d9-91ad-0210e6ab2115	cdcd4054-c627-499b-bd67-7f63161a3e05
phoneNumber		c29a807c-fd48-41d9-91ad-0210e6ab2115	99458784-961b-48ad-8940-30a07669693f
postal_code		c29a807c-fd48-41d9-91ad-0210e6ab2115	fc1c4782-c9cf-4340-9571-054c1caaf478
street		c29a807c-fd48-41d9-91ad-0210e6ab2115	b9505a48-cded-47c0-8d58-5f2477ebf5b7
postal_code		c29a807c-fd48-41d9-91ad-0210e6ab2115	169a79e9-7a7a-4447-bc0e-5c7a717fbd7b
region		c29a807c-fd48-41d9-91ad-0210e6ab2115	d4c3f6dd-1ddb-4e03-aa84-83b4a98b1622
country		9b524a07-ab2f-4eb3-ad9a-24275e841e61	93cc8c38-e85f-4528-939b-184baf6d977e
locality		9b524a07-ab2f-4eb3-ad9a-24275e841e61	3104fa25-7a38-4dd8-b71c-f7c959bf66a2
description		9b524a07-ab2f-4eb3-ad9a-24275e841e61	135d91d5-5e70-4b4c-b096-c1cb1dd0888e
snetFavourites	{"shifterIDs":[]}	9b524a07-ab2f-4eb3-ad9a-24275e841e61	3959ae67-8f41-463c-a627-8e5268added3
phoneNumber		9b524a07-ab2f-4eb3-ad9a-24275e841e61	0727c05a-457a-4a05-bddf-d37af2d63126
street		9b524a07-ab2f-4eb3-ad9a-24275e841e61	2831cfcb-4188-4a1c-a7dd-10cfbb75d109
postal_code		9b524a07-ab2f-4eb3-ad9a-24275e841e61	a4bb3274-68ad-41e2-ad31-d2c5aa4dd0fa
region		9b524a07-ab2f-4eb3-ad9a-24275e841e61	bee6cf82-9ae3-4f8e-bc31-d87fec9036f4
country		11c4cc23-92b0-4ed4-9f54-b0523d45386f	eccf7f20-b64e-4ea9-b970-7472f401bd69
phoneNumber		11c4cc23-92b0-4ed4-9f54-b0523d45386f	76f22e30-d5a1-4448-bda0-101492728b27
street		11c4cc23-92b0-4ed4-9f54-b0523d45386f	9c5b9b78-bf79-4084-a0b9-83b94f2053c0
locality		11c4cc23-92b0-4ed4-9f54-b0523d45386f	a1fe477c-fa48-456f-8886-67a4be6e7b59
postal_code		11c4cc23-92b0-4ed4-9f54-b0523d45386f	2338921f-f576-4d41-8623-a63b88ddc4ed
region		11c4cc23-92b0-4ed4-9f54-b0523d45386f	72d04917-aac1-46d1-9c91-9982dc77de05
snetFavourites	{"shifterIDs":[]}	11c4cc23-92b0-4ed4-9f54-b0523d45386f	1cf63cbe-5968-446c-a981-66cbc26fdebc
country		fab81b6f-9ef5-4116-a30d-0e15c2bd305f	e8a9ef49-99e0-4f21-9788-fa6d13d623d1
locality		fab81b6f-9ef5-4116-a30d-0e15c2bd305f	e24b5d8b-115d-46e9-b046-c0ecda1c666a
description		fab81b6f-9ef5-4116-a30d-0e15c2bd305f	114ef667-71d7-4745-b8e1-17746640ab3b
snetFavourites	{"shifterIDs":[]}	fab81b6f-9ef5-4116-a30d-0e15c2bd305f	0642fb4c-4cf7-4621-b56c-e7339b6f82b6
phoneNumber		fab81b6f-9ef5-4116-a30d-0e15c2bd305f	3594aad7-c405-4def-8f6a-6d68a084fcb2
street		fab81b6f-9ef5-4116-a30d-0e15c2bd305f	3b275742-f0a3-4ba1-9ac3-6ceaa88f2e7a
postal_code		fab81b6f-9ef5-4116-a30d-0e15c2bd305f	37c79f6f-61c6-497f-abe8-155aee3e9fce
region		fab81b6f-9ef5-4116-a30d-0e15c2bd305f	6273dbcc-6295-421f-8abe-20171e4bf45e
country		757d3de1-dd91-4053-80e4-af5e9ed9f468	f0fb5e56-f043-4ae6-8f21-aa75d36976bc
locality		757d3de1-dd91-4053-80e4-af5e9ed9f468	08583a53-b4f5-460e-a669-a808bb182578
description		757d3de1-dd91-4053-80e4-af5e9ed9f468	208726dc-e48d-4b18-a154-3e61a8cd1465
snetFavourites	{"shifterIDs":[]}	757d3de1-dd91-4053-80e4-af5e9ed9f468	f79006ed-bf1c-4d13-b645-8aa6e29d2c35
phoneNumber		757d3de1-dd91-4053-80e4-af5e9ed9f468	2a997fdf-e107-4562-a922-32c053c87872
street		757d3de1-dd91-4053-80e4-af5e9ed9f468	a5867116-9394-407d-b6e9-5b7a1434a18b
postal_code		757d3de1-dd91-4053-80e4-af5e9ed9f468	51cc70b0-ae0b-4991-bd35-1e9f6225f0fc
region		757d3de1-dd91-4053-80e4-af5e9ed9f468	88bdaaa2-613e-4b9b-bbbd-24158628cd6f
country		fab81b6f-9ef5-4116-a30d-0e15c2bd305f	e11dcdfc-4c1a-4c4d-be3c-d9557e9af5bd
locality		fab81b6f-9ef5-4116-a30d-0e15c2bd305f	4e57e589-7e43-475c-82eb-916caec2cedb
description		fab81b6f-9ef5-4116-a30d-0e15c2bd305f	2108f18f-0e3c-47f2-9314-760bcf58d3b7
snetFavourites	{"shifterIDs":[]}	fab81b6f-9ef5-4116-a30d-0e15c2bd305f	6d0f3471-988b-48d8-b8bd-ecb60da60525
phoneNumber		fab81b6f-9ef5-4116-a30d-0e15c2bd305f	15fde8e2-a2ac-47f0-9630-93a24c1f9393
street		fab81b6f-9ef5-4116-a30d-0e15c2bd305f	146ee43e-dbf7-4b36-886c-6dd78405d2ff
postal_code		fab81b6f-9ef5-4116-a30d-0e15c2bd305f	e5b3cfd1-3451-480a-b550-25553c22d07a
region		fab81b6f-9ef5-4116-a30d-0e15c2bd305f	f5eb52c6-5810-4f3b-9f29-6756dc730c42
country		81e82558-2435-47d9-8e6c-4265fecb4a24	cfbbff2e-226a-4b28-bd62-7f984ea6a0af
locality		81e82558-2435-47d9-8e6c-4265fecb4a24	24b30f92-d7b1-4fa1-9e26-bd43c77644a0
description		81e82558-2435-47d9-8e6c-4265fecb4a24	8df2add6-a98f-46c7-b7c1-a99e9580877f
snetFavourites	{"shifterIDs":[]}	81e82558-2435-47d9-8e6c-4265fecb4a24	8f6d66c7-2302-47ab-a20b-93ed3d8c8e47
phoneNumber		81e82558-2435-47d9-8e6c-4265fecb4a24	1f804c72-fd52-42a7-9612-a1fb47b900c4
street		81e82558-2435-47d9-8e6c-4265fecb4a24	0809c802-815a-491b-91a3-c7bd7915bb02
postal_code		81e82558-2435-47d9-8e6c-4265fecb4a24	72912fa6-3a7e-4c28-8976-d4abcb9c654e
region		81e82558-2435-47d9-8e6c-4265fecb4a24	6a259950-aa2e-4582-9219-55bba7a38d76
country		bcc33ebb-8fc3-458e-8f23-6a70266a2238	328a40ce-da2a-4a0f-b7bb-7070b18ea5b2
locality		bcc33ebb-8fc3-458e-8f23-6a70266a2238	644a9763-2d54-4a75-a952-d7b4df9a1661
description		bcc33ebb-8fc3-458e-8f23-6a70266a2238	591b2de4-2a00-4e07-89ba-9a18b8a625c0
snetFavourites	{"shifterIDs":[]}	bcc33ebb-8fc3-458e-8f23-6a70266a2238	36b6b808-f04c-4472-8a9b-b03c68fbdba4
phoneNumber		bcc33ebb-8fc3-458e-8f23-6a70266a2238	e75f088f-339f-4cdf-8588-523e3a6955a9
street		bcc33ebb-8fc3-458e-8f23-6a70266a2238	464c6bb0-dc8c-4058-968f-61407be669bb
postal_code		bcc33ebb-8fc3-458e-8f23-6a70266a2238	196b148f-1363-4b74-b097-9db7d2b4bf4b
region		bcc33ebb-8fc3-458e-8f23-6a70266a2238	eff12c3d-3529-49b7-9686-6648ce878169
country		9bda856b-d6a9-4298-8391-32b296b1ab23	1dcac78a-6ca4-40de-9fea-734d4a493e2c
locality		9bda856b-d6a9-4298-8391-32b296b1ab23	77e5a94b-a888-4f3a-aec4-072e56a8b305
description		9bda856b-d6a9-4298-8391-32b296b1ab23	5d7d7be7-7b73-4671-8d0c-eb473bbad979
snetFavourites	{"shifterIDs":[]}	9bda856b-d6a9-4298-8391-32b296b1ab23	8a2f2aaa-79c7-4952-80cc-14a838b75d2f
phoneNumber		9bda856b-d6a9-4298-8391-32b296b1ab23	55413bf7-df7b-4109-9e82-002600c23a0c
street		9bda856b-d6a9-4298-8391-32b296b1ab23	7204a401-3bd7-41ad-8680-8afa6b229d46
postal_code		9bda856b-d6a9-4298-8391-32b296b1ab23	99bd9e72-d500-4371-adfa-d83014e8a159
region		9bda856b-d6a9-4298-8391-32b296b1ab23	43e3b3c9-2aaf-43ec-96b4-a446dd3cdbff
country		757d3de1-dd91-4053-80e4-af5e9ed9f468	659ba925-aeef-4e17-90b1-1d83e298ae18
locality		757d3de1-dd91-4053-80e4-af5e9ed9f468	267baa04-a48d-4f97-b087-1bb03a9d9345
description		757d3de1-dd91-4053-80e4-af5e9ed9f468	5ba9b78d-f4f7-479c-80a0-05b25e59f710
snetFavourites	{"shifterIDs":[]}	757d3de1-dd91-4053-80e4-af5e9ed9f468	1d8fa8fa-97b0-41af-a6c6-3cf5c4588d9f
phoneNumber		757d3de1-dd91-4053-80e4-af5e9ed9f468	5387467e-a33c-4888-b64c-6440dd7b90a2
street		757d3de1-dd91-4053-80e4-af5e9ed9f468	ef6b2933-48cf-4a1d-ae09-cc41e0ef5121
postal_code		757d3de1-dd91-4053-80e4-af5e9ed9f468	9245fa83-c22d-443e-83f3-4c56d791611b
region		757d3de1-dd91-4053-80e4-af5e9ed9f468	0bc47ba1-9a3d-4f70-bec8-7475351b0f75
country		81e82558-2435-47d9-8e6c-4265fecb4a24	209f7275-d516-48b7-b359-45056cf5fc7d
locality		81e82558-2435-47d9-8e6c-4265fecb4a24	7e280e4e-e205-46c0-9332-107d5cdb641d
description		81e82558-2435-47d9-8e6c-4265fecb4a24	35637385-890f-404a-bebf-df451e90c8b9
snetFavourites	{"shifterIDs":[]}	81e82558-2435-47d9-8e6c-4265fecb4a24	463960b1-31e1-4e0f-9757-e2d7845d1550
phoneNumber		81e82558-2435-47d9-8e6c-4265fecb4a24	3dda9e98-e0ca-4214-8973-2ce5f3e98b1d
street		81e82558-2435-47d9-8e6c-4265fecb4a24	daa25510-c606-431a-b197-3b5d9a5df3be
postal_code		81e82558-2435-47d9-8e6c-4265fecb4a24	ef4b36db-00df-47b0-8c69-70a187e77ead
region		81e82558-2435-47d9-8e6c-4265fecb4a24	8bc5607c-dcc6-4dd8-8655-992ceb8429ce
country		bcc33ebb-8fc3-458e-8f23-6a70266a2238	16b08bd0-26b8-4f69-ae6f-b70445485087
locality		bcc33ebb-8fc3-458e-8f23-6a70266a2238	3c43ebc0-4383-431d-b509-44889164dd59
description		bcc33ebb-8fc3-458e-8f23-6a70266a2238	c168c490-8dbb-459f-8cbc-ef0c2dad3066
snetFavourites	{"shifterIDs":[]}	bcc33ebb-8fc3-458e-8f23-6a70266a2238	9078542f-cd2b-4981-b585-24fdc6e5f2f7
phoneNumber		bcc33ebb-8fc3-458e-8f23-6a70266a2238	591b632e-05b6-47d6-a1db-3e0b8f1f5399
street		bcc33ebb-8fc3-458e-8f23-6a70266a2238	3a7f271e-d216-4e6c-ae0d-cff64c185d82
postal_code		bcc33ebb-8fc3-458e-8f23-6a70266a2238	5cc5207b-5d42-4e95-94b2-0a4e46bab322
region		bcc33ebb-8fc3-458e-8f23-6a70266a2238	aa9c5b14-d2a8-46f9-86b5-2ff0c101e510
country		9bda856b-d6a9-4298-8391-32b296b1ab23	4db29e54-48bc-4302-869b-6e8e14cfea1a
locality		9bda856b-d6a9-4298-8391-32b296b1ab23	295e2cec-313d-4bef-bbc1-f2f2de9b42b1
description		9bda856b-d6a9-4298-8391-32b296b1ab23	f7680fe5-353f-4caa-a1c5-854d10f53bf7
snetFavourites	{"shifterIDs":[]}	9bda856b-d6a9-4298-8391-32b296b1ab23	6f821fcc-ce8a-4ca9-9806-e9ad74e9bcd8
phoneNumber		9bda856b-d6a9-4298-8391-32b296b1ab23	6205cff7-f229-44cf-aa0b-854dbbd71baa
street		9bda856b-d6a9-4298-8391-32b296b1ab23	6cbb1ed8-eba5-4dd1-a831-148c0405e066
postal_code		9bda856b-d6a9-4298-8391-32b296b1ab23	52fabc8b-32f4-4f97-ae9e-c5893e935d6d
region		9bda856b-d6a9-4298-8391-32b296b1ab23	bffa46a8-e7b3-4e8a-8a34-87c2de085794
country		60a7d694-635e-44fc-9de3-2d98ee274e86	ea32f39f-78b8-42db-b65c-c71f5a9862eb
locality		60a7d694-635e-44fc-9de3-2d98ee274e86	fc2b0d00-4902-4d50-ba6f-9b2e102a1f78
description		60a7d694-635e-44fc-9de3-2d98ee274e86	c1f0a6f8-764a-401a-9ec1-6b4ccdaface3
snetFavourites	{"shifterIDs":[]}	60a7d694-635e-44fc-9de3-2d98ee274e86	cb73ca3f-29e3-432e-9bf4-fcba86c4a3bb
phoneNumber		60a7d694-635e-44fc-9de3-2d98ee274e86	4e16ce16-6a3a-49c4-8482-2f37881c74f6
street		60a7d694-635e-44fc-9de3-2d98ee274e86	ac9ae01b-7e07-4a07-8a64-81ac14896194
postal_code		60a7d694-635e-44fc-9de3-2d98ee274e86	078c5b96-6073-475f-bacc-46b9bdb0bb91
region		60a7d694-635e-44fc-9de3-2d98ee274e86	a6ad709b-08e5-4efb-a44c-f5e2c8dc9f51
country		12a44e4a-371f-4ea3-b160-b20811795bb7	b2303143-c50f-4578-aafc-c4708d4568c8
locality		12a44e4a-371f-4ea3-b160-b20811795bb7	7f0007e0-76af-4e05-bff3-8855a7d56ecb
description		12a44e4a-371f-4ea3-b160-b20811795bb7	102746fd-1d2a-4ed7-a869-ad20b099b2da
snetFavourites	{"shifterIDs":[]}	12a44e4a-371f-4ea3-b160-b20811795bb7	ff3c8e8c-61d5-4461-bcee-cc0903dc5f53
phoneNumber		12a44e4a-371f-4ea3-b160-b20811795bb7	d40e372e-2393-4d5c-8a6b-d735ade508b9
street		12a44e4a-371f-4ea3-b160-b20811795bb7	00b4eca9-a7c5-430e-9212-a82d8e109c7c
postal_code		12a44e4a-371f-4ea3-b160-b20811795bb7	c64b0683-e48c-4b68-8640-55cf479ead2b
region		12a44e4a-371f-4ea3-b160-b20811795bb7	7ecddbcd-bd0e-4f91-8cf8-41e5599b0f72
country		0c865a95-47ba-4853-b3f8-4db26f771675	ae053cd6-1902-4df1-829e-e0061101ee37
locality		0c865a95-47ba-4853-b3f8-4db26f771675	ae85d052-756d-4b76-a6a3-421c7849c286
description		0c865a95-47ba-4853-b3f8-4db26f771675	5eb49d27-1694-4f63-a4e9-c978f19dbc35
snetFavourites	{"shifterIDs":[]}	0c865a95-47ba-4853-b3f8-4db26f771675	aa46597c-5e0b-4356-9975-43172ae7640a
phoneNumber		0c865a95-47ba-4853-b3f8-4db26f771675	f4b0c2b5-c534-4d54-9003-cee04b40d45c
street		0c865a95-47ba-4853-b3f8-4db26f771675	7e5c8118-830e-485d-aa82-0ed2be4e7f6c
postal_code		0c865a95-47ba-4853-b3f8-4db26f771675	bca8d59e-459b-480d-8b25-50eeb1a5596f
region		0c865a95-47ba-4853-b3f8-4db26f771675	65f2dbef-5710-4692-b808-7d6b6c13aca7
country		77f6105d-46fd-4219-bf5a-e878b0ec8e13	4b002f17-02df-4444-9f5f-0d4c13e6fdb9
locality		77f6105d-46fd-4219-bf5a-e878b0ec8e13	335ab1a4-ce9c-491c-82fd-cae055e61372
description		77f6105d-46fd-4219-bf5a-e878b0ec8e13	fc6c2e14-549f-4246-9589-7a52c4f8b476
snetFavourites	{"shifterIDs":[]}	77f6105d-46fd-4219-bf5a-e878b0ec8e13	215a01d9-5bc2-40c7-9657-16dbb25c528a
phoneNumber		77f6105d-46fd-4219-bf5a-e878b0ec8e13	494f13e1-eb28-446b-89f1-d1535f99edbc
street		77f6105d-46fd-4219-bf5a-e878b0ec8e13	24f960ff-5eea-415a-8738-1a05926dfbea
postal_code		77f6105d-46fd-4219-bf5a-e878b0ec8e13	2eb3aab7-2c1e-4503-88b4-8dcd0023fa5e
region		77f6105d-46fd-4219-bf5a-e878b0ec8e13	fb5cf042-1fc3-4b1a-b78e-11cc9c82ebe8
country		60a7d694-635e-44fc-9de3-2d98ee274e86	4947f167-894f-466d-a46d-4c1e52f06bd8
locality		60a7d694-635e-44fc-9de3-2d98ee274e86	8585e6b1-c390-42f2-b2d1-29e7c9bb282d
description		60a7d694-635e-44fc-9de3-2d98ee274e86	448473db-8aa5-4c19-88a5-4508bae42c1d
snetFavourites	{"shifterIDs":[]}	60a7d694-635e-44fc-9de3-2d98ee274e86	fafd83af-4a5c-427d-bf63-e4c1c57e60cb
phoneNumber		60a7d694-635e-44fc-9de3-2d98ee274e86	122abfd6-be64-4c1a-9a34-152502cbde16
street		60a7d694-635e-44fc-9de3-2d98ee274e86	67a1b1cf-95b9-4a74-9fcf-acb869f01eb2
postal_code		60a7d694-635e-44fc-9de3-2d98ee274e86	bffa2ec5-14fa-4b90-b219-6a95ac71ae8d
region		60a7d694-635e-44fc-9de3-2d98ee274e86	3fcdb022-2cf8-49e2-8cf7-1de377fae5ce
country		12a44e4a-371f-4ea3-b160-b20811795bb7	03d276d0-c538-4c13-953c-f2b9d2af5fad
locality		12a44e4a-371f-4ea3-b160-b20811795bb7	09c48c6d-e1d9-41d3-89ba-c8123424923a
description		12a44e4a-371f-4ea3-b160-b20811795bb7	955549f7-a829-45d6-a370-46f47f62d1e6
snetFavourites	{"shifterIDs":[]}	12a44e4a-371f-4ea3-b160-b20811795bb7	b5e7d68d-ee7b-4deb-bcc0-ec6c009d92c0
phoneNumber		12a44e4a-371f-4ea3-b160-b20811795bb7	1d59bd94-d05a-4557-861e-592aa3231f7e
street		12a44e4a-371f-4ea3-b160-b20811795bb7	598b9933-8e92-4a1e-83c3-9a2f12bd1e38
postal_code		12a44e4a-371f-4ea3-b160-b20811795bb7	984d2aeb-9fde-4dd2-95cf-34173d4e0a81
region		12a44e4a-371f-4ea3-b160-b20811795bb7	fc7ab229-46d4-4d5d-ad6c-f5fae63bfe21
country		0c865a95-47ba-4853-b3f8-4db26f771675	02d27bd0-7443-4cf3-b88d-3e4f9a8bff50
locality		0c865a95-47ba-4853-b3f8-4db26f771675	573a9789-ab1a-49ca-ab18-d2e86dd40c7d
description		0c865a95-47ba-4853-b3f8-4db26f771675	7100ce69-e26c-43f7-81ce-d6d43ef5cd49
snetFavourites	{"shifterIDs":[]}	0c865a95-47ba-4853-b3f8-4db26f771675	a2905387-a157-4fe4-8e12-dee583b079cb
phoneNumber		0c865a95-47ba-4853-b3f8-4db26f771675	100b0ab4-e14a-4a43-9d90-7ab4ad03f2d8
street		0c865a95-47ba-4853-b3f8-4db26f771675	f86920e3-0ac0-43ea-9c56-439989f7004b
postal_code		0c865a95-47ba-4853-b3f8-4db26f771675	fb68938f-16cf-4ef6-ad41-6b87299bf81b
region		0c865a95-47ba-4853-b3f8-4db26f771675	a3da15ad-6e13-48c8-8f01-f8de3b60ffc0
country		77f6105d-46fd-4219-bf5a-e878b0ec8e13	840c6807-60d7-416b-86df-51651b6dfcdd
locality		77f6105d-46fd-4219-bf5a-e878b0ec8e13	7a404d8a-cb51-4c67-9434-ab5ec162835e
description		77f6105d-46fd-4219-bf5a-e878b0ec8e13	d5163396-ff65-4fe5-ad84-181c8d279bb3
snetFavourites	{"shifterIDs":[]}	77f6105d-46fd-4219-bf5a-e878b0ec8e13	4e97ec04-f1ea-4bf0-a19a-307c7c21e4e6
phoneNumber		77f6105d-46fd-4219-bf5a-e878b0ec8e13	b4c39b93-877d-4309-af36-406d6a5a0359
street		77f6105d-46fd-4219-bf5a-e878b0ec8e13	65b2359d-d890-46b4-9d15-db599c9b68ca
postal_code		77f6105d-46fd-4219-bf5a-e878b0ec8e13	ae72fbec-02b3-4d44-a741-b0b32cf7967a
region		77f6105d-46fd-4219-bf5a-e878b0ec8e13	1139c594-80c4-467d-942e-5390e5cde37c
snetFavourites	{"shifterIDs":[45529,3560]}	1e6f4e2a-9975-456a-b006-392f2d1afa58	cf808606-bbc4-467b-8980-e4203422ac2b
country		1e6f4e2a-9975-456a-b006-392f2d1afa58	f13a1154-22d6-4c20-84df-3aec7500e25a
country		699c45c8-259b-4f4c-b3f8-658691373c73	0720c61d-e48c-40c8-9346-1c6c6024d0db
locality		699c45c8-259b-4f4c-b3f8-658691373c73	4c2adddf-d4be-418f-8294-a525dc07316f
description		699c45c8-259b-4f4c-b3f8-658691373c73	397dd7c0-6031-484d-a8b6-1a0d4f1c83c1
snetFavourites	{"shifterIDs":[]}	699c45c8-259b-4f4c-b3f8-658691373c73	e32b6b29-b9fe-498b-9a5a-5eb5e12df01b
phoneNumber		699c45c8-259b-4f4c-b3f8-658691373c73	fa3c7cf5-a3e8-455a-8012-943414c578f5
street		699c45c8-259b-4f4c-b3f8-658691373c73	db4fee40-9f75-4d12-af02-b0bea52c98d3
postal_code		699c45c8-259b-4f4c-b3f8-658691373c73	44089d87-300e-4663-afa9-965d4d154ad7
region		699c45c8-259b-4f4c-b3f8-658691373c73	5b2effbc-bf06-4db2-8e50-89fe8f4c9cba
locality		1e6f4e2a-9975-456a-b006-392f2d1afa58	d4ab24fb-a40b-4f02-aac3-742636095ebc
description		1e6f4e2a-9975-456a-b006-392f2d1afa58	2a82877d-40ad-460f-9fdb-3f08fb17aa5f
phoneNumber		1e6f4e2a-9975-456a-b006-392f2d1afa58	6e9d7e8e-1522-4cc0-88e5-94044c737c93
street		1e6f4e2a-9975-456a-b006-392f2d1afa58	858f9bee-6fd5-4bc5-ba16-e3e25b00f224
postal_code		1e6f4e2a-9975-456a-b006-392f2d1afa58	670cd3ed-9f61-4ad7-9345-02bcba422ef9
region		1e6f4e2a-9975-456a-b006-392f2d1afa58	bb4e13bc-205b-408d-bb74-5901cdaed026
country		1e6f4e2a-9975-456a-b006-392f2d1afa58	4f029220-c09e-4ad8-8cee-90d2a54f3b30
country		699c45c8-259b-4f4c-b3f8-658691373c73	708f71e3-c1e8-4a5c-9689-282e0bbd4015
locality		699c45c8-259b-4f4c-b3f8-658691373c73	35b4cdf3-c8f6-451d-bb3e-d06afa74f963
description		699c45c8-259b-4f4c-b3f8-658691373c73	c3624d11-98c8-44ad-a558-c24a0691f5af
snetFavourites	{"shifterIDs":[]}	699c45c8-259b-4f4c-b3f8-658691373c73	1098a3d5-fd33-496d-92a4-e33a511b7795
phoneNumber		699c45c8-259b-4f4c-b3f8-658691373c73	6956ce91-79f7-4296-8eed-e479d3d1a1d1
street		699c45c8-259b-4f4c-b3f8-658691373c73	dc24f99d-fcc5-4389-a932-e3ac96a8f9fa
postal_code		699c45c8-259b-4f4c-b3f8-658691373c73	bbbe00b5-b77f-4603-be8a-c4d81684eee6
region		699c45c8-259b-4f4c-b3f8-658691373c73	2a76e24b-2353-4880-9151-dded3eb98da4
country		9424564c-e919-4849-9254-6f70c9975019	dcc93094-477a-4f9c-9ef2-04c3f9d5e1fd
locality		9424564c-e919-4849-9254-6f70c9975019	aa7ed478-9ce6-4aff-a23d-e77069b1ba18
description		9424564c-e919-4849-9254-6f70c9975019	edbb94ff-8f51-43cc-8714-db3e4890f0bb
snetFavourites	{"shifterIDs":[]}	9424564c-e919-4849-9254-6f70c9975019	145b37cf-075b-489b-aeba-5ce788b45f0a
phoneNumber		9424564c-e919-4849-9254-6f70c9975019	e401747a-3c90-4841-a39f-8f09c9f6d4bd
street		9424564c-e919-4849-9254-6f70c9975019	ee5fc801-ae9b-473f-aabb-4b320fb8607b
postal_code		9424564c-e919-4849-9254-6f70c9975019	c9666e38-9b14-482a-80a6-108c06b6709e
region		9424564c-e919-4849-9254-6f70c9975019	5e979172-d487-488c-b38b-72f7a5b55eaf
country		9424564c-e919-4849-9254-6f70c9975019	88c326e6-1b48-45c6-af3e-e475838b679d
locality		9424564c-e919-4849-9254-6f70c9975019	7742eb0d-442b-4ba3-b76c-3e89bf9f8f7b
description		9424564c-e919-4849-9254-6f70c9975019	8e2e0840-77d3-4659-96a1-3988721d6284
snetFavourites	{"shifterIDs":[]}	9424564c-e919-4849-9254-6f70c9975019	67dd4499-cc1b-4816-9e65-8862bdcdc963
phoneNumber		9424564c-e919-4849-9254-6f70c9975019	572c335e-4943-4581-b4c2-923eb5c0a061
street		9424564c-e919-4849-9254-6f70c9975019	c95225e8-8808-4162-a59f-43e714f8e6b8
postal_code		9424564c-e919-4849-9254-6f70c9975019	cadbeeb4-7402-4314-b013-18c955d11f79
region		9424564c-e919-4849-9254-6f70c9975019	382ac5d5-c609-4440-9aa0-71919c48c2fd
country		0d2df317-da62-4fab-84df-63a408d1fc6c	13d08420-5162-4ffd-9002-4353d92384cc
locality		0d2df317-da62-4fab-84df-63a408d1fc6c	060ff40e-f152-48bd-87ab-151ac712bdea
description		0d2df317-da62-4fab-84df-63a408d1fc6c	a19160e6-1f38-4bb2-85f7-61a77aceb565
snetFavourites	{"shifterIDs":[]}	0d2df317-da62-4fab-84df-63a408d1fc6c	58c339d3-532c-4747-9d1b-0de72286f3dd
phoneNumber		0d2df317-da62-4fab-84df-63a408d1fc6c	7305353a-e5a1-4398-88d2-ce564457804d
street		0d2df317-da62-4fab-84df-63a408d1fc6c	2739f89e-ace7-4745-bf75-e146e00ac5b5
postal_code		0d2df317-da62-4fab-84df-63a408d1fc6c	c3c53fab-d871-4ea6-a5de-75efcf061aa6
region		0d2df317-da62-4fab-84df-63a408d1fc6c	0c5c04b6-3774-4596-a0e9-9549c385fc33
country		cb19d4e0-3f45-4300-b05b-9454fa97452c	a41a2d5d-c0b0-484a-9867-ab880bd1cddd
country		cb19d4e0-3f45-4300-b05b-9454fa97452c	e272cdc5-62a6-40a8-ac4b-088574e11714
locality		cb19d4e0-3f45-4300-b05b-9454fa97452c	557ea142-128c-4c39-b314-6e5f7c2ad3c7
locality		cb19d4e0-3f45-4300-b05b-9454fa97452c	f5b0a068-b7ee-469f-b0f1-19c281d94fbc
description		cb19d4e0-3f45-4300-b05b-9454fa97452c	6208fac1-8b2a-4de1-9250-6dac25e6dc41
description		cb19d4e0-3f45-4300-b05b-9454fa97452c	5e4e54a4-6d01-4765-80ac-3439c4873b93
snetFavourites	{"shifterIDs":[]}	cb19d4e0-3f45-4300-b05b-9454fa97452c	71964b56-7e86-4b63-b2f9-195c271c169a
snetFavourites	{"shifterIDs":[]}	cb19d4e0-3f45-4300-b05b-9454fa97452c	06714435-f28e-44b8-8ca3-0d4f4cc1ed29
phoneNumber		cb19d4e0-3f45-4300-b05b-9454fa97452c	451c99f3-75aa-4c64-b382-08859b8a42ae
phoneNumber		cb19d4e0-3f45-4300-b05b-9454fa97452c	f8e02ed1-bd28-4180-ba48-50655622de72
street		cb19d4e0-3f45-4300-b05b-9454fa97452c	e5d64382-7f98-4fe3-a928-96dc02083d7c
street		cb19d4e0-3f45-4300-b05b-9454fa97452c	db2066c2-7454-4e94-ad58-67ae7892e5f4
postal_code		cb19d4e0-3f45-4300-b05b-9454fa97452c	58a8eaa9-97bd-4fdb-960c-67cc944e309d
postal_code		cb19d4e0-3f45-4300-b05b-9454fa97452c	07362f1f-c817-41b5-aefa-b85d435503b6
region		cb19d4e0-3f45-4300-b05b-9454fa97452c	eec48a62-84b3-44e4-b2b2-78a28d80c2cd
region		cb19d4e0-3f45-4300-b05b-9454fa97452c	8afc4ef2-1d7b-4c12-b776-10dfa33f6ff1
country		7a8d8974-80cf-429a-9668-52b66d2ed282	7ce5a6c6-9e6a-49e8-b6a4-4e987c510b45
country		7a8d8974-80cf-429a-9668-52b66d2ed282	f947a655-22cd-439d-b4c1-214203ba0d4c
locality		7a8d8974-80cf-429a-9668-52b66d2ed282	ad2dc4b2-ab0a-472f-8fde-d2e737583f6c
locality		7a8d8974-80cf-429a-9668-52b66d2ed282	118cb98c-2ecf-4eb2-9e41-9d7d18749c48
description		7a8d8974-80cf-429a-9668-52b66d2ed282	9bf75e72-2560-4758-b385-8c55a32979c2
description		7a8d8974-80cf-429a-9668-52b66d2ed282	2f3ce412-b3b4-4e80-8613-e7898bbe8a2f
snetFavourites	{"shifterIDs":[]}	7a8d8974-80cf-429a-9668-52b66d2ed282	97d3aa1b-517a-4024-a93b-58c9abc4414e
snetFavourites	{"shifterIDs":[]}	7a8d8974-80cf-429a-9668-52b66d2ed282	e82b12c1-6665-4198-9f6a-3535c85a9c69
phoneNumber		7a8d8974-80cf-429a-9668-52b66d2ed282	787d6bb3-53a4-46ab-ae65-e9a09fb5abd3
phoneNumber		7a8d8974-80cf-429a-9668-52b66d2ed282	5a79631f-cff6-467c-9139-079d5863f9e8
street		7a8d8974-80cf-429a-9668-52b66d2ed282	b82e3a06-d0e4-4d58-adea-79b62a50a85e
street		7a8d8974-80cf-429a-9668-52b66d2ed282	32d320a0-484c-4b91-aa74-5b4b420a37a9
postal_code		7a8d8974-80cf-429a-9668-52b66d2ed282	a46161d0-0bb5-447a-8981-5e153f5ca19e
postal_code		7a8d8974-80cf-429a-9668-52b66d2ed282	1af5cb86-7662-4375-b01e-1187b220afea
region		7a8d8974-80cf-429a-9668-52b66d2ed282	44d052f2-dc19-40c2-af85-7cd7a03b2bad
region		7a8d8974-80cf-429a-9668-52b66d2ed282	74024f66-180a-47fb-93c2-4235404ce28b
country		06194fe5-fd95-4fc5-a039-ee8bbf965e93	74d28c8d-1953-4198-b892-fcb6a1763c84
country		06194fe5-fd95-4fc5-a039-ee8bbf965e93	41009d62-4a9d-4efe-a032-8560c4a58270
locality		06194fe5-fd95-4fc5-a039-ee8bbf965e93	19a17f29-aa90-4336-a651-8792fb5a932c
locality		06194fe5-fd95-4fc5-a039-ee8bbf965e93	f05064ee-b65f-4432-bc87-84379267409e
description		06194fe5-fd95-4fc5-a039-ee8bbf965e93	6c0e01d3-e41b-4a3b-8d05-2d147e6f3ba6
description		06194fe5-fd95-4fc5-a039-ee8bbf965e93	145b4027-f2ad-49c1-a1ab-d26bb290dbf9
snetFavourites	{"shifterIDs":[]}	06194fe5-fd95-4fc5-a039-ee8bbf965e93	a2e77138-8afb-4b6c-b1a3-8f89e350def9
snetFavourites	{"shifterIDs":[]}	06194fe5-fd95-4fc5-a039-ee8bbf965e93	3f0e33bf-e99b-47ea-8013-e596048db1ca
phoneNumber		06194fe5-fd95-4fc5-a039-ee8bbf965e93	978cdec8-f26d-4cb4-946e-f4706b8d94b4
phoneNumber		06194fe5-fd95-4fc5-a039-ee8bbf965e93	48caa63d-44d2-458f-b0d5-f4481335ceda
street		06194fe5-fd95-4fc5-a039-ee8bbf965e93	367f85a9-a3b8-4335-8c2a-11c69d7b4f65
street		06194fe5-fd95-4fc5-a039-ee8bbf965e93	cc4143e0-cb24-4018-977e-d7e2efe84e1c
postal_code		06194fe5-fd95-4fc5-a039-ee8bbf965e93	e7a96a6e-7377-4d81-8e3c-408b04c90ac2
postal_code		06194fe5-fd95-4fc5-a039-ee8bbf965e93	5e73b0c8-4b9a-458c-a7fe-0399df253c26
region		06194fe5-fd95-4fc5-a039-ee8bbf965e93	bba82062-4f4b-47f7-be30-df9c74be2ad6
region		06194fe5-fd95-4fc5-a039-ee8bbf965e93	b4381d85-6a36-4d1b-bffa-beff7e926e92
postal_code		90153db2-5b9a-4088-85e6-9ebdb4ae8316	5c816188-017a-489e-950a-93e1ebc10f2c
region		c29a807c-fd48-41d9-91ad-0210e6ab2115	14256a70-3e40-40db-b2fc-dd6eeec650d9
country		9b524a07-ab2f-4eb3-ad9a-24275e841e61	83e72dd9-8867-4314-adaa-24ece95d7609
locality		9b524a07-ab2f-4eb3-ad9a-24275e841e61	c9283589-0ed3-4280-9a42-2527bbff1cad
description		9b524a07-ab2f-4eb3-ad9a-24275e841e61	6ad7ea16-b7a0-4506-aab4-c5226fd0e852
snetFavourites	{"shifterIDs":[]}	9b524a07-ab2f-4eb3-ad9a-24275e841e61	111488c8-b683-44e3-811f-d26d4a5ff1da
phoneNumber		9b524a07-ab2f-4eb3-ad9a-24275e841e61	3fc9835b-43cc-448a-b942-d4c0bbbf206f
street		9b524a07-ab2f-4eb3-ad9a-24275e841e61	d62f904f-c7b6-4edb-afb9-ecbaeafbf7ad
postal_code		9b524a07-ab2f-4eb3-ad9a-24275e841e61	a0bcc81d-d419-4a18-8177-39ff8096fbc7
region		9b524a07-ab2f-4eb3-ad9a-24275e841e61	c4623900-e129-43a6-b737-5cd5ace085df
snetFavourites	{"shifterIDs":[]}	11c4cc23-92b0-4ed4-9f54-b0523d45386f	39b5f62b-c044-4188-9990-059905221479
\.


--
-- Data for Name: user_consent; Type: TABLE DATA; Schema: public; Owner: shifternetzwerk
--

COPY public.user_consent (id, client_id, user_id, created_date, last_updated_date, client_storage_provider, external_client_id) FROM stdin;
\.


--
-- Data for Name: user_consent_client_scope; Type: TABLE DATA; Schema: public; Owner: shifternetzwerk
--

COPY public.user_consent_client_scope (user_consent_id, scope_id) FROM stdin;
\.


--
-- Data for Name: user_entity; Type: TABLE DATA; Schema: public; Owner: shifternetzwerk
--

COPY public.user_entity (id, email, email_constraint, email_verified, enabled, federation_link, first_name, last_name, realm_id, username, created_timestamp, service_account_client_link, not_before) FROM stdin;
7e26ba47-6ff0-42ed-a425-ecaf01d121af	\N	b4ec4f7a-a149-4a49-b19d-04f42bdcd66a	f	t	\N	\N	\N	jhipster	service-account-internal	1588436272389	98ae8603-4547-4218-8fb9-ebc550a0e10b	0
b92cf042-7d00-43a0-aefe-ea14a13ad969	\N	b3d720b2-258b-404a-b7c7-ddc8d0cd1a51	f	t	\N	\N	\N	master	admin	1623851629107	\N	0
699c45c8-259b-4f4c-b3f8-658691373c73	jseemann@shiftphones.com	jseemann@shiftphones.com	f	t	\N	Jonas	Seemann	master	jonas_admin	1624278114461	\N	0
fcebb86d-c942-4098-9f57-20af04186c2a	test011@test.de	test011@test.de	f	t	\N	test011	test	master	test011	1623928381261	\N	0
11c4cc23-92b0-4ed4-9f54-b0523d45386f	marcel.donges@gmail.com	marcel.donges@gmail.com	f	t	\N	Marcel	Donges	master	donges	1623931472147	\N	0
21898ddf-29f1-4e20-8a06-5cdac5ccf998	test010@test.de	test010@test.de	f	t	\N	test010	test010	master	test010	1623931853836	\N	0
dcb581d8-8797-4d5c-80b8-5ab6dfc6fd4f	test004@test.de	test004@test.de	f	t	\N	test004	test004	master	test004	1623932448699	\N	0
472921db-8199-42ae-9522-676e47325b4f	akd@gmail.com	akd@gmail.com	f	t	\N	Marcel	Donges	master	amos	1623959162340	\N	0
d561ac15-d663-4c72-b6db-2bb2b11b95a4	test012@gmx.de	test012@gmx.de	f	t	\N	test012	test012	master	test012	1623997315187	\N	0
2b5af508-ce52-4faa-82bb-1d716827decd	manish.jain@ceruleancircle.com	manish.jain@ceruleancircle.com	f	t	\N	Manish 	Jain	master	mjain	1623999323168	\N	0
af69d886-4bd9-47c2-9316-3493714b02f3	tetete@te.de	tetete@te.de	f	t	\N	tetete	tetete	master	tetete	1623999739127	\N	0
c5b22e1e-e634-4333-b250-847f18a2f595	test@test.com	test@test.com	f	t	\N	Shaan	Kushwaha	master	test	1624001532051	\N	0
775a42ca-d12e-40fd-b06a-67f05e64e2e3	qwe@qw.de	qwe@qw.de	f	t	\N	qwe	qwe	master	qwe	1624002848163	\N	0
09296f81-4fe8-405f-a9e9-68db1ddc42df	marcel@donges.it	marcel@donges.it	f	t	\N	Marcel	Donges	master	marcel@donges.it	1624006646163	\N	0
c29a807c-fd48-41d9-91ad-0210e6ab2115	technik@shift-gmbh.com	technik@shift-gmbh.com	t	t	\N	SHIFT	Admin	master	shiftadmin	1624021361168	\N	0
9b524a07-ab2f-4eb3-ad9a-24275e841e61	mscheil@shiftphones.com	mscheil@shiftphones.com	t	t	\N	Matthis	Scheil	master	mscheil	1624021630648	\N	0
44b6243b-4980-4dfe-a900-46f6d342f153	teste22@test.de	teste22@test.de	f	t	\N	test22	teste22	master	teste22	1624256329759	\N	0
7b3e3473-76b2-444c-ab16-44e1122136c2	test23@test.de	test23@test.de	f	t	\N	test23	test23	master	test23	1624257118617	\N	0
fd53a5a5-19c7-49a2-be0b-0925f11cbea7	michi24@gmx.de	michi24@gmx.de	f	t	\N	michi24	michi24	master	michi24	1624259749764	\N	0
69b8eb3a-71b2-4cf9-b5c5-0440c94a1c7e	jgfz5@035.de	jgfz5@035.de	f	t	\N	bene110	asdf	master	bene110	1624282297438	\N	0
a73f87a2-e277-4026-8e78-162bf72e7862	bejlkasdjf@test.com	bejlkasdjf@test.com	f	t	\N	bene100	eck	master	bene100	1624259774043	\N	0
82b05378-f2e4-4100-9d4d-d6ab73c890e7	han123@han123	han123@han123	f	t	\N	han123	Nortjé	master	han123	1624259926525	\N	0
11e5e958-7878-4a71-a3eb-81383c03bc42	test@ajsdkfjklf.de	test@ajsdkfjklf.de	f	t	\N	bene101	eck	master	bene101	1624260082731	\N	0
a1f9bdf9-48eb-4399-800f-02425398efc1	jklasdf@jgu5679.de	jklasdf@jgu5679.de	f	t	\N	bene102	asdf	master	bene102	1624260787342	\N	0
ae1b1acc-b032-44e7-9397-6ea001ce55e6	jfdjh34278@ajlsfdjl.de	jfdjh34278@ajlsfdjl.de	f	t	\N	bene106	asfd	master	bene107	1624261606815	\N	0
50a3fe8f-d7c2-4b4f-bdd4-f4fb8a87ce8d	jalsdfkljsd@jt73.de	jalsdfkljsd@jt73.de	f	t	\N	bene108	asdf	master	108	1624265432866	\N	0
652f6ec3-10b5-4d7f-b4fc-fbb945800eb8	bene220@test.de	bene220@test.de	f	t	\N	bene220	bene220	master	bene220	1624286669509	\N	0
49c65025-1ec8-4053-ab44-adf5f826582d	test2@test.com	test2@test.com	f	t	\N	Test	Test2	master	test2	1624268937002	\N	0
b2860364-a471-4457-857a-4f481d11b482	andre.marquis@cotago.de	andre.marquis@cotago.de	f	t	\N	a	m	master	am	1624274535309	\N	0
c848027e-8f9b-4419-b910-43f12d78db83	asdf@dfjks.de	asdf@dfjks.de	f	t	\N	bene111	as	master	bene111	1624283154771	\N	0
82567294-486b-4528-a849-4b64600358b9	kjfdkljkl@jgu6594.de	kjfdkljkl@jgu6594.de	f	t	\N	bene112	asdf	master	bene112	1624283370702	\N	0
c489a30a-cb7f-47cd-b017-2af6bb8a4119	bene114@dt.de	bene114@dt.de	f	t	\N	bene114	bene114	master	bene114	1624283731295	\N	0
d3b8b0ab-f6c9-4434-820b-562c9d4bc9d3	bene114@test.de	bene114@test.de	f	t	\N	bene115	bene114	master	bene115	1624284766173	\N	0
6110bbe2-3949-437f-853c-13be71dd0c86	bene120@test.de	bene120@test.de	f	t	\N	bene120	bene120	master	bene120	1624285287003	\N	0
33cb1cac-1369-48e8-8ba2-a726b458ba25	bene121@test.de	bene121@test.de	f	t	\N	bene121	bene121	master	bene121	1624285946639	\N	0
31ba78a9-5176-470e-adf8-1ef7f0d170ae	bene222@test.de	bene222@test.de	f	t	\N	bene222	bene222	master	bene222	1624289291307	\N	0
d4005ad0-858c-4a31-9902-e2e5822a2a32	bene223@test.de	bene223@test.de	f	t	\N	bene223	bene223	master	bene223	1624290140813	\N	0
848f4e89-442c-41b8-8454-a7df4c867317	bene224@test.de	bene224@test.de	f	t	\N	bene224	bene224	master	bene224	1624290591060	\N	0
41d624e5-506d-4bcf-ab04-7b442974ceaa	jonas1@test.de	jonas1@test.de	f	t	\N	jonas	jonas	master	jonas1	1624345175649	\N	0
5a94a172-37dc-47c9-b9eb-0531d657c647	jonas2@test.de	jonas2@test.de	f	t	\N	jonas	jonas	master	jonas2	1624355182582	\N	0
fab81b6f-9ef5-4116-a30d-0e15c2bd305f	bene230@test.de	bene230@test.de	f	t	\N	bene230	bene230	master	bene230	1624356572551	\N	0
81e82558-2435-47d9-8e6c-4265fecb4a24	bene231@test.de	bene231@test.de	f	t	\N	bene231	bene231	master	bene231	1624357795332	\N	0
bcc33ebb-8fc3-458e-8f23-6a70266a2238	michi77@michi77.de	michi77@michi77.de	f	t	\N	michi77	michi77	master	michi77	1624363416081	\N	0
9bda856b-d6a9-4298-8391-32b296b1ab23	bene225@test.de	bene225@test.de	f	t	\N	bene225	bene225	master	bene225	1624364901650	\N	0
d473f665-f5d6-4d09-ace2-643462205224	bene235@test.de	bene235@test.de	f	t	\N	bene230	bene230	master	bene235	1624368080970	\N	0
757d3de1-dd91-4053-80e4-af5e9ed9f468	test3@test.com	test3@test.com	f	t	\N	test3	test3	master	test3	1624368336402	\N	0
60a7d694-635e-44fc-9de3-2d98ee274e86	bene250@test.de	bene250@test.de	f	t	\N	bene250	bene250	master	bene250	1624368515430	\N	0
12a44e4a-371f-4ea3-b160-b20811795bb7	bene266@test.de	bene266@test.de	f	t	\N	bene266	bene266	master	bene266	1624368635907	\N	0
0c865a95-47ba-4853-b3f8-4db26f771675	jonas3@test.de	jonas3@test.de	f	t	\N	jonas	jonas	master	jonas3	1624369199942	\N	0
77f6105d-46fd-4219-bf5a-e878b0ec8e13	jonas4@test.de	jonas4@test.de	f	t	\N	jonas	jonas	master	jonas4	1624369536508	\N	0
1e6f4e2a-9975-456a-b006-392f2d1afa58	jonas5@test.de	jonas5@test.de	f	t	\N	jonasasd	jonasasd	master	jonas5	1624370264838	\N	0
90153db2-5b9a-4088-85e6-9ebdb4ae8316	michi78@michi78.de	michi78@michi78.de	f	t	\N	michi78	michi	master	michi78	1624428656087	\N	0
9424564c-e919-4849-9254-6f70c9975019	jonas6@test.de	jonas6@test.de	f	t	\N	ahoidesign	Seemann	master	jonas6	1624372216176	\N	0
0d2df317-da62-4fab-84df-63a408d1fc6c	jonas7@test.de	jonas7@test.de	f	t	\N	jonas	jonas	master	jonas7	1624372629551	\N	0
cb19d4e0-3f45-4300-b05b-9454fa97452c	terste@googlemail.com	terste@googlemail.com	f	t	\N	Jonas	Seemann	master	jonas8	1624373053917	\N	0
7a8d8974-80cf-429a-9668-52b66d2ed282	test9@test.de	test9@test.de	f	t	\N	k	s	master	jonas9	1624373163460	\N	0
06194fe5-fd95-4fc5-a039-ee8bbf965e93	susi.donges@gmail.com	susi.donges@gmail.com	f	t	\N	Susanne	Donges	master	fromliam	1624378418851	\N	0
1c9de9ae-01b1-4035-86d5-2406003dbaf9	pnkj_jsr@yahoo.co.in	pnkj_jsr@yahoo.co.in	f	t	\N	Pankaj	Jasoria	master	pnkj_jsr	1624422279001	\N	0
8f956ca2-20f6-4128-9a98-0846289eb73c	me@jensweigel.de	me@jensweigel.de	f	t	\N	Jens	Weigel	master	jw	1624430979763	\N	0
\.


--
-- Data for Name: user_federation_config; Type: TABLE DATA; Schema: public; Owner: shifternetzwerk
--

COPY public.user_federation_config (user_federation_provider_id, value, name) FROM stdin;
\.


--
-- Data for Name: user_federation_mapper; Type: TABLE DATA; Schema: public; Owner: shifternetzwerk
--

COPY public.user_federation_mapper (id, name, federation_provider_id, federation_mapper_type, realm_id) FROM stdin;
\.


--
-- Data for Name: user_federation_mapper_config; Type: TABLE DATA; Schema: public; Owner: shifternetzwerk
--

COPY public.user_federation_mapper_config (user_federation_mapper_id, value, name) FROM stdin;
\.


--
-- Data for Name: user_federation_provider; Type: TABLE DATA; Schema: public; Owner: shifternetzwerk
--

COPY public.user_federation_provider (id, changed_sync_period, display_name, full_sync_period, last_sync, priority, provider_name, realm_id) FROM stdin;
\.


--
-- Data for Name: user_group_membership; Type: TABLE DATA; Schema: public; Owner: shifternetzwerk
--

COPY public.user_group_membership (group_id, user_id) FROM stdin;
2e5928ca-1b7e-4de3-b1ab-791949441793	9b524a07-ab2f-4eb3-ad9a-24275e841e61
\.


--
-- Data for Name: user_required_action; Type: TABLE DATA; Schema: public; Owner: shifternetzwerk
--

COPY public.user_required_action (user_id, required_action) FROM stdin;
\.


--
-- Data for Name: user_role_mapping; Type: TABLE DATA; Schema: public; Owner: shifternetzwerk
--

COPY public.user_role_mapping (role_id, user_id) FROM stdin;
932ca70d-a311-42f9-9042-431cef835b9e	7e26ba47-6ff0-42ed-a425-ecaf01d121af
96c0124c-0f00-4769-8cd3-f7dfd74a0af3	7e26ba47-6ff0-42ed-a425-ecaf01d121af
6ceaaca5-30a4-444b-9078-723b7cc13591	7e26ba47-6ff0-42ed-a425-ecaf01d121af
354b3a09-47a6-4051-957c-c6a3ee28a190	7e26ba47-6ff0-42ed-a425-ecaf01d121af
21b65e52-b4e3-453e-b0f0-10a44a4a887d	7e26ba47-6ff0-42ed-a425-ecaf01d121af
2dc15707-b7be-4e1f-9e21-b7a2d7136b7f	b92cf042-7d00-43a0-aefe-ea14a13ad969
3f796c7d-679f-46de-bed8-d91c8e11eae0	b92cf042-7d00-43a0-aefe-ea14a13ad969
03b02dee-9a70-451b-93e0-bb6f00f450f3	b92cf042-7d00-43a0-aefe-ea14a13ad969
1a7f697b-d779-49a4-94ee-28076f275a55	b92cf042-7d00-43a0-aefe-ea14a13ad969
16f36b9b-db49-43a3-b081-7b3b326b57a2	b92cf042-7d00-43a0-aefe-ea14a13ad969
2dc15707-b7be-4e1f-9e21-b7a2d7136b7f	fcebb86d-c942-4098-9f57-20af04186c2a
3f796c7d-679f-46de-bed8-d91c8e11eae0	fcebb86d-c942-4098-9f57-20af04186c2a
03b02dee-9a70-451b-93e0-bb6f00f450f3	fcebb86d-c942-4098-9f57-20af04186c2a
1a7f697b-d779-49a4-94ee-28076f275a55	fcebb86d-c942-4098-9f57-20af04186c2a
03b02dee-9a70-451b-93e0-bb6f00f450f3	11c4cc23-92b0-4ed4-9f54-b0523d45386f
1a7f697b-d779-49a4-94ee-28076f275a55	11c4cc23-92b0-4ed4-9f54-b0523d45386f
2dc15707-b7be-4e1f-9e21-b7a2d7136b7f	21898ddf-29f1-4e20-8a06-5cdac5ccf998
3f796c7d-679f-46de-bed8-d91c8e11eae0	21898ddf-29f1-4e20-8a06-5cdac5ccf998
03b02dee-9a70-451b-93e0-bb6f00f450f3	21898ddf-29f1-4e20-8a06-5cdac5ccf998
1a7f697b-d779-49a4-94ee-28076f275a55	21898ddf-29f1-4e20-8a06-5cdac5ccf998
2dc15707-b7be-4e1f-9e21-b7a2d7136b7f	dcb581d8-8797-4d5c-80b8-5ab6dfc6fd4f
3f796c7d-679f-46de-bed8-d91c8e11eae0	dcb581d8-8797-4d5c-80b8-5ab6dfc6fd4f
03b02dee-9a70-451b-93e0-bb6f00f450f3	dcb581d8-8797-4d5c-80b8-5ab6dfc6fd4f
1a7f697b-d779-49a4-94ee-28076f275a55	dcb581d8-8797-4d5c-80b8-5ab6dfc6fd4f
7b6a0a22-7b47-4aa5-85a4-5f292f6343f1	b92cf042-7d00-43a0-aefe-ea14a13ad969
2dc15707-b7be-4e1f-9e21-b7a2d7136b7f	472921db-8199-42ae-9522-676e47325b4f
3f796c7d-679f-46de-bed8-d91c8e11eae0	472921db-8199-42ae-9522-676e47325b4f
03b02dee-9a70-451b-93e0-bb6f00f450f3	472921db-8199-42ae-9522-676e47325b4f
1a7f697b-d779-49a4-94ee-28076f275a55	472921db-8199-42ae-9522-676e47325b4f
2dc15707-b7be-4e1f-9e21-b7a2d7136b7f	d561ac15-d663-4c72-b6db-2bb2b11b95a4
3f796c7d-679f-46de-bed8-d91c8e11eae0	d561ac15-d663-4c72-b6db-2bb2b11b95a4
03b02dee-9a70-451b-93e0-bb6f00f450f3	d561ac15-d663-4c72-b6db-2bb2b11b95a4
1a7f697b-d779-49a4-94ee-28076f275a55	d561ac15-d663-4c72-b6db-2bb2b11b95a4
2dc15707-b7be-4e1f-9e21-b7a2d7136b7f	2b5af508-ce52-4faa-82bb-1d716827decd
3f796c7d-679f-46de-bed8-d91c8e11eae0	2b5af508-ce52-4faa-82bb-1d716827decd
03b02dee-9a70-451b-93e0-bb6f00f450f3	2b5af508-ce52-4faa-82bb-1d716827decd
1a7f697b-d779-49a4-94ee-28076f275a55	2b5af508-ce52-4faa-82bb-1d716827decd
2dc15707-b7be-4e1f-9e21-b7a2d7136b7f	af69d886-4bd9-47c2-9316-3493714b02f3
3f796c7d-679f-46de-bed8-d91c8e11eae0	af69d886-4bd9-47c2-9316-3493714b02f3
03b02dee-9a70-451b-93e0-bb6f00f450f3	af69d886-4bd9-47c2-9316-3493714b02f3
1a7f697b-d779-49a4-94ee-28076f275a55	af69d886-4bd9-47c2-9316-3493714b02f3
2dc15707-b7be-4e1f-9e21-b7a2d7136b7f	c5b22e1e-e634-4333-b250-847f18a2f595
3f796c7d-679f-46de-bed8-d91c8e11eae0	c5b22e1e-e634-4333-b250-847f18a2f595
03b02dee-9a70-451b-93e0-bb6f00f450f3	c5b22e1e-e634-4333-b250-847f18a2f595
1a7f697b-d779-49a4-94ee-28076f275a55	c5b22e1e-e634-4333-b250-847f18a2f595
2dc15707-b7be-4e1f-9e21-b7a2d7136b7f	775a42ca-d12e-40fd-b06a-67f05e64e2e3
3f796c7d-679f-46de-bed8-d91c8e11eae0	775a42ca-d12e-40fd-b06a-67f05e64e2e3
03b02dee-9a70-451b-93e0-bb6f00f450f3	775a42ca-d12e-40fd-b06a-67f05e64e2e3
1a7f697b-d779-49a4-94ee-28076f275a55	775a42ca-d12e-40fd-b06a-67f05e64e2e3
3f796c7d-679f-46de-bed8-d91c8e11eae0	11c4cc23-92b0-4ed4-9f54-b0523d45386f
2dc15707-b7be-4e1f-9e21-b7a2d7136b7f	11c4cc23-92b0-4ed4-9f54-b0523d45386f
16f36b9b-db49-43a3-b081-7b3b326b57a2	11c4cc23-92b0-4ed4-9f54-b0523d45386f
2dc15707-b7be-4e1f-9e21-b7a2d7136b7f	09296f81-4fe8-405f-a9e9-68db1ddc42df
3f796c7d-679f-46de-bed8-d91c8e11eae0	09296f81-4fe8-405f-a9e9-68db1ddc42df
03b02dee-9a70-451b-93e0-bb6f00f450f3	09296f81-4fe8-405f-a9e9-68db1ddc42df
1a7f697b-d779-49a4-94ee-28076f275a55	09296f81-4fe8-405f-a9e9-68db1ddc42df
5738575f-ec12-4bf3-9525-b3620531f1b8	09296f81-4fe8-405f-a9e9-68db1ddc42df
16f36b9b-db49-43a3-b081-7b3b326b57a2	09296f81-4fe8-405f-a9e9-68db1ddc42df
7b6a0a22-7b47-4aa5-85a4-5f292f6343f1	09296f81-4fe8-405f-a9e9-68db1ddc42df
03b02dee-9a70-451b-93e0-bb6f00f450f3	c29a807c-fd48-41d9-91ad-0210e6ab2115
1a7f697b-d779-49a4-94ee-28076f275a55	c29a807c-fd48-41d9-91ad-0210e6ab2115
2dc15707-b7be-4e1f-9e21-b7a2d7136b7f	9b524a07-ab2f-4eb3-ad9a-24275e841e61
3f796c7d-679f-46de-bed8-d91c8e11eae0	9b524a07-ab2f-4eb3-ad9a-24275e841e61
03b02dee-9a70-451b-93e0-bb6f00f450f3	9b524a07-ab2f-4eb3-ad9a-24275e841e61
1a7f697b-d779-49a4-94ee-28076f275a55	9b524a07-ab2f-4eb3-ad9a-24275e841e61
16f36b9b-db49-43a3-b081-7b3b326b57a2	c29a807c-fd48-41d9-91ad-0210e6ab2115
3f796c7d-679f-46de-bed8-d91c8e11eae0	c29a807c-fd48-41d9-91ad-0210e6ab2115
2dc15707-b7be-4e1f-9e21-b7a2d7136b7f	c29a807c-fd48-41d9-91ad-0210e6ab2115
7b6a0a22-7b47-4aa5-85a4-5f292f6343f1	11c4cc23-92b0-4ed4-9f54-b0523d45386f
7b6a0a22-7b47-4aa5-85a4-5f292f6343f1	c29a807c-fd48-41d9-91ad-0210e6ab2115
581f0df7-40ef-479c-93cc-7528ad9680ed	11c4cc23-92b0-4ed4-9f54-b0523d45386f
581f0df7-40ef-479c-93cc-7528ad9680ed	c29a807c-fd48-41d9-91ad-0210e6ab2115
2dc15707-b7be-4e1f-9e21-b7a2d7136b7f	44b6243b-4980-4dfe-a900-46f6d342f153
3f796c7d-679f-46de-bed8-d91c8e11eae0	44b6243b-4980-4dfe-a900-46f6d342f153
03b02dee-9a70-451b-93e0-bb6f00f450f3	44b6243b-4980-4dfe-a900-46f6d342f153
1a7f697b-d779-49a4-94ee-28076f275a55	44b6243b-4980-4dfe-a900-46f6d342f153
2dc15707-b7be-4e1f-9e21-b7a2d7136b7f	7b3e3473-76b2-444c-ab16-44e1122136c2
3f796c7d-679f-46de-bed8-d91c8e11eae0	7b3e3473-76b2-444c-ab16-44e1122136c2
03b02dee-9a70-451b-93e0-bb6f00f450f3	7b3e3473-76b2-444c-ab16-44e1122136c2
1a7f697b-d779-49a4-94ee-28076f275a55	7b3e3473-76b2-444c-ab16-44e1122136c2
2dc15707-b7be-4e1f-9e21-b7a2d7136b7f	fd53a5a5-19c7-49a2-be0b-0925f11cbea7
3f796c7d-679f-46de-bed8-d91c8e11eae0	fd53a5a5-19c7-49a2-be0b-0925f11cbea7
03b02dee-9a70-451b-93e0-bb6f00f450f3	fd53a5a5-19c7-49a2-be0b-0925f11cbea7
1a7f697b-d779-49a4-94ee-28076f275a55	fd53a5a5-19c7-49a2-be0b-0925f11cbea7
2dc15707-b7be-4e1f-9e21-b7a2d7136b7f	a73f87a2-e277-4026-8e78-162bf72e7862
3f796c7d-679f-46de-bed8-d91c8e11eae0	a73f87a2-e277-4026-8e78-162bf72e7862
03b02dee-9a70-451b-93e0-bb6f00f450f3	a73f87a2-e277-4026-8e78-162bf72e7862
1a7f697b-d779-49a4-94ee-28076f275a55	a73f87a2-e277-4026-8e78-162bf72e7862
2dc15707-b7be-4e1f-9e21-b7a2d7136b7f	82b05378-f2e4-4100-9d4d-d6ab73c890e7
3f796c7d-679f-46de-bed8-d91c8e11eae0	82b05378-f2e4-4100-9d4d-d6ab73c890e7
03b02dee-9a70-451b-93e0-bb6f00f450f3	82b05378-f2e4-4100-9d4d-d6ab73c890e7
1a7f697b-d779-49a4-94ee-28076f275a55	82b05378-f2e4-4100-9d4d-d6ab73c890e7
2dc15707-b7be-4e1f-9e21-b7a2d7136b7f	11e5e958-7878-4a71-a3eb-81383c03bc42
3f796c7d-679f-46de-bed8-d91c8e11eae0	11e5e958-7878-4a71-a3eb-81383c03bc42
03b02dee-9a70-451b-93e0-bb6f00f450f3	11e5e958-7878-4a71-a3eb-81383c03bc42
1a7f697b-d779-49a4-94ee-28076f275a55	11e5e958-7878-4a71-a3eb-81383c03bc42
2dc15707-b7be-4e1f-9e21-b7a2d7136b7f	a1f9bdf9-48eb-4399-800f-02425398efc1
3f796c7d-679f-46de-bed8-d91c8e11eae0	a1f9bdf9-48eb-4399-800f-02425398efc1
03b02dee-9a70-451b-93e0-bb6f00f450f3	a1f9bdf9-48eb-4399-800f-02425398efc1
1a7f697b-d779-49a4-94ee-28076f275a55	a1f9bdf9-48eb-4399-800f-02425398efc1
2dc15707-b7be-4e1f-9e21-b7a2d7136b7f	ae1b1acc-b032-44e7-9397-6ea001ce55e6
3f796c7d-679f-46de-bed8-d91c8e11eae0	ae1b1acc-b032-44e7-9397-6ea001ce55e6
03b02dee-9a70-451b-93e0-bb6f00f450f3	ae1b1acc-b032-44e7-9397-6ea001ce55e6
1a7f697b-d779-49a4-94ee-28076f275a55	ae1b1acc-b032-44e7-9397-6ea001ce55e6
2dc15707-b7be-4e1f-9e21-b7a2d7136b7f	50a3fe8f-d7c2-4b4f-bdd4-f4fb8a87ce8d
3f796c7d-679f-46de-bed8-d91c8e11eae0	50a3fe8f-d7c2-4b4f-bdd4-f4fb8a87ce8d
03b02dee-9a70-451b-93e0-bb6f00f450f3	50a3fe8f-d7c2-4b4f-bdd4-f4fb8a87ce8d
1a7f697b-d779-49a4-94ee-28076f275a55	50a3fe8f-d7c2-4b4f-bdd4-f4fb8a87ce8d
2dc15707-b7be-4e1f-9e21-b7a2d7136b7f	49c65025-1ec8-4053-ab44-adf5f826582d
3f796c7d-679f-46de-bed8-d91c8e11eae0	49c65025-1ec8-4053-ab44-adf5f826582d
03b02dee-9a70-451b-93e0-bb6f00f450f3	49c65025-1ec8-4053-ab44-adf5f826582d
1a7f697b-d779-49a4-94ee-28076f275a55	49c65025-1ec8-4053-ab44-adf5f826582d
2dc15707-b7be-4e1f-9e21-b7a2d7136b7f	b2860364-a471-4457-857a-4f481d11b482
3f796c7d-679f-46de-bed8-d91c8e11eae0	b2860364-a471-4457-857a-4f481d11b482
03b02dee-9a70-451b-93e0-bb6f00f450f3	b2860364-a471-4457-857a-4f481d11b482
1a7f697b-d779-49a4-94ee-28076f275a55	b2860364-a471-4457-857a-4f481d11b482
03b02dee-9a70-451b-93e0-bb6f00f450f3	699c45c8-259b-4f4c-b3f8-658691373c73
1a7f697b-d779-49a4-94ee-28076f275a55	699c45c8-259b-4f4c-b3f8-658691373c73
16f36b9b-db49-43a3-b081-7b3b326b57a2	699c45c8-259b-4f4c-b3f8-658691373c73
3f796c7d-679f-46de-bed8-d91c8e11eae0	699c45c8-259b-4f4c-b3f8-658691373c73
7b6a0a22-7b47-4aa5-85a4-5f292f6343f1	699c45c8-259b-4f4c-b3f8-658691373c73
2dc15707-b7be-4e1f-9e21-b7a2d7136b7f	699c45c8-259b-4f4c-b3f8-658691373c73
581f0df7-40ef-479c-93cc-7528ad9680ed	699c45c8-259b-4f4c-b3f8-658691373c73
2dc15707-b7be-4e1f-9e21-b7a2d7136b7f	69b8eb3a-71b2-4cf9-b5c5-0440c94a1c7e
3f796c7d-679f-46de-bed8-d91c8e11eae0	69b8eb3a-71b2-4cf9-b5c5-0440c94a1c7e
03b02dee-9a70-451b-93e0-bb6f00f450f3	69b8eb3a-71b2-4cf9-b5c5-0440c94a1c7e
1a7f697b-d779-49a4-94ee-28076f275a55	69b8eb3a-71b2-4cf9-b5c5-0440c94a1c7e
2dc15707-b7be-4e1f-9e21-b7a2d7136b7f	c848027e-8f9b-4419-b910-43f12d78db83
3f796c7d-679f-46de-bed8-d91c8e11eae0	c848027e-8f9b-4419-b910-43f12d78db83
03b02dee-9a70-451b-93e0-bb6f00f450f3	c848027e-8f9b-4419-b910-43f12d78db83
1a7f697b-d779-49a4-94ee-28076f275a55	c848027e-8f9b-4419-b910-43f12d78db83
2dc15707-b7be-4e1f-9e21-b7a2d7136b7f	82567294-486b-4528-a849-4b64600358b9
3f796c7d-679f-46de-bed8-d91c8e11eae0	82567294-486b-4528-a849-4b64600358b9
03b02dee-9a70-451b-93e0-bb6f00f450f3	82567294-486b-4528-a849-4b64600358b9
1a7f697b-d779-49a4-94ee-28076f275a55	82567294-486b-4528-a849-4b64600358b9
2dc15707-b7be-4e1f-9e21-b7a2d7136b7f	c489a30a-cb7f-47cd-b017-2af6bb8a4119
3f796c7d-679f-46de-bed8-d91c8e11eae0	c489a30a-cb7f-47cd-b017-2af6bb8a4119
03b02dee-9a70-451b-93e0-bb6f00f450f3	c489a30a-cb7f-47cd-b017-2af6bb8a4119
1a7f697b-d779-49a4-94ee-28076f275a55	c489a30a-cb7f-47cd-b017-2af6bb8a4119
2dc15707-b7be-4e1f-9e21-b7a2d7136b7f	d3b8b0ab-f6c9-4434-820b-562c9d4bc9d3
3f796c7d-679f-46de-bed8-d91c8e11eae0	d3b8b0ab-f6c9-4434-820b-562c9d4bc9d3
03b02dee-9a70-451b-93e0-bb6f00f450f3	d3b8b0ab-f6c9-4434-820b-562c9d4bc9d3
1a7f697b-d779-49a4-94ee-28076f275a55	d3b8b0ab-f6c9-4434-820b-562c9d4bc9d3
2dc15707-b7be-4e1f-9e21-b7a2d7136b7f	6110bbe2-3949-437f-853c-13be71dd0c86
3f796c7d-679f-46de-bed8-d91c8e11eae0	6110bbe2-3949-437f-853c-13be71dd0c86
03b02dee-9a70-451b-93e0-bb6f00f450f3	6110bbe2-3949-437f-853c-13be71dd0c86
1a7f697b-d779-49a4-94ee-28076f275a55	6110bbe2-3949-437f-853c-13be71dd0c86
2dc15707-b7be-4e1f-9e21-b7a2d7136b7f	33cb1cac-1369-48e8-8ba2-a726b458ba25
3f796c7d-679f-46de-bed8-d91c8e11eae0	33cb1cac-1369-48e8-8ba2-a726b458ba25
03b02dee-9a70-451b-93e0-bb6f00f450f3	33cb1cac-1369-48e8-8ba2-a726b458ba25
1a7f697b-d779-49a4-94ee-28076f275a55	33cb1cac-1369-48e8-8ba2-a726b458ba25
2dc15707-b7be-4e1f-9e21-b7a2d7136b7f	652f6ec3-10b5-4d7f-b4fc-fbb945800eb8
3f796c7d-679f-46de-bed8-d91c8e11eae0	652f6ec3-10b5-4d7f-b4fc-fbb945800eb8
03b02dee-9a70-451b-93e0-bb6f00f450f3	652f6ec3-10b5-4d7f-b4fc-fbb945800eb8
1a7f697b-d779-49a4-94ee-28076f275a55	652f6ec3-10b5-4d7f-b4fc-fbb945800eb8
2dc15707-b7be-4e1f-9e21-b7a2d7136b7f	31ba78a9-5176-470e-adf8-1ef7f0d170ae
3f796c7d-679f-46de-bed8-d91c8e11eae0	31ba78a9-5176-470e-adf8-1ef7f0d170ae
03b02dee-9a70-451b-93e0-bb6f00f450f3	31ba78a9-5176-470e-adf8-1ef7f0d170ae
1a7f697b-d779-49a4-94ee-28076f275a55	31ba78a9-5176-470e-adf8-1ef7f0d170ae
2dc15707-b7be-4e1f-9e21-b7a2d7136b7f	d4005ad0-858c-4a31-9902-e2e5822a2a32
3f796c7d-679f-46de-bed8-d91c8e11eae0	d4005ad0-858c-4a31-9902-e2e5822a2a32
03b02dee-9a70-451b-93e0-bb6f00f450f3	d4005ad0-858c-4a31-9902-e2e5822a2a32
1a7f697b-d779-49a4-94ee-28076f275a55	d4005ad0-858c-4a31-9902-e2e5822a2a32
2dc15707-b7be-4e1f-9e21-b7a2d7136b7f	848f4e89-442c-41b8-8454-a7df4c867317
3f796c7d-679f-46de-bed8-d91c8e11eae0	848f4e89-442c-41b8-8454-a7df4c867317
03b02dee-9a70-451b-93e0-bb6f00f450f3	848f4e89-442c-41b8-8454-a7df4c867317
1a7f697b-d779-49a4-94ee-28076f275a55	848f4e89-442c-41b8-8454-a7df4c867317
2dc15707-b7be-4e1f-9e21-b7a2d7136b7f	41d624e5-506d-4bcf-ab04-7b442974ceaa
3f796c7d-679f-46de-bed8-d91c8e11eae0	41d624e5-506d-4bcf-ab04-7b442974ceaa
03b02dee-9a70-451b-93e0-bb6f00f450f3	41d624e5-506d-4bcf-ab04-7b442974ceaa
1a7f697b-d779-49a4-94ee-28076f275a55	41d624e5-506d-4bcf-ab04-7b442974ceaa
2dc15707-b7be-4e1f-9e21-b7a2d7136b7f	5a94a172-37dc-47c9-b9eb-0531d657c647
3f796c7d-679f-46de-bed8-d91c8e11eae0	5a94a172-37dc-47c9-b9eb-0531d657c647
03b02dee-9a70-451b-93e0-bb6f00f450f3	5a94a172-37dc-47c9-b9eb-0531d657c647
1a7f697b-d779-49a4-94ee-28076f275a55	5a94a172-37dc-47c9-b9eb-0531d657c647
2dc15707-b7be-4e1f-9e21-b7a2d7136b7f	fab81b6f-9ef5-4116-a30d-0e15c2bd305f
3f796c7d-679f-46de-bed8-d91c8e11eae0	fab81b6f-9ef5-4116-a30d-0e15c2bd305f
03b02dee-9a70-451b-93e0-bb6f00f450f3	fab81b6f-9ef5-4116-a30d-0e15c2bd305f
1a7f697b-d779-49a4-94ee-28076f275a55	fab81b6f-9ef5-4116-a30d-0e15c2bd305f
2dc15707-b7be-4e1f-9e21-b7a2d7136b7f	81e82558-2435-47d9-8e6c-4265fecb4a24
3f796c7d-679f-46de-bed8-d91c8e11eae0	81e82558-2435-47d9-8e6c-4265fecb4a24
03b02dee-9a70-451b-93e0-bb6f00f450f3	81e82558-2435-47d9-8e6c-4265fecb4a24
1a7f697b-d779-49a4-94ee-28076f275a55	81e82558-2435-47d9-8e6c-4265fecb4a24
2dc15707-b7be-4e1f-9e21-b7a2d7136b7f	bcc33ebb-8fc3-458e-8f23-6a70266a2238
3f796c7d-679f-46de-bed8-d91c8e11eae0	bcc33ebb-8fc3-458e-8f23-6a70266a2238
03b02dee-9a70-451b-93e0-bb6f00f450f3	bcc33ebb-8fc3-458e-8f23-6a70266a2238
1a7f697b-d779-49a4-94ee-28076f275a55	bcc33ebb-8fc3-458e-8f23-6a70266a2238
2dc15707-b7be-4e1f-9e21-b7a2d7136b7f	9bda856b-d6a9-4298-8391-32b296b1ab23
3f796c7d-679f-46de-bed8-d91c8e11eae0	9bda856b-d6a9-4298-8391-32b296b1ab23
03b02dee-9a70-451b-93e0-bb6f00f450f3	9bda856b-d6a9-4298-8391-32b296b1ab23
1a7f697b-d779-49a4-94ee-28076f275a55	9bda856b-d6a9-4298-8391-32b296b1ab23
2dc15707-b7be-4e1f-9e21-b7a2d7136b7f	d473f665-f5d6-4d09-ace2-643462205224
3f796c7d-679f-46de-bed8-d91c8e11eae0	d473f665-f5d6-4d09-ace2-643462205224
03b02dee-9a70-451b-93e0-bb6f00f450f3	d473f665-f5d6-4d09-ace2-643462205224
1a7f697b-d779-49a4-94ee-28076f275a55	d473f665-f5d6-4d09-ace2-643462205224
2dc15707-b7be-4e1f-9e21-b7a2d7136b7f	757d3de1-dd91-4053-80e4-af5e9ed9f468
3f796c7d-679f-46de-bed8-d91c8e11eae0	757d3de1-dd91-4053-80e4-af5e9ed9f468
03b02dee-9a70-451b-93e0-bb6f00f450f3	757d3de1-dd91-4053-80e4-af5e9ed9f468
1a7f697b-d779-49a4-94ee-28076f275a55	757d3de1-dd91-4053-80e4-af5e9ed9f468
2dc15707-b7be-4e1f-9e21-b7a2d7136b7f	60a7d694-635e-44fc-9de3-2d98ee274e86
3f796c7d-679f-46de-bed8-d91c8e11eae0	60a7d694-635e-44fc-9de3-2d98ee274e86
03b02dee-9a70-451b-93e0-bb6f00f450f3	60a7d694-635e-44fc-9de3-2d98ee274e86
1a7f697b-d779-49a4-94ee-28076f275a55	60a7d694-635e-44fc-9de3-2d98ee274e86
2dc15707-b7be-4e1f-9e21-b7a2d7136b7f	12a44e4a-371f-4ea3-b160-b20811795bb7
3f796c7d-679f-46de-bed8-d91c8e11eae0	12a44e4a-371f-4ea3-b160-b20811795bb7
03b02dee-9a70-451b-93e0-bb6f00f450f3	12a44e4a-371f-4ea3-b160-b20811795bb7
1a7f697b-d779-49a4-94ee-28076f275a55	12a44e4a-371f-4ea3-b160-b20811795bb7
2dc15707-b7be-4e1f-9e21-b7a2d7136b7f	0c865a95-47ba-4853-b3f8-4db26f771675
3f796c7d-679f-46de-bed8-d91c8e11eae0	0c865a95-47ba-4853-b3f8-4db26f771675
03b02dee-9a70-451b-93e0-bb6f00f450f3	0c865a95-47ba-4853-b3f8-4db26f771675
1a7f697b-d779-49a4-94ee-28076f275a55	0c865a95-47ba-4853-b3f8-4db26f771675
2dc15707-b7be-4e1f-9e21-b7a2d7136b7f	77f6105d-46fd-4219-bf5a-e878b0ec8e13
3f796c7d-679f-46de-bed8-d91c8e11eae0	77f6105d-46fd-4219-bf5a-e878b0ec8e13
03b02dee-9a70-451b-93e0-bb6f00f450f3	77f6105d-46fd-4219-bf5a-e878b0ec8e13
1a7f697b-d779-49a4-94ee-28076f275a55	77f6105d-46fd-4219-bf5a-e878b0ec8e13
2dc15707-b7be-4e1f-9e21-b7a2d7136b7f	1e6f4e2a-9975-456a-b006-392f2d1afa58
3f796c7d-679f-46de-bed8-d91c8e11eae0	1e6f4e2a-9975-456a-b006-392f2d1afa58
03b02dee-9a70-451b-93e0-bb6f00f450f3	1e6f4e2a-9975-456a-b006-392f2d1afa58
1a7f697b-d779-49a4-94ee-28076f275a55	1e6f4e2a-9975-456a-b006-392f2d1afa58
2dc15707-b7be-4e1f-9e21-b7a2d7136b7f	9424564c-e919-4849-9254-6f70c9975019
3f796c7d-679f-46de-bed8-d91c8e11eae0	9424564c-e919-4849-9254-6f70c9975019
03b02dee-9a70-451b-93e0-bb6f00f450f3	9424564c-e919-4849-9254-6f70c9975019
1a7f697b-d779-49a4-94ee-28076f275a55	9424564c-e919-4849-9254-6f70c9975019
2dc15707-b7be-4e1f-9e21-b7a2d7136b7f	0d2df317-da62-4fab-84df-63a408d1fc6c
3f796c7d-679f-46de-bed8-d91c8e11eae0	0d2df317-da62-4fab-84df-63a408d1fc6c
03b02dee-9a70-451b-93e0-bb6f00f450f3	0d2df317-da62-4fab-84df-63a408d1fc6c
1a7f697b-d779-49a4-94ee-28076f275a55	0d2df317-da62-4fab-84df-63a408d1fc6c
2dc15707-b7be-4e1f-9e21-b7a2d7136b7f	cb19d4e0-3f45-4300-b05b-9454fa97452c
3f796c7d-679f-46de-bed8-d91c8e11eae0	cb19d4e0-3f45-4300-b05b-9454fa97452c
03b02dee-9a70-451b-93e0-bb6f00f450f3	cb19d4e0-3f45-4300-b05b-9454fa97452c
1a7f697b-d779-49a4-94ee-28076f275a55	cb19d4e0-3f45-4300-b05b-9454fa97452c
2dc15707-b7be-4e1f-9e21-b7a2d7136b7f	7a8d8974-80cf-429a-9668-52b66d2ed282
3f796c7d-679f-46de-bed8-d91c8e11eae0	7a8d8974-80cf-429a-9668-52b66d2ed282
03b02dee-9a70-451b-93e0-bb6f00f450f3	7a8d8974-80cf-429a-9668-52b66d2ed282
1a7f697b-d779-49a4-94ee-28076f275a55	7a8d8974-80cf-429a-9668-52b66d2ed282
2dc15707-b7be-4e1f-9e21-b7a2d7136b7f	06194fe5-fd95-4fc5-a039-ee8bbf965e93
3f796c7d-679f-46de-bed8-d91c8e11eae0	06194fe5-fd95-4fc5-a039-ee8bbf965e93
03b02dee-9a70-451b-93e0-bb6f00f450f3	06194fe5-fd95-4fc5-a039-ee8bbf965e93
1a7f697b-d779-49a4-94ee-28076f275a55	06194fe5-fd95-4fc5-a039-ee8bbf965e93
2dc15707-b7be-4e1f-9e21-b7a2d7136b7f	1c9de9ae-01b1-4035-86d5-2406003dbaf9
3f796c7d-679f-46de-bed8-d91c8e11eae0	1c9de9ae-01b1-4035-86d5-2406003dbaf9
03b02dee-9a70-451b-93e0-bb6f00f450f3	1c9de9ae-01b1-4035-86d5-2406003dbaf9
1a7f697b-d779-49a4-94ee-28076f275a55	1c9de9ae-01b1-4035-86d5-2406003dbaf9
2dc15707-b7be-4e1f-9e21-b7a2d7136b7f	90153db2-5b9a-4088-85e6-9ebdb4ae8316
3f796c7d-679f-46de-bed8-d91c8e11eae0	90153db2-5b9a-4088-85e6-9ebdb4ae8316
03b02dee-9a70-451b-93e0-bb6f00f450f3	90153db2-5b9a-4088-85e6-9ebdb4ae8316
1a7f697b-d779-49a4-94ee-28076f275a55	90153db2-5b9a-4088-85e6-9ebdb4ae8316
2dc15707-b7be-4e1f-9e21-b7a2d7136b7f	8f956ca2-20f6-4128-9a98-0846289eb73c
3f796c7d-679f-46de-bed8-d91c8e11eae0	8f956ca2-20f6-4128-9a98-0846289eb73c
03b02dee-9a70-451b-93e0-bb6f00f450f3	8f956ca2-20f6-4128-9a98-0846289eb73c
1a7f697b-d779-49a4-94ee-28076f275a55	8f956ca2-20f6-4128-9a98-0846289eb73c
\.


--
-- Data for Name: user_session; Type: TABLE DATA; Schema: public; Owner: shifternetzwerk
--

COPY public.user_session (id, auth_method, ip_address, last_session_refresh, login_username, realm_id, remember_me, started, user_id, user_session_state, broker_session_id, broker_user_id) FROM stdin;
\.


--
-- Data for Name: user_session_note; Type: TABLE DATA; Schema: public; Owner: shifternetzwerk
--

COPY public.user_session_note (user_session, name, value) FROM stdin;
\.


--
-- Data for Name: username_login_failure; Type: TABLE DATA; Schema: public; Owner: shifternetzwerk
--

COPY public.username_login_failure (realm_id, username, failed_login_not_before, last_failure, last_ip_failure, num_failures) FROM stdin;
\.


--
-- Data for Name: web_origins; Type: TABLE DATA; Schema: public; Owner: shifternetzwerk
--

COPY public.web_origins (client_id, value) FROM stdin;
efba9c28-195e-4710-8c64-dc0e6bac7917	+
0aa176c1-8d28-4a8b-8e97-7e4b49a289ff	+
1eabef67-6473-4ba8-b07c-14bdbae4aaed	*
3babdb2c-8e3b-4e76-b61c-38016d6abbd7	*
\.


--
-- Name: username_login_failure CONSTRAINT_17-2; Type: CONSTRAINT; Schema: public; Owner: shifternetzwerk
--

ALTER TABLE ONLY public.username_login_failure
    ADD CONSTRAINT "CONSTRAINT_17-2" PRIMARY KEY (realm_id, username);


--
-- Name: keycloak_role UK_J3RWUVD56ONTGSUHOGM184WW2-2; Type: CONSTRAINT; Schema: public; Owner: shifternetzwerk
--

ALTER TABLE ONLY public.keycloak_role
    ADD CONSTRAINT "UK_J3RWUVD56ONTGSUHOGM184WW2-2" UNIQUE (name, client_realm_constraint);


--
-- Name: client_auth_flow_bindings c_cli_flow_bind; Type: CONSTRAINT; Schema: public; Owner: shifternetzwerk
--

ALTER TABLE ONLY public.client_auth_flow_bindings
    ADD CONSTRAINT c_cli_flow_bind PRIMARY KEY (client_id, binding_name);


--
-- Name: client_scope_client c_cli_scope_bind; Type: CONSTRAINT; Schema: public; Owner: shifternetzwerk
--

ALTER TABLE ONLY public.client_scope_client
    ADD CONSTRAINT c_cli_scope_bind PRIMARY KEY (client_id, scope_id);


--
-- Name: client_initial_access cnstr_client_init_acc_pk; Type: CONSTRAINT; Schema: public; Owner: shifternetzwerk
--

ALTER TABLE ONLY public.client_initial_access
    ADD CONSTRAINT cnstr_client_init_acc_pk PRIMARY KEY (id);


--
-- Name: realm_default_groups con_group_id_def_groups; Type: CONSTRAINT; Schema: public; Owner: shifternetzwerk
--

ALTER TABLE ONLY public.realm_default_groups
    ADD CONSTRAINT con_group_id_def_groups UNIQUE (group_id);


--
-- Name: broker_link constr_broker_link_pk; Type: CONSTRAINT; Schema: public; Owner: shifternetzwerk
--

ALTER TABLE ONLY public.broker_link
    ADD CONSTRAINT constr_broker_link_pk PRIMARY KEY (identity_provider, user_id);


--
-- Name: client_user_session_note constr_cl_usr_ses_note; Type: CONSTRAINT; Schema: public; Owner: shifternetzwerk
--

ALTER TABLE ONLY public.client_user_session_note
    ADD CONSTRAINT constr_cl_usr_ses_note PRIMARY KEY (client_session, name);


--
-- Name: client_default_roles constr_client_default_roles; Type: CONSTRAINT; Schema: public; Owner: shifternetzwerk
--

ALTER TABLE ONLY public.client_default_roles
    ADD CONSTRAINT constr_client_default_roles PRIMARY KEY (client_id, role_id);


--
-- Name: component_config constr_component_config_pk; Type: CONSTRAINT; Schema: public; Owner: shifternetzwerk
--

ALTER TABLE ONLY public.component_config
    ADD CONSTRAINT constr_component_config_pk PRIMARY KEY (id);


--
-- Name: component constr_component_pk; Type: CONSTRAINT; Schema: public; Owner: shifternetzwerk
--

ALTER TABLE ONLY public.component
    ADD CONSTRAINT constr_component_pk PRIMARY KEY (id);


--
-- Name: fed_user_required_action constr_fed_required_action; Type: CONSTRAINT; Schema: public; Owner: shifternetzwerk
--

ALTER TABLE ONLY public.fed_user_required_action
    ADD CONSTRAINT constr_fed_required_action PRIMARY KEY (required_action, user_id);


--
-- Name: fed_user_attribute constr_fed_user_attr_pk; Type: CONSTRAINT; Schema: public; Owner: shifternetzwerk
--

ALTER TABLE ONLY public.fed_user_attribute
    ADD CONSTRAINT constr_fed_user_attr_pk PRIMARY KEY (id);


--
-- Name: fed_user_consent constr_fed_user_consent_pk; Type: CONSTRAINT; Schema: public; Owner: shifternetzwerk
--

ALTER TABLE ONLY public.fed_user_consent
    ADD CONSTRAINT constr_fed_user_consent_pk PRIMARY KEY (id);


--
-- Name: fed_user_credential constr_fed_user_cred_pk; Type: CONSTRAINT; Schema: public; Owner: shifternetzwerk
--

ALTER TABLE ONLY public.fed_user_credential
    ADD CONSTRAINT constr_fed_user_cred_pk PRIMARY KEY (id);


--
-- Name: fed_user_group_membership constr_fed_user_group; Type: CONSTRAINT; Schema: public; Owner: shifternetzwerk
--

ALTER TABLE ONLY public.fed_user_group_membership
    ADD CONSTRAINT constr_fed_user_group PRIMARY KEY (group_id, user_id);


--
-- Name: fed_user_role_mapping constr_fed_user_role; Type: CONSTRAINT; Schema: public; Owner: shifternetzwerk
--

ALTER TABLE ONLY public.fed_user_role_mapping
    ADD CONSTRAINT constr_fed_user_role PRIMARY KEY (role_id, user_id);


--
-- Name: federated_user constr_federated_user; Type: CONSTRAINT; Schema: public; Owner: shifternetzwerk
--

ALTER TABLE ONLY public.federated_user
    ADD CONSTRAINT constr_federated_user PRIMARY KEY (id);


--
-- Name: realm_default_groups constr_realm_default_groups; Type: CONSTRAINT; Schema: public; Owner: shifternetzwerk
--

ALTER TABLE ONLY public.realm_default_groups
    ADD CONSTRAINT constr_realm_default_groups PRIMARY KEY (realm_id, group_id);


--
-- Name: realm_enabled_event_types constr_realm_enabl_event_types; Type: CONSTRAINT; Schema: public; Owner: shifternetzwerk
--

ALTER TABLE ONLY public.realm_enabled_event_types
    ADD CONSTRAINT constr_realm_enabl_event_types PRIMARY KEY (realm_id, value);


--
-- Name: realm_events_listeners constr_realm_events_listeners; Type: CONSTRAINT; Schema: public; Owner: shifternetzwerk
--

ALTER TABLE ONLY public.realm_events_listeners
    ADD CONSTRAINT constr_realm_events_listeners PRIMARY KEY (realm_id, value);


--
-- Name: realm_supported_locales constr_realm_supported_locales; Type: CONSTRAINT; Schema: public; Owner: shifternetzwerk
--

ALTER TABLE ONLY public.realm_supported_locales
    ADD CONSTRAINT constr_realm_supported_locales PRIMARY KEY (realm_id, value);


--
-- Name: identity_provider constraint_2b; Type: CONSTRAINT; Schema: public; Owner: shifternetzwerk
--

ALTER TABLE ONLY public.identity_provider
    ADD CONSTRAINT constraint_2b PRIMARY KEY (internal_id);


--
-- Name: client_attributes constraint_3c; Type: CONSTRAINT; Schema: public; Owner: shifternetzwerk
--

ALTER TABLE ONLY public.client_attributes
    ADD CONSTRAINT constraint_3c PRIMARY KEY (client_id, name);


--
-- Name: event_entity constraint_4; Type: CONSTRAINT; Schema: public; Owner: shifternetzwerk
--

ALTER TABLE ONLY public.event_entity
    ADD CONSTRAINT constraint_4 PRIMARY KEY (id);


--
-- Name: federated_identity constraint_40; Type: CONSTRAINT; Schema: public; Owner: shifternetzwerk
--

ALTER TABLE ONLY public.federated_identity
    ADD CONSTRAINT constraint_40 PRIMARY KEY (identity_provider, user_id);


--
-- Name: client_session_role constraint_5; Type: CONSTRAINT; Schema: public; Owner: shifternetzwerk
--

ALTER TABLE ONLY public.client_session_role
    ADD CONSTRAINT constraint_5 PRIMARY KEY (client_session, role_id);


--
-- Name: user_session constraint_57; Type: CONSTRAINT; Schema: public; Owner: shifternetzwerk
--

ALTER TABLE ONLY public.user_session
    ADD CONSTRAINT constraint_57 PRIMARY KEY (id);


--
-- Name: user_federation_provider constraint_5c; Type: CONSTRAINT; Schema: public; Owner: shifternetzwerk
--

ALTER TABLE ONLY public.user_federation_provider
    ADD CONSTRAINT constraint_5c PRIMARY KEY (id);


--
-- Name: client_session_note constraint_5e; Type: CONSTRAINT; Schema: public; Owner: shifternetzwerk
--

ALTER TABLE ONLY public.client_session_note
    ADD CONSTRAINT constraint_5e PRIMARY KEY (client_session, name);


--
-- Name: client_session constraint_8; Type: CONSTRAINT; Schema: public; Owner: shifternetzwerk
--

ALTER TABLE ONLY public.client_session
    ADD CONSTRAINT constraint_8 PRIMARY KEY (id);


--
-- Name: scope_mapping constraint_81; Type: CONSTRAINT; Schema: public; Owner: shifternetzwerk
--

ALTER TABLE ONLY public.scope_mapping
    ADD CONSTRAINT constraint_81 PRIMARY KEY (client_id, role_id);


--
-- Name: client_node_registrations constraint_84; Type: CONSTRAINT; Schema: public; Owner: shifternetzwerk
--

ALTER TABLE ONLY public.client_node_registrations
    ADD CONSTRAINT constraint_84 PRIMARY KEY (client_id, name);


--
-- Name: realm_attribute constraint_9; Type: CONSTRAINT; Schema: public; Owner: shifternetzwerk
--

ALTER TABLE ONLY public.realm_attribute
    ADD CONSTRAINT constraint_9 PRIMARY KEY (name, realm_id);


--
-- Name: keycloak_role constraint_a; Type: CONSTRAINT; Schema: public; Owner: shifternetzwerk
--

ALTER TABLE ONLY public.keycloak_role
    ADD CONSTRAINT constraint_a PRIMARY KEY (id);


--
-- Name: admin_event_entity constraint_admin_event_entity; Type: CONSTRAINT; Schema: public; Owner: shifternetzwerk
--

ALTER TABLE ONLY public.admin_event_entity
    ADD CONSTRAINT constraint_admin_event_entity PRIMARY KEY (id);


--
-- Name: authenticator_config_entry constraint_auth_cfg_pk; Type: CONSTRAINT; Schema: public; Owner: shifternetzwerk
--

ALTER TABLE ONLY public.authenticator_config_entry
    ADD CONSTRAINT constraint_auth_cfg_pk PRIMARY KEY (authenticator_id, name);


--
-- Name: authentication_execution constraint_auth_exec_pk; Type: CONSTRAINT; Schema: public; Owner: shifternetzwerk
--

ALTER TABLE ONLY public.authentication_execution
    ADD CONSTRAINT constraint_auth_exec_pk PRIMARY KEY (id);


--
-- Name: authentication_flow constraint_auth_flow_pk; Type: CONSTRAINT; Schema: public; Owner: shifternetzwerk
--

ALTER TABLE ONLY public.authentication_flow
    ADD CONSTRAINT constraint_auth_flow_pk PRIMARY KEY (id);


--
-- Name: authenticator_config constraint_auth_pk; Type: CONSTRAINT; Schema: public; Owner: shifternetzwerk
--

ALTER TABLE ONLY public.authenticator_config
    ADD CONSTRAINT constraint_auth_pk PRIMARY KEY (id);


--
-- Name: client_session_auth_status constraint_auth_status_pk; Type: CONSTRAINT; Schema: public; Owner: shifternetzwerk
--

ALTER TABLE ONLY public.client_session_auth_status
    ADD CONSTRAINT constraint_auth_status_pk PRIMARY KEY (client_session, authenticator);


--
-- Name: user_role_mapping constraint_c; Type: CONSTRAINT; Schema: public; Owner: shifternetzwerk
--

ALTER TABLE ONLY public.user_role_mapping
    ADD CONSTRAINT constraint_c PRIMARY KEY (role_id, user_id);


--
-- Name: composite_role constraint_composite_role; Type: CONSTRAINT; Schema: public; Owner: shifternetzwerk
--

ALTER TABLE ONLY public.composite_role
    ADD CONSTRAINT constraint_composite_role PRIMARY KEY (composite, child_role);


--
-- Name: client_session_prot_mapper constraint_cs_pmp_pk; Type: CONSTRAINT; Schema: public; Owner: shifternetzwerk
--

ALTER TABLE ONLY public.client_session_prot_mapper
    ADD CONSTRAINT constraint_cs_pmp_pk PRIMARY KEY (client_session, protocol_mapper_id);


--
-- Name: identity_provider_config constraint_d; Type: CONSTRAINT; Schema: public; Owner: shifternetzwerk
--

ALTER TABLE ONLY public.identity_provider_config
    ADD CONSTRAINT constraint_d PRIMARY KEY (identity_provider_id, name);


--
-- Name: policy_config constraint_dpc; Type: CONSTRAINT; Schema: public; Owner: shifternetzwerk
--

ALTER TABLE ONLY public.policy_config
    ADD CONSTRAINT constraint_dpc PRIMARY KEY (policy_id, name);


--
-- Name: realm_smtp_config constraint_e; Type: CONSTRAINT; Schema: public; Owner: shifternetzwerk
--

ALTER TABLE ONLY public.realm_smtp_config
    ADD CONSTRAINT constraint_e PRIMARY KEY (realm_id, name);


--
-- Name: user_federation_config constraint_f9; Type: CONSTRAINT; Schema: public; Owner: shifternetzwerk
--

ALTER TABLE ONLY public.user_federation_config
    ADD CONSTRAINT constraint_f9 PRIMARY KEY (user_federation_provider_id, name);


--
-- Name: resource_server_perm_ticket constraint_fapmt; Type: CONSTRAINT; Schema: public; Owner: shifternetzwerk
--

ALTER TABLE ONLY public.resource_server_perm_ticket
    ADD CONSTRAINT constraint_fapmt PRIMARY KEY (id);


--
-- Name: resource_server_resource constraint_farsr; Type: CONSTRAINT; Schema: public; Owner: shifternetzwerk
--

ALTER TABLE ONLY public.resource_server_resource
    ADD CONSTRAINT constraint_farsr PRIMARY KEY (id);


--
-- Name: resource_server_policy constraint_farsrp; Type: CONSTRAINT; Schema: public; Owner: shifternetzwerk
--

ALTER TABLE ONLY public.resource_server_policy
    ADD CONSTRAINT constraint_farsrp PRIMARY KEY (id);


--
-- Name: associated_policy constraint_farsrpap; Type: CONSTRAINT; Schema: public; Owner: shifternetzwerk
--

ALTER TABLE ONLY public.associated_policy
    ADD CONSTRAINT constraint_farsrpap PRIMARY KEY (policy_id, associated_policy_id);


--
-- Name: resource_policy constraint_farsrpp; Type: CONSTRAINT; Schema: public; Owner: shifternetzwerk
--

ALTER TABLE ONLY public.resource_policy
    ADD CONSTRAINT constraint_farsrpp PRIMARY KEY (resource_id, policy_id);


--
-- Name: resource_server_scope constraint_farsrs; Type: CONSTRAINT; Schema: public; Owner: shifternetzwerk
--

ALTER TABLE ONLY public.resource_server_scope
    ADD CONSTRAINT constraint_farsrs PRIMARY KEY (id);


--
-- Name: resource_scope constraint_farsrsp; Type: CONSTRAINT; Schema: public; Owner: shifternetzwerk
--

ALTER TABLE ONLY public.resource_scope
    ADD CONSTRAINT constraint_farsrsp PRIMARY KEY (resource_id, scope_id);


--
-- Name: scope_policy constraint_farsrsps; Type: CONSTRAINT; Schema: public; Owner: shifternetzwerk
--

ALTER TABLE ONLY public.scope_policy
    ADD CONSTRAINT constraint_farsrsps PRIMARY KEY (scope_id, policy_id);


--
-- Name: user_entity constraint_fb; Type: CONSTRAINT; Schema: public; Owner: shifternetzwerk
--

ALTER TABLE ONLY public.user_entity
    ADD CONSTRAINT constraint_fb PRIMARY KEY (id);


--
-- Name: user_federation_mapper_config constraint_fedmapper_cfg_pm; Type: CONSTRAINT; Schema: public; Owner: shifternetzwerk
--

ALTER TABLE ONLY public.user_federation_mapper_config
    ADD CONSTRAINT constraint_fedmapper_cfg_pm PRIMARY KEY (user_federation_mapper_id, name);


--
-- Name: user_federation_mapper constraint_fedmapperpm; Type: CONSTRAINT; Schema: public; Owner: shifternetzwerk
--

ALTER TABLE ONLY public.user_federation_mapper
    ADD CONSTRAINT constraint_fedmapperpm PRIMARY KEY (id);


--
-- Name: fed_user_consent_cl_scope constraint_fgrntcsnt_clsc_pm; Type: CONSTRAINT; Schema: public; Owner: shifternetzwerk
--

ALTER TABLE ONLY public.fed_user_consent_cl_scope
    ADD CONSTRAINT constraint_fgrntcsnt_clsc_pm PRIMARY KEY (user_consent_id, scope_id);


--
-- Name: user_consent_client_scope constraint_grntcsnt_clsc_pm; Type: CONSTRAINT; Schema: public; Owner: shifternetzwerk
--

ALTER TABLE ONLY public.user_consent_client_scope
    ADD CONSTRAINT constraint_grntcsnt_clsc_pm PRIMARY KEY (user_consent_id, scope_id);


--
-- Name: user_consent constraint_grntcsnt_pm; Type: CONSTRAINT; Schema: public; Owner: shifternetzwerk
--

ALTER TABLE ONLY public.user_consent
    ADD CONSTRAINT constraint_grntcsnt_pm PRIMARY KEY (id);


--
-- Name: keycloak_group constraint_group; Type: CONSTRAINT; Schema: public; Owner: shifternetzwerk
--

ALTER TABLE ONLY public.keycloak_group
    ADD CONSTRAINT constraint_group PRIMARY KEY (id);


--
-- Name: group_attribute constraint_group_attribute_pk; Type: CONSTRAINT; Schema: public; Owner: shifternetzwerk
--

ALTER TABLE ONLY public.group_attribute
    ADD CONSTRAINT constraint_group_attribute_pk PRIMARY KEY (id);


--
-- Name: group_role_mapping constraint_group_role; Type: CONSTRAINT; Schema: public; Owner: shifternetzwerk
--

ALTER TABLE ONLY public.group_role_mapping
    ADD CONSTRAINT constraint_group_role PRIMARY KEY (role_id, group_id);


--
-- Name: identity_provider_mapper constraint_idpm; Type: CONSTRAINT; Schema: public; Owner: shifternetzwerk
--

ALTER TABLE ONLY public.identity_provider_mapper
    ADD CONSTRAINT constraint_idpm PRIMARY KEY (id);


--
-- Name: idp_mapper_config constraint_idpmconfig; Type: CONSTRAINT; Schema: public; Owner: shifternetzwerk
--

ALTER TABLE ONLY public.idp_mapper_config
    ADD CONSTRAINT constraint_idpmconfig PRIMARY KEY (idp_mapper_id, name);


--
-- Name: migration_model constraint_migmod; Type: CONSTRAINT; Schema: public; Owner: shifternetzwerk
--

ALTER TABLE ONLY public.migration_model
    ADD CONSTRAINT constraint_migmod PRIMARY KEY (id);


--
-- Name: protocol_mapper constraint_pcm; Type: CONSTRAINT; Schema: public; Owner: shifternetzwerk
--

ALTER TABLE ONLY public.protocol_mapper
    ADD CONSTRAINT constraint_pcm PRIMARY KEY (id);


--
-- Name: protocol_mapper_config constraint_pmconfig; Type: CONSTRAINT; Schema: public; Owner: shifternetzwerk
--

ALTER TABLE ONLY public.protocol_mapper_config
    ADD CONSTRAINT constraint_pmconfig PRIMARY KEY (protocol_mapper_id, name);


--
-- Name: realm_default_roles constraint_realm_default_roles; Type: CONSTRAINT; Schema: public; Owner: shifternetzwerk
--

ALTER TABLE ONLY public.realm_default_roles
    ADD CONSTRAINT constraint_realm_default_roles PRIMARY KEY (realm_id, role_id);


--
-- Name: redirect_uris constraint_redirect_uris; Type: CONSTRAINT; Schema: public; Owner: shifternetzwerk
--

ALTER TABLE ONLY public.redirect_uris
    ADD CONSTRAINT constraint_redirect_uris PRIMARY KEY (client_id, value);


--
-- Name: required_action_config constraint_req_act_cfg_pk; Type: CONSTRAINT; Schema: public; Owner: shifternetzwerk
--

ALTER TABLE ONLY public.required_action_config
    ADD CONSTRAINT constraint_req_act_cfg_pk PRIMARY KEY (required_action_id, name);


--
-- Name: required_action_provider constraint_req_act_prv_pk; Type: CONSTRAINT; Schema: public; Owner: shifternetzwerk
--

ALTER TABLE ONLY public.required_action_provider
    ADD CONSTRAINT constraint_req_act_prv_pk PRIMARY KEY (id);


--
-- Name: user_required_action constraint_required_action; Type: CONSTRAINT; Schema: public; Owner: shifternetzwerk
--

ALTER TABLE ONLY public.user_required_action
    ADD CONSTRAINT constraint_required_action PRIMARY KEY (required_action, user_id);


--
-- Name: resource_uris constraint_resour_uris_pk; Type: CONSTRAINT; Schema: public; Owner: shifternetzwerk
--

ALTER TABLE ONLY public.resource_uris
    ADD CONSTRAINT constraint_resour_uris_pk PRIMARY KEY (resource_id, value);


--
-- Name: role_attribute constraint_role_attribute_pk; Type: CONSTRAINT; Schema: public; Owner: shifternetzwerk
--

ALTER TABLE ONLY public.role_attribute
    ADD CONSTRAINT constraint_role_attribute_pk PRIMARY KEY (id);


--
-- Name: user_attribute constraint_user_attribute_pk; Type: CONSTRAINT; Schema: public; Owner: shifternetzwerk
--

ALTER TABLE ONLY public.user_attribute
    ADD CONSTRAINT constraint_user_attribute_pk PRIMARY KEY (id);


--
-- Name: user_group_membership constraint_user_group; Type: CONSTRAINT; Schema: public; Owner: shifternetzwerk
--

ALTER TABLE ONLY public.user_group_membership
    ADD CONSTRAINT constraint_user_group PRIMARY KEY (group_id, user_id);


--
-- Name: user_session_note constraint_usn_pk; Type: CONSTRAINT; Schema: public; Owner: shifternetzwerk
--

ALTER TABLE ONLY public.user_session_note
    ADD CONSTRAINT constraint_usn_pk PRIMARY KEY (user_session, name);


--
-- Name: web_origins constraint_web_origins; Type: CONSTRAINT; Schema: public; Owner: shifternetzwerk
--

ALTER TABLE ONLY public.web_origins
    ADD CONSTRAINT constraint_web_origins PRIMARY KEY (client_id, value);


--
-- Name: client_scope_attributes pk_cl_tmpl_attr; Type: CONSTRAINT; Schema: public; Owner: shifternetzwerk
--

ALTER TABLE ONLY public.client_scope_attributes
    ADD CONSTRAINT pk_cl_tmpl_attr PRIMARY KEY (scope_id, name);


--
-- Name: client_scope pk_cli_template; Type: CONSTRAINT; Schema: public; Owner: shifternetzwerk
--

ALTER TABLE ONLY public.client_scope
    ADD CONSTRAINT pk_cli_template PRIMARY KEY (id);


--
-- Name: databasechangeloglock pk_databasechangeloglock; Type: CONSTRAINT; Schema: public; Owner: shifternetzwerk
--

ALTER TABLE ONLY public.databasechangeloglock
    ADD CONSTRAINT pk_databasechangeloglock PRIMARY KEY (id);


--
-- Name: resource_server pk_resource_server; Type: CONSTRAINT; Schema: public; Owner: shifternetzwerk
--

ALTER TABLE ONLY public.resource_server
    ADD CONSTRAINT pk_resource_server PRIMARY KEY (id);


--
-- Name: client_scope_role_mapping pk_template_scope; Type: CONSTRAINT; Schema: public; Owner: shifternetzwerk
--

ALTER TABLE ONLY public.client_scope_role_mapping
    ADD CONSTRAINT pk_template_scope PRIMARY KEY (scope_id, role_id);


--
-- Name: default_client_scope r_def_cli_scope_bind; Type: CONSTRAINT; Schema: public; Owner: shifternetzwerk
--

ALTER TABLE ONLY public.default_client_scope
    ADD CONSTRAINT r_def_cli_scope_bind PRIMARY KEY (realm_id, scope_id);


--
-- Name: realm_localizations realm_localizations_pkey; Type: CONSTRAINT; Schema: public; Owner: shifternetzwerk
--

ALTER TABLE ONLY public.realm_localizations
    ADD CONSTRAINT realm_localizations_pkey PRIMARY KEY (realm_id, locale);


--
-- Name: resource_attribute res_attr_pk; Type: CONSTRAINT; Schema: public; Owner: shifternetzwerk
--

ALTER TABLE ONLY public.resource_attribute
    ADD CONSTRAINT res_attr_pk PRIMARY KEY (id);


--
-- Name: keycloak_group sibling_names; Type: CONSTRAINT; Schema: public; Owner: shifternetzwerk
--

ALTER TABLE ONLY public.keycloak_group
    ADD CONSTRAINT sibling_names UNIQUE (realm_id, parent_group, name);


--
-- Name: identity_provider uk_2daelwnibji49avxsrtuf6xj33; Type: CONSTRAINT; Schema: public; Owner: shifternetzwerk
--

ALTER TABLE ONLY public.identity_provider
    ADD CONSTRAINT uk_2daelwnibji49avxsrtuf6xj33 UNIQUE (provider_alias, realm_id);


--
-- Name: client_default_roles uk_8aelwnibji49avxsrtuf6xjow; Type: CONSTRAINT; Schema: public; Owner: shifternetzwerk
--

ALTER TABLE ONLY public.client_default_roles
    ADD CONSTRAINT uk_8aelwnibji49avxsrtuf6xjow UNIQUE (role_id);


--
-- Name: client_scope uk_cli_scope; Type: CONSTRAINT; Schema: public; Owner: shifternetzwerk
--

ALTER TABLE ONLY public.client_scope
    ADD CONSTRAINT uk_cli_scope UNIQUE (realm_id, name);


--
-- Name: user_entity uk_dykn684sl8up1crfei6eckhd7; Type: CONSTRAINT; Schema: public; Owner: shifternetzwerk
--

ALTER TABLE ONLY public.user_entity
    ADD CONSTRAINT uk_dykn684sl8up1crfei6eckhd7 UNIQUE (realm_id, email_constraint);


--
-- Name: resource_server_resource uk_frsr6t700s9v50bu18ws5ha6; Type: CONSTRAINT; Schema: public; Owner: shifternetzwerk
--

ALTER TABLE ONLY public.resource_server_resource
    ADD CONSTRAINT uk_frsr6t700s9v50bu18ws5ha6 UNIQUE (name, owner, resource_server_id);


--
-- Name: resource_server_perm_ticket uk_frsr6t700s9v50bu18ws5pmt; Type: CONSTRAINT; Schema: public; Owner: shifternetzwerk
--

ALTER TABLE ONLY public.resource_server_perm_ticket
    ADD CONSTRAINT uk_frsr6t700s9v50bu18ws5pmt UNIQUE (owner, requester, resource_server_id, resource_id, scope_id);


--
-- Name: resource_server_policy uk_frsrpt700s9v50bu18ws5ha6; Type: CONSTRAINT; Schema: public; Owner: shifternetzwerk
--

ALTER TABLE ONLY public.resource_server_policy
    ADD CONSTRAINT uk_frsrpt700s9v50bu18ws5ha6 UNIQUE (name, resource_server_id);


--
-- Name: resource_server_scope uk_frsrst700s9v50bu18ws5ha6; Type: CONSTRAINT; Schema: public; Owner: shifternetzwerk
--

ALTER TABLE ONLY public.resource_server_scope
    ADD CONSTRAINT uk_frsrst700s9v50bu18ws5ha6 UNIQUE (name, resource_server_id);


--
-- Name: realm_default_roles uk_h4wpd7w4hsoolni3h0sw7btje; Type: CONSTRAINT; Schema: public; Owner: shifternetzwerk
--

ALTER TABLE ONLY public.realm_default_roles
    ADD CONSTRAINT uk_h4wpd7w4hsoolni3h0sw7btje UNIQUE (role_id);


--
-- Name: user_consent uk_jkuwuvd56ontgsuhogm8uewrt; Type: CONSTRAINT; Schema: public; Owner: shifternetzwerk
--

ALTER TABLE ONLY public.user_consent
    ADD CONSTRAINT uk_jkuwuvd56ontgsuhogm8uewrt UNIQUE (client_id, client_storage_provider, external_client_id, user_id);


--
-- Name: user_entity uk_ru8tt6t700s9v50bu18ws5ha6; Type: CONSTRAINT; Schema: public; Owner: shifternetzwerk
--

ALTER TABLE ONLY public.user_entity
    ADD CONSTRAINT uk_ru8tt6t700s9v50bu18ws5ha6 UNIQUE (realm_id, username);


--
-- Name: idx_assoc_pol_assoc_pol_id; Type: INDEX; Schema: public; Owner: shifternetzwerk
--

CREATE INDEX idx_assoc_pol_assoc_pol_id ON public.associated_policy USING btree (associated_policy_id);


--
-- Name: idx_auth_config_realm; Type: INDEX; Schema: public; Owner: shifternetzwerk
--

CREATE INDEX idx_auth_config_realm ON public.authenticator_config USING btree (realm_id);


--
-- Name: idx_auth_exec_flow; Type: INDEX; Schema: public; Owner: shifternetzwerk
--

CREATE INDEX idx_auth_exec_flow ON public.authentication_execution USING btree (flow_id);


--
-- Name: idx_auth_exec_realm_flow; Type: INDEX; Schema: public; Owner: shifternetzwerk
--

CREATE INDEX idx_auth_exec_realm_flow ON public.authentication_execution USING btree (realm_id, flow_id);


--
-- Name: idx_auth_flow_realm; Type: INDEX; Schema: public; Owner: shifternetzwerk
--

CREATE INDEX idx_auth_flow_realm ON public.authentication_flow USING btree (realm_id);


--
-- Name: idx_cl_clscope; Type: INDEX; Schema: public; Owner: shifternetzwerk
--

CREATE INDEX idx_cl_clscope ON public.client_scope_client USING btree (scope_id);


--
-- Name: idx_client_def_roles_client; Type: INDEX; Schema: public; Owner: shifternetzwerk
--

CREATE INDEX idx_client_def_roles_client ON public.client_default_roles USING btree (client_id);


--
-- Name: idx_client_init_acc_realm; Type: INDEX; Schema: public; Owner: shifternetzwerk
--

CREATE INDEX idx_client_init_acc_realm ON public.client_initial_access USING btree (realm_id);


--
-- Name: idx_client_session_session; Type: INDEX; Schema: public; Owner: shifternetzwerk
--

CREATE INDEX idx_client_session_session ON public.client_session USING btree (session_id);


--
-- Name: idx_clscope_attrs; Type: INDEX; Schema: public; Owner: shifternetzwerk
--

CREATE INDEX idx_clscope_attrs ON public.client_scope_attributes USING btree (scope_id);


--
-- Name: idx_clscope_cl; Type: INDEX; Schema: public; Owner: shifternetzwerk
--

CREATE INDEX idx_clscope_cl ON public.client_scope_client USING btree (client_id);


--
-- Name: idx_clscope_protmap; Type: INDEX; Schema: public; Owner: shifternetzwerk
--

CREATE INDEX idx_clscope_protmap ON public.protocol_mapper USING btree (client_scope_id);


--
-- Name: idx_clscope_role; Type: INDEX; Schema: public; Owner: shifternetzwerk
--

CREATE INDEX idx_clscope_role ON public.client_scope_role_mapping USING btree (scope_id);


--
-- Name: idx_compo_config_compo; Type: INDEX; Schema: public; Owner: shifternetzwerk
--

CREATE INDEX idx_compo_config_compo ON public.component_config USING btree (component_id);


--
-- Name: idx_component_provider_type; Type: INDEX; Schema: public; Owner: shifternetzwerk
--

CREATE INDEX idx_component_provider_type ON public.component USING btree (provider_type);


--
-- Name: idx_component_realm; Type: INDEX; Schema: public; Owner: shifternetzwerk
--

CREATE INDEX idx_component_realm ON public.component USING btree (realm_id);


--
-- Name: idx_composite; Type: INDEX; Schema: public; Owner: shifternetzwerk
--

CREATE INDEX idx_composite ON public.composite_role USING btree (composite);


--
-- Name: idx_composite_child; Type: INDEX; Schema: public; Owner: shifternetzwerk
--

CREATE INDEX idx_composite_child ON public.composite_role USING btree (child_role);


--
-- Name: idx_defcls_realm; Type: INDEX; Schema: public; Owner: shifternetzwerk
--

CREATE INDEX idx_defcls_realm ON public.default_client_scope USING btree (realm_id);


--
-- Name: idx_defcls_scope; Type: INDEX; Schema: public; Owner: shifternetzwerk
--

CREATE INDEX idx_defcls_scope ON public.default_client_scope USING btree (scope_id);


--
-- Name: idx_event_time; Type: INDEX; Schema: public; Owner: shifternetzwerk
--

CREATE INDEX idx_event_time ON public.event_entity USING btree (realm_id, event_time);


--
-- Name: idx_fedidentity_feduser; Type: INDEX; Schema: public; Owner: shifternetzwerk
--

CREATE INDEX idx_fedidentity_feduser ON public.federated_identity USING btree (federated_user_id);


--
-- Name: idx_fedidentity_user; Type: INDEX; Schema: public; Owner: shifternetzwerk
--

CREATE INDEX idx_fedidentity_user ON public.federated_identity USING btree (user_id);


--
-- Name: idx_fu_attribute; Type: INDEX; Schema: public; Owner: shifternetzwerk
--

CREATE INDEX idx_fu_attribute ON public.fed_user_attribute USING btree (user_id, realm_id, name);


--
-- Name: idx_fu_cnsnt_ext; Type: INDEX; Schema: public; Owner: shifternetzwerk
--

CREATE INDEX idx_fu_cnsnt_ext ON public.fed_user_consent USING btree (user_id, client_storage_provider, external_client_id);


--
-- Name: idx_fu_consent; Type: INDEX; Schema: public; Owner: shifternetzwerk
--

CREATE INDEX idx_fu_consent ON public.fed_user_consent USING btree (user_id, client_id);


--
-- Name: idx_fu_consent_ru; Type: INDEX; Schema: public; Owner: shifternetzwerk
--

CREATE INDEX idx_fu_consent_ru ON public.fed_user_consent USING btree (realm_id, user_id);


--
-- Name: idx_fu_credential; Type: INDEX; Schema: public; Owner: shifternetzwerk
--

CREATE INDEX idx_fu_credential ON public.fed_user_credential USING btree (user_id, type);


--
-- Name: idx_fu_credential_ru; Type: INDEX; Schema: public; Owner: shifternetzwerk
--

CREATE INDEX idx_fu_credential_ru ON public.fed_user_credential USING btree (realm_id, user_id);


--
-- Name: idx_fu_group_membership; Type: INDEX; Schema: public; Owner: shifternetzwerk
--

CREATE INDEX idx_fu_group_membership ON public.fed_user_group_membership USING btree (user_id, group_id);


--
-- Name: idx_fu_group_membership_ru; Type: INDEX; Schema: public; Owner: shifternetzwerk
--

CREATE INDEX idx_fu_group_membership_ru ON public.fed_user_group_membership USING btree (realm_id, user_id);


--
-- Name: idx_fu_required_action; Type: INDEX; Schema: public; Owner: shifternetzwerk
--

CREATE INDEX idx_fu_required_action ON public.fed_user_required_action USING btree (user_id, required_action);


--
-- Name: idx_fu_required_action_ru; Type: INDEX; Schema: public; Owner: shifternetzwerk
--

CREATE INDEX idx_fu_required_action_ru ON public.fed_user_required_action USING btree (realm_id, user_id);


--
-- Name: idx_fu_role_mapping; Type: INDEX; Schema: public; Owner: shifternetzwerk
--

CREATE INDEX idx_fu_role_mapping ON public.fed_user_role_mapping USING btree (user_id, role_id);


--
-- Name: idx_fu_role_mapping_ru; Type: INDEX; Schema: public; Owner: shifternetzwerk
--

CREATE INDEX idx_fu_role_mapping_ru ON public.fed_user_role_mapping USING btree (realm_id, user_id);


--
-- Name: idx_group_attr_group; Type: INDEX; Schema: public; Owner: shifternetzwerk
--

CREATE INDEX idx_group_attr_group ON public.group_attribute USING btree (group_id);


--
-- Name: idx_group_role_mapp_group; Type: INDEX; Schema: public; Owner: shifternetzwerk
--

CREATE INDEX idx_group_role_mapp_group ON public.group_role_mapping USING btree (group_id);


--
-- Name: idx_id_prov_mapp_realm; Type: INDEX; Schema: public; Owner: shifternetzwerk
--

CREATE INDEX idx_id_prov_mapp_realm ON public.identity_provider_mapper USING btree (realm_id);


--
-- Name: idx_ident_prov_realm; Type: INDEX; Schema: public; Owner: shifternetzwerk
--

CREATE INDEX idx_ident_prov_realm ON public.identity_provider USING btree (realm_id);


--
-- Name: idx_keycloak_role_client; Type: INDEX; Schema: public; Owner: shifternetzwerk
--

CREATE INDEX idx_keycloak_role_client ON public.keycloak_role USING btree (client);


--
-- Name: idx_keycloak_role_realm; Type: INDEX; Schema: public; Owner: shifternetzwerk
--

CREATE INDEX idx_keycloak_role_realm ON public.keycloak_role USING btree (realm);


--
-- Name: idx_protocol_mapper_client; Type: INDEX; Schema: public; Owner: shifternetzwerk
--

CREATE INDEX idx_protocol_mapper_client ON public.protocol_mapper USING btree (client_id);


--
-- Name: idx_realm_attr_realm; Type: INDEX; Schema: public; Owner: shifternetzwerk
--

CREATE INDEX idx_realm_attr_realm ON public.realm_attribute USING btree (realm_id);


--
-- Name: idx_realm_clscope; Type: INDEX; Schema: public; Owner: shifternetzwerk
--

CREATE INDEX idx_realm_clscope ON public.client_scope USING btree (realm_id);


--
-- Name: idx_realm_def_grp_realm; Type: INDEX; Schema: public; Owner: shifternetzwerk
--

CREATE INDEX idx_realm_def_grp_realm ON public.realm_default_groups USING btree (realm_id);


--
-- Name: idx_realm_def_roles_realm; Type: INDEX; Schema: public; Owner: shifternetzwerk
--

CREATE INDEX idx_realm_def_roles_realm ON public.realm_default_roles USING btree (realm_id);


--
-- Name: idx_realm_evt_list_realm; Type: INDEX; Schema: public; Owner: shifternetzwerk
--

CREATE INDEX idx_realm_evt_list_realm ON public.realm_events_listeners USING btree (realm_id);


--
-- Name: idx_realm_evt_types_realm; Type: INDEX; Schema: public; Owner: shifternetzwerk
--

CREATE INDEX idx_realm_evt_types_realm ON public.realm_enabled_event_types USING btree (realm_id);


--
-- Name: idx_realm_supp_local_realm; Type: INDEX; Schema: public; Owner: shifternetzwerk
--

CREATE INDEX idx_realm_supp_local_realm ON public.realm_supported_locales USING btree (realm_id);


--
-- Name: idx_redir_uri_client; Type: INDEX; Schema: public; Owner: shifternetzwerk
--

CREATE INDEX idx_redir_uri_client ON public.redirect_uris USING btree (client_id);


--
-- Name: idx_req_act_prov_realm; Type: INDEX; Schema: public; Owner: shifternetzwerk
--

CREATE INDEX idx_req_act_prov_realm ON public.required_action_provider USING btree (realm_id);


--
-- Name: idx_res_policy_policy; Type: INDEX; Schema: public; Owner: shifternetzwerk
--

CREATE INDEX idx_res_policy_policy ON public.resource_policy USING btree (policy_id);


--
-- Name: idx_res_scope_scope; Type: INDEX; Schema: public; Owner: shifternetzwerk
--

CREATE INDEX idx_res_scope_scope ON public.resource_scope USING btree (scope_id);


--
-- Name: idx_res_serv_pol_res_serv; Type: INDEX; Schema: public; Owner: shifternetzwerk
--

CREATE INDEX idx_res_serv_pol_res_serv ON public.resource_server_policy USING btree (resource_server_id);


--
-- Name: idx_res_srv_res_res_srv; Type: INDEX; Schema: public; Owner: shifternetzwerk
--

CREATE INDEX idx_res_srv_res_res_srv ON public.resource_server_resource USING btree (resource_server_id);


--
-- Name: idx_res_srv_scope_res_srv; Type: INDEX; Schema: public; Owner: shifternetzwerk
--

CREATE INDEX idx_res_srv_scope_res_srv ON public.resource_server_scope USING btree (resource_server_id);


--
-- Name: idx_role_attribute; Type: INDEX; Schema: public; Owner: shifternetzwerk
--

CREATE INDEX idx_role_attribute ON public.role_attribute USING btree (role_id);


--
-- Name: idx_role_clscope; Type: INDEX; Schema: public; Owner: shifternetzwerk
--

CREATE INDEX idx_role_clscope ON public.client_scope_role_mapping USING btree (role_id);


--
-- Name: idx_scope_mapping_role; Type: INDEX; Schema: public; Owner: shifternetzwerk
--

CREATE INDEX idx_scope_mapping_role ON public.scope_mapping USING btree (role_id);


--
-- Name: idx_scope_policy_policy; Type: INDEX; Schema: public; Owner: shifternetzwerk
--

CREATE INDEX idx_scope_policy_policy ON public.scope_policy USING btree (policy_id);


--
-- Name: idx_update_time; Type: INDEX; Schema: public; Owner: shifternetzwerk
--

CREATE INDEX idx_update_time ON public.migration_model USING btree (update_time);


--
-- Name: idx_usconsent_clscope; Type: INDEX; Schema: public; Owner: shifternetzwerk
--

CREATE INDEX idx_usconsent_clscope ON public.user_consent_client_scope USING btree (user_consent_id);


--
-- Name: idx_user_attribute; Type: INDEX; Schema: public; Owner: shifternetzwerk
--

CREATE INDEX idx_user_attribute ON public.user_attribute USING btree (user_id);


--
-- Name: idx_user_consent; Type: INDEX; Schema: public; Owner: shifternetzwerk
--

CREATE INDEX idx_user_consent ON public.user_consent USING btree (user_id);


--
-- Name: idx_user_email; Type: INDEX; Schema: public; Owner: shifternetzwerk
--

CREATE INDEX idx_user_email ON public.user_entity USING btree (email);


--
-- Name: idx_user_group_mapping; Type: INDEX; Schema: public; Owner: shifternetzwerk
--

CREATE INDEX idx_user_group_mapping ON public.user_group_membership USING btree (user_id);


--
-- Name: idx_user_reqactions; Type: INDEX; Schema: public; Owner: shifternetzwerk
--

CREATE INDEX idx_user_reqactions ON public.user_required_action USING btree (user_id);


--
-- Name: idx_user_role_mapping; Type: INDEX; Schema: public; Owner: shifternetzwerk
--

CREATE INDEX idx_user_role_mapping ON public.user_role_mapping USING btree (user_id);


--
-- Name: idx_usr_fed_map_fed_prv; Type: INDEX; Schema: public; Owner: shifternetzwerk
--

CREATE INDEX idx_usr_fed_map_fed_prv ON public.user_federation_mapper USING btree (federation_provider_id);


--
-- Name: idx_usr_fed_map_realm; Type: INDEX; Schema: public; Owner: shifternetzwerk
--

CREATE INDEX idx_usr_fed_map_realm ON public.user_federation_mapper USING btree (realm_id);


--
-- Name: idx_usr_fed_prv_realm; Type: INDEX; Schema: public; Owner: shifternetzwerk
--

CREATE INDEX idx_usr_fed_prv_realm ON public.user_federation_provider USING btree (realm_id);


--
-- Name: idx_web_orig_client; Type: INDEX; Schema: public; Owner: shifternetzwerk
--

CREATE INDEX idx_web_orig_client ON public.web_origins USING btree (client_id);


--
-- Name: client_session_auth_status auth_status_constraint; Type: FK CONSTRAINT; Schema: public; Owner: shifternetzwerk
--

ALTER TABLE ONLY public.client_session_auth_status
    ADD CONSTRAINT auth_status_constraint FOREIGN KEY (client_session) REFERENCES public.client_session(id);


--
-- Name: identity_provider fk2b4ebc52ae5c3b34; Type: FK CONSTRAINT; Schema: public; Owner: shifternetzwerk
--

ALTER TABLE ONLY public.identity_provider
    ADD CONSTRAINT fk2b4ebc52ae5c3b34 FOREIGN KEY (realm_id) REFERENCES public.realm(id);


--
-- Name: client_attributes fk3c47c64beacca966; Type: FK CONSTRAINT; Schema: public; Owner: shifternetzwerk
--

ALTER TABLE ONLY public.client_attributes
    ADD CONSTRAINT fk3c47c64beacca966 FOREIGN KEY (client_id) REFERENCES public.client(id);


--
-- Name: federated_identity fk404288b92ef007a6; Type: FK CONSTRAINT; Schema: public; Owner: shifternetzwerk
--

ALTER TABLE ONLY public.federated_identity
    ADD CONSTRAINT fk404288b92ef007a6 FOREIGN KEY (user_id) REFERENCES public.user_entity(id);


--
-- Name: client_node_registrations fk4129723ba992f594; Type: FK CONSTRAINT; Schema: public; Owner: shifternetzwerk
--

ALTER TABLE ONLY public.client_node_registrations
    ADD CONSTRAINT fk4129723ba992f594 FOREIGN KEY (client_id) REFERENCES public.client(id);


--
-- Name: client_session_note fk5edfb00ff51c2736; Type: FK CONSTRAINT; Schema: public; Owner: shifternetzwerk
--

ALTER TABLE ONLY public.client_session_note
    ADD CONSTRAINT fk5edfb00ff51c2736 FOREIGN KEY (client_session) REFERENCES public.client_session(id);


--
-- Name: user_session_note fk5edfb00ff51d3472; Type: FK CONSTRAINT; Schema: public; Owner: shifternetzwerk
--

ALTER TABLE ONLY public.user_session_note
    ADD CONSTRAINT fk5edfb00ff51d3472 FOREIGN KEY (user_session) REFERENCES public.user_session(id);


--
-- Name: client_session_role fk_11b7sgqw18i532811v7o2dv76; Type: FK CONSTRAINT; Schema: public; Owner: shifternetzwerk
--

ALTER TABLE ONLY public.client_session_role
    ADD CONSTRAINT fk_11b7sgqw18i532811v7o2dv76 FOREIGN KEY (client_session) REFERENCES public.client_session(id);


--
-- Name: redirect_uris fk_1burs8pb4ouj97h5wuppahv9f; Type: FK CONSTRAINT; Schema: public; Owner: shifternetzwerk
--

ALTER TABLE ONLY public.redirect_uris
    ADD CONSTRAINT fk_1burs8pb4ouj97h5wuppahv9f FOREIGN KEY (client_id) REFERENCES public.client(id);


--
-- Name: user_federation_provider fk_1fj32f6ptolw2qy60cd8n01e8; Type: FK CONSTRAINT; Schema: public; Owner: shifternetzwerk
--

ALTER TABLE ONLY public.user_federation_provider
    ADD CONSTRAINT fk_1fj32f6ptolw2qy60cd8n01e8 FOREIGN KEY (realm_id) REFERENCES public.realm(id);


--
-- Name: client_session_prot_mapper fk_33a8sgqw18i532811v7o2dk89; Type: FK CONSTRAINT; Schema: public; Owner: shifternetzwerk
--

ALTER TABLE ONLY public.client_session_prot_mapper
    ADD CONSTRAINT fk_33a8sgqw18i532811v7o2dk89 FOREIGN KEY (client_session) REFERENCES public.client_session(id);


--
-- Name: resource_attribute fk_5hrm2vlf9ql5fu022kqepovbr; Type: FK CONSTRAINT; Schema: public; Owner: shifternetzwerk
--

ALTER TABLE ONLY public.resource_attribute
    ADD CONSTRAINT fk_5hrm2vlf9ql5fu022kqepovbr FOREIGN KEY (resource_id) REFERENCES public.resource_server_resource(id);


--
-- Name: user_attribute fk_5hrm2vlf9ql5fu043kqepovbr; Type: FK CONSTRAINT; Schema: public; Owner: shifternetzwerk
--

ALTER TABLE ONLY public.user_attribute
    ADD CONSTRAINT fk_5hrm2vlf9ql5fu043kqepovbr FOREIGN KEY (user_id) REFERENCES public.user_entity(id);


--
-- Name: user_required_action fk_6qj3w1jw9cvafhe19bwsiuvmd; Type: FK CONSTRAINT; Schema: public; Owner: shifternetzwerk
--

ALTER TABLE ONLY public.user_required_action
    ADD CONSTRAINT fk_6qj3w1jw9cvafhe19bwsiuvmd FOREIGN KEY (user_id) REFERENCES public.user_entity(id);


--
-- Name: keycloak_role fk_6vyqfe4cn4wlq8r6kt5vdsj5c; Type: FK CONSTRAINT; Schema: public; Owner: shifternetzwerk
--

ALTER TABLE ONLY public.keycloak_role
    ADD CONSTRAINT fk_6vyqfe4cn4wlq8r6kt5vdsj5c FOREIGN KEY (realm) REFERENCES public.realm(id);


--
-- Name: realm_smtp_config fk_70ej8xdxgxd0b9hh6180irr0o; Type: FK CONSTRAINT; Schema: public; Owner: shifternetzwerk
--

ALTER TABLE ONLY public.realm_smtp_config
    ADD CONSTRAINT fk_70ej8xdxgxd0b9hh6180irr0o FOREIGN KEY (realm_id) REFERENCES public.realm(id);


--
-- Name: realm_attribute fk_8shxd6l3e9atqukacxgpffptw; Type: FK CONSTRAINT; Schema: public; Owner: shifternetzwerk
--

ALTER TABLE ONLY public.realm_attribute
    ADD CONSTRAINT fk_8shxd6l3e9atqukacxgpffptw FOREIGN KEY (realm_id) REFERENCES public.realm(id);


--
-- Name: composite_role fk_a63wvekftu8jo1pnj81e7mce2; Type: FK CONSTRAINT; Schema: public; Owner: shifternetzwerk
--

ALTER TABLE ONLY public.composite_role
    ADD CONSTRAINT fk_a63wvekftu8jo1pnj81e7mce2 FOREIGN KEY (composite) REFERENCES public.keycloak_role(id);


--
-- Name: authentication_execution fk_auth_exec_flow; Type: FK CONSTRAINT; Schema: public; Owner: shifternetzwerk
--

ALTER TABLE ONLY public.authentication_execution
    ADD CONSTRAINT fk_auth_exec_flow FOREIGN KEY (flow_id) REFERENCES public.authentication_flow(id);


--
-- Name: authentication_execution fk_auth_exec_realm; Type: FK CONSTRAINT; Schema: public; Owner: shifternetzwerk
--

ALTER TABLE ONLY public.authentication_execution
    ADD CONSTRAINT fk_auth_exec_realm FOREIGN KEY (realm_id) REFERENCES public.realm(id);


--
-- Name: authentication_flow fk_auth_flow_realm; Type: FK CONSTRAINT; Schema: public; Owner: shifternetzwerk
--

ALTER TABLE ONLY public.authentication_flow
    ADD CONSTRAINT fk_auth_flow_realm FOREIGN KEY (realm_id) REFERENCES public.realm(id);


--
-- Name: authenticator_config fk_auth_realm; Type: FK CONSTRAINT; Schema: public; Owner: shifternetzwerk
--

ALTER TABLE ONLY public.authenticator_config
    ADD CONSTRAINT fk_auth_realm FOREIGN KEY (realm_id) REFERENCES public.realm(id);


--
-- Name: client_session fk_b4ao2vcvat6ukau74wbwtfqo1; Type: FK CONSTRAINT; Schema: public; Owner: shifternetzwerk
--

ALTER TABLE ONLY public.client_session
    ADD CONSTRAINT fk_b4ao2vcvat6ukau74wbwtfqo1 FOREIGN KEY (session_id) REFERENCES public.user_session(id);


--
-- Name: user_role_mapping fk_c4fqv34p1mbylloxang7b1q3l; Type: FK CONSTRAINT; Schema: public; Owner: shifternetzwerk
--

ALTER TABLE ONLY public.user_role_mapping
    ADD CONSTRAINT fk_c4fqv34p1mbylloxang7b1q3l FOREIGN KEY (user_id) REFERENCES public.user_entity(id);


--
-- Name: client_scope_client fk_c_cli_scope_client; Type: FK CONSTRAINT; Schema: public; Owner: shifternetzwerk
--

ALTER TABLE ONLY public.client_scope_client
    ADD CONSTRAINT fk_c_cli_scope_client FOREIGN KEY (client_id) REFERENCES public.client(id);


--
-- Name: client_scope_client fk_c_cli_scope_scope; Type: FK CONSTRAINT; Schema: public; Owner: shifternetzwerk
--

ALTER TABLE ONLY public.client_scope_client
    ADD CONSTRAINT fk_c_cli_scope_scope FOREIGN KEY (scope_id) REFERENCES public.client_scope(id);


--
-- Name: client_scope_attributes fk_cl_scope_attr_scope; Type: FK CONSTRAINT; Schema: public; Owner: shifternetzwerk
--

ALTER TABLE ONLY public.client_scope_attributes
    ADD CONSTRAINT fk_cl_scope_attr_scope FOREIGN KEY (scope_id) REFERENCES public.client_scope(id);


--
-- Name: client_scope_role_mapping fk_cl_scope_rm_scope; Type: FK CONSTRAINT; Schema: public; Owner: shifternetzwerk
--

ALTER TABLE ONLY public.client_scope_role_mapping
    ADD CONSTRAINT fk_cl_scope_rm_scope FOREIGN KEY (scope_id) REFERENCES public.client_scope(id);


--
-- Name: client_user_session_note fk_cl_usr_ses_note; Type: FK CONSTRAINT; Schema: public; Owner: shifternetzwerk
--

ALTER TABLE ONLY public.client_user_session_note
    ADD CONSTRAINT fk_cl_usr_ses_note FOREIGN KEY (client_session) REFERENCES public.client_session(id);


--
-- Name: protocol_mapper fk_cli_scope_mapper; Type: FK CONSTRAINT; Schema: public; Owner: shifternetzwerk
--

ALTER TABLE ONLY public.protocol_mapper
    ADD CONSTRAINT fk_cli_scope_mapper FOREIGN KEY (client_scope_id) REFERENCES public.client_scope(id);


--
-- Name: client_initial_access fk_client_init_acc_realm; Type: FK CONSTRAINT; Schema: public; Owner: shifternetzwerk
--

ALTER TABLE ONLY public.client_initial_access
    ADD CONSTRAINT fk_client_init_acc_realm FOREIGN KEY (realm_id) REFERENCES public.realm(id);


--
-- Name: component_config fk_component_config; Type: FK CONSTRAINT; Schema: public; Owner: shifternetzwerk
--

ALTER TABLE ONLY public.component_config
    ADD CONSTRAINT fk_component_config FOREIGN KEY (component_id) REFERENCES public.component(id);


--
-- Name: component fk_component_realm; Type: FK CONSTRAINT; Schema: public; Owner: shifternetzwerk
--

ALTER TABLE ONLY public.component
    ADD CONSTRAINT fk_component_realm FOREIGN KEY (realm_id) REFERENCES public.realm(id);


--
-- Name: realm_default_groups fk_def_groups_realm; Type: FK CONSTRAINT; Schema: public; Owner: shifternetzwerk
--

ALTER TABLE ONLY public.realm_default_groups
    ADD CONSTRAINT fk_def_groups_realm FOREIGN KEY (realm_id) REFERENCES public.realm(id);


--
-- Name: realm_default_roles fk_evudb1ppw84oxfax2drs03icc; Type: FK CONSTRAINT; Schema: public; Owner: shifternetzwerk
--

ALTER TABLE ONLY public.realm_default_roles
    ADD CONSTRAINT fk_evudb1ppw84oxfax2drs03icc FOREIGN KEY (realm_id) REFERENCES public.realm(id);


--
-- Name: user_federation_mapper_config fk_fedmapper_cfg; Type: FK CONSTRAINT; Schema: public; Owner: shifternetzwerk
--

ALTER TABLE ONLY public.user_federation_mapper_config
    ADD CONSTRAINT fk_fedmapper_cfg FOREIGN KEY (user_federation_mapper_id) REFERENCES public.user_federation_mapper(id);


--
-- Name: user_federation_mapper fk_fedmapperpm_fedprv; Type: FK CONSTRAINT; Schema: public; Owner: shifternetzwerk
--

ALTER TABLE ONLY public.user_federation_mapper
    ADD CONSTRAINT fk_fedmapperpm_fedprv FOREIGN KEY (federation_provider_id) REFERENCES public.user_federation_provider(id);


--
-- Name: user_federation_mapper fk_fedmapperpm_realm; Type: FK CONSTRAINT; Schema: public; Owner: shifternetzwerk
--

ALTER TABLE ONLY public.user_federation_mapper
    ADD CONSTRAINT fk_fedmapperpm_realm FOREIGN KEY (realm_id) REFERENCES public.realm(id);


--
-- Name: associated_policy fk_frsr5s213xcx4wnkog82ssrfy; Type: FK CONSTRAINT; Schema: public; Owner: shifternetzwerk
--

ALTER TABLE ONLY public.associated_policy
    ADD CONSTRAINT fk_frsr5s213xcx4wnkog82ssrfy FOREIGN KEY (associated_policy_id) REFERENCES public.resource_server_policy(id);


--
-- Name: scope_policy fk_frsrasp13xcx4wnkog82ssrfy; Type: FK CONSTRAINT; Schema: public; Owner: shifternetzwerk
--

ALTER TABLE ONLY public.scope_policy
    ADD CONSTRAINT fk_frsrasp13xcx4wnkog82ssrfy FOREIGN KEY (policy_id) REFERENCES public.resource_server_policy(id);


--
-- Name: resource_server_perm_ticket fk_frsrho213xcx4wnkog82sspmt; Type: FK CONSTRAINT; Schema: public; Owner: shifternetzwerk
--

ALTER TABLE ONLY public.resource_server_perm_ticket
    ADD CONSTRAINT fk_frsrho213xcx4wnkog82sspmt FOREIGN KEY (resource_server_id) REFERENCES public.resource_server(id);


--
-- Name: resource_server_resource fk_frsrho213xcx4wnkog82ssrfy; Type: FK CONSTRAINT; Schema: public; Owner: shifternetzwerk
--

ALTER TABLE ONLY public.resource_server_resource
    ADD CONSTRAINT fk_frsrho213xcx4wnkog82ssrfy FOREIGN KEY (resource_server_id) REFERENCES public.resource_server(id);


--
-- Name: resource_server_perm_ticket fk_frsrho213xcx4wnkog83sspmt; Type: FK CONSTRAINT; Schema: public; Owner: shifternetzwerk
--

ALTER TABLE ONLY public.resource_server_perm_ticket
    ADD CONSTRAINT fk_frsrho213xcx4wnkog83sspmt FOREIGN KEY (resource_id) REFERENCES public.resource_server_resource(id);


--
-- Name: resource_server_perm_ticket fk_frsrho213xcx4wnkog84sspmt; Type: FK CONSTRAINT; Schema: public; Owner: shifternetzwerk
--

ALTER TABLE ONLY public.resource_server_perm_ticket
    ADD CONSTRAINT fk_frsrho213xcx4wnkog84sspmt FOREIGN KEY (scope_id) REFERENCES public.resource_server_scope(id);


--
-- Name: associated_policy fk_frsrpas14xcx4wnkog82ssrfy; Type: FK CONSTRAINT; Schema: public; Owner: shifternetzwerk
--

ALTER TABLE ONLY public.associated_policy
    ADD CONSTRAINT fk_frsrpas14xcx4wnkog82ssrfy FOREIGN KEY (policy_id) REFERENCES public.resource_server_policy(id);


--
-- Name: scope_policy fk_frsrpass3xcx4wnkog82ssrfy; Type: FK CONSTRAINT; Schema: public; Owner: shifternetzwerk
--

ALTER TABLE ONLY public.scope_policy
    ADD CONSTRAINT fk_frsrpass3xcx4wnkog82ssrfy FOREIGN KEY (scope_id) REFERENCES public.resource_server_scope(id);


--
-- Name: resource_server_perm_ticket fk_frsrpo2128cx4wnkog82ssrfy; Type: FK CONSTRAINT; Schema: public; Owner: shifternetzwerk
--

ALTER TABLE ONLY public.resource_server_perm_ticket
    ADD CONSTRAINT fk_frsrpo2128cx4wnkog82ssrfy FOREIGN KEY (policy_id) REFERENCES public.resource_server_policy(id);


--
-- Name: resource_server_policy fk_frsrpo213xcx4wnkog82ssrfy; Type: FK CONSTRAINT; Schema: public; Owner: shifternetzwerk
--

ALTER TABLE ONLY public.resource_server_policy
    ADD CONSTRAINT fk_frsrpo213xcx4wnkog82ssrfy FOREIGN KEY (resource_server_id) REFERENCES public.resource_server(id);


--
-- Name: resource_scope fk_frsrpos13xcx4wnkog82ssrfy; Type: FK CONSTRAINT; Schema: public; Owner: shifternetzwerk
--

ALTER TABLE ONLY public.resource_scope
    ADD CONSTRAINT fk_frsrpos13xcx4wnkog82ssrfy FOREIGN KEY (resource_id) REFERENCES public.resource_server_resource(id);


--
-- Name: resource_policy fk_frsrpos53xcx4wnkog82ssrfy; Type: FK CONSTRAINT; Schema: public; Owner: shifternetzwerk
--

ALTER TABLE ONLY public.resource_policy
    ADD CONSTRAINT fk_frsrpos53xcx4wnkog82ssrfy FOREIGN KEY (resource_id) REFERENCES public.resource_server_resource(id);


--
-- Name: resource_policy fk_frsrpp213xcx4wnkog82ssrfy; Type: FK CONSTRAINT; Schema: public; Owner: shifternetzwerk
--

ALTER TABLE ONLY public.resource_policy
    ADD CONSTRAINT fk_frsrpp213xcx4wnkog82ssrfy FOREIGN KEY (policy_id) REFERENCES public.resource_server_policy(id);


--
-- Name: resource_scope fk_frsrps213xcx4wnkog82ssrfy; Type: FK CONSTRAINT; Schema: public; Owner: shifternetzwerk
--

ALTER TABLE ONLY public.resource_scope
    ADD CONSTRAINT fk_frsrps213xcx4wnkog82ssrfy FOREIGN KEY (scope_id) REFERENCES public.resource_server_scope(id);


--
-- Name: resource_server_scope fk_frsrso213xcx4wnkog82ssrfy; Type: FK CONSTRAINT; Schema: public; Owner: shifternetzwerk
--

ALTER TABLE ONLY public.resource_server_scope
    ADD CONSTRAINT fk_frsrso213xcx4wnkog82ssrfy FOREIGN KEY (resource_server_id) REFERENCES public.resource_server(id);


--
-- Name: composite_role fk_gr7thllb9lu8q4vqa4524jjy8; Type: FK CONSTRAINT; Schema: public; Owner: shifternetzwerk
--

ALTER TABLE ONLY public.composite_role
    ADD CONSTRAINT fk_gr7thllb9lu8q4vqa4524jjy8 FOREIGN KEY (child_role) REFERENCES public.keycloak_role(id);


--
-- Name: user_consent_client_scope fk_grntcsnt_clsc_usc; Type: FK CONSTRAINT; Schema: public; Owner: shifternetzwerk
--

ALTER TABLE ONLY public.user_consent_client_scope
    ADD CONSTRAINT fk_grntcsnt_clsc_usc FOREIGN KEY (user_consent_id) REFERENCES public.user_consent(id);


--
-- Name: user_consent fk_grntcsnt_user; Type: FK CONSTRAINT; Schema: public; Owner: shifternetzwerk
--

ALTER TABLE ONLY public.user_consent
    ADD CONSTRAINT fk_grntcsnt_user FOREIGN KEY (user_id) REFERENCES public.user_entity(id);


--
-- Name: group_attribute fk_group_attribute_group; Type: FK CONSTRAINT; Schema: public; Owner: shifternetzwerk
--

ALTER TABLE ONLY public.group_attribute
    ADD CONSTRAINT fk_group_attribute_group FOREIGN KEY (group_id) REFERENCES public.keycloak_group(id);


--
-- Name: keycloak_group fk_group_realm; Type: FK CONSTRAINT; Schema: public; Owner: shifternetzwerk
--

ALTER TABLE ONLY public.keycloak_group
    ADD CONSTRAINT fk_group_realm FOREIGN KEY (realm_id) REFERENCES public.realm(id);


--
-- Name: group_role_mapping fk_group_role_group; Type: FK CONSTRAINT; Schema: public; Owner: shifternetzwerk
--

ALTER TABLE ONLY public.group_role_mapping
    ADD CONSTRAINT fk_group_role_group FOREIGN KEY (group_id) REFERENCES public.keycloak_group(id);


--
-- Name: realm_enabled_event_types fk_h846o4h0w8epx5nwedrf5y69j; Type: FK CONSTRAINT; Schema: public; Owner: shifternetzwerk
--

ALTER TABLE ONLY public.realm_enabled_event_types
    ADD CONSTRAINT fk_h846o4h0w8epx5nwedrf5y69j FOREIGN KEY (realm_id) REFERENCES public.realm(id);


--
-- Name: realm_events_listeners fk_h846o4h0w8epx5nxev9f5y69j; Type: FK CONSTRAINT; Schema: public; Owner: shifternetzwerk
--

ALTER TABLE ONLY public.realm_events_listeners
    ADD CONSTRAINT fk_h846o4h0w8epx5nxev9f5y69j FOREIGN KEY (realm_id) REFERENCES public.realm(id);


--
-- Name: identity_provider_mapper fk_idpm_realm; Type: FK CONSTRAINT; Schema: public; Owner: shifternetzwerk
--

ALTER TABLE ONLY public.identity_provider_mapper
    ADD CONSTRAINT fk_idpm_realm FOREIGN KEY (realm_id) REFERENCES public.realm(id);


--
-- Name: idp_mapper_config fk_idpmconfig; Type: FK CONSTRAINT; Schema: public; Owner: shifternetzwerk
--

ALTER TABLE ONLY public.idp_mapper_config
    ADD CONSTRAINT fk_idpmconfig FOREIGN KEY (idp_mapper_id) REFERENCES public.identity_provider_mapper(id);


--
-- Name: web_origins fk_lojpho213xcx4wnkog82ssrfy; Type: FK CONSTRAINT; Schema: public; Owner: shifternetzwerk
--

ALTER TABLE ONLY public.web_origins
    ADD CONSTRAINT fk_lojpho213xcx4wnkog82ssrfy FOREIGN KEY (client_id) REFERENCES public.client(id);


--
-- Name: client_default_roles fk_nuilts7klwqw2h8m2b5joytky; Type: FK CONSTRAINT; Schema: public; Owner: shifternetzwerk
--

ALTER TABLE ONLY public.client_default_roles
    ADD CONSTRAINT fk_nuilts7klwqw2h8m2b5joytky FOREIGN KEY (client_id) REFERENCES public.client(id);


--
-- Name: scope_mapping fk_ouse064plmlr732lxjcn1q5f1; Type: FK CONSTRAINT; Schema: public; Owner: shifternetzwerk
--

ALTER TABLE ONLY public.scope_mapping
    ADD CONSTRAINT fk_ouse064plmlr732lxjcn1q5f1 FOREIGN KEY (client_id) REFERENCES public.client(id);


--
-- Name: protocol_mapper fk_pcm_realm; Type: FK CONSTRAINT; Schema: public; Owner: shifternetzwerk
--

ALTER TABLE ONLY public.protocol_mapper
    ADD CONSTRAINT fk_pcm_realm FOREIGN KEY (client_id) REFERENCES public.client(id);


--
-- Name: protocol_mapper_config fk_pmconfig; Type: FK CONSTRAINT; Schema: public; Owner: shifternetzwerk
--

ALTER TABLE ONLY public.protocol_mapper_config
    ADD CONSTRAINT fk_pmconfig FOREIGN KEY (protocol_mapper_id) REFERENCES public.protocol_mapper(id);


--
-- Name: default_client_scope fk_r_def_cli_scope_realm; Type: FK CONSTRAINT; Schema: public; Owner: shifternetzwerk
--

ALTER TABLE ONLY public.default_client_scope
    ADD CONSTRAINT fk_r_def_cli_scope_realm FOREIGN KEY (realm_id) REFERENCES public.realm(id);


--
-- Name: default_client_scope fk_r_def_cli_scope_scope; Type: FK CONSTRAINT; Schema: public; Owner: shifternetzwerk
--

ALTER TABLE ONLY public.default_client_scope
    ADD CONSTRAINT fk_r_def_cli_scope_scope FOREIGN KEY (scope_id) REFERENCES public.client_scope(id);


--
-- Name: client_scope fk_realm_cli_scope; Type: FK CONSTRAINT; Schema: public; Owner: shifternetzwerk
--

ALTER TABLE ONLY public.client_scope
    ADD CONSTRAINT fk_realm_cli_scope FOREIGN KEY (realm_id) REFERENCES public.realm(id);


--
-- Name: required_action_provider fk_req_act_realm; Type: FK CONSTRAINT; Schema: public; Owner: shifternetzwerk
--

ALTER TABLE ONLY public.required_action_provider
    ADD CONSTRAINT fk_req_act_realm FOREIGN KEY (realm_id) REFERENCES public.realm(id);


--
-- Name: resource_uris fk_resource_server_uris; Type: FK CONSTRAINT; Schema: public; Owner: shifternetzwerk
--

ALTER TABLE ONLY public.resource_uris
    ADD CONSTRAINT fk_resource_server_uris FOREIGN KEY (resource_id) REFERENCES public.resource_server_resource(id);


--
-- Name: role_attribute fk_role_attribute_id; Type: FK CONSTRAINT; Schema: public; Owner: shifternetzwerk
--

ALTER TABLE ONLY public.role_attribute
    ADD CONSTRAINT fk_role_attribute_id FOREIGN KEY (role_id) REFERENCES public.keycloak_role(id);


--
-- Name: realm_supported_locales fk_supported_locales_realm; Type: FK CONSTRAINT; Schema: public; Owner: shifternetzwerk
--

ALTER TABLE ONLY public.realm_supported_locales
    ADD CONSTRAINT fk_supported_locales_realm FOREIGN KEY (realm_id) REFERENCES public.realm(id);


--
-- Name: user_federation_config fk_t13hpu1j94r2ebpekr39x5eu5; Type: FK CONSTRAINT; Schema: public; Owner: shifternetzwerk
--

ALTER TABLE ONLY public.user_federation_config
    ADD CONSTRAINT fk_t13hpu1j94r2ebpekr39x5eu5 FOREIGN KEY (user_federation_provider_id) REFERENCES public.user_federation_provider(id);


--
-- Name: user_group_membership fk_user_group_user; Type: FK CONSTRAINT; Schema: public; Owner: shifternetzwerk
--

ALTER TABLE ONLY public.user_group_membership
    ADD CONSTRAINT fk_user_group_user FOREIGN KEY (user_id) REFERENCES public.user_entity(id);


--
-- Name: policy_config fkdc34197cf864c4e43; Type: FK CONSTRAINT; Schema: public; Owner: shifternetzwerk
--

ALTER TABLE ONLY public.policy_config
    ADD CONSTRAINT fkdc34197cf864c4e43 FOREIGN KEY (policy_id) REFERENCES public.resource_server_policy(id);


--
-- Name: identity_provider_config fkdc4897cf864c4e43; Type: FK CONSTRAINT; Schema: public; Owner: shifternetzwerk
--

ALTER TABLE ONLY public.identity_provider_config
    ADD CONSTRAINT fkdc4897cf864c4e43 FOREIGN KEY (identity_provider_id) REFERENCES public.identity_provider(internal_id);


--
--

