5421	1	appdata_ocpn5sq3qtm5/avatar/simon/avatar.88.png	60ff01c786fd7d5c332d525786947109	3696	avatar.88.png	6	5	1682	1623757650	1623757650	0	0	389cccb107bbdb8e181f476aa77a885a	27	
5254	1	appdata_ocpn5sq3qtm5/avatar/Kluge/avatar.21.png	4988d23e6553f535690b9b15f8b36eb9	4057	avatar.21.png	6	5	382	1620676218	1620676218	0	0	14df506c70edd674f4439f7f1c7bbacd	27	
4786	1	appdata_ocpn5sq3qtm5/preview/d/6/c/f/4/d/a/4305/256-256-crop.jpg	0be8532099c59916c6ca46324aa30c94	4770	256-256-crop.jpg	11	5	13669	1618926542	1618926542	0	0	89b4ce70da696fe84867eecb247bcf5a	27	
4787	1	appdata_ocpn5sq3qtm5/preview/1/4/7/5/4/0/e/4301/1920-1281-max.jpg	aac6f0e75e265ce9eb49047cd97374bb	4784	1920-1281-max.jpg	11	5	428184	1618926542	1618926542	0	0	78276bd4fc7c68bd8fc3f19b24d904cb	27	
4788	1	appdata_ocpn5sq3qtm5/preview/1/4/7/5/4/0/e/4301/256-256-crop.jpg	4e27563864836da148cf6b34cb6ac82c	4784	256-256-crop.jpg	11	5	24508	1618926543	1618926543	0	0	a743397ace00bfafef02ce3c19bd965f	27	
4784	1	appdata_ocpn5sq3qtm5/preview/1/4/7/5/4/0/e/4301	98549c48a7d9eda753ab3178cbcd6c66	4783	4301	2	1	0	1618926543	1618926543	0	0	607edbceda316	31	
5325	21	uploads	5128f35c9b4be13788ba41bdb6d1fc1f	3701	uploads	2	1	0	1621503362	1621503362	0	0	60a62d825fda7	31	
4789	1	appdata_ocpn5sq3qtm5/preview/b/0/5/2/e/2/e/4303/256-256-crop.png	98f574590dbcafc7bfa3ad21dc95ed1a	4759	256-256-crop.png	6	5	6751	1618926543	1618926543	0	0	6629c5a135cde8ee53f27ccd8adbb576	27	
4759	1	appdata_ocpn5sq3qtm5/preview/b/0/5/2/e/2/e/4303	2370b89977475c611818d3bf6e1cc8ce	4758	4303	2	1	0	1618926543	1618926543	0	0	607edbce88f65	31	
5255	1	appdata_ocpn5sq3qtm5/preview/9/4/3/1/c/8/7/452/256-256-crop.jpg	ff873c12e63e4b7647d03e9db3a52d99	523	256-256-crop.jpg	11	5	21514	1620676230	1620676230	0	0	1e5051af52ebc440064e740002386b5f	27	
523	1	appdata_ocpn5sq3qtm5/preview/9/4/3/1/c/8/7/452	b49d24c614f30c344ffe36d9387d0324	522	452	2	1	0	1620676230	1620676230	0	0	60377c87311f7	31	
5327	4	files/Thomas Hof/Malaga/200714_JLL_Student Housing Market Forum kopie.pdf	94885328e6a3fc99122db90f78729116	3264	200714_JLL_Student Housing Market Forum kopie.pdf	7	3	3216611	1621503235	1621503235	0	0	115fb798c9daaece7ea9dea36f9c4819	27	SHA1:2e5297a5116223658fbf455bf72736953de769d9
5422	21	files_trashbin/files/Pruvia.d1623765290	ef271c5c378587b3d0da1fa67e594bd5	5426	Pruvia.d1623765290	2	1	0	1623757769	1623757769	0	0	60c893c978baf	31	
4796	26	files/Documents/Example.md	efe0853470dd0663db34818b444328dd	4795	Example.md	9	8	1095	1618949897	1618949897	0	0	8506bed3beb12a32d05409467f4fe3e9	27	
4797	26	files/Documents/Readme.md	51ec9e44357d147dd5c212b850f6910f	4795	Readme.md	9	8	136	1618949897	1618949897	0	0	0b926d5dc569307fd7bccf7fd509f37e	27	
4793	26	files/Nextcloud.png	2bcc0ff06465ef1bfc4a868efde1e485	4792	Nextcloud.png	6	5	50598	1618949897	1618949897	0	0	464c203f3ffb7aa5457fe633140be951	27	
4794	26	files/Nextcloud Manual.pdf	2bc58a43566a8edde804a4a97a9c7469	4792	Nextcloud Manual.pdf	7	3	5748185	1618949897	1618949897	0	0	1872e277dfc8520d21fd09a42f9d123f	27	
4798	26	files/Documents/Nextcloud flyer.pdf	9c5b4dc7182a7435767708ac3e8d126c	4795	Nextcloud flyer.pdf	7	3	374008	1618949897	1618949897	0	0	059630380ab7b9b65633e27cd05a753b	27	
4799	26	files/Documents/Welcome to Nextcloud Hub.docx	b44cb84f22ceddc4ca2826e026038091	4795	Welcome to Nextcloud Hub.docx	10	3	25150	1618949897	1618949897	0	0	dd7b77ccbc0c58a4856c945203aba5bb	27	
4801	26	files/Photos/Library.jpg	0b785d02a19fc00979f82f6b54a05805	4800	Library.jpg	11	5	2170375	1618949897	1618949897	0	0	e225535d99989a2ed066ebb1360c96b9	27	
4802	26	files/Photos/Gorilla.jpg	6d5f5956d8ff76a5f290cebb56402789	4800	Gorilla.jpg	11	5	474653	1618949897	1618949897	0	0	2020ea598245a16a1672551ef8f6b8ea	27	
4803	26	files/Photos/Vineyard.jpg	14e5f2670b0817614acd52269d971db8	4800	Vineyard.jpg	11	5	427030	1618949897	1618949897	0	0	533e9f4bc7d95dd9aa97129ddcdffd86	27	
4804	26	files/Photos/Frog.jpg	d6219add1a9129ed0c1513af985e2081	4800	Frog.jpg	11	5	457744	1618949897	1618949897	0	0	f60ed4077bae05e1ebf3034c3731a33b	27	
4805	26	files/Photos/Readme.md	2a4ac36bb841d25d06d164f291ee97db	4800	Readme.md	9	8	150	1618949897	1618949897	0	0	35c348a5ca6a8b90b58eee5baad29e60	27	
4806	26	files/Photos/Nextcloud community.jpg	b9b3caef83a2a1c20354b98df6bcd9d0	4800	Nextcloud community.jpg	11	5	797325	1618949897	1618949897	0	0	b96ccde02281fe4c454ea57293402f0f	27	
4811	26	files/Templates/Meeting notes.md	c0279758bb570afdcdbc2471b2f16285	4810	Meeting notes.md	9	8	326	1618949898	1618949898	0	0	8a7276e119bf7c8fabf2559c4bb4217e	27	
4812	26	files/Templates/Diagram & table.ods	0a89f154655f6d4a0098bc4e6ca87367	4810	Diagram & table.ods	12	3	13378	1618949898	1618949898	0	0	322a820a2d0dc2ca375e7c33deb82b19	27	
4813	26	files/Templates/SWOT analysis.whiteboard	3fd0e44b3e6f0e7144442ef6fc71a663	4810	SWOT analysis.whiteboard	13	3	38605	1618949898	1618949898	0	0	06b653ed46b95b3850dab6a3800d5337	27	
4814	26	files/Templates/Elegant.odp	f3ec70ed694c0ca215f094b98eb046a7	4810	Elegant.odp	14	3	14316	1618949898	1618949898	0	0	bf329603f897681b4b0b1ed022221f26	27	
4815	26	files/Templates/Product plan.md	a9fbf58bf31cebb8143f7ad3a5205633	4810	Product plan.md	9	8	573	1618949898	1618949898	0	0	6e9a0d3abf844c1ed680f255db931356	27	
4816	26	files/Templates/Readme.md	71fa2e74ab30f39eed525572ccc3bbec	4810	Readme.md	9	8	399	1618949898	1618949898	0	0	28fcf2438d21c131348929f3682b5a6a	27	
4817	26	files/Templates/Expense report.ods	d0a4025621279b95d2f94ff4ec09eab3	4810	Expense report.ods	12	3	13441	1618949898	1618949898	0	0	eac16b7a1c54bee114e4c211075c0cad	27	
4818	26	files/Templates/Letter.odt	15545ade0e9863c98f3a5cc0fbf2836a	4810	Letter.odt	15	3	15961	1618949898	1618949898	0	0	78207b3e10490cc4a5db404bc467b541	27	
4819	26	files/Templates/Impact effort matrix.whiteboard	c5e3b589ec8f9dd6afdebe0ac6feeac8	4810	Impact effort matrix.whiteboard	13	3	52674	1618949898	1618949898	0	0	8498d73af008c5aada863446f5d401b8	27	
4618	26		d41d8cd98f00b204e9800998ecf8427e	-1		2	1	16792351	1618949898	1618949897	0	0	607f370abaf5f	23	
5328	4	files_versions/Thomas Hof/Malaga/20210314 Teatinos FP R23.xlsx.v1617877984	fe48fca929f4e5650791f271aa6b6b08	5320	20210314 Teatinos FP R23.xlsx.v1617877984	25	3	87631	1621503286	1621503286	0	0	b5ab53871b6d88af925a20d18ae93de9	27	
5257	1	appdata_ocpn5sq3qtm5/preview/9/4/1/e/1/a/a/451/256-256-crop.jpg	22a906546d50c506e5c51c26b9583d58	529	256-256-crop.jpg	11	5	27059	1620676230	1620676230	0	0	af8e91b49c25e5bbe26be91fdd0f87f3	27	
4822	26	files/Nextcloud intro.mp4	e4919345bcc87d4585a5525daaad99c0	4792	Nextcloud intro.mp4	17	16	3963036	1618949898	1618949898	0	0	74d7e088d1217905a76a29ed0234c999	27	
4823	26	files/Reasons to use Nextcloud.pdf	418b19142a61c5bef296ea56ee144ca3	4792	Reasons to use Nextcloud.pdf	7	3	791921	1618949898	1618949898	0	0	67ca544063d4ec37b7ba38565bae2717	27	
4795	26	files/Documents	0ad78ba05b6961d92f7970b2b3922eca	4792	Documents	2	1	400389	1618949897	1618949897	0	0	607f3709b8a53	31	
4807	26	files/Photos/Steps.jpg	7b2ca8d05bbad97e00cbf5833d43e912	4800	Steps.jpg	11	5	567689	1618949897	1618949897	0	0	de0cf513da26cf18cfad221e2785777a	27	
4808	26	files/Photos/Birdie.jpg	cd31c7af3a0ec6e15782b5edd2774549	4800	Birdie.jpg	11	5	593508	1618949897	1618949897	0	0	f85f7a422695ca22af700db56e87342b	27	
4809	26	files/Photos/Toucan.jpg	681d1e78f46a233e12ecfa722cbc2aef	4800	Toucan.jpg	11	5	167989	1618949897	1618949897	0	0	db64007452b6d5530c8cdfa97c1b40b9	27	
4800	26	files/Photos	d01bb67e7b71dd49fd06bad922f521c9	4792	Photos	2	1	5656463	1618949897	1618949897	0	0	607f3709eb9d2	31	
4820	26	files/Templates/Invoice.odt	40fdccb51b6c3e3cf20532e06ed5016e	4810	Invoice.odt	15	3	17276	1618949898	1618949898	0	0	400b3e8bbf9ecc4fbc19f76d84bb7ca1	27	
4821	26	files/Templates/Simple.odp	a2c90ff606d31419d699b0b437969c61	4810	Simple.odp	14	3	14810	1618949898	1618949898	0	0	ff080144fb8e0c7f7eb6387011af9c70	27	
4810	26	files/Templates	530b342d0b8164ff3b4754c2273a453e	4792	Templates	2	1	181759	1618949898	1618949898	0	0	607f370a33c81	31	
4791	26	cache	0fea6a13c52b4d4725368f24b045ca84	4618	cache	2	1	0	1618949897	1618949897	0	0	607f37098ee3e	31	
4824	26	files/Talk	a12e821edb92901676dee9cfe1487de3	4792	Talk	2	1	0	1618949898	1618949898	0	0	607f370ab9bf8	31	
4792	26	files	45b963397aa40d4a0063e0d85e4fe7a1	4618	files	2	1	16792351	1618949898	1618949898	0	0	607f370abaf5f	31	
4825	1	appdata_ocpn5sq3qtm5/avatar/Alsdorf/avatar.128.png	08d1f3df2bfddd499c2aa7a0237123fd	4615	avatar.128.png	6	5	1624	1618949899	1618949899	0	0	fc1bb572b74f1983aac6ca693518308c	27	
4826	1	appdata_ocpn5sq3qtm5/preview/e/8/8	75a775f4356ab68657ba555ea58752fe	1544	8	2	1	-1	1618949901	1618949901	0	0	607f370de50c0	31	
4827	1	appdata_ocpn5sq3qtm5/preview/e/8/8/f	503eef2f221785ef992b4870d00ad4ab	4826	f	2	1	-1	1618949901	1618949901	0	0	607f370de4e2c	31	
4828	1	appdata_ocpn5sq3qtm5/preview/e/8/8/f/2	05eaeb1df0d079a2dfdf0b94f462a671	4827	2	2	1	-1	1618949901	1618949901	0	0	607f370de4bbe	31	
4829	1	appdata_ocpn5sq3qtm5/preview/e/8/8/f/2/4	af807f7a19a41a5b2865543338314dd0	4828	4	2	1	-1	1618949901	1618949901	0	0	607f370de492b	31	
4830	1	appdata_ocpn5sq3qtm5/preview/e/8/8/f/2/4/3	fbaedb1d5792de77985ce3b4b23f67d8	4829	3	2	1	-1	1618949901	1618949901	0	0	607f370de4675	31	
4832	1	appdata_ocpn5sq3qtm5/preview/e/8/8/f/2/4/3/4818/181-256-max.png	2c0f7d3f1eba172bb553f4e17c76ac80	4831	181-256-max.png	6	5	4052	1618949901	1618949901	0	0	4e7c37f543b2007fa2caddb509b8d471	27	
4833	1	appdata_ocpn5sq3qtm5/preview/c/e/f	6998a91c5e50b932bfcb7cfc12d473b4	3176	f	2	1	-1	1618949901	1618949901	0	0	607f370dec3d1	31	
4834	1	appdata_ocpn5sq3qtm5/preview/c/e/f/b	056c2434afb7ec6149fc44b5ece3672a	4833	b	2	1	-1	1618949901	1618949901	0	0	607f370debd86	31	
4835	1	appdata_ocpn5sq3qtm5/preview/c/e/f/b/5	ea08bb309e5985ad1ac89f6ab5ff65f6	4834	5	2	1	-1	1618949901	1618949901	0	0	607f370deb93c	31	
4836	1	appdata_ocpn5sq3qtm5/preview/e/8/8/f/2/4/3/4818/64-64-crop.png	d464017c326e6fa0d654130f2c0ff623	4831	64-64-crop.png	6	5	3088	1618949901	1618949901	0	0	330143e261d661d8e7a6e0563a7a21fb	27	
4837	1	appdata_ocpn5sq3qtm5/preview/c/e/f/b/5/0	84a0f6ad7317665c0ad57a02ad361555	4835	0	2	1	-1	1618949901	1618949901	0	0	607f370deb594	31	
4838	1	appdata_ocpn5sq3qtm5/preview/c/e/f/b/5/0/0	0f98464ebd1a09ec2f99d6b60771a286	4837	0	2	1	-1	1618949901	1618949901	0	0	607f370deb27b	31	
4840	1	appdata_ocpn5sq3qtm5/preview/e/d	0a7232655dbc1e77f0e6ae244fa52232	547	d	2	1	-1	1618949901	1618949901	0	0	607f370e00c89	31	
4841	1	appdata_ocpn5sq3qtm5/preview/e/d/5	576b5ea5c9b49c22142be461e032d80f	4840	5	2	1	-1	1618949901	1618949901	0	0	607f370e0098f	31	
4842	1	appdata_ocpn5sq3qtm5/preview/e/d/5/1	ab8a6ba7e0090c3469a92d95c70bde8d	4841	1	2	1	-1	1618949901	1618949901	0	0	607f370e005f7	31	
4843	1	appdata_ocpn5sq3qtm5/preview/e/d/5/1/9	d9406b44bf00081818d03fc80e4ffe74	4842	9	2	1	-1	1618949901	1618949901	0	0	607f370e002d7	31	
4844	1	appdata_ocpn5sq3qtm5/preview/e/d/5/1/9/c	96bbc99422aeeb4fa0ae48915a87c2ec	4843	c	2	1	-1	1618949901	1618949901	0	0	607f370df41cb	31	
4845	1	appdata_ocpn5sq3qtm5/preview/e/d/5/1/9/c/0	6fd55cf6c9f8faba8a80ce2911a72b6d	4844	0	2	1	-1	1618949901	1618949901	0	0	607f370df3e6a	31	
4847	1	appdata_ocpn5sq3qtm5/preview/7/e/6	bc8d395d34e5ca335f4fc39ae164b2e5	3029	6	2	1	-1	1618949902	1618949902	0	0	607f370e09139	31	
4856	1	appdata_ocpn5sq3qtm5/preview/e/d/5/1/9/c/0/4815/4096-4096-max.png	774d6432181de7f6c0e8647640fbd64d	4846	4096-4096-max.png	6	5	67724	1618949902	1618949902	0	0	875d046fbd96d7e1486e2696baac360d	27	
4831	1	appdata_ocpn5sq3qtm5/preview/e/8/8/f/2/4/3/4818	ab193d989d2947159d92774e02cef538	4830	4818	2	1	0	1618980344	1618980344	0	0	607f370de43e9	31	
4848	1	appdata_ocpn5sq3qtm5/preview/7/e/6/f	cbdce3b41dc9b47235fd5f3c93098e31	4847	f	2	1	-1	1618949902	1618949902	0	0	607f370e08e97	31	
4849	1	appdata_ocpn5sq3qtm5/preview/7/e/6/f/f	4d84c00528df547cad1ff10debd3b1f3	4848	f	2	1	-1	1618949902	1618949902	0	0	607f370e08c1f	31	
4850	1	appdata_ocpn5sq3qtm5/preview/7/e/6/f/f/0	197db11c55f43d3b4ab9cee6dbe2b877	4849	0	2	1	-1	1618949902	1618949902	0	0	607f370e0899f	31	
4851	1	appdata_ocpn5sq3qtm5/preview/7/e/6/f/f/0/2	e2a09f2f162750c58f37b2d0f02e1447	4850	2	2	1	-1	1618949902	1618949902	0	0	607f370e0872a	31	
529	1	appdata_ocpn5sq3qtm5/preview/9/4/1/e/1/a/a/451	5a1ba2c370c18aa0ba41ba83091a3095	528	451	2	1	0	1620676230	1620676230	0	0	60377c87355bd	31	
4853	1	appdata_ocpn5sq3qtm5/preview/7/e/6/f/f/0/2/4817/236-255-max.png	a3b590cf33c8544ea394a2e8a8154ea5	4852	236-255-max.png	6	5	4699	1618949902	1618949902	0	0	84f5e7baa2bb01e343ebb9b6e815f549	27	
4854	1	appdata_ocpn5sq3qtm5/preview/7/e/6/f/f/0/2/4817/64-64-crop.png	310046cac92ddc66adc10f6e09edfd23	4852	64-64-crop.png	6	5	2816	1618949902	1618949902	0	0	ba6bf5135701723b7c19738be240d07b	27	
4852	1	appdata_ocpn5sq3qtm5/preview/7/e/6/f/f/0/2/4817	a75645b324df06795ecd0193bb1f83dc	4851	4817	2	1	0	1618980344	1618980344	0	0	607f370e08442	31	
3323	4	files/Thomas Hof/Malaga/20210314 Teatinos FP R23.xlsx	e2ad43c413e55b7317b02389674b77e1	3264	20210314 Teatinos FP R23.xlsx	25	3	87631	1621503246	1621503246	0	0	c00b66a142be9bc95b1a1ef6cb3aa036	27	SHA1:d8f10564a8456c1a3204d698ea4b52cfadac1bdf
5424	4	files_trashbin/files/Pruvia.d1623765247	2aa2e603b411e431f3a62a0c33dccfcc	767	Pruvia.d1623765247	2	1	0	1623765160	1623765160	0	0	60c8b0a8cc6ba	31	
5430	1	appdata_ocpn5sq3qtm5/css/spreed/36b2-5950-merged.css	ed650168337b5d0cccc0261392233ca7	92	36b2-5950-merged.css	20	8	11494	1623941864	1623941864	0	0	a6f6a8396104e76c372cd61e9b6c23f1	27	
5431	1	appdata_ocpn5sq3qtm5/css/spreed/36b2-5950-merged.css.deps	556c0407fccd704defed4203dfbaa531	92	36b2-5950-merged.css.deps	13	3	317	1623941864	1623941864	0	0	694fc4bb7354f6641879805c63e0186d	27	
5432	1	appdata_ocpn5sq3qtm5/css/spreed/36b2-5950-merged.css.gzip	d59bc43625b8bbcce909da0dbbdc186b	92	36b2-5950-merged.css.gzip	19	3	1983	1623941864	1623941864	0	0	a3eab5459ffe19dc45f2cf47e6ad1d31	27	
4855	1	appdata_ocpn5sq3qtm5/preview/c/e/f/b/5/0/0/4816/4096-4096-max.png	7a06188b94c464a10053f25c478ca2c5	4839	4096-4096-max.png	6	5	82355	1618949902	1618949902	0	0	3d2746ce48a9c7c8240967a9de059760	27	
4857	1	appdata_ocpn5sq3qtm5/preview/c/e/f/b/5/0/0/4816/64-64-crop.png	8036bf2c1a772742a421fa3747f3cf3a	4839	64-64-crop.png	6	5	2009	1618949902	1618949902	0	0	be1f1706246089fa567b90b51052def5	27	
4839	1	appdata_ocpn5sq3qtm5/preview/c/e/f/b/5/0/0/4816	f56e89f5b5b28363f3e0a1a523282b5e	4838	4816	2	1	0	1618980344	1618980344	0	0	607f370deaf99	31	
5264	1	appdata_ocpn5sq3qtm5/preview/d/0/7/e/7/0/e/458/256-256-crop.jpg	c355c18168857aa57233d7a38f7c0239	595	256-256-crop.jpg	11	5	20013	1620676230	1620676230	0	0	427a706dfb673c36c7ea92340f23ce1a	27	
595	1	appdata_ocpn5sq3qtm5/preview/d/0/7/e/7/0/e/458	e8b3d67bbe45340caea2670ff6f943d2	594	458	2	1	0	1620676230	1620676230	0	0	60377cbcd1341	31	
5427	21	files_trashbin/versions	c639d144d3f1014051e14a98beac5705	5425	versions	2	1	0	1623765290	1623765290	0	0	60c8b12ac0826	31	
5428	21	files_trashbin/keys	9195c7cfc1b867f229ac78cc1b6a0be3	5425	keys	2	1	0	1623765290	1623765290	0	0	60c8b12ac5f73	31	
5426	21	files_trashbin/files	3014a771cbe30761f2e9ff3272110dbf	5425	files	2	1	0	1623765290	1623765290	0	0	60c8b12ad5abb	31	
5425	21	files_trashbin	fb66dca5f27af6f15c1d1d81e6f8d28b	3701	files_trashbin	2	1	0	1623765290	1623765290	0	0	60c8b12ad5abb	31	
4858	1	appdata_ocpn5sq3qtm5/preview/e/d/5/1/9/c/0/4815/64-64-crop.png	fc8088fb6e67530cc224be99f44ae48d	4846	64-64-crop.png	6	5	1610	1618949902	1618949902	0	0	e43149e94407fe8af7b4c436c5628709	27	
4859	1	appdata_ocpn5sq3qtm5/preview/b/2/8	3597ede9ac3e033c1e3b14a9d0ab3489	1455	8	2	1	-1	1618949934	1618949934	0	0	607f372e35aa0	31	
4860	1	appdata_ocpn5sq3qtm5/preview/b/2/8/d	713e4a9832b54c7859495eb11abcd13d	4859	d	2	1	-1	1618949934	1618949934	0	0	607f372e3580b	31	
4861	1	appdata_ocpn5sq3qtm5/preview/b/2/8/d/8	c26cb0c097da62efafbe2f37a2142f12	4860	8	2	1	-1	1618949934	1618949934	0	0	607f372e3557d	31	
4862	1	appdata_ocpn5sq3qtm5/preview/b/2/8/d/8/e	0afb358b2c834fad0c6facdff070ba18	4861	e	2	1	-1	1618949934	1618949934	0	0	607f372e34fba	31	
4863	1	appdata_ocpn5sq3qtm5/preview/b/2/8/d/8/e/3	5011506776e98ad7f655303955959ea5	4862	3	2	1	-1	1618949934	1618949934	0	0	607f372e34d15	31	
4865	1	appdata_ocpn5sq3qtm5/preview/b/2/8/d/8/e/3/4793/500-500-max.png	8bda9425674a718cc8cedac5acf6f0c9	4864	500-500-max.png	6	5	50545	1618949934	1618949934	0	0	55741621af9dc1120d66814d0f7e16b7	27	
4866	1	appdata_ocpn5sq3qtm5/avatar/ruda/avatar.63.png	b85a8da6037f50b1b1d69b53cc57fd73	425	avatar.63.png	6	5	781	1618949944	1618949944	0	0	eb21842ec19f8e59746ce555fd94f446	27	
4867	1	appdata_ocpn5sq3qtm5/preview/b/2/8/d/8/e/3/4793/256-256-crop.png	ec10d287e3d4e6d8ecc3b288b27a7750	4864	256-256-crop.png	6	5	25434	1618980066	1618980066	0	0	dec850ef7fb0d23dd7a37bb740a70d2f	27	
4864	1	appdata_ocpn5sq3qtm5/preview/b/2/8/d/8/e/3/4793	2332ed36c2aaebeee2d6a3faf760ffc0	4863	4793	2	1	0	1618980066	1618980066	0	0	607f372e34a56	31	
5429	21	files/Pruvia	f1b5f35158209ded83125bff0cbd28b9	3704	Pruvia	2	1	0	1623765297	1623765297	0	0	60c8b13174b0a	31	
4878	1	appdata_ocpn5sq3qtm5/preview/c/9/6/e	450e71ab7536b0c573e9c32a0d1e342d	4622	e	2	1	-1	1618980101	1618980101	0	0	607fad0586376	31	
4879	1	appdata_ocpn5sq3qtm5/preview/c/9/6/e/b	36cadc80de61511c2dc8be2fd807563b	4878	b	2	1	-1	1618980101	1618980101	0	0	607fad05860e0	31	
4880	1	appdata_ocpn5sq3qtm5/preview/c/9/6/e/b/e	74d0d9fb8d31821d1d12029c905d34e9	4879	e	2	1	-1	1618980101	1618980101	0	0	607fad0585e59	31	
4881	1	appdata_ocpn5sq3qtm5/preview/c/9/6/e/b/e/e	3fdf3d48b4ae36e02b0c253b705492a1	4880	e	2	1	-1	1618980101	1618980101	0	0	607fad0585b5d	31	
4883	1	appdata_ocpn5sq3qtm5/preview/c/e/d	27d9d7bb3cdd41172e05084da7c110d5	3176	d	2	1	-1	1618980101	1618980101	0	0	607fad05887d2	31	
4884	1	appdata_ocpn5sq3qtm5/preview/c/e/d/e	eade867695863b440d1daccb1fec6829	4883	e	2	1	-1	1618980101	1618980101	0	0	607fad0587f28	31	
4885	1	appdata_ocpn5sq3qtm5/preview/c/e/d/e/2	58e4f63ad55671e3839747ad5caf28aa	4884	2	2	1	-1	1618980101	1618980101	0	0	607fad0587bb9	31	
4886	1	appdata_ocpn5sq3qtm5/preview/c/e/d/e/2/d	ff805cac34abb3d4ecb5fa74f6dc5186	4885	d	2	1	-1	1618980101	1618980101	0	0	607fad058782b	31	
4891	1	appdata_ocpn5sq3qtm5/preview/c/9/6/e/b/e/e/4796/4096-4096-max.png	db0d9f85a82be9a2fc0c5ec1f92c47e9	4882	4096-4096-max.png	6	5	193133	1618980101	1618980101	0	0	05e9a920571886c392e3ef5572eba088	27	
4893	1	appdata_ocpn5sq3qtm5/preview/c/9/6/e/b/e/e/4796/256-256-crop.png	011bd6e9d3829844e984b81f04a4d512	4882	256-256-crop.png	6	5	36078	1618980102	1618980102	0	0	f3cfdda73ef48fa6b9a26a455f4f238e	27	
4882	1	appdata_ocpn5sq3qtm5/preview/c/9/6/e/b/e/e/4796	a3bbe4979ef7ee3c5ff3dd1e76f6f03c	4881	4796	2	1	0	1618980102	1618980102	0	0	607fad058578f	31	
4846	1	appdata_ocpn5sq3qtm5/preview/e/d/5/1/9/c/0/4815	8ef4255219f55234ad4ae138cc3225b2	4845	4815	2	1	0	1618980344	1618980344	0	0	607f370df3a30	31	
4887	1	appdata_ocpn5sq3qtm5/preview/c/e/d/e/2/d/6	80aa347a17c1f71a64dc17f68f58f068	4886	6	2	1	-1	1618980101	1618980101	0	0	607fad058748d	31	
5266	1	appdata_ocpn5sq3qtm5/preview/8/2/1	20026a5fe62db673e1ea44009a39f8dc	1955	1	2	1	-1	1620676230	1620676230	0	0	60998e86dc114	31	
5268	1	appdata_ocpn5sq3qtm5/preview/8/2/1/f	8f31763f2399603ad0110aeb8ae8ca10	5266	f	2	1	-1	1620676230	1620676230	0	0	60998e86dbd67	31	
4890	1	appdata_ocpn5sq3qtm5/preview/c/e/d/e/2/d/6/4797/4096-4096-max.png	2d8703f95dd2d4543c4402bd5ffc1f4e	4888	4096-4096-max.png	6	5	36293	1618980101	1618980101	0	0	18c3ab14df5654ed87677980fbd2e905	27	
4892	1	appdata_ocpn5sq3qtm5/preview/c/e/d/e/2/d/6/4797/256-256-crop.png	ef717f30f1ab2623e6a0a2bd4b65ad9a	4888	256-256-crop.png	6	5	6656	1618980102	1618980102	0	0	45dd3aa145696dad62e7fe11010995e8	27	
4888	1	appdata_ocpn5sq3qtm5/preview/c/e/d/e/2/d/6/4797	55aedb1c0440a95b57ce78496f38aee4	4887	4797	2	1	0	1618980102	1618980102	0	0	607fad0586fc1	31	
5270	1	appdata_ocpn5sq3qtm5/preview/8/2/1/f/a	76fd522a90c2fc73908dcecc29b6343e	5268	a	2	1	-1	1620676230	1620676230	0	0	60998e86dbad8	31	
4896	1	appdata_ocpn5sq3qtm5/preview/7/9	a8e5b29c3e1177f95887925544eb072b	172	9	2	1	-1	1618980344	1618980344	0	0	607fadf817f3d	31	
4897	1	appdata_ocpn5sq3qtm5/preview/7/9/c	97e83b109bcdbd80e51c5c2400d3337e	4896	c	2	1	-1	1618980344	1618980344	0	0	607fadf817cc3	31	
4898	1	appdata_ocpn5sq3qtm5/preview/7/9/c/c	e29fb30646399e65881328832e6f5f9b	4897	c	2	1	-1	1618980344	1618980344	0	0	607fadf81799d	31	
4899	1	appdata_ocpn5sq3qtm5/preview/7/9/c/c/3	e98e3807d025ca3eb7e36ae5136355e8	4898	3	2	1	-1	1618980344	1618980344	0	0	607fadf817652	31	
4900	1	appdata_ocpn5sq3qtm5/preview/7/9/c/c/3/0	6d24766b259e68e5cbf41c5080f02801	4899	0	2	1	-1	1618980344	1618980344	0	0	607fadf8173e0	31	
4901	1	appdata_ocpn5sq3qtm5/preview/7/9/c/c/3/0/c	887412c4d520df3e810692da74211156	4900	c	2	1	-1	1618980344	1618980344	0	0	607fadf8170de	31	
5272	1	appdata_ocpn5sq3qtm5/preview/8/2/1/f/a/7	a49c88c4e5d76112fdff36780f997e6b	5270	7	2	1	-1	1620676230	1620676230	0	0	60998e86db7f5	31	
4902	1	appdata_ocpn5sq3qtm5/preview/7/9/c/c/3/0/c/4820	3183e38022839c99ff7509059cecefce	4901	4820	2	1	0	1618980344	1618980344	0	0	607fadf816e3b	31	
4903	1	appdata_ocpn5sq3qtm5/preview/7/9/c/c/3/0/c/4820/181-256-max.png	551f981f2f22c78328015ae8a25cdd92	4902	181-256-max.png	6	5	3547	1618980344	1618980344	0	0	ed107afdb1b1f46e4465911713503ff3	27	
4904	1	appdata_ocpn5sq3qtm5/preview/7/9/c/c/3/0/c/4820/181-181-crop.png	ba5910f95f2c37dcbc2a6c2fd9859f9f	4902	181-181-crop.png	6	5	7478	1618980344	1618980344	0	0	4cff178ff2f6cc7b4d8f3d6b5e6fd251	27	
4905	1	appdata_ocpn5sq3qtm5/preview/8/5/2/6/7	2012d7f6f1f8eb5b88a6a54c8a37efc7	4640	7	2	1	-1	1618980344	1618980344	0	0	607fadf827b3d	31	
4906	1	appdata_ocpn5sq3qtm5/preview/8/5/2/6/7/d	2264be4f610b85565e9709bd63bcc30b	4905	d	2	1	-1	1618980344	1618980344	0	0	607fadf8277cc	31	
4907	1	appdata_ocpn5sq3qtm5/preview/8/5/2/6/7/d/3	9c2f3b0297f569e068487b4d8dd0c8a0	4906	3	2	1	-1	1618980344	1618980344	0	0	607fadf82746b	31	
5274	1	appdata_ocpn5sq3qtm5/preview/8/2/1/f/a/7/4	c12c85d9c951a70ab26bb97e419b0068	5272	4	2	1	-1	1620676230	1620676230	0	0	60998e86db4b4	31	
4908	1	appdata_ocpn5sq3qtm5/preview/8/5/2/6/7/d/3/4821	0d1ee1f92398734f6398022e66c82630	4907	4821	2	1	0	1618980344	1618980344	0	0	607fadf82701a	31	
4909	1	appdata_ocpn5sq3qtm5/preview/8/5/2/6/7/d/3/4821/256-144-max.png	ffd38205041bca22b2d2aeee214fcdaa	4908	256-144-max.png	6	5	2197	1618980344	1618980344	0	0	39fbb3c4a32fbd5eb7e5b9f0f86b5b69	27	
4910	1	appdata_ocpn5sq3qtm5/preview/e/8/8/f/2/4/3/4818/181-181-crop.png	fbb9ddcb996bcf67af4d34102f612ba3	4831	181-181-crop.png	6	5	8626	1618980344	1618980344	0	0	a312e85e2a341708824bac3b8a73e9b3	27	
4911	1	appdata_ocpn5sq3qtm5/preview/8/5/2/6/7/d/3/4821/144-144-crop.png	aad83ed35bf5dc426537b83af6032292	4908	144-144-crop.png	6	5	5409	1618980344	1618980344	0	0	b47f4ac813f64385915a48a2f6e07aa7	27	
4912	1	appdata_ocpn5sq3qtm5/preview/7/e/6/f/f/0/2/4817/236-236-crop.png	5b3ce685c0267fae146a7bd2d1041c24	4852	236-236-crop.png	6	5	14704	1618980344	1618980344	0	0	c62ed30baf34aaceb5c3534b28d29a90	27	
4913	1	appdata_ocpn5sq3qtm5/preview/7/c	858479a0627db343c22b241f42df05b2	172	c	2	1	-1	1618980344	1618980344	0	0	607fadf83cf8d	31	
4914	1	appdata_ocpn5sq3qtm5/preview/7/c/0	b9edee84a80637a3137f15ebd89f26f5	4913	0	2	1	-1	1618980344	1618980344	0	0	607fadf83cc88	31	
4915	1	appdata_ocpn5sq3qtm5/preview/7/c/0/2	89cc6f510b446530eed5b24e7c7ff0b7	4914	2	2	1	-1	1618980344	1618980344	0	0	607fadf83c996	31	
4916	1	appdata_ocpn5sq3qtm5/preview/7/c/0/2/2	ae373370b8321a22d6bbd61cbabd75ad	4915	2	2	1	-1	1618980344	1618980344	0	0	607fadf83c681	31	
4917	1	appdata_ocpn5sq3qtm5/preview/7/c/0/2/2/d	cfc534cf8d48eb7ee1553d688aa53f0f	4916	d	2	1	-1	1618980344	1618980344	0	0	607fadf83c18d	31	
4918	1	appdata_ocpn5sq3qtm5/preview/7/c/0/2/2/d/9	0c2fc82bfa3b9643cebcc1e6c6942aa8	4917	9	2	1	-1	1618980344	1618980344	0	0	607fadf83be01	31	
5285	1	appdata_ocpn5sq3qtm5/preview/8/2/1/f/a/7/4/455/4096-4096-max.png	cda6353f6497094a36694a62873c7799	5275	4096-4096-max.png	6	5	35773	1620676231	1620676231	0	0	2c6651c877edb633a2c0e95eb2aa8580	27	
4919	1	appdata_ocpn5sq3qtm5/preview/7/c/0/2/2/d/9/4812	a1ed0f825ebba3cd024407cb413a80b9	4918	4812	2	1	0	1618980344	1618980344	0	0	607fadf83af0f	31	
4920	1	appdata_ocpn5sq3qtm5/preview/7/c/0/2/2/d/9/4812/201-255-max.png	01904dbd595031c2a840d40f308f4a9a	4919	201-255-max.png	6	5	2090	1618980344	1618980344	0	0	034af14f89f53b423461a04cf34bb150	27	
4921	1	appdata_ocpn5sq3qtm5/preview/7/c/0/2/2/d/9/4812/201-201-crop.png	ef4965d81f1bdb3adfcac2ee394db183	4919	201-201-crop.png	6	5	1639	1618980344	1618980344	0	0	a605cfeba256f2629c6899f0e59029fc	27	
4922	1	appdata_ocpn5sq3qtm5/preview/0/8/4/a/f	5b02d55b9045e0a52b74cc225bb4dd91	4157	f	2	1	-1	1618980344	1618980344	0	0	607fadf847b89	31	
4923	1	appdata_ocpn5sq3qtm5/preview/0/8/4/a/f/d	0cf5faccfb8d5261cbfbd522db942515	4922	d	2	1	-1	1618980344	1618980344	0	0	607fadf8478b7	31	
4924	1	appdata_ocpn5sq3qtm5/preview/0/8/4/a/f/d/9	f4610a62436adfe1708d5c765ce9546a	4923	9	2	1	-1	1618980344	1618980344	0	0	607fadf8475cd	31	
4925	1	appdata_ocpn5sq3qtm5/preview/0/8/4/a/f/d/9/4814	317899a6164fe994bee66ba57800c0ad	4924	4814	2	1	0	1618980344	1618980344	0	0	607fadf847286	31	
4926	1	appdata_ocpn5sq3qtm5/preview/0/8/4/a/f/d/9/4814/256-144-max.png	4126652e9574db5d90debcf8f1e6a4e8	4925	256-144-max.png	6	5	1898	1618980344	1618980344	0	0	b07afe458a1a801d2727552549172fd3	27	
4927	1	appdata_ocpn5sq3qtm5/preview/8/1/0	78addca6696731ea24fe1b557d7d7527	849	0	2	1	-1	1618980344	1618980344	0	0	607fadf84e3e8	31	
4928	1	appdata_ocpn5sq3qtm5/preview/8/1/0/b	eba5e27b5604ce514461e7de918a90c7	4927	b	2	1	-1	1618980344	1618980344	0	0	607fadf84e13a	31	
4929	1	appdata_ocpn5sq3qtm5/preview/8/1/0/b/f	e38a0003ffcf4825f680cd7c2c9f6ddd	4928	f	2	1	-1	1618980344	1618980344	0	0	607fadf84de72	31	
4930	1	appdata_ocpn5sq3qtm5/preview/8/1/0/b/f/8	5adbb1e3b103734ed813a5513d52161b	4929	8	2	1	-1	1618980344	1618980344	0	0	607fadf84d8a7	31	
4931	1	appdata_ocpn5sq3qtm5/preview/8/1/0/b/f/8/3	01f4fcf38fa17802f63d1c008f5d742d	4930	3	2	1	-1	1618980344	1618980344	0	0	607fadf84d06e	31	
4932	1	appdata_ocpn5sq3qtm5/preview/8/1/0/b/f/8/3/4811	c7edb96a1d592d2675b1e13a156e31c8	4931	4811	2	1	0	1618980344	1618980344	0	0	607fadf84ccf6	31	
4933	1	appdata_ocpn5sq3qtm5/preview/0/8/4/a/f/d/9/4814/144-144-crop.png	e80439ca4e58e900e912887b99130a07	4925	144-144-crop.png	6	5	5337	1618980344	1618980344	0	0	c8d3dfb0a5a96a85c18b87356fed3af9	27	
4934	1	appdata_ocpn5sq3qtm5/preview/8/1/0/b/f/8/3/4811/4096-4096-max.png	7ff6c9c389a7917dc2f52b86b647ce48	4932	4096-4096-max.png	6	5	68293	1618980344	1618980344	0	0	c613da33a30ab261ad04550fcbf10c82	27	
4935	1	appdata_ocpn5sq3qtm5/preview/e/d/5/1/9/c/0/4815/256-256-crop.png	8620be3f553bac573540e49419fe20b2	4846	256-256-crop.png	6	5	12040	1618980344	1618980344	0	0	c2c698f3571a5e3cbd1b7a3a3fb3c45b	27	
4936	1	appdata_ocpn5sq3qtm5/preview/c/e/f/b/5/0/0/4816/256-256-crop.png	94494863f22ccb5a7f966b073115db29	4839	256-256-crop.png	6	5	16304	1618980344	1618980344	0	0	42efd51aa7a01536f4172a3e2e5a8d3f	27	
4937	1	appdata_ocpn5sq3qtm5/preview/8/1/0/b/f/8/3/4811/256-256-crop.png	472ba2f1ad4141ba9f996c3fdf8d7331	4932	256-256-crop.png	6	5	12357	1618980344	1618980344	0	0	6ab31974caca9179adb0842cd7f650ea	27	
4947	1	appdata_ocpn5sq3qtm5/preview/0/c	66d9ca738191dd9c5d3fc9b804d07aab	1251	c	2	1	-1	1618980366	1618980366	0	0	607fae0e7cd84	31	
4948	1	appdata_ocpn5sq3qtm5/preview/0/c/7	fee4410a1d9fdaf87e7b2cc983085928	4947	7	2	1	-1	1618980366	1618980366	0	0	607fae0e7cb0c	31	
4949	1	appdata_ocpn5sq3qtm5/preview/0/c/7/1	e2814360ee514b26fb4e784c2ff19e0b	4948	1	2	1	-1	1618980366	1618980366	0	0	607fae0e7c88f	31	
4950	1	appdata_ocpn5sq3qtm5/preview/0/c/7/1/1	4d4d1318b5bc065a221455aacb2eafc3	4949	1	2	1	-1	1618980366	1618980366	0	0	607fae0e7c620	31	
4951	1	appdata_ocpn5sq3qtm5/preview/0/c/7/1/1/9	a58841407c3efcad31af747460ca1ad7	4950	9	2	1	-1	1618980366	1618980366	0	0	607fae0e7c38a	31	
4952	1	appdata_ocpn5sq3qtm5/preview/0/c/7/1/1/9/e	efbf35afb03b77137af80179a6069a18	4951	e	2	1	-1	1618980366	1618980366	0	0	607fae0e7c10f	31	
4953	1	appdata_ocpn5sq3qtm5/preview/0/c/7/1/1/9/e/4801	0d7bb061da70811bf6d8cdbf5447032b	4952	4801	2	1	0	1618980366	1618980366	0	0	607fae0e7be53	31	
4954	1	appdata_ocpn5sq3qtm5/preview/0/c/7/1/1/9/e/4801/1600-1066-max.jpg	9902ad84f0cd4ea16dffcbbde947e0fe	4953	1600-1066-max.jpg	11	5	533329	1618980366	1618980366	0	0	3f730122711e6128057daf104adbb916	27	
4955	1	appdata_ocpn5sq3qtm5/preview/0/c/7/1/1/9/e/4801/256-256-crop.jpg	b516bb0b4caf7a5c85d5460720998e1a	4953	256-256-crop.jpg	11	5	27059	1618980366	1618980366	0	0	1b8e55ec2d28d162ad600287187bbf73	27	
4956	1	appdata_ocpn5sq3qtm5/preview/2/2/f	75c2483f7bca3e3ccdac1928cb52d83c	3073	f	2	1	-1	1618980366	1618980366	0	0	607fae0ec07e6	31	
4957	1	appdata_ocpn5sq3qtm5/preview/2/2/f/2	fb2e766b2cc8e48b99cf92a671f01b86	4956	2	2	1	-1	1618980366	1618980366	0	0	607fae0ec0556	31	
4958	1	appdata_ocpn5sq3qtm5/preview/2/2/f/2/7	d5d9d3343757fcdcb8fc2ffa76a71c9d	4957	7	2	1	-1	1618980366	1618980366	0	0	607fae0ec0294	31	
4959	1	appdata_ocpn5sq3qtm5/preview/2/2/f/2/7/2	56b651299f2f32e5ea1402245d27e1cb	4958	2	2	1	-1	1618980366	1618980366	0	0	607fae0ebfff9	31	
4960	1	appdata_ocpn5sq3qtm5/preview/2/2/f/2/7/2/9	e8bf13fb53ba710a9e3e4d27f8193864	4959	9	2	1	-1	1618980366	1618980366	0	0	607fae0ebfd4f	31	
5279	1	appdata_ocpn5sq3qtm5/preview/7/f/e/1/f/8/a/459/256-256-crop.jpg	de84695bf1c55a2a54724f689ae18051	608	256-256-crop.jpg	11	5	20845	1620676230	1620676230	0	0	f2d37704300a05064b9d01c701b2cf16	27	
4961	1	appdata_ocpn5sq3qtm5/preview/2/2/f/2/7/2/9/4808	b6b2e519da13e661b489f24cd3a70b50	4960	4808	2	1	0	1618980366	1618980366	0	0	607fae0ebfa5d	31	
4962	1	appdata_ocpn5sq3qtm5/preview/2/2/f/2/7/2/9/4808/1600-1067-max.jpg	edf70301303c19d64c18a5c50fb39346	4961	1600-1067-max.jpg	11	5	253158	1618980366	1618980366	0	0	f01876d1acb2ea8a0953c9dcb7e41b0c	27	
4963	1	appdata_ocpn5sq3qtm5/preview/2/2/f/2/7/2/9/4808/256-256-crop.jpg	c4aa3e1163816fdb1c28ed4d995042d3	4961	256-256-crop.jpg	11	5	20013	1618980366	1618980366	0	0	eebefe7f310efed79772e11b86a3920f	27	
4964	1	appdata_ocpn5sq3qtm5/preview/1/3/7	71c03e35397416cbee74c610067e3300	510	7	2	1	-1	1618980367	1618980367	0	0	607fae0f09d25	31	
4965	1	appdata_ocpn5sq3qtm5/preview/1/3/7/b	bbf0f33521ffe74823204f7418d6e1d6	4964	b	2	1	-1	1618980367	1618980367	0	0	607fae0f09a9b	31	
4966	1	appdata_ocpn5sq3qtm5/preview/1/3/7/b/d	008f19b141f34a9c0a574eb61fe5632d	4965	d	2	1	-1	1618980367	1618980367	0	0	607fae0f0980e	31	
4967	1	appdata_ocpn5sq3qtm5/preview/1/3/7/b/d/d	77a3e045d0605ef01c36a9b0061d623e	4966	d	2	1	-1	1618980367	1618980367	0	0	607fae0f0957b	31	
4968	1	appdata_ocpn5sq3qtm5/preview/1/3/7/b/d/d/5	74e97942a38d9bfac64c80ce9876d936	4967	5	2	1	-1	1618980367	1618980367	0	0	607fae0f092e1	31	
4969	1	appdata_ocpn5sq3qtm5/preview/1/3/7/b/d/d/5/4802	72dc4590cabea523301d6f128c46a0ab	4968	4802	2	1	0	1618980367	1618980367	0	0	607fae0f08ff0	31	
4970	1	appdata_ocpn5sq3qtm5/preview/1/3/7/b/d/d/5/4802/1600-1067-max.jpg	2dfef5bb73114bb27b22b6d84129647f	4969	1600-1067-max.jpg	11	5	427204	1618980367	1618980367	0	0	7b41ed3e434813b15ce5c9434bb4562c	27	
4971	1	appdata_ocpn5sq3qtm5/preview/1/3/7/b/d/d/5/4802/256-256-crop.jpg	fd64307b8d0e9a9fe5269f16415da4d4	4969	256-256-crop.jpg	11	5	21514	1618980367	1618980367	0	0	5e188cea88508986adf9393f4965e101	27	
4972	1	appdata_ocpn5sq3qtm5/preview/a/8/2	083ca3bf4f7efa8f89582eac0818cf52	915	2	2	1	-1	1618980367	1618980367	0	0	607fae0f4a348	31	
4973	1	appdata_ocpn5sq3qtm5/preview/a/8/2/1	02773251d41f8a56f540a6913e803fc1	4972	1	2	1	-1	1618980367	1618980367	0	0	607fae0f4a02e	31	
4974	1	appdata_ocpn5sq3qtm5/preview/a/8/2/1/a	3b6d8af4e0d966e5041b9086d0677614	4973	a	2	1	-1	1618980367	1618980367	0	0	607fae0f49cd5	31	
4975	1	appdata_ocpn5sq3qtm5/preview/a/8/2/1/a/1	bf48f0b6a20161d7231e9427d7a27959	4974	1	2	1	-1	1618980367	1618980367	0	0	607fae0f49908	31	
4976	1	appdata_ocpn5sq3qtm5/preview/a/8/2/1/a/1/6	573555a65c81ee47e0699a7f06d3387d	4975	6	2	1	-1	1618980367	1618980367	0	0	607fae0f49522	31	
4977	1	appdata_ocpn5sq3qtm5/preview/a/8/2/1/a/1/6/4805	4cd1d08a648850ecf942b8118ba95e82	4976	4805	2	1	0	1618980367	1618980367	0	0	607fae0f48fa5	31	
4978	1	appdata_ocpn5sq3qtm5/preview/a/8/2/1/a/1/6/4805/4096-4096-max.png	ff533c359cb9b4446ab00e53bf35802d	4977	4096-4096-max.png	6	5	35773	1618980367	1618980367	0	0	85fafa4b0e6929d12efa8ac85129db81	27	
4979	1	appdata_ocpn5sq3qtm5/preview/2/9/1	59f87d628b54ccb84c9b816b828dee2d	4583	1	2	1	-1	1618980367	1618980367	0	0	607fae0f86566	31	
4980	1	appdata_ocpn5sq3qtm5/preview/2/9/1/2	c32d894a7415bd65fc0c4849ca811cdb	4979	2	2	1	-1	1618980367	1618980367	0	0	607fae0f862fa	31	
4981	1	appdata_ocpn5sq3qtm5/preview/2/9/1/2/b	e7430523d59ed069f8966db6010f606a	4980	b	2	1	-1	1618980367	1618980367	0	0	607fae0f8604e	31	
4982	1	appdata_ocpn5sq3qtm5/preview/2/9/1/2/b/b	5cf324b76c1573a9bd69fc202d6f387d	4981	b	2	1	-1	1618980367	1618980367	0	0	607fae0f85d39	31	
4983	1	appdata_ocpn5sq3qtm5/preview/2/9/1/2/b/b/e	2244815d2d0fbc48f331bf9ddeb3b39b	4982	e	2	1	-1	1618980367	1618980367	0	0	607fae0f85a5b	31	
4987	1	appdata_ocpn5sq3qtm5/preview/a/8/2/1/a/1/6/4805/256-256-crop.png	8cf8a9221f0c1713963e0c5c9126e6e3	4977	256-256-crop.png	6	5	6751	1618980367	1618980367	0	0	bdf412837a5f27353dde0a979cb6d2ef	27	
4984	1	appdata_ocpn5sq3qtm5/preview/2/9/1/2/b/b/e/4803	3506f274d80a64e6b6ac975e5a3c8a81	4983	4803	2	1	0	1618980367	1618980367	0	0	607fae0f8573c	31	
4985	1	appdata_ocpn5sq3qtm5/preview/2/9/1/2/b/b/e/4803/1920-1281-max.jpg	f9a92acba44ffa1c5a4e7b463e9a20d3	4984	1920-1281-max.jpg	11	5	428184	1618980367	1618980367	0	0	2514996199bb8748d28246ff31b79862	27	
4986	1	appdata_ocpn5sq3qtm5/preview/2/9/1/2/b/b/e/4803/256-256-crop.jpg	ffe4c00b294a7d2ab929181f33e8307e	4984	256-256-crop.jpg	11	5	24508	1618980367	1618980367	0	0	617ff189cd09015ffd7e84161f3b2faf	27	
4988	1	appdata_ocpn5sq3qtm5/preview/f/7	a59ccdc27d8d46bfa84c145c9653d4bf	495	7	2	1	-1	1618980368	1618980368	0	0	607fae1013018	31	
4989	1	appdata_ocpn5sq3qtm5/preview/f/7/d	1d2b7ee2391be2808e40da757afd2bb6	4988	d	2	1	-1	1618980368	1618980368	0	0	607fae1012d45	31	
4990	1	appdata_ocpn5sq3qtm5/preview/f/7/d/a	da02fa5a6b156aebefb1813fdcbb48d4	4989	a	2	1	-1	1618980368	1618980368	0	0	607fae1012aa2	31	
4991	1	appdata_ocpn5sq3qtm5/preview/f/7/d/a/f	b821802ac4f477d3ac18d647390253ea	4990	f	2	1	-1	1618980368	1618980368	0	0	607fae1012801	31	
4992	1	appdata_ocpn5sq3qtm5/preview/f/7/d/a/f/c	a6ee674d8094f41be817e5c4f796a617	4991	c	2	1	-1	1618980368	1618980368	0	0	607fae1012541	31	
4993	1	appdata_ocpn5sq3qtm5/preview/f/7/d/a/f/c/4	ab3d0ca90807f00f06abbb300e25186c	4992	4	2	1	-1	1618980368	1618980368	0	0	607fae1012279	31	
4995	1	appdata_ocpn5sq3qtm5/preview/f/7/d/a/f/c/4/4807/1200-1800-max.jpg	e04270a2f702b16485e3acdd8eebdc7f	4994	1200-1800-max.jpg	11	5	425594	1618980368	1618980368	0	0	2dc15bb2665c221d4e75101fe7f3ecbe	27	
4996	1	appdata_ocpn5sq3qtm5/preview/f/7/d/a/f/c/4/4807/256-256-crop.jpg	cee54e76669795a970f7d4e3c42e55aa	4994	256-256-crop.jpg	11	5	13669	1618980368	1618980368	0	0	55a45462494b9f1185c0ec86d5102515	27	
4998	1	appdata_ocpn5sq3qtm5/preview/a/5/b	f2969ca17acbb9a3578cbe9c0c4b6ca4	4704	b	2	1	-1	1618980368	1618980368	0	0	607fae10c9c89	31	
4999	1	appdata_ocpn5sq3qtm5/preview/a/5/b/a	376b76f8e8b2be8a8223e25decdc2677	4998	a	2	1	-1	1618980368	1618980368	0	0	607fae10c9930	31	
5000	1	appdata_ocpn5sq3qtm5/preview/a/5/b/a/d	9ae3d2459eed89dc78acbca96735e2cf	4999	d	2	1	-1	1618980368	1618980368	0	0	607fae10c9605	31	
5001	1	appdata_ocpn5sq3qtm5/preview/a/5/b/a/d/3	c8f80b697c89537446879ea52ad632eb	5000	3	2	1	-1	1618980368	1618980368	0	0	607fae10c932f	31	
5002	1	appdata_ocpn5sq3qtm5/preview/a/5/b/a/d/3/6	8861386badf7d6ee48801263be8db45f	5001	6	2	1	-1	1618980368	1618980368	0	0	607fae10c908e	31	
5003	1	appdata_ocpn5sq3qtm5/preview/a/5/b/a/d/3/6/4809	471e3289f54eb1c6995ad9e7706f2b7f	5002	4809	2	1	0	1618980368	1618980368	0	0	607fae10c8da9	31	
5004	1	appdata_ocpn5sq3qtm5/preview/1/c/c	d20e89455e9b8be29d9a4aa2d2d61e2f	629	c	2	1	-1	1618980368	1618980368	0	0	607fae10d3ecb	31	
5005	1	appdata_ocpn5sq3qtm5/preview/1/c/c/8	2f00da5413da8aa1bb5a58a25e254605	5004	8	2	1	-1	1618980368	1618980368	0	0	607fae10d3bfd	31	
5006	1	appdata_ocpn5sq3qtm5/preview/1/c/c/8/a	5b0cb3bc42e9a24722c73712e6ea4b35	5005	a	2	1	-1	1618980368	1618980368	0	0	607fae10d394d	31	
5007	1	appdata_ocpn5sq3qtm5/preview/a/5/b/a/d/3/6/4809/1600-1067-max.jpg	3ce594e5977004508db2c89f9308cdc2	5003	1600-1067-max.jpg	11	5	231870	1618980368	1618980368	0	0	0c0f0ad294a580972068f12ad9b1b0c3	27	
5008	1	appdata_ocpn5sq3qtm5/preview/1/c/c/8/a/8	bc3316079519e2fc2af67ac6de3725ca	5006	8	2	1	-1	1618980368	1618980368	0	0	607fae10d36af	31	
5009	1	appdata_ocpn5sq3qtm5/preview/1/c/c/8/a/8/e	307949cecc4fb9e5c337fa13ba832669	5008	e	2	1	-1	1618980368	1618980368	0	0	607fae10d342b	31	
5011	1	appdata_ocpn5sq3qtm5/preview/a/5/b/a/d/3/6/4809/256-256-crop.jpg	a7f5750d12199c3d2550e47698a8d343	5003	256-256-crop.jpg	11	5	20845	1618980368	1618980368	0	0	38e289ffc346afbca8ac050a265a6718	27	
5012	1	appdata_ocpn5sq3qtm5/preview/1/c/c/8/a/8/e/4806/3000-2000-max.jpg	12ef60c2212489812fd061d2db03bb80	5010	3000-2000-max.jpg	11	5	1203830	1618980369	1618980369	0	0	74216b677e3a4d7c0fe1816d33cefe71	27	
5010	1	appdata_ocpn5sq3qtm5/preview/1/c/c/8/a/8/e/4806	a64a7548d1a26531c76138bf0f1611aa	5009	4806	2	1	0	1618980369	1618980369	0	0	607fae10d318c	31	
5013	1	appdata_ocpn5sq3qtm5/preview/1/c/c/8/a/8/e/4806/256-256-crop.jpg	1297fa1f109eb6f20fffe5cda9d4e311	5010	256-256-crop.jpg	11	5	32345	1618980369	1618980369	0	0	5a60661aee4ebf3d7d4b4a7454462adf	27	
5014	1	appdata_ocpn5sq3qtm5/preview/f/7/d/a/f/c/4/4807/1024-1536.jpg	fbd15f2b95bb69b6dae767ccfbbf320f	4994	1024-1536.jpg	11	5	257019	1618980372	1618980372	0	0	d882301d2d72bace4813d28d7bc9e35b	27	
4994	1	appdata_ocpn5sq3qtm5/preview/f/7/d/a/f/c/4/4807	1a4aeb95917c04435851e8c60941a139	4993	4807	2	1	0	1618980372	1618980372	0	0	607fae1011f18	31	
5015	4	files/Harz/Bad Sachsa/Grundbuchauszug, Flurkarten u. Bebauungsplan & Co/Grundbuch Blatt 5467 Bad Sachsa seite 1bis11.PDF	6f8b625a7d5097329d8d70f1f298307e	2542	Grundbuch Blatt 5467 Bad Sachsa seite 1bis11.PDF	7	3	1531328	1618808400	1618808400	0	0	e57a549caa2180cb7f327aa717cabfe6	27	
2542	4	files/Harz/Bad Sachsa/Grundbuchauszug, Flurkarten u. Bebauungsplan & Co	af95eb300335f5814d5c6023db4619f6	2099	Grundbuchauszug, Flurkarten u. Bebauungsplan & Co	2	1	9358269	1618985014	1618985014	0	0	607fc036bdbbe	31	
5020	1	appdata_ocpn5sq3qtm5/preview/5/7/c/0/5/3/1/1842/64-64-crop.png	06af790a0da5c66d43c87e6ae89aca32	4102	64-64-crop.png	6	5	988	1619087240	1619087240	0	0	695b5c8548b1aaa8a6db3fd00006b61d	27	
5016	4	files/Harz/Bad Sachsa/Bauzeitplan und -ausführung/20210416 Borntal, Errichtung 83 Ferienhäuser, vorl. Kostenschätzung DIN 276.pdf	74bf6f6fd404f0e70bbaefa486f5b350	2554	20210416 Borntal, Errichtung 83 Ferienhäuser, vorl. Kostenschätzung DIN 276.pdf	7	3	599815	1618927500	1618927500	0	0	685281d8e05790329b24fb4cc59caa14	27	
2554	4	files/Harz/Bad Sachsa/Bauzeitplan und -ausführung	1fb96dd8186039aaaa22dea5e465467c	2099	Bauzeitplan und -ausführung	2	1	11178973	1618985065	1618985065	0	0	607fc06919ea9	31	
5281	1	appdata_ocpn5sq3qtm5/preview/2/5/0/c/f/8/b/456/256-256-crop.jpg	72b8d9367f15a6785a0dd34c6b9875c0	578	256-256-crop.jpg	11	5	32345	1620676230	1620676230	0	0	b300dbeeb84b20e2049efbf2cb181b93	27	
578	1	appdata_ocpn5sq3qtm5/preview/2/5/0/c/f/8/b/456	2f006f8e3258be7eddafcbd81103b601	577	456	2	1	0	1620676230	1620676230	0	0	60377cbcc5a7b	31	
4102	1	appdata_ocpn5sq3qtm5/preview/5/7/c/0/5/3/1/1842	c280fb14a4c873cb06790d7869ecce63	1889	1842	2	1	0	1619087240	1619087240	0	0	6075719b77512	31	
5017	4	files/Thomas Hof/Hotel Lloret del Mar Spanje financiering 7 miljoen/Lloret del Mare Hotel financieringsaanvraag 7^J5 miljoen euro via Alex ter Voorde.docx	0d2d29a48bcc9854f70e252493f5a483	3274	Lloret del Mare Hotel financieringsaanvraag 7^J5 miljoen euro via Alex ter Voorde.docx	10	3	16181	1619086421	1619086421	0	0	83496f28275d6c3a0624a351a445b427	27	
3274	4	files/Thomas Hof/Hotel Lloret del Mar Spanje financiering 7 miljoen	c2696ab3a6c0f18a6dea524df6872af6	1822	Hotel Lloret del Mar Spanje financiering 7 miljoen	2	1	1973923	1620804149	1620804149	0	0	609b82350d737	31	
5021	4	files/Thomas Hof/Amsterdam Hotel/1c. Kopie ID mw Shek.pdf	4a939845142d9c3af212a624d0c3ba00	3268	1c. Kopie ID mw Shek.pdf	7	3	83802	1619093742	1619093742	0	0	7f388cb596f8a30d843bcb00fd302ea1	27	
5332	4	files/Thomas Hof/Malaga/20210204 Teatinos Pres v0.3.pdf	80379a65a9198175e266e5333a12aaec	3264	20210204 Teatinos Pres v0.3.pdf	7	3	9735928	1621503236	1621503236	0	0	2a508e5096b5d601bd4f04bdc18d8d1d	27	SHA1:fc92402dbfcc01b8d6b32114b2d4792984309c04
5018	4	files/Thomas Hof/Hotel Lloret del Mar Spanje financiering 7 miljoen/Anzahl der Gebäude 7 miljoen financiering Loret del Mare.pdf	07a2062cc98c24bc78ad9fff95749b7c	3274	Anzahl der Gebäude 7 miljoen financiering Loret del Mare.pdf	7	3	206545	1619087054	1619087054	0	0	af9472ae985662f77cc960204200eefc	27	
5022	4	files/Thomas Hof/Amsterdam Hotel/1f. Hedy Chan - Passport 2019.pdf	2410198bba07bd5d48107141717567b0	3268	1f. Hedy Chan - Passport 2019.pdf	7	3	479739	1619093843	1619093843	0	0	7f82915e363bb80b0564c5b178601ddd	27	
5019	4	files/Thomas Hof/Hotel Lloret del Mar Spanje financiering 7 miljoen/Lloret del Mare Hotel financieringsaanvraag 7^J5 miljoen euro via Alex ter Voorde.pdf	5cd70e666ccdef5ec7e5349d37f5286e	3274	Lloret del Mare Hotel financieringsaanvraag 7^J5 miljoen euro via Alex ter Voorde.pdf	7	3	203866	1619087188	1619087188	0	0	c3342262e95d0d60f7dc84dee34a47e9	27	
5023	4	files/Thomas Hof/Amsterdam Hotel/1g. Wing Chan - Passport 2018.pdf	5c201845c65575bfeef2da2f92122868	3268	1g. Wing Chan - Passport 2018.pdf	7	3	538033	1619094024	1619094024	0	0	2ad4d3976ab8a1ee6b2ddb1e5a47c425	27	
5024	4	files/Thomas Hof/Amsterdam Hotel/2. Akte oprichting Dutch River.pdf	d457e0b1b2793319280a85ac3a5ea3d7	3268	2. Akte oprichting Dutch River.pdf	7	3	196396	1619093788	1619093788	0	0	799be7118588dc6e5a39895872f20440	27	
5025	4	files/Thomas Hof/Amsterdam Hotel/2d. KvK Dutch Rivers Developmen.pdf	25f91642fe13916fe41753fca5ec41d1	3268	2d. KvK Dutch Rivers Developmen.pdf	7	3	95459	1619094107	1619094107	0	0	202a859f76bc4c400c5588c0ccf69551	27	
5035	1	appdata_ocpn5sq3qtm5/identityproof/user-LBBW	9455580665049fb7e0b1e66cbf71acaa	615	user-LBBW	2	1	0	1619171338	1619171338	0	0	6082980ae525a	31	
5036	1	appdata_ocpn5sq3qtm5/identityproof/user-LBBW/private	c6aba761ee7db1930c78e6da959f5835	5035	private	13	3	3588	1619171338	1619171338	0	0	446e1c49a45211cd7c37f96b4fdde708	27	
5037	1	appdata_ocpn5sq3qtm5/identityproof/user-LBBW/public	1fae7d3a232b542f1c1944ced6af7cec	5035	public	13	3	451	1619171338	1619171338	0	0	886bbb4e30fa2fcfec145053a84f4ddf	27	
5038	4	files/Thomas Hof/Maas Mechelen/E mail verzonden aan Till en Oliver dd 20-4-2021.pdf	d6a893cb649e742f2f4425ffd7580c1e	3692	E mail verzonden aan Till en Oliver dd 20-4-2021.pdf	7	3	186492	1619171700	1619171700	0	0	1b9c3b0fa10ca77976e1f2921c8f5fe8	27	
5039	4	files/Thomas Hof/Maas Mechelen/Maas Mechelen antwoorden op de standaard vragen van SFS RE.pdf	0f22cd61469caf984182fe140e1c579a	3692	Maas Mechelen antwoorden op de standaard vragen van SFS RE.pdf	7	3	115895	1619171464	1619171464	0	0	52cd87b899bf724a8aa05c23c76645a4	27	
5040	4	files/Thomas Hof/Maas Mechelen/Maas Mechelen vertaling van Nederlands naar Duits via word.pdf	78ceff7767957406d3403f3bf7685c9a	3692	Maas Mechelen vertaling van Nederlands naar Duits via word.pdf	7	3	116863	1619171525	1619171525	0	0	5287c995d583dc279d868f251854682e	27	
5041	4	files/Thomas Hof/Maas Mechelen/Maas Mechelen vertaling van Nederlands naar Duits via word.docx	96331893d1b5808dd3514b431662c310	3692	Maas Mechelen vertaling van Nederlands naar Duits via word.docx	10	3	15505	1619171554	1619171554	0	0	452594c63d486c888e6a389508b4981b	27	
5042	4	files/Thomas Hof/Amsterdam Hotel/LOE_SFS Getekende LOI door Till SFS RE wachten op opdrachtgever.pdf	9e0b34f763e2343409810ec3cb455b13	3268	LOE_SFS Getekende LOI door Till SFS RE wachten op opdrachtgever.pdf	7	3	1079466	1619172005	1619172005	0	0	15cc4af9b14441085677627fb2bf0be8	27	
2473	4	files/Harz/JA und BWA	23de2bb82641ee5b26fd982efba9907d	2098	JA und BWA	2	1	4214821	1619686631	1619686631	0	0	608a74e7eaec2	31	
5045	14	files_trashbin/versions	c639d144d3f1014051e14a98beac5705	5043	versions	2	1	0	1619521783	1619521783	0	0	6087f0f7db373	31	
5284	1	appdata_ocpn5sq3qtm5/preview/e/4/4/f/e/a/3/454/256-256-crop.jpg	ab1ceeb0f2176a6cb3a7c521d59d61f8	561	256-256-crop.jpg	11	5	13243	1620676231	1620676231	0	0	918841985300a56bdb8a09d0f20881cf	27	
5046	14	files_trashbin/keys	9195c7cfc1b867f229ac78cc1b6a0be3	5043	keys	2	1	0	1619521783	1619521783	0	0	6087f0f7dcc24	31	
5048	4	files/Harz/JA und BWA/Borntal GmbH - BWA 31.03.2021.pdf	fbdc278574e78137f0b8e9e258ecea85	2473	Borntal GmbH - BWA 31.03.2021.pdf	7	3	6318	1619514660	1619514660	0	0	1d1d4ab5fae70c2299cbf6e8a9211f28	27	
2475	4	files_trashbin/files/Borntal GmbH - BWA 31.12.2020.pdf.d1619521783	8f51b54d1cbdf10abfdbd699495db780	767	Borntal GmbH - BWA 31.12.2020.pdf.d1619521783	7	3	15095	1612871640	1612871640	0	0	d6f4cff6d8626be986290389eeac50c2	27	
5047	14	files_trashbin/files/Borntal GmbH - BWA 31.12.2020.pdf.d1619521783	8f51b54d1cbdf10abfdbd699495db780	5044	Borntal GmbH - BWA 31.12.2020.pdf.d1619521783	13	3	15095	1612871640	1612871640	0	0	ac04ea969213159c6bd5422515638f6d	27	
5044	14	files_trashbin/files	3014a771cbe30761f2e9ff3272110dbf	5043	files	2	1	15095	1619521783	1619521783	0	0	6087f0f7e4abc	31	
5043	14	files_trashbin	fb66dca5f27af6f15c1d1d81e6f8d28b	2121	files_trashbin	2	1	15095	1619521783	1619521783	0	0	6087f0f7e4abc	31	
5049	4	files/Harz/JA und BWA/Borntal GmbH - SUSA 31.12.2020.pdf	08fc7a8cb2a4c6f7ded09a2f8fd8a1d5	2473	Borntal GmbH - SUSA 31.12.2020.pdf	7	3	16974	1619514660	1619514660	0	0	9387eb32c2b714a226354e9c6130c3af	27	
5052	4	files/Harz/JA und BWA/New Economie Pleasure B.V. - Jaarrekening 2018.pdf	e08c7327e59264f6619069a3bfa426cf	2473	New Economie Pleasure B.V. - Jaarrekening 2018.pdf	7	3	282076	1619514660	1619514660	0	0	5620228985b38e29df6075e95f480806	27	
5050	4	files/Harz/JA und BWA/Borntal GmbH - SUSA 31.03.2021.pdf	cb139aa8e489b99656e61898d3cd7869	2473	Borntal GmbH - SUSA 31.03.2021.pdf	7	3	14055	1619514660	1619514660	0	0	9212e2e5e5cb710702e399c9c6de9b12	27	
5051	4	files/Harz/JA und BWA/The Finance Company B.V. - Jaarrekening  2018.pdf	43696620c856751a5d173ecbd6495808	2473	The Finance Company B.V. - Jaarrekening  2018.pdf	7	3	97141	1619514660	1619514660	0	0	b58667ed974ba905b81112ec0674f292	27	
5053	4	files/Harz/JA und BWA/The Finance Company B.V. - Jaarrekening 2019.pdf	32398f1d42e5ccc395f18ed11ee39ff4	2473	The Finance Company B.V. - Jaarrekening 2019.pdf	7	3	96097	1619514660	1619514660	0	0	4347984fe25d87dc524afb88747efcb2	27	
\.


--
-- Data for Name: oc_filecache_extended; Type: TABLE DATA; Schema: public; Owner: oc_admin
--

COPY public.oc_filecache_extended (fileid, metadata_etag, creation_time, upload_time) FROM stdin;
764	\N	0	1615205491
765	\N	0	1615205493
770	\N	0	1615205522
771	\N	0	1615205524
775	\N	0	1615205558
776	\N	0	1615205559
777	\N	0	1615205560
778	\N	0	1615205698
779	\N	0	1615205699
780	\N	0	1615205709
781	\N	0	1615205711
1116	\N	0	1615245097
1122	\N	0	1615245202
1131	\N	0	1615277877
1135	\N	0	1615305893
1136	\N	0	1615305940
1137	\N	0	1615305983
1247	\N	0	1615330431
1264	\N	0	1615562059
1267	\N	0	1615562131
1269	\N	0	1615562174
1271	\N	0	1615562196
1281	\N	0	1615562251
1282	\N	0	1615562293
1291	\N	0	1615562304
1293	\N	0	1615562364
1294	\N	0	1615562365
1296	\N	0	1615562395
1297	\N	0	1615562431
1307	\N	0	1615562437
1308	\N	0	1615562465
1309	\N	0	1615562468
1310	\N	0	1615562472
1311	\N	0	1615562508
1312	\N	0	1615562527
1313	\N	0	1615562530
1318	\N	0	1615562545
1319	\N	0	1615562553
1329	\N	0	1615562586
1330	\N	0	1615562586
1331	\N	0	1615562586
1332	\N	0	1615562586
1333	\N	0	1615562629
1334	\N	0	1615562764
1335	\N	0	1615562961
1336	\N	0	1615563241
1431	\N	0	1615973109
1432	\N	0	1615973110
1433	\N	0	1615973149
1434	\N	0	1615973151
1435	\N	0	1615973151
1436	\N	0	1615973244
1437	\N	0	1615973258
1444	\N	0	1615974137
1445	\N	0	1615989844
1446	\N	0	1615989844
1447	\N	0	1615989844
1448	\N	0	1615989844
1645	\N	0	1616058632
1646	\N	0	1616058636
1647	\N	0	1616058728
1648	\N	0	1616058731
1729	\N	0	1616061712
1819	\N	0	1616071292
1820	\N	0	1616071292
1821	\N	0	1616071295
2101	\N	0	1616664833
2107	\N	0	1616664908
2111	\N	0	1616664922
2113	\N	0	1616664943
2114	\N	0	1616664943
2115	\N	0	1616664943
2123	\N	0	1616686459
2150	\N	0	1616688779
2151	\N	0	1616688795
2474	\N	0	1617007218
2475	\N	0	1617007218
2476	\N	0	1617007218
2477	\N	0	1617007218
2478	\N	0	1617007218
2479	\N	0	1617007218
2480	\N	0	1617007218
2481	\N	0	1617007218
2482	\N	0	1617007218
2483	\N	0	1617007218
2484	\N	0	1617007218
2485	\N	0	1617007218
2486	\N	0	1617007218
2487	\N	0	1617007219
2488	\N	0	1617007219
2489	\N	0	1617007219
2490	\N	0	1617007219
2491	\N	0	1617007219
2492	\N	0	1617007219
2493	\N	0	1617007219
2494	\N	0	1617007219
2495	\N	0	1617007219
2496	\N	0	1617007219
2497	\N	0	1617007219
2498	\N	0	1617007219
2499	\N	0	1617007219
2500	\N	0	1617007219
2501	\N	0	1617007219
2502	\N	0	1617007219
2503	\N	0	1617007219
2504	\N	0	1617007220
2505	\N	0	1617007220
2506	\N	0	1617007220
2507	\N	0	1617007220
2508	\N	0	1617007220
2509	\N	0	1617007220
2510	\N	0	1617007220
2511	\N	0	1617007220
2512	\N	0	1617007220
2516	\N	0	1617007327
2517	\N	0	1617007327
2518	\N	0	1617007327
2519	\N	0	1617007327
2520	\N	0	1617007327
2521	\N	0	1617007327
2522	\N	0	1617007327
2523	\N	0	1617007327
2524	\N	0	1617007327
2525	\N	0	1617007327
2526	\N	0	1617007327
2527	\N	0	1617007328
2528	\N	0	1617007328
2531	\N	0	1617007330
2532	\N	0	1617007330
2534	\N	0	1617008221
2535	\N	0	1617008221
2536	\N	0	1617008221
2537	\N	0	1617008221
2538	\N	0	1617008222
2539	\N	0	1617008222
2540	\N	0	1617008222
2541	\N	0	1617008594
2543	\N	0	1617010409
2544	\N	0	1617010409
2545	\N	0	1617010409
2546	\N	0	1617010409
2547	\N	0	1617010409
2548	\N	0	1617010409
2549	\N	0	1617010409
2550	\N	0	1617010409
2551	\N	0	1617010409
2552	\N	0	1617010409
2553	\N	0	1617010410
2555	\N	0	1617010467
2556	\N	0	1617010467
2557	\N	0	1617010467
2558	\N	0	1617010467
2559	\N	0	1617010467
2560	\N	0	1617010467
2561	\N	0	1617010467
2562	\N	0	1617010467
2563	\N	0	1617010467
2564	\N	0	1617010467
2565	\N	0	1617010467
2566	\N	0	1617010467
2567	\N	0	1617010468
2568	\N	0	1617010469
2570	\N	0	1617010513
2571	\N	0	1617010513
2572	\N	0	1617010513
2573	\N	0	1617010513
2574	\N	0	1617010513
2829	\N	0	1617016406
2844	\N	0	1617018465
2845	\N	0	1617029183
2996	\N	0	1617050502
3001	\N	0	1617050527
3002	\N	0	1617050579
3003	\N	0	1617050622
3011	\N	0	1617050757
3012	\N	0	1617050831
3013	\N	0	1617050942
3014	\N	0	1617051094
3028	\N	0	1617051299
3095	\N	0	1617052095
3112	\N	0	1617052166
3175	\N	0	1617112488
3266	\N	0	1617872642
3267	\N	0	1617873032
3276	\N	0	1617873171
3283	\N	0	1617874565
3287	\N	0	1617874845
3289	\N	0	1617875816
3290	\N	0	1617875822
3291	\N	0	1617875829
3292	\N	0	1617875842
3293	\N	0	1617875845
3295	\N	0	1617876482
3297	\N	0	1617876711
3298	\N	0	1617876736
3299	\N	0	1617876742
3310	\N	0	1617877120
3311	\N	0	1617877124
3316	\N	0	1617877149
3318	\N	0	1617877152
3320	\N	0	1617877160
3331	\N	0	1617880169
3332	\N	0	1617880218
3340	\N	0	1617885041
3341	\N	0	1617885059
3342	\N	0	1617885082
3343	\N	0	1617885159
3365	\N	0	1617885651
3366	\N	0	1617885661
3367	\N	0	1617885670
3368	\N	0	1617885685
3369	\N	0	1617885694
3370	\N	0	1617885890
3373	\N	0	1617886643
3435	\N	0	1617888025
3445	\N	0	1618227814
3446	\N	0	1618227822
3448	\N	0	1618227859
3449	\N	0	1618227864
3450	\N	0	1618227873
3451	\N	0	1618227873
3452	\N	0	1618227873
3455	\N	0	1618227918
3466	\N	0	1618227920
3475	\N	0	1618227921
3477	\N	0	1618227927
3495	\N	0	1618227930
3496	\N	0	1618227931
3497	\N	0	1618227931
3498	\N	0	1618227932
3499	\N	0	1618227932
3500	\N	0	1618227932
3501	\N	0	1618227933
3502	\N	0	1618227934
3503	\N	0	1618227934
3522	\N	0	1618227939
3523	\N	0	1618227939
3524	\N	0	1618227940
3525	\N	0	1618227942
3526	\N	0	1618227943
3527	\N	0	1618227945
3528	\N	0	1618227945
3529	\N	0	1618227946
3530	\N	0	1618227948
3531	\N	0	1618227949
3532	\N	0	1618227949
3533	\N	0	1618227950
3534	\N	0	1618227950
3574	\N	0	1618227951
3644	\N	0	1618227953
3647	\N	0	1618227953
3648	\N	0	1618227954
3649	\N	0	1618227955
3650	\N	0	1618227955
3651	\N	0	1618227956
3660	\N	0	1618227956
3662	\N	0	1618227957
3663	\N	0	1618227957
3664	\N	0	1618227958
3665	\N	0	1618227959
3666	\N	0	1618227960
3667	\N	0	1618227960
3668	\N	0	1618227961
3669	\N	0	1618227962
3670	\N	0	1618227962
3671	\N	0	1618227962
3672	\N	0	1618227962
3673	\N	0	1618227965
3674	\N	0	1618227965
3675	\N	0	1618227966
3676	\N	0	1618227966
3677	\N	0	1618227967
3678	\N	0	1618227967
3679	\N	0	1618227968
3687	\N	0	1618227969
3688	\N	0	1618227970
3689	\N	0	1618227973
3690	\N	0	1618227976
3691	\N	0	1618228059
3826	\N	0	1618298647
3838	\N	0	1618298701
5015	\N	0	1618985014
5016	\N	0	1618985065
5017	\N	0	1619086530
5018	\N	0	1619087139
5019	\N	0	1619087215
5021	\N	0	1619094174
5022	\N	0	1619094186
5023	\N	0	1619094194
5024	\N	0	1619094201
5025	\N	0	1619094208
5038	\N	0	1619171735
5039	\N	0	1619171745
5040	\N	0	1619171768
5041	\N	0	1619171776
5042	\N	0	1619172048
5048	\N	0	1619521833
5049	\N	0	1619521833
5050	\N	0	1619521833
5051	\N	0	1619521833
5052	\N	0	1619521833
5053	\N	0	1619521833
5054	\N	0	1619535736
5055	\N	0	1619686631
5063	\N	0	1619701156
3323	\N	0	1621503286
3322	\N	0	1621503338
3321	\N	0	1621503340
3329	\N	0	1621503362
5100	\N	0	1620226183
5110	\N	0	1620228072
5111	\N	0	1620228072
5112	\N	0	1620228072
5115	\N	0	1620229843
5122	\N	0	1620233681
5134	\N	0	1620238272
5139	\N	0	1620238362
5142	\N	0	1620239527
5143	\N	0	1620239535
5164	\N	0	1620301288
5300	\N	0	1620803621
5302	\N	0	1620803927
5304	\N	0	1620804149
5312	\N	0	1621354355
5313	\N	0	1621503253
5314	\N	0	1621503259
5315	\N	0	1621503259
5316	\N	0	1621503260
5317	\N	0	1621503260
5318	\N	0	1621503262
5319	\N	0	1621503264
3330	\N	0	1621503273
5322	\N	0	1621503277
5323	\N	0	1621503277
5324	\N	0	1621503278
5327	\N	0	1621503285
5332	\N	0	1621503316
5334	\N	0	1621503319
5335	\N	0	1621503330
5337	\N	0	1621503338
5338	\N	0	1621503338
5339	\N	0	1621503340
5341	\N	0	1621503341
5342	\N	0	1621503342
5343	\N	0	1621503342
5344	\N	0	1621503343
5345	\N	0	1621503353
5356	\N	0	1621592973
5392	\N	0	1621954155
5393	\N	0	1622102324
5404	\N	0	1623752765
\.


--
-- Data for Name: oc_files_trash; Type: TABLE DATA; Schema: public; Owner: oc_admin
--

COPY public.oc_files_trash (auto_id, id, "user", "timestamp", location, type, mime) FROM stdin;
1	vorläufige BWA mit Wertenachweis Dezember 2020.pdf	ruda	1615205512	WST/TradeFinance	\N	\N
2	vorläufige BWA mit Wertenachweis Januar 2021.pdf	ruda	1615205515	WST/TradeFinance	\N	\N
3	Adrian_Edition_new 20200909_QD_Modell_TR_v10_Mär 2021_PuL neu – Kopie.xlsx	ruda	1615245112	/IT-Gesellschaft	\N	\N
4	Adrian_Edition_new 20200909_QD_Modell_TR_v10_Mär 2021_PuL neu – Kopie.xlsx	aguenther	1615245112	IT-Gesellschaft	\N	\N
5	Adrian_Edition_new 20200909_QD_Modell_TR_v10_Mär 2021_PuL neu – Kopie.xlsx	ruda	1615245420	/IT-Gesellschaft	\N	\N
6	Adrian_Edition_new 20200909_QD_Modell_TR_v10_Mär 2021_PuL neu – Kopie.xlsx	aguenther	1615245420	IT-Gesellschaft	\N	\N
7	IT-Prozess_Fact-Book_Entwickler.pptx	ruda	1615305840	IT-Gesellschaft	\N	\N
8	Kufi.pdf	ruda	1615974124	/WST/Vita 1 Medical/Finanzunterlagen/Bank	\N	\N
9	Kufi.pdf	spacher	1615974124	Vita 1 Medical/Finanzunterlagen/Bank	\N	\N
10	Presentation Student - start housing 22-11-20202.pdf	ruda	1617050650	/Thomas Hof/Alsdorf	\N	\N
11	Presentation Student - start housing 22-11-20202.pdf	THof	1617050650	Thomas Hof/Alsdorf	\N	\N
12	koopovereenkomst-Alsdorf concept.docx	ruda	1617050710	/Thomas Hof/Alsdorf	\N	\N
13	koopovereenkomst-Alsdorf concept.docx	THof	1617050710	Thomas Hof/Alsdorf	\N	\N
14	Vertrag.docx	ruda	1617050714	/Thomas Hof/Alsdorf	\N	\N
15	Vertrag.docx	THof	1617050714	Thomas Hof/Alsdorf	\N	\N
16	Malaga Teatinos nieuwbouwprojecten Studentenwoningen	ruda	1617051808	/Thomas Hof	\N	\N
17	Malaga Teatinos nieuwbouwprojecten Studentenwoningen	THof	1617051808	Thomas Hof	\N	\N
18	Readme.md	ruda	1617052288	/Thomas Hof	\N	\N
19	Readme.md	THof	1617052288	Thomas Hof	\N	\N
20	Vertriebsprozess.pdf	ruda	1617872649	Thomas Hof	\N	\N
21	Malaga Studentenwoningen	ruda	1617872652	Thomas Hof	\N	\N
22	Vertriebsprozess.pdf	ruda	1617873042	Thomas Hof	\N	\N
23	Hotelfinanciering in Lloret del Mar Spanje zoeken financiering van 7 miljoen	ruda	1617876005	/Thomas Hof	\N	\N
24	Hotelfinanciering in Lloret del Mar Spanje zoeken financiering van 7 miljoen	THof	1617876005	Thomas Hof	\N	\N
25	FIM.docx Teatinos land DE vertaling door TH voor TR.docx	ruda	1617876488	/Thomas Hof/Malaga	\N	\N
26	FIM.docx Teatinos land DE vertaling door TH voor TR.docx	THof	1617876488	Thomas Hof/Malaga	\N	\N
27	Readme.md	ruda	1617885226	/Thomas Hof/Hotel Lloret del Mar Spanje financiering 7 miljoen	\N	\N
28	Readme.md	THof	1617885226	Thomas Hof/Hotel Lloret del Mar Spanje financiering 7 miljoen	\N	\N
29	Maas Mechelen financiering  2e hypotheek  5,7 mln of 1e hypotheek 18,7 mln LTV 79 %	ruda	1618228124	Thomas Hof	\N	\N
30	Ferienpark Hiedensee	ruda	1618228129	Thomas Hof	\N	\N
31	Borntal GmbH - BWA 31.12.2020.pdf	ruda	1619521783	/Harz/JA und BWA	\N	\N
32	Borntal GmbH - BWA 31.12.2020.pdf	SDahlhaus	1619521783	Harz/JA und BWA	\N	\N
33	Pruvia	ruda	1623757803	.	\N	\N
34	Pruvia	ruda	1623765247	.	\N	\N
35	Pruvia	simon	1623765290	.	\N	\N
\.


--
-- Data for Name: oc_flow_checks; Type: TABLE DATA; Schema: public; Owner: oc_admin
--

COPY public.oc_flow_checks (id, class, operator, value, hash) FROM stdin;
\.


--
-- Data for Name: oc_flow_operations; Type: TABLE DATA; Schema: public; Owner: oc_admin
--

COPY public.oc_flow_operations (id, class, name, checks, operation, entity, events) FROM stdin;
\.


--
-- Data for Name: oc_flow_operations_scope; Type: TABLE DATA; Schema: public; Owner: oc_admin
--

COPY public.oc_flow_operations_scope (id, operation_id, type, value) FROM stdin;
\.


--
-- Data for Name: oc_group_admin; Type: TABLE DATA; Schema: public; Owner: oc_admin
--

COPY public.oc_group_admin (gid, uid) FROM stdin;
Vita1 Medical	alemm
Vita1 Medical	spacher
Vita1 Medical	OSlottosch
Duisburg	TBakker
Duisburg	FPor
\.


--
-- Data for Name: oc_group_folders; Type: TABLE DATA; Schema: public; Owner: oc_admin
--

COPY public.oc_group_folders (folder_id, mount_point, quota, acl) FROM stdin;
\.


--
-- Data for Name: oc_group_folders_acl; Type: TABLE DATA; Schema: public; Owner: oc_admin
--

COPY public.oc_group_folders_acl (acl_id, fileid, mapping_type, mapping_id, mask, permissions) FROM stdin;
\.


--
-- Data for Name: oc_group_folders_groups; Type: TABLE DATA; Schema: public; Owner: oc_admin
--

COPY public.oc_group_folders_groups (applicable_id, folder_id, permissions, group_id) FROM stdin;
\.


--
-- Data for Name: oc_group_folders_manage; Type: TABLE DATA; Schema: public; Owner: oc_admin
--

COPY public.oc_group_folders_manage (folder_id, mapping_type, mapping_id) FROM stdin;
\.


--
-- Data for Name: oc_group_folders_trash; Type: TABLE DATA; Schema: public; Owner: oc_admin
--

COPY public.oc_group_folders_trash (trash_id, name, original_location, deleted_time, folder_id, file_id) FROM stdin;
\.


--
-- Data for Name: oc_group_user; Type: TABLE DATA; Schema: public; Owner: oc_admin
--

COPY public.oc_group_user (gid, uid) FROM stdin;
admin	admin
admin	ruda
admin	marcel
Vita1 Medical	spacher
SFS RE IT	aguenther
admin	frantzen
SFS RE IT	schmidt
Vita1 Medical	alemm
Vita1 Medical	bhemp
Vita1 Medical	OSlottosch
Duisburg	TBakker
Duisburg	FPor
Duisburg	THof
admin	simon
Duisburg	simon
SFS RE IT	simon
Vita1 Medical	simon
\.


--
-- Data for Name: oc_groups; Type: TABLE DATA; Schema: public; Owner: oc_admin
--

COPY public.oc_groups (gid, displayname) FROM stdin;
admin	admin
Vita1 Medical	Vita1 Medical
SFS RE IT	SFS RE IT
Duisburg	Duisburg
\.


--
-- Data for Name: oc_jobs; Type: TABLE DATA; Schema: public; Owner: oc_admin
--

COPY public.oc_jobs (id, class, argument, last_run, last_checked, reserved_at, execution_duration) FROM stdin;
32	OCA\\Talk\\BackgroundJob\\ResetAssignedSignalingServer	null	1620665351	1620665351	0	0
18	OCA\\Files\\BackgroundJob\\CleanupDirectEditingTokens	null	1620473480	1620473480	0	0
17	OCA\\Files\\BackgroundJob\\CleanupFileLocks	null	1620356416	1620356416	0	0
330	OCA\\Settings\\BackgroundJobs\\VerifyUserData	{"verificationCode":"","data":"al@v1-m.de","type":"email","uid":"alemm","try":10,"lastRun":1620242044}	0	1620242044	0	0
329	OCA\\Settings\\BackgroundJobs\\VerifyUserData	{"verificationCode":"","data":"info@rudolfschmidt.com","type":"email","uid":"schmidt","try":11,"lastRun":1620239543}	0	1620239543	0	0
351	OCA\\Settings\\BackgroundJobs\\VerifyUserData	{"verificationCode":"","data":"Janusch.Zydek@sparkasse-hgp.de","type":"email","uid":"Zydek","try":4,"lastRun":1620665381}	0	1620665381	0	0
5	OCA\\DAV\\BackgroundJob\\CleanupInvitationTokenJob	null	1620239490	1620239490	0	0
31	OCA\\Talk\\BackgroundJob\\RemoveEmptyRooms	null	1620665215	1620665215	0	0
20	OCA\\ContactsInteraction\\BackgroundJob\\CleanupJob	null	1620536124	1620536124	0	0
13	OCA\\UpdateNotification\\Notification\\BackgroundJob	null	1620305435	1620305435	0	1
11	OCA\\WorkflowEngine\\BackgroundJobs\\Rotate	null	1620295295	1620295295	0	0
9	OCA\\Files_Sharing\\BackgroundJob\\FederatedSharesDiscoverJob	null	1620242784	1620242784	0	0
336	OCA\\Settings\\BackgroundJobs\\VerifyUserData	{"verificationCode":"","data":"t.kirmess@stb-b2.de","type":"email","uid":"tkirmess","try":9,"lastRun":1620393985}	0	1620393985	0	0
339	OCA\\Settings\\BackgroundJobs\\VerifyUserData	{"verificationCode":"","data":"ruda@sfsre.de","type":"email","uid":"ruda","try":14,"lastRun":1620473631}	0	1620473631	0	0
25	OC\\Authentication\\Token\\DefaultTokenCleanupJob	null	1620634214	1620634214	0	0
2	OCA\\Support\\BackgroundJobs\\CheckSubscription	null	1620665402	1620665402	0	0
6	OCA\\DAV\\BackgroundJob\\EventReminderJob	null	1620239499	1620239499	0	0
22	OCA\\Activity\\BackgroundJob\\EmailNotification	null	1620633923	1620633923	0	138
15	OCA\\Files\\BackgroundJob\\ScanFiles	null	1620310119	1620310119	0	0
8	OCA\\Files_Sharing\\ExpireSharesJob	null	1620239657	1620239657	0	0
10	OCA\\Text\\Cron\\Cleanup	null	1620245618	1620245618	0	0
12	OCA\\NextcloudAnnouncements\\Cron\\Crawler	null	1620295297	1620295297	0	1
214	OCA\\LookupServerConnector\\BackgroundJobs\\RetryJob	{"userId":"Orke"}	1620651621	1620651621	0	3
21	OCA\\UserStatus\\BackgroundJob\\ClearOldStatusesBackgroundJob	null	1620537122	1620537122	0	0
348	OCA\\Settings\\BackgroundJobs\\VerifyUserData	{"verificationCode":"","data":"Thomas.Klan@dkb.de","type":"email","uid":"TKlan","try":7,"lastRun":1620665359}	0	1620665359	0	0
29	OCA\\Contacts\\Cron\\SocialUpdateRegistration	null	1620194805	1620665221	0	0
19	OCA\\Federation\\SyncJob	null	1620477756	1620477756	0	0
4	OCA\\DAV\\BackgroundJob\\UpdateCalendarResourcesRoomsBackgroundJob	null	1620665667	1620665667	0	0
26	OC\\Log\\Rotate	null	1620634231	1620634231	0	0
23	OCA\\Activity\\BackgroundJob\\ExpireActivities	null	1620634169	1620634169	0	0
246	OCA\\LookupServerConnector\\BackgroundJobs\\RetryJob	{"userId":"Zydek"}	1620665358	1620665358	0	1
16	OCA\\Files\\BackgroundJob\\DeleteOrphanedItems	null	1620312957	1620312957	0	0
14	OCA\\Files_Versions\\BackgroundJob\\ExpireVersions	null	1620301194	1620301194	0	0
354	OCA\\GroupFolders\\BackgroundJob\\ExpireGroupVersions	null	0	1620670033	0	0
345	OCA\\Settings\\BackgroundJobs\\VerifyUserData	{"verificationCode":"","data":"tromp.bakker@mcfbv.nl","type":"email","uid":"TBakker","try":8,"lastRun":1620665123}	0	1620665123	0	0
357	OC\\Command\\CommandJob	"O:33:\\"OCA\\\\Files_Versions\\\\Command\\\\Expire\\":2:{s:43:\\"\\u0000OCA\\\\Files_Versions\\\\Command\\\\Expire\\u0000fileName\\";s:48:\\"\\/Thomas Hof\\/Malaga\\/20210314 Teatinos FP R23.xlsx\\";s:39:\\"\\u0000OCA\\\\Files_Versions\\\\Command\\\\Expire\\u0000user\\";s:4:\\"ruda\\";}"	0	1621503286	0	0
333	OCA\\DAV\\BackgroundJob\\UploadCleanup	{"uid":"THof","folder":"web-file-upload-2cbe50bbda7f39056d85a8fb2f32b535-1620301241204"}	0	1620301241	0	0
360	OC\\Command\\CommandJob	"O:33:\\"OCA\\\\Files_Versions\\\\Command\\\\Expire\\":2:{s:43:\\"\\u0000OCA\\\\Files_Versions\\\\Command\\\\Expire\\u0000fileName\\";s:48:\\"\\/Thomas Hof\\/Malaga\\/Teatinos available plots.xlsx\\";s:39:\\"\\u0000OCA\\\\Files_Versions\\\\Command\\\\Expire\\u0000user\\";s:4:\\"ruda\\";}"	0	1621503340	0	0
34	OCA\\Talk\\BackgroundJob\\CheckHostedSignalingServer	null	1620665391	1620665391	0	0
3	OCA\\DAV\\BackgroundJob\\CleanupDirectLinksJob	null	1620665408	1620665408	0	0
27	OC\\Preview\\BackgroundCleanupJob	null	1620634234	1620634234	0	0
342	OCA\\Settings\\BackgroundJobs\\VerifyUserData	{"verificationCode":"","data":"info@pp4it.de","type":"email","uid":"simon","try":5,"lastRun":1620634297}	0	1620634297	0	0
363	OCA\\Talk\\BackgroundJob\\CheckReferenceIdColumn	null	0	1623752798	0	0
7	OCA\\Files_Sharing\\DeleteOrphanedSharesJob	null	1620239502	1620239502	0	0
24	OCA\\Activity\\BackgroundJob\\DigestMail	null	1620634180	1620634180	0	0
30	OCA\\Talk\\BackgroundJob\\ExpireSignalingMessage	null	1620665298	1620665298	0	0
35	OCA\\Talk\\BackgroundJob\\CheckMatterbridges	null	1620665395	1620665395	0	0
1	OCA\\Files_Trashbin\\BackgroundJob\\ExpireTrash	null	1620634308	1620634308	0	0
346	OCA\\Settings\\BackgroundJobs\\VerifyUserData	{"verificationCode":"","data":"fpor@mac.com","type":"email","uid":"FPor","try":8,"lastRun":1620665130}	0	1620665130	0	0
331	OCA\\Settings\\BackgroundJobs\\VerifyUserData	{"verificationCode":"","data":"guenther@sfsre.de","type":"email","uid":"aguenther","try":12,"lastRun":1620283834}	0	1620283834	0	0
229	OCA\\LookupServerConnector\\BackgroundJobs\\RetryJob	{"userId":"Kluge"}	1620373265	1620373265	0	3
28	OCA\\Richdocuments\\Backgroundjobs\\ObtainCapabilities	null	1620665213	1620665213	0	0
334	OCA\\Settings\\BackgroundJobs\\VerifyUserData	{"verificationCode":"","data":"Kluge@sfsre.de","type":"email","uid":"Kluge","try":4,"lastRun":1620373444}	0	1620373444	0	0
337	OCA\\Settings\\BackgroundJobs\\VerifyUserData	{"verificationCode":"","data":"marcel.donges@ceruleancircle.com","type":"email","uid":"marcel","try":14,"lastRun":1620393997}	0	1620393997	0	0
349	OCA\\Settings\\BackgroundJobs\\VerifyUserData	{"verificationCode":"","data":"kay.schostag@dkb.de","type":"email","uid":"KSchostag","try":7,"lastRun":1620665372}	0	1620665372	0	0
340	OCA\\Settings\\BackgroundJobs\\VerifyUserData	{"verificationCode":"","data":"bjoern.hemp@targobank.de","type":"email","uid":"bhemp","try":10,"lastRun":1620633382}	0	1620633382	0	0
211	OCA\\LookupServerConnector\\BackgroundJobs\\RetryJob	{"userId":"simon"}	1620634285	1620634285	0	3
352	OCA\\Settings\\BackgroundJobs\\VerifyUserData	{"verificationCode":"","data":"frantzen@sfsre.de","type":"email","uid":"frantzen","try":12,"lastRun":1620665430}	0	1620665430	0	0
343	OCA\\Settings\\BackgroundJobs\\VerifyUserData	{"verificationCode":"","data":"Erik.Schmidt@suedfactoring.de","type":"email","uid":"LBBW","try":3,"lastRun":1620651618}	0	1620651618	0	0
355	OC\\Command\\CommandJob	"O:33:\\"OCA\\\\Files_Versions\\\\Command\\\\Expire\\":2:{s:43:\\"\\u0000OCA\\\\Files_Versions\\\\Command\\\\Expire\\u0000fileName\\";s:57:\\"\\/Thomas Hof\\/Malaga\\/20201013 Teatinos overview plot nr.pdf\\";s:39:\\"\\u0000OCA\\\\Files_Versions\\\\Command\\\\Expire\\u0000user\\";s:4:\\"ruda\\";}"	0	1621503273	0	0
358	OCA\\DAV\\BackgroundJob\\UploadCleanup	{"uid":"simon","folder":"810346697"}	0	1621503286	0	0
361	OC\\Command\\CommandJob	"O:33:\\"OCA\\\\Files_Versions\\\\Command\\\\Expire\\":2:{s:43:\\"\\u0000OCA\\\\Files_Versions\\\\Command\\\\Expire\\u0000fileName\\";s:51:\\"\\/Thomas Hof\\/Malaga\\/20210312 Overzicht Pres v0.2.pdf\\";s:39:\\"\\u0000OCA\\\\Files_Versions\\\\Command\\\\Expire\\u0000user\\";s:4:\\"ruda\\";}"	0	1621503361	0	0
364	OC\\Command\\CommandJob	"O:33:\\"OCA\\\\Files_Trashbin\\\\Command\\\\Expire\\":1:{s:39:\\"\\u0000OCA\\\\Files_Trashbin\\\\Command\\\\Expire\\u0000user\\";s:4:\\"ruda\\";}"	0	1623757803	0	0
347	OCA\\Settings\\BackgroundJobs\\VerifyUserData	{"verificationCode":"","data":"marco.goemann@sparkasse-osterode.de","type":"email","uid":"MGoemann","try":7,"lastRun":1620665347}	0	1620665347	0	0
332	OCA\\Settings\\BackgroundJobs\\VerifyUserData	{"verificationCode":"","data":"info@thomashofconsultancy.nl","type":"email","uid":"THof","try":8,"lastRun":1620285937}	0	1620285937	0	0
350	OCA\\UpdateNotification\\ResetTokenBackgroundJob	null	0	1620665377	0	0
335	OCA\\Settings\\BackgroundJobs\\VerifyUserData	{"verificationCode":"","data":"aaldertvdwal@gmail.com","type":"email","uid":"AVWal","try":7,"lastRun":1620385756}	0	1620385756	0	0
353	OCA\\Settings\\BackgroundJobs\\VerifyUserData	{"verificationCode":"","data":"it-support@sfsre.de","type":"email","uid":"simon","try":0,"lastRun":1620665882}	0	1620665882	0	0
356	OCA\\DAV\\BackgroundJob\\UploadCleanup	{"uid":"simon","folder":"1240015077"}	0	1621503278	0	0
359	OC\\Command\\CommandJob	"O:33:\\"OCA\\\\Files_Versions\\\\Command\\\\Expire\\":2:{s:43:\\"\\u0000OCA\\\\Files_Versions\\\\Command\\\\Expire\\u0000fileName\\";s:61:\\"\\/Thomas Hof\\/Malaga\\/CBRE Valuation report Teatinos project.pdf\\";s:39:\\"\\u0000OCA\\\\Files_Versions\\\\Command\\\\Expire\\u0000user\\";s:4:\\"ruda\\";}"	0	1621503337	0	0
338	OCA\\Settings\\BackgroundJobs\\VerifyUserData	{"verificationCode":"","data":"o_slottosch@hotmail.com","type":"email","uid":"OSlottosch","try":9,"lastRun":1620394012}	0	1620394012	0	0
362	OCA\\DAV\\BackgroundJob\\UploadCleanup	{"uid":"OSlottosch","folder":"web-file-upload-0458719bda8598685b6ecea798d3098c-1621954209943"}	0	1621954124	0	0
365	OC\\Command\\CommandJob	"O:33:\\"OCA\\\\Files_Trashbin\\\\Command\\\\Expire\\":1:{s:39:\\"\\u0000OCA\\\\Files_Trashbin\\\\Command\\\\Expire\\u0000user\\";s:5:\\"simon\\";}"	0	1623765290	0	0
341	OCA\\Settings\\BackgroundJobs\\VerifyUserData	{"verificationCode":"","data":"Dahlhaus@forsa-gmbh.de","type":"email","uid":"SDahlhaus","try":8,"lastRun":1620633385}	0	1620633385	0	0
265	OCA\\LookupServerConnector\\BackgroundJobs\\RetryJob	{"userId":"LBBW"}	1620651468	1620651468	0	3
328	OCA\\Settings\\BackgroundJobs\\VerifyUserData	{"verificationCode":"","data":"sp@v1-m.de","type":"email","uid":"spacher","try":12,"lastRun":1620239506}	0	1620239506	0	0
344	OCA\\Settings\\BackgroundJobs\\VerifyUserData	{"verificationCode":"","data":"info@orke.de","type":"email","uid":"Orke","try":5,"lastRun":1620665074}	0	1620665074	0	0
\.


--
-- Data for Name: oc_login_flow_v2; Type: TABLE DATA; Schema: public; Owner: oc_admin
--

COPY public.oc_login_flow_v2 (id, "timestamp", started, poll_token, login_token, public_key, private_key, client_name, login_name, server, app_password) FROM stdin;
3	1623940542	1	828ca150da2bb7b0c54800956c50daccb9d855d054c703b1b56c194bef797bf440cb3915c3623cf279bca337d5425098c331b4693572453899a32d1c8f8fae74	kszzYG97GYR2otI4zqaXHfeiqRIfgqAiB0mr0bEk3oRAcFjkum1PkiMrZdK6ARQo6Amjhv8bQsAIIHwOT9fx6Yv76BUVC7PSjfDApu8DDjs7nGVLYLbjFNubk3PXxGZJ	-----BEGIN PUBLIC KEY-----\nMIIBIjANBgkqhkiG9w0BAQEFAAOCAQ8AMIIBCgKCAQEAxe28pXZ7WM8IFyqyBhQr\n3G6nTvVp1Tpcyc+UHBYrY0riZ7pzEEAo8LfTUetLFZckviRKfD2HtvlRSFPEiAJL\n5fespSe8R7M2TeS+XsD8h6303RrroBxFo3iH/IQADjPQm69v5g5BJMiLnPJ3eA9Z\njfXS/wMb2Usswr7rFGRw5/m2YQusoFYnL/ai8DgKw6Lya1sE0IyJRawhoKeeXYSI\njM4gCNBdw8L2KERu5IQs3U3CXNWeS7BFApO4QJwdyl12jDpWLJe0bSN3y9tJw8xf\nZV7//Pncx1grAMHPUcb3GoZd5Y4q+qFff0x48LdVhWh16/ZFmblvUbq1INoR8ZZB\n2QIDAQAB\n-----END PUBLIC KEY-----\n	9bb8509506fd55177d29f7239252743efbe689d5eae9875104071761431f534b9d1b4db007e9e099d0e122cf1a48d9e6f2dbf5d9ecb34b6e9ceed14321c914b571deac477a4e4382c88e4d90543814495bafdab2f9ec797a5575f42dc85d9e0f0021a358e8a3f92a16fbe72ebbba44faabff41cc9792a2919f8245c834a26dc84f7c6eef22275dce489747027df1e01304dfd2922dfc076ce509fba6dcd5cee1d2a714f3a6117df5e2aba1b3eb62942dcb125c78f5fc9caefdc1e64ccdd6cd468375aa787a7c8ea2faa5260a09f31fec11ed52e6df2ca2046d5e89314855253df4a7491aadb984f44694a66038c476dbd3192242c5e5068d16a20656b8f454956406a64479bf8bce7de9fd749327c6f816331f2c3f1e7b64d40b97cdf5e6dd30d27b9ee0f8855f08419ddd5f021fc63381876f31ebe1dcdb4b17db20904e562b4478574ff5f11499c26d5ef3e9b75ff518b272dd8b60faa0011bb2d03c593f06f9ac38807c92d4518d181357572480a31e70455996114431238b636dd35c1d40d86acfa057c1c3225a9f39df1d9b6419693baa136140696a9e53e37dce647a4f82e3b1ad8e3ca8bad52e5f067c38264e42bab5c9fa8b96402464387d725cf1a7faf429ff9137e4672a6ff8b868c8d737852628af61d947515adb51b2a9fab194e9d2d36dd0112506186cad7b12ce3976a872af9a63255698566eed93a0c1492f11467d1ece0909dcfbbd8beee2c1b741fcc00f6a198fbe4397e4089ecf61d58f63176c3e3a36eb6101d96dfe5e66b660bf2bec51e3a9c1f59399ce032f40ed361b7ff58ef6689c4b5cec778254850dd01e80b240637a0f372c814d6c77cde9d9f24b6a704cfe17ae1c07965a896fb3948c36274172b2368593e479bf672e5380e106a2f53de8954cf0ab810db73f9fead6da3a3e5383c849656dcf4d6bbacca86d0b7108f3c07062d56d7c7fad79d319ca6db9628b7183a78f3db6ff6933ae42817d14f371a2300f7bf140cbbed33d87f93c4112aef13a85035a1dfc890608f77b25492a2cc325aea5435469f5daab6d987f9c866cf2607ee6cb122c0077229fdc94f3d771929618b1f5ea959800b3e86e7acb3a956e51544189fec7a94a29e3d19fa4a8c3c342712b137405d205b02ed0758f41228b6f1add52fb428bd268f926cecaef91aaae27a0b74ce57a81349b4ae60a13473a8427a806311cce1a31f2d728557349fa202992727a17fbdc20622fe405b853c9c4dc0f7915d39a476156624c48e9925ff283eb5233c792867ff6ccd347375052bf72d3b622b9b019bea3cff9e91897d65dc2f79bb8271a13e10ffcac41150d16627439afa046cc79659f9eaf21d8d7df780c91f33e32c26a65eb23f17bbc775b0795ee3f7f85826890e68e5b47001cc0cf4da75fbc23be10e0a45648c35cee868cc6b6e437c2113d5c2bb3bf3c3828ca979c3d6544b143f954486dd401ec2c200b39a15478774cba08d6e19d31da32496a55ab15dc74c7cdb3e9650ef921be4459a5fc2a8d218a2300e78ac607eae43166d71686c12e47ff00e2a2c3c017452e388a9245ff9ccfc929a5bc93db23c6959708209669584dbfa2aea2ae82344a9de46b023705a9d09e1ec52c760799d1e46393a6ab49330c2a73da7216785c092eaf4387adbb7aca33e84df8c8b222912db5cde9890d587e3447ae7c2082a3b6e47ed26855d22e8cfeb0043f23765f88b912cfd5a0f0604bb7a729816278e2b53f81048233b4a9bdeb8f7849e9b41eebb38c965bff2c8f388c4c086a7e224ef5c0fd4e3f4e0b53d5a9115d1c1e3f2685e537bf3e1ec3620fdac32b59f887d27a11be24d6ad02f50f0b100b591b22de9cb728f61f3c947f28129ed5853d49f7c499428bad1ebc04f7799cf624cc74827ed60d494c3c25e3d95a9b8cce16941c9d88ed5806f2171017837af88b5695a5775174c3144315aaaad96d041703ae1b32441d445827bedfd0f73d1a56fa9c6a0f20e908eb9147bdcc46302b890ed403d64cf160e09684aace1a42c8bce36f1a631786e67fdf2fdb0e8854299a5b2904fd1a7bc9e28139c7db4bc9fd2dc832bcb18944c973798edbf28f420a7b017a99adfb16f85c0323576388ea0e9410914253cf0fbc9e342abfda5291f49bd1327adc94d7898ea69675b22665280ae8b59ff34a795b57bca7ff9f5ca86a18ee8ed34cfb511893fe1edb342122e525a2c6639494750a5d3cd7a1c9b799b6f945d3f28d269ed26d82c3a78bd146d5f7738961372e514638bc4bc16257eac92738e3c06a4287ef817587166c1bf186a5ae0425477846c07105d53f92e0e5954efd39b47decf5036429acee9ba503f50722796b4542bbf433a9eba8d61cf23e135ddfcff9fa86e47bf913baa75bf89e892d46da4a8f5f83d8f49ec611cb4ad7|910fc3db48d2d7d076b854ec2fa344a7|9d363a3a4712e4e11d984d977189ed37589c91d9f1ed563f76650e3e618e9283ec0be15dd7d56ae8320bd919ff3290043ab37cab15b15022359dfd143e974855|3	shantanu (Desktop Client - Linux)	admin	https://www.box.sfsre.de	UHwpCqegGIomisGAoDFV/hNt3HJLFKSJN3jp2woYzT0upNEZv8otjY7cdJbtqZbkjCquwusS1580vEyct6ZiarMsV7xbfrg/W0vB45MK3UwNlm90SDVJgj4om/YI+pUj6g2eKIMDW+y/Stko0ciVVdS9tigtZ3IMSlbvHZ5Cry0KNmhhn7ffZm1Nja+o4DOskxnTuo+sf3asGawhDZWf5F3yp43UOSDdJbk3VqOKyTGqqE5d7MTtCeGrNutDga6NkSMEdFCgaGNwgNNtm1IOuARR0IftigFO4bSYBB+7BGiGP63NJd5rQH29hSCP8fBfe1e8xadmxWFJdYIRToxZSA==
\.


--
-- Data for Name: oc_mail_accounts; Type: TABLE DATA; Schema: public; Owner: oc_admin
--

COPY public.oc_mail_accounts (id, user_id, name, email, inbound_host, inbound_port, inbound_ssl_mode, inbound_user, inbound_password, outbound_host, outbound_port, outbound_ssl_mode, outbound_user, outbound_password, signature, last_mailbox_sync, editor_mode, provisioned, "order", show_subscribed_only, personal_namespace, drafts_mailbox_id, sent_mailbox_id, trash_mailbox_id, sieve_enabled, sieve_host, sieve_port, sieve_ssl_mode, sieve_user, sieve_password) FROM stdin;
\.


--
-- Data for Name: oc_mail_aliases; Type: TABLE DATA; Schema: public; Owner: oc_admin
--

COPY public.oc_mail_aliases (id, account_id, name, alias) FROM stdin;
\.


--
-- Data for Name: oc_mail_attachments; Type: TABLE DATA; Schema: public; Owner: oc_admin
--

COPY public.oc_mail_attachments (id, user_id, file_name, created_at, mime_type) FROM stdin;
\.


--
-- Data for Name: oc_mail_classifiers; Type: TABLE DATA; Schema: public; Owner: oc_admin
--

COPY public.oc_mail_classifiers (id, account_id, type, estimator, app_version, training_set_size, validation_set_size, recall_important, precision_important, f1_score_important, duration, active, created_at) FROM stdin;
\.


--
-- Data for Name: oc_mail_coll_addresses; Type: TABLE DATA; Schema: public; Owner: oc_admin
--

COPY public.oc_mail_coll_addresses (id, user_id, email, display_name) FROM stdin;
\.


--
-- Data for Name: oc_mail_mailboxes; Type: TABLE DATA; Schema: public; Owner: oc_admin
--

COPY public.oc_mail_mailboxes (id, name, account_id, attributes, delimiter, messages, unseen, selectable, special_use, sync_new_lock, sync_changed_lock, sync_vanished_lock, sync_new_token, sync_changed_token, sync_vanished_token, sync_in_background) FROM stdin;
\.


--
-- Data for Name: oc_mail_messages; Type: TABLE DATA; Schema: public; Owner: oc_admin
--

COPY public.oc_mail_messages (id, uid, message_id, mailbox_id, subject, sent_at, flag_answered, flag_deleted, flag_draft, flag_flagged, flag_seen, flag_forwarded, flag_junk, flag_notjunk, flag_attachments, flag_important, structure_analyzed, preview_text, updated_at, "references", in_reply_to, thread_root_id, flag_mdnsent) FROM stdin;
\.


--
-- Data for Name: oc_mail_recipients; Type: TABLE DATA; Schema: public; Owner: oc_admin
--

COPY public.oc_mail_recipients (id, message_id, type, label, email) FROM stdin;
\.


--
-- Data for Name: oc_mail_trusted_senders; Type: TABLE DATA; Schema: public; Owner: oc_admin
--

COPY public.oc_mail_trusted_senders (id, email, user_id, type) FROM stdin;
\.


--
-- Data for Name: oc_migrations; Type: TABLE DATA; Schema: public; Owner: oc_admin
--

COPY public.oc_migrations (app, version) FROM stdin;
core	13000Date20170705121758
core	13000Date20170718121200
core	13000Date20170814074715
core	13000Date20170919121250
core	13000Date20170926101637
core	14000Date20180129121024
core	14000Date20180404140050
core	14000Date20180516101403
core	14000Date20180518120534
core	14000Date20180522074438
core	14000Date20180626223656
core	14000Date20180710092004
core	14000Date20180712153140
core	15000Date20180926101451
core	15000Date20181015062942
core	15000Date20181029084625
core	16000Date20190207141427
core	16000Date20190212081545
core	16000Date20190427105638
core	16000Date20190428150708
core	17000Date20190514105811
core	18000Date20190920085628
core	18000Date20191014105105
core	18000Date20191204114856
core	19000Date20200211083441
core	20000Date20201109081915
core	20000Date20201109081918
core	20000Date20201109081919
core	20000Date20201111081915
core	21000Date20201120141228
core	21000Date20201202095923
core	21000Date20210119195004
files_trashbin	1010Date20200630192639
dav	1004Date20170825134824
dav	1004Date20170919104507
dav	1004Date20170924124212
dav	1004Date20170926103422
dav	1005Date20180413093149
dav	1005Date20180530124431
dav	1006Date20180619154313
dav	1006Date20180628111625
dav	1008Date20181030113700
dav	1008Date20181105104826
dav	1008Date20181105104833
dav	1008Date20181105110300
dav	1008Date20181105112049
dav	1008Date20181114084440
dav	1011Date20190725113607
dav	1011Date20190806104428
dav	1012Date20190808122342
dav	1016Date20201109085907
privacy	100Date20190217131943
oauth2	010401Date20181207190718
oauth2	010402Date20190107124745
files_sharing	11300Date20201120141438
files_sharing	21000Date20201223143245
text	010000Date20190617184535
text	030001Date20200402075029
text	030201Date20201116110353
text	030201Date20201116123153
twofactor_backupcodes	1002Date20170607104347
twofactor_backupcodes	1002Date20170607113030
twofactor_backupcodes	1002Date20170919123342
twofactor_backupcodes	1002Date20170926101419
twofactor_backupcodes	1002Date20180821043638
workflowengine	2000Date20190808074233
federatedfilesharing	1010Date20200630191755
federatedfilesharing	1011Date20201120125158
files	11301Date20191205150729
federation	1010Date20200630191302
contactsinteraction	010000Date20200304152605
user_status	0001Date20200602134824
user_status	0002Date20200902144824
user_status	1000Date20201111130204
notifications	2004Date20190107135757
activity	2006Date20170808154933
activity	2006Date20170808155040
activity	2006Date20170919095939
activity	2007Date20181107114613
activity	2008Date20181011095117
activity	2010Date20190416112817
activity	2011Date20201006132544
activity	2011Date20201006132545
activity	2011Date20201006132546
activity	2011Date20201006132547
activity	2011Date20201207091915
richdocuments	2060Date20200302131958
richdocuments	2060Date20200302132145
richdocuments	30704Date20200626072306
richdocuments	30709Date20201111104147
mail	0100Date20180825194217
mail	0110Date20180825195812
mail	0110Date20180825201241
mail	0130Date20190408134101
mail	0156Date20190828140357
mail	0161Date20190902103559
mail	0161Date20190902103701
mail	0161Date20190902114635
mail	0180Date20190927124207
mail	0190Date20191118160843
mail	0210Date20191212144925
mail	1020Date20191002091034
mail	1020Date20191002091035
mail	1020Date20200206134751
mail	1030Date20200228105714
mail	1040Date20200422130220
mail	1040Date20200422142920
mail	1040Date20200506111214
mail	1040Date20200515080614
mail	1040Date20200529124657
mail	1050Date20200624101359
mail	1050Date20200831124954
mail	1050Date20200921141700
mail	1050Date20200923180030
mail	1060Date20201015084952
mail	1080Date20201119084820
mail	1080Date20210108093802
spreed	2000Date20170707093535
spreed	2000Date20171026140256
spreed	2000Date20171026140257
spreed	2001Date20170707115443
spreed	2001Date20170913104501
spreed	2001Date20170921145301
spreed	2001Date20170929092606
spreed	2001Date20171009132424
spreed	2001Date20171026134605
spreed	2001Date20171026141336
spreed	2001Date20171031102049
spreed	2001Date20180103144447
spreed	2001Date20180103150836
spreed	3002Date20180319104030
spreed	3003Date20180707222130
spreed	3003Date20180718112436
spreed	3003Date20180718133519
spreed	3003Date20180720162342
spreed	3003Date20180722152733
spreed	3003Date20180722152849
spreed	3003Date20180730080327
spreed	4099Date20181001123058
spreed	5099Date20190121102337
spreed	5099Date20190319134820
spreed	6099Date20190627172429
spreed	7000Date20190717141457
spreed	7000Date20190724121136
spreed	7000Date20190724121137
spreed	8000Date20200331144101
spreed	8000Date20200402124456
spreed	8000Date20200407073807
spreed	8000Date20200407115318
spreed	10000Date20200819121721
spreed	10000Date20201012144235
spreed	10000Date20201015134000
spreed	10000Date20201015143852
spreed	10000Date20201015150000
spreed	11000Date20200922161218
spreed	11000Date20201011082810
spreed	11000Date20201201102528
spreed	11000Date20201204110210
spreed	11000Date20201209142525
spreed	11000Date20201209142526
richdocuments	30717Date20210310164901
mail	1090Date20210127160127
mail	1090Date20210216154409
spreed	11001Date20210211111527
groupfolders	102020Date20180806161449
groupfolders	103000Date20180806161724
groupfolders	104000Date20180918132853
groupfolders	201000Date20190111132839
groupfolders	201000Date20190212150323
groupfolders	401001Date20190715092137
groupfolders	501000Date20190927102434
groupfolders	501000Date20191218182434
groupfolders	802000Date20201119112624
\.


--
-- Data for Name: oc_mimetypes; Type: TABLE DATA; Schema: public; Owner: oc_admin
--

COPY public.oc_mimetypes (id, mimetype) FROM stdin;
1	httpd
2	httpd/unix-directory
3	application
4	application/json
5	image
6	image/png
7	application/pdf
8	text
9	text/markdown
10	application/vnd.openxmlformats-officedocument.wordprocessingml.document
11	image/jpeg
12	application/vnd.oasis.opendocument.spreadsheet
13	application/octet-stream
14	application/vnd.oasis.opendocument.presentation
15	application/vnd.oasis.opendocument.text
16	video
17	video/mp4
18	application/javascript
19	application/x-gzip
20	text/css
21	image/svg+xml
22	image/heic
23	video/quicktime
24	application/vnd.ms-excel
25	application/vnd.openxmlformats-officedocument.spreadsheetml.sheet
26	application/vnd.openxmlformats-officedocument.presentationml.presentation
27	text/csv
28	text/plain
29	application/vnd.oasis.opendocument.text-template
30	application/vnd.oasis.opendocument.spreadsheet-template
31	application/vnd.oasis.opendocument.presentation-template
32	application/zip
33	text/html
\.


--
-- Data for Name: oc_mounts; Type: TABLE DATA; Schema: public; Owner: oc_admin
--

COPY public.oc_mounts (id, storage_id, root_id, user_id, mount_point, mount_id) FROM stdin;
1	2	5	admin	/admin/	\N
2	3	423	marcel	/marcel/	\N
3	4	430	ruda	/ruda/	\N
4	5	758	spacher	/spacher/	\N
5	4	751	spacher	/spacher/files/TradeFinance/	\N
6	4	762	spacher	/spacher/files/Vita 1 Medical/	\N
7	6	787	aguenther	/aguenther/	\N
8	4	761	aguenther	/aguenther/files/IT-Gesellschaft/	\N
9	7	1129	frantzen	/frantzen/	\N
10	4	761	schmidt	/schmidt/files/IT-Gesellschaft/	\N
11	8	1143	schmidt	/schmidt/	\N
12	4	751	alemm	/alemm/files/TradeFinance/	\N
13	4	762	alemm	/alemm/files/Vita 1 Medical/	\N
14	9	1348	alemm	/alemm/	\N
15	10	1502	bhemp	/bhemp/	\N
16	4	762	bhemp	/bhemp/files/Vita 1 Medical/	\N
17	4	751	bhemp	/bhemp/files/TradeFinance/	\N
18	11	1654	tkirmess	/tkirmess/	\N
19	4	773	tkirmess	/tkirmess/files/BWA/	\N
20	4	774	tkirmess	/tkirmess/files/JA/	\N
21	4	751	OSlottosch	/OSlottosch/files/TradeFinance/	\N
22	4	762	OSlottosch	/OSlottosch/files/Vita 1 Medical/	\N
23	12	1661	OSlottosch	/OSlottosch/	\N
24	13	1831	THof	/THof/	\N
25	4	1822	THof	/THof/files/Thomas Hof/	\N
26	14	2121	SDahlhaus	/SDahlhaus/	\N
27	4	2098	SDahlhaus	/SDahlhaus/files/Harz/	\N
28	15	2141	TBakker	/TBakker/	\N
29	16	2148	FPor	/FPor/	\N
30	17	2591	AVWal	/AVWal/	\N
31	18	3123	MGoemann	/MGoemann/	\N
32	4	2098	MGoemann	/MGoemann/files/Harz/	\N
33	19	3130	TKlan	/TKlan/	\N
34	20	3137	KSchostag	/KSchostag/	\N
35	4	2098	TKlan	/TKlan/files/Harz/	\N
36	4	3264	OSlottosch	/OSlottosch/files/Malaga/	\N
37	4	2098	KSchostag	/KSchostag/files/Harz/	\N
38	4	1822	OSlottosch	/OSlottosch/files/Thomas Hof/	\N
39	4	3342	OSlottosch	/OSlottosch/files/Maas Mechelen Belgie.docx/	\N
40	4	3342	THof	/THof/files/Maas Mechelen Belgie.docx/	\N
41	21	3701	simon	/simon/	\N
42	22	3785	Orke	/Orke/	\N
43	4	3444	Orke	/Orke/files/PPP/	\N
44	23	4062	Kluge	/Kluge/	\N
45	4	1822	Kluge	/Kluge/files/Thomas Hof/	\N
46	24	4232	Zydek	/Zydek/	\N
47	4	2098	Zydek	/Zydek/files/Harz/	\N
48	25	4284	LBBW	/LBBW/	\N
49	4	1280	LBBW	/LBBW/files/Bank/	\N
50	4	773	LBBW	/LBBW/files/BWA/	\N
51	4	774	LBBW	/LBBW/files/JA/	\N
52	4	2150	LBBW	/LBBW/files/Positiv Liste.xlsx/	\N
53	4	2151	LBBW	/LBBW/files/SKM_C30821032515160.pdf/	\N
57	26	4618	Alsdorf	/Alsdorf/	\N
58	4	3454	Alsdorf	/Alsdorf/files/Bank/	\N
59	4	3444	Alsdorf	/Alsdorf/files/PPP/	\N
60	4	751	simon	/simon/files/TradeFinance/	\N
61	4	762	simon	/simon/files/Vita 1 Medical/	\N
62	4	761	simon	/simon/files/IT-Gesellschaft/	\N
63	2	5243	simon	/simon/files/Test/	\N
64	4	1822	simon	/simon/files/Thomas Hof/	\N
65	4	2098	simon	/simon/files/Harz/	\N
66	4	750	simon	/simon/files/WST/	\N
67	4	3264	aguenther	/aguenther/files/Malaga/	\N
\.


--
-- Data for Name: oc_notifications; Type: TABLE DATA; Schema: public; Owner: oc_admin
--

COPY public.oc_notifications (notification_id, app, "user", "timestamp", object_type, object_id, subject, subject_parameters, message, message_parameters, link, icon, actions) FROM stdin;
2	firstrunwizard	admin	1614189603	app	social	apphint-social	[]		[]			[]
3	firstrunwizard	admin	1614189603	app	notes	apphint-notes	[]		[]			[]
4	firstrunwizard	admin	1614189603	app	deck	apphint-deck	[]		[]			[]
6	firstrunwizard	admin	1614193712	user	admin	profile	[]		[]			[]
7	settings	ruda	1614245728	activity_notification	35	group_added	[]		[]			[]
8	settings	marcel	1614245739	activity_notification	36	group_added	[]		[]			[]
10	firstrunwizard	ruda	1614249041	app	social	apphint-social	[]		[]			[]
11	firstrunwizard	ruda	1614249041	app	notes	apphint-notes	[]		[]			[]
12	firstrunwizard	ruda	1614249042	app	deck	apphint-deck	[]		[]			[]
13	firstrunwizard	ruda	1614249042	app	tasks	apphint-tasks	[]		[]			[]
132	files_sharing	Zydek	1618472302	share	ocinternal:35	incoming_user_share	[]		[]			[]
134	updatenotification	frantzen	1618764767	spreed	11.1.2	update_available	[]		[]			[]
18	settings	spacher	1615202869	activity_notification	75	group_added	[]		[]			[]
135	updatenotification	marcel	1618764767	spreed	11.1.2	update_available	[]		[]			[]
139	firstrunwizard	Kluge	1618826752	user	Kluge	profile	[]		[]			[]
33	settings	frantzen	1615276671	activity_notification	197	group_added	[]		[]			[]
35	settings	schmidt	1615306062	activity_notification	208	group_added	[]		[]			[]
146	settings	FPor	1618860448	activity_notification	1659	group_added	[]		[]			[]
147	settings	TBakker	1618860448	activity_notification	1660	group_added	[]		[]			[]
148	settings	FPor	1618860452	activity_notification	1663	group_removed	[]		[]			[]
44	settings	alemm	1615891736	activity_notification	323	group_added	[]		[]			[]
61	settings	alemm	1615994259	activity_notification	398	group_added	[]		[]			[]
62	settings	spacher	1615994259	activity_notification	399	group_added	[]		[]			[]
63	settings	bhemp	1615994259	activity_notification	400	group_added	[]		[]			[]
64	firstrunwizard	alemm	1615999756	user	alemm	profile	[]		[]			[]
66	updatenotification	frantzen	1616000004	contacts	3.5.1	update_available	[]		[]			[]
67	updatenotification	marcel	1616000004	contacts	3.5.1	update_available	[]		[]			[]
73	settings	alemm	1616060812	activity_notification	455	group_added	[]		[]			[]
74	settings	spacher	1616060812	activity_notification	456	group_added	[]		[]			[]
75	settings	OSlottosch	1616060812	activity_notification	457	group_added	[]		[]			[]
80	updatenotification	frantzen	1616576003	richdocuments	4.0.4	update_available	[]		[]			[]
81	updatenotification	marcel	1616576003	richdocuments	4.0.4	update_available	[]		[]			[]
85	firstrunwizard	tkirmess	1616686443	user	tkirmess	profile	[]		[]			[]
86	settings	TBakker	1616686608	activity_notification	617	group_added	[]		[]			[]
87	settings	TBakker	1616686657	activity_notification	618	group_added	[]		[]			[]
88	settings	FPor	1616686657	activity_notification	619	group_added	[]		[]			[]
89	settings	FPor	1616686689	activity_notification	620	group_added	[]		[]			[]
90	settings	TBakker	1616686689	activity_notification	621	group_added	[]		[]			[]
102	files_sharing	KSchostag	1617092662	share	ocinternal:25	incoming_user_share	[]		[]			[]
104	firstrunwizard	TBakker	1617095083	user	TBakker	profile	[]		[]			[]
106	firstrunwizard	FPor	1617785642	user	FPor	profile	[]		[]			[]
107	firstrunwizard	AVWal	1617831420	user	AVWal	profile	[]		[]			[]
108	files	THof	1617872652	activity_notification	1115	deleted_by	[]		[]			[]
114	updatenotification	frantzen	1618227214	core	21.0.1.1	update_available	{"version":"Nextcloud 21.0.1"}		[]			[]
115	updatenotification	marcel	1618227214	core	21.0.1.1	update_available	{"version":"Nextcloud 21.0.1"}		[]			[]
116	updatenotification	ruda	1618227214	core	21.0.1.1	update_available	{"version":"Nextcloud 21.0.1"}		[]			[]
118	updatenotification	frantzen	1618227215	mail	1.9.5	update_available	[]		[]			[]
119	updatenotification	marcel	1618227215	mail	1.9.5	update_available	[]		[]			[]
149	settings	TBakker	1618860452	activity_notification	1664	group_removed	[]		[]			[]
150	settings	FPor	1618860477	activity_notification	1666	group_added	[]		[]			[]
151	settings	TBakker	1618860477	activity_notification	1667	group_added	[]		[]			[]
152	settings	OSlottosch	1618860480	activity_notification	1669	group_added	[]		[]			[]
153	settings	alemm	1618860480	activity_notification	1670	group_added	[]		[]			[]
154	settings	spacher	1618860480	activity_notification	1671	group_added	[]		[]			[]
157	firstrunwizard	Zydek	1618949871	user	Zydek	profile	[]		[]			[]
158	firstrunwizard	LBBW	1619269515	user	LBBW	profile	[]		[]			[]
160	updatenotification	frantzen	1619708425	calendar	2.2.1	update_available	[]		[]			[]
161	updatenotification	marcel	1619708425	calendar	2.2.1	update_available	[]		[]			[]
164	firstrunwizard	Alsdorf	1619709300	user	Alsdorf	profile	[]		[]			[]
165	settings	FPor	1620665824	activity_notification	1910	group_removed	[]		[]			[]
166	settings	TBakker	1620665824	activity_notification	1911	group_removed	[]		[]			[]
167	settings	OSlottosch	1620665827	activity_notification	1913	group_removed	[]		[]			[]
168	settings	alemm	1620665827	activity_notification	1914	group_removed	[]		[]			[]
169	settings	spacher	1620665827	activity_notification	1915	group_removed	[]		[]			[]
170	settings	FPor	1620667490	activity_notification	1918	group_added	[]		[]			[]
171	settings	TBakker	1620667490	activity_notification	1919	group_added	[]		[]			[]
172	settings	OSlottosch	1620667495	activity_notification	1922	group_added	[]		[]			[]
173	settings	alemm	1620667495	activity_notification	1923	group_added	[]		[]			[]
174	settings	spacher	1620667495	activity_notification	1924	group_added	[]		[]			[]
\.


--
-- Data for Name: oc_notifications_pushtokens; Type: TABLE DATA; Schema: public; Owner: oc_admin
--

COPY public.oc_notifications_pushtokens (uid, token, deviceidentifier, devicepublickey, devicepublickeyhash, pushtokenhash, proxyserver, apptype) FROM stdin;
\.


--
-- Data for Name: oc_oauth2_access_tokens; Type: TABLE DATA; Schema: public; Owner: oc_admin
--

COPY public.oc_oauth2_access_tokens (id, token_id, client_id, hashed_code, encrypted_token) FROM stdin;
\.


--
-- Data for Name: oc_oauth2_clients; Type: TABLE DATA; Schema: public; Owner: oc_admin
--

COPY public.oc_oauth2_clients (id, name, redirect_uri, client_identifier, secret) FROM stdin;
\.


--
-- Data for Name: oc_preferences; Type: TABLE DATA; Schema: public; Owner: oc_admin
--

COPY public.oc_preferences (userid, appid, configkey, configvalue) FROM stdin;
ruda	files	show_grid	1
admin	core	lang	en
admin	core	templateDirectory	Templates/
spacher	dashboard	firstRun	0
admin	activity	configured	yes
admin	password_policy	failedLoginAttempts	0
ruda	login	lastLogin	1623765231
admin	dashboard	firstRun	0
admin	firstrunwizard	apphint	18
admin	avatar	generated	true
admin	spreed	changelog	27
admin	firstrunwizard	show	0
spacher	spreed	changelog	27
spacher	firstrunwizard	show	0
spacher	spreed	signaling_ticket_secret	xUbJEFAi6ZUB+gWdyqemFeZdJcs9/IYnvtEmXSe65HvLJpnOn2dB/8oAr9U4Tx7EUWuIiF4WsG2KkcQDe4W6mR8UzonUGISCcZFh3tTn/C+bwcJv6FyMgL7iq2EFEn9IruCreF4NjnhRL2sNgy8KScdgJnhvo5A3aZfy/Q6CHeQGyPyEkS5CJtlL82rDmlyZ9Ge5cBLSmBNf2ilWRzvHGa5HY4cCItt6u6l3XEhkisIme8u0QdWoWriXVJIMLpX
admin	login_token	CDWW2JKCmQaMygoVukzOBPOzSzzG+hWu	1614191702
admin	login_token	HIAWUtUJAYp0N0BRuvSiBAc5wo3Pk+mn	1614193677
schmidt	core	templateDirectory	Templates/
admin	login_token	0NqZR7ZTrvluvK2yH1L8KBZmGLc5MXf+	1614230882
admin	login_token	M6J5FUQzHemzMqZz2IkLPVkARSdN/jr3	1614231222
schmidt	core	timezone	Europe/Berlin
admin	login_token	rDQIC0TJgnX+drF0BOHXNDJAh8xIOdBs	1615455755
TBakker	core	enabled	false
aguenther	login	lastLogin	1622115940
marcel	avatar	generated	true
marcel	avatar	version	1
marcel	files	quota	none
marcel	core	lang	en
marcel	settings	email	marcel.donges@ceruleancircle.com
ruda	avatar	generated	true
ruda	avatar	version	1
ruda	files	quota	none
ruda	core	lang	en
ruda	settings	email	ruda@sfsre.de
schmidt	login_token	/QDiu+pzMn6uvhs0fyuSzVVwU7E1vaOa	1618015518
simon	login	lastLogin	1623941849
spacher	lookup_server_connector	update_retries	5
ruda	activity	configured	yes
ruda	password_policy	failedLoginAttempts	0
ruda	core	templateDirectory	Templates/
ruda	core	timezone	Europe/Berlin
admin	core	timezone	Asia/Kolkata
ruda	dashboard	firstRun	0
ruda	firstrunwizard	apphint	18
ruda	spreed	changelog	27
ruda	firstrunwizard	show	0
THof	files	show_sharing_menu	0
simon	activity	configured	yes
frantzen	avatar	generated	true
frantzen	avatar	version	1
frantzen	files	quota	default
admin	login_token	5AJF0qn+y66T7Fmnmtn0gNry/N5sIgav	1614606313
frantzen	core	lang	en
admin	login_token	08WMFFJ5Gp2RT/J+4/j3m296FXN62qxg	1614606361
admin	spreed	signaling_ticket_secret	5jXYAHpzfM9VekvF8reBG08PxADDTCPslzU21xED5vvG0SSNkPV0/CehdN6+gPbS5WQ15L4Mi+IOwVIMVdCgBhRFQc1ThveUR7V3Kk7LMCnCXXeKuoaKR05/lIuvX3AMcKxIfyS2Kez5uhlXmEEbnodDXT7dWVlvzyKapXyapPdDKOl9xWf853Sfcp4iPPwae/F74AXh5RR5QtpTwnXoeJAtSb8QZY/BxX4lpyHuJ2+DhZDTyNT8PBW7NXYlHhO
frantzen	settings	email	frantzen@sfsre.de
admin	login_token	WspejAjBsWRmxwlbDaGPdSA44sAHH0JI	1614933651
schmidt	firstrunwizard	show	0
aguenther	login_token	W1reet5Pa0zNpATO2kuw/CMGVE9n3UAS	1615330139
admin	login_token	88spivOVggNwT8zptj+aCs27pi2zSpsu	1614933671
aguenther	login_token	ltee7IwO+yq0eoBpEyjpdMcVwth6Yo9L	1615330139
spacher	avatar	generated	true
spacher	avatar	version	1
spacher	files	quota	default
spacher	core	lang	en
spacher	settings	email	sp@v1-m.de
aguenther	avatar	generated	true
aguenther	avatar	version	1
aguenther	files	quota	default
aguenther	core	lang	en
aguenther	settings	email	guenther@sfsre.de
aguenther	activity	configured	yes
aguenther	password_policy	failedLoginAttempts	0
aguenther	core	templateDirectory	Templates/
aguenther	core	timezone	Europe/Berlin
aguenther	dashboard	firstRun	0
aguenther	spreed	changelog	27
aguenther	firstrunwizard	show	0
spacher	activity	configured	yes
spacher	password_policy	failedLoginAttempts	0
spacher	core	templateDirectory	Templates/
spacher	core	timezone	Europe/Berlin
ruda	login_token	ijPHMPsNJjXg3Rmr75udyJM686rGcF22	1615360425
schmidt	avatar	generated	true
schmidt	avatar	version	1
schmidt	files	quota	default
schmidt	core	lang	en
schmidt	settings	email	info@rudolfschmidt.com
schmidt	activity	configured	yes
schmidt	password_policy	failedLoginAttempts	0
aguenther	login_token	QGl9rqVff8+RAxPKZXLZ8D8bd4BR+QRC	1615330139
admin	login_token	utXu1aDz71mL8ffU2Wiq6wI7oLZvE9Nc	1615371848
frantzen	lookup_server_connector	update_retries	5
marcel	lookup_server_connector	update_retries	5
admin	login_token	xNxHcTy/cho73VX4qLqJsO8fgdAVrYed	1615454432
schmidt	lookup_server_connector	update_retries	5
spacher	login	lastLogin	1615971641
alemm	avatar	generated	true
alemm	avatar	version	1
alemm	files	quota	default
alemm	core	lang	en
alemm	settings	email	al@v1-m.de
alemm	login	lastLogin	1615892668
alemm	activity	configured	yes
alemm	password_policy	failedLoginAttempts	0
alemm	core	templateDirectory	Templates/
alemm	core	timezone	Europe/Berlin
ruda	lookup_server_connector	update_retries	5
alemm	login_token	KRRJy14uGxRcymqVlE6fsct3BH24aGxO	1615892669
alemm	dashboard	firstRun	0
alemm	spreed	changelog	27
alemm	firstrunwizard	show	0
spacher	login_token	qVoqzm7yr/NgE3PqGK42fvKJomLFkMjG	1615971641
THof	login_token	adxfX6bAeAJtJMY2QgoYcQKgH1fWyk/3	1618228219
LBBW	core	enabled	false
admin	files	show_hidden	1
bhemp	avatar	generated	true
bhemp	avatar	version	1
bhemp	files	quota	default
bhemp	settings	email	bjoern.hemp@targobank.de
schmidt	login_token	osY5VuimzCatpX6COMhuWjMkifBoKec7	1617954668
OSlottosch	login	lastLogin	1622476537
bhemp	activity	configured	yes
bhemp	password_policy	failedLoginAttempts	0
bhemp	core	templateDirectory	Templates/
alemm	lookup_server_connector	update_retries	5
bhemp	dashboard	firstRun	0
bhemp	spreed	changelog	27
bhemp	firstrunwizard	show	0
THof	firstrunwizard	show	0
THof	login_token	yqxD6HGSc1sZ6pmo1QJum+H6TPhkyyWO	1618241495
schmidt	login_token	dK/EmpIqs8M6jM+F8P89/gi4dxxP2GcM	1618016176
bhemp	core	timezone	Europe/Paris
bhemp	core	lang	de_DE
bhemp	core	locale	de_DE
THof	lookup_server_connector	update_retries	5
tkirmess	avatar	generated	true
tkirmess	avatar	version	1
tkirmess	files	quota	default
tkirmess	core	lang	en
tkirmess	settings	email	t.kirmess@stb-b2.de
OSlottosch	avatar	generated	true
OSlottosch	avatar	version	1
OSlottosch	files	quota	default
OSlottosch	core	lang	en
OSlottosch	settings	email	o_slottosch@hotmail.com
OSlottosch	activity	configured	yes
OSlottosch	password_policy	failedLoginAttempts	0
OSlottosch	core	templateDirectory	Templates/
OSlottosch	core	timezone	Europe/Berlin
OSlottosch	firstrunwizard	show	0
OSlottosch	dashboard	firstRun	0
OSlottosch	spreed	changelog	27
schmidt	login_token	ktdhHf2VLrapWSZUkRkk4T5Z9pL3Tlxb	1616068774
tkirmess	activity	configured	yes
tkirmess	password_policy	failedLoginAttempts	0
tkirmess	core	templateDirectory	Templates/
tkirmess	core	timezone	Europe/Berlin
tkirmess	firstrunwizard	show	0
tkirmess	login_token	IMkv0GCmcufJL0+U3F1w0g++5YFzzCN/	1616584814
simon	password_policy	failedLoginAttempts	0
simon	core	templateDirectory	Templates/
schmidt	login_token	JjpzYbPLbeygN8HVfJbqETAHHCghC2Km	1616252263
SDahlhaus	login	lastLogin	1619686448
KSchostag	lookup_server_connector	update_retries	5
tkirmess	login	lastLogin	1616584814
schmidt	login_token	nSAjfpI5qMz76cLrloEvqtG93Vs6eyfl	1616499448
SDahlhaus	activity	configured	yes
SDahlhaus	password_policy	failedLoginAttempts	0
THof	avatar	generated	true
THof	avatar	version	1
THof	files	quota	default
THof	core	lang	en
THof	settings	email	info@thomashofconsultancy.nl
THof	activity	configured	yes
THof	password_policy	failedLoginAttempts	0
THof	core	templateDirectory	Templates/
THof	core	timezone	Europe/Amsterdam
tkirmess	dashboard	firstRun	0
THof	login_token	zmRcYGOSn6EvNkBHC7MXQulLC0NJriW4	1616592766
SDahlhaus	avatar	generated	true
SDahlhaus	avatar	version	1
SDahlhaus	files	quota	default
SDahlhaus	core	lang	en
SDahlhaus	settings	email	Dahlhaus@forsa-gmbh.de
TBakker	avatar	generated	true
TBakker	avatar	version	1
TBakker	files	quota	default
TBakker	core	lang	en
TBakker	settings	email	tromp.bakker@mcfbv.nl
FPor	avatar	generated	true
FPor	avatar	version	1
FPor	files	quota	default
FPor	core	lang	en
FPor	settings	email	fpor@mac.com
TBakker	activity	configured	yes
TBakker	password_policy	failedLoginAttempts	0
TBakker	core	templateDirectory	Templates/
TBakker	core	timezone	Europe/Amsterdam
TBakker	firstrunwizard	show	0
TBakker	dashboard	firstRun	0
TBakker	login	lastLogin	1616700553
schmidt	login_token	sTIgJ7c9sZ7qkjrfZxsUE/vOY0Wce1C+	1616717539
schmidt	login_token	yK839dyX6QZFsFDH1XxzUMb0XmkHv3kE	1616754253
bhemp	login_token	WZWY4a1O33VsVErU4ox0JhncasS8zkYe	1616762107
bhemp	login	lastLogin	1616762107
aguenther	lookup_server_connector	update_retries	5
SDahlhaus	core	templateDirectory	Templates/
SDahlhaus	core	timezone	Europe/Berlin
SDahlhaus	login_token	uaLbmsy/quEqvqGZZVZJ4a2WdFbZpzn5	1617006404
SDahlhaus	firstrunwizard	show	0
AVWal	avatar	generated	true
AVWal	avatar	version	1
AVWal	files	quota	default
AVWal	core	lang	en
AVWal	settings	email	aaldertvdwal@gmail.com
FPor	activity	configured	yes
FPor	password_policy	failedLoginAttempts	0
FPor	core	templateDirectory	Templates/
FPor	core	timezone	Europe/Amsterdam
FPor	firstrunwizard	show	0
FPor	login	lastLogin	1617025267
FPor	dashboard	firstRun	0
FPor	spreed	changelog	27
FPor	dashboard	layout	recommendations,spreed,mail,calendar
FPor	files	show_grid	1
FPor	login_token	ZNuCa3WEUqeFyiDHxYvAbEltyVR60XUm	1617025267
FPor	login_token	UyB26hLt1h5kmodt5aBCbtpWARU8xu4f	1617025267
simon	weather_status	altitude	125
AVWal	login	lastLogin	1617047513
AVWal	activity	configured	yes
AVWal	password_policy	failedLoginAttempts	0
AVWal	core	templateDirectory	Templates/
AVWal	core	timezone	Europe/Amsterdam
THof	login_token	Mds6/KTd/QVY+2TpL3bl5b0aCJOO1O+S	1617908044
AVWal	firstrunwizard	show	0
AVWal	files	show_grid	1
THof	dashboard	firstRun	0
THof	spreed	changelog	27
THof	files	file_sorting	name
simon	login_token	D9RCY2YVa4vugWdvP27kPFtPQez0zdqv	1620665064
simon	weather_status	lon	8.8154
admin	login	lastLogin	1623941739
Kluge	login	lastLogin	1618304700
MGoemann	avatar	generated	true
MGoemann	avatar	version	1
MGoemann	files	quota	default
MGoemann	core	lang	en
MGoemann	settings	email	marco.goemann@sparkasse-osterode.de
TKlan	avatar	generated	true
TKlan	avatar	version	1
TKlan	files	quota	default
TKlan	core	lang	en
TKlan	settings	email	Thomas.Klan@dkb.de
KSchostag	avatar	generated	true
KSchostag	avatar	version	1
KSchostag	files	quota	default
KSchostag	core	lang	en
KSchostag	settings	email	kay.schostag@dkb.de
TKlan	activity	configured	yes
TKlan	password_policy	failedLoginAttempts	0
TKlan	core	templateDirectory	Templates/
TKlan	core	timezone	Europe/Berlin
SDahlhaus	lookup_server_connector	update_retries	5
TKlan	firstrunwizard	show	0
TKlan	dashboard	firstRun	0
THof	login_token	Fe7y+O3PNDtlWQbUPQ80du0784NavUcS	1617112358
simon	core	timezone	Europe/Berlin
MGoemann	activity	configured	yes
MGoemann	password_policy	failedLoginAttempts	0
MGoemann	core	templateDirectory	Templates/
MGoemann	core	timezone	Europe/Berlin
MGoemann	login_token	E2dyWoeD6JjGHt+IebZgQS8yOo2+alVH	1617186740
MGoemann	dashboard	firstRun	0
schmidt	login_token	/mR4pkonK+OMtUYwaVdtFDP5cg/0f9Cl	1617218741
bhemp	lookup_server_connector	update_retries	5
FPor	lookup_server_connector	update_retries	5
schmidt	login_token	OV619vHN4ms9qn8Uo9Z4zGdmQAcdr9Sq	1617280426
simon	avatar	generated	true
simon	avatar	version	1
simon	files	quota	default
schmidt	login_token	hg4XN2Or+7jToYsI8OZf8bnlMSfFiz22	1617831371
TKlan	login	lastLogin	1619442590
simon	accessibility	icons-css	d41d8cd98f00b204e9800998ecf8427e
MGoemann	firstrunwizard	show	0
THof	login_token	f6zRZul0rxety6eq8KuTH7ZKuR2uj3av	1617865493
MGoemann	lookup_server_connector	update_retries	5
THof	login_token	JPDMgiw0QMLGpd8eWCMzVg3HIik1esnm	1618298605
simon	dashboard	firstRun	0
simon	firstrunwizard	apphint	18
simon	spreed	changelog	27
THof	files	file_sorting_direction	asc
simon	firstrunwizard	show	0
admin	login_token	LWFO1nZxCLNAlzSL7sSe+BrEO7woaTcR	1618297883
Orke	avatar	generated	true
Orke	avatar	version	1
Orke	files	quota	default
Orke	core	lang	en
Orke	settings	email	info@orke.de
OSlottosch	lookup_server_connector	update_retries	5
simon	login_token	YH5jl02cVM2m0porB12PbNKxhsf4l1OM	1618298477
simon	core	lang	de
simon	core	locale	de_DE
simon	weather_status	mode	1
simon	weather_status	favorites	["Friedberg (Hessen), 61169, Deutschland"]
Orke	activity	configured	yes
Orke	password_policy	failedLoginAttempts	0
Orke	core	templateDirectory	Templates/
Orke	core	timezone	Europe/Berlin
Orke	firstrunwizard	show	0
tkirmess	lookup_server_connector	update_retries	5
Kluge	avatar	generated	true
Kluge	avatar	version	1
Kluge	files	quota	default
Kluge	core	lang	en
Kluge	settings	email	Kluge@sfsre.de
Kluge	activity	configured	yes
Kluge	password_policy	failedLoginAttempts	0
Kluge	core	templateDirectory	Templates/
Kluge	core	timezone	Europe/Berlin
Kluge	login_token	juqhmyTZikFagePJGoDp6m9vFBp5WQJn	1618304701
Kluge	firstrunwizard	show	0
Kluge	dashboard	firstRun	0
Orke	dashboard	firstRun	0
Orke	login	lastLogin	1618832879
Zydek	avatar	generated	true
Zydek	login	lastLogin	1620039554
Zydek	avatar	version	1
Zydek	files	quota	default
Zydek	core	lang	en
Zydek	settings	email	Janusch.Zydek@sparkasse-hgp.de
TBakker	lookup_server_connector	update_retries	5
Zydek	activity	configured	yes
Zydek	password_policy	failedLoginAttempts	0
Zydek	core	templateDirectory	Templates/
MGoemann	login	lastLogin	1620049292
TKlan	lookup_server_connector	update_retries	5
Orke	lookup_server_connector	update_retries	5
Orke	login_token	J6gDHXRk+5KnUxR7MhoTcALHtoroVqKU	1618347284
admin	login_token	u1+4K/UTPQthLe6k/MhxgXIX+A07zeT9	1618381403
simon	files	show_hidden	1
simon	settings	email	it-support@sfsre.de
MGoemann	login_token	q5mmFIzQ/2V+3q/BBrjIDuG7zemYwxqI	1618471188
admin	login_token	0gmlyXsqC6/0GXWKW6LWaJ/MDbCV7tP1	1620710372
schmidt	login_token	ohYGtVhuxGteMVgtiIduiKqjc7YoxtMT	1618479886
ruda	login_token	LxBhr+ZetSYYtc36PYcFRKosSlFDWRw2	1618558915
OSlottosch	login_token	xx8+T6/3dx9d1Jn2i8lCZVactTC88o/s	1618558989
schmidt	login_token	hWJbgOLxc3HZKrEpRkKDtFeaEgqEAiZv	1618751139
THof	login_token	HNan2vM9MoWqerPdaNHU/7p2ikrUudd/	1620985812
aguenther	login_token	oxmJBBv3OC0s4bdVW0lCku1sL+1YuzYZ	1621599779
aguenther	login_token	xHXXQLptK36Ql7njAdrW0EN/+UMa0yep	1621685466
aguenther	login_token	bkKXICvqR5GUTLRjLD2jrM180HlYDfMF	1621700884
aguenther	login_token	s1dWx2aS431J+8c+F7vugZvK9/PphvmO	1621717415
aguenther	login_token	JUA27gaHeoE7J6MHoq7hq1bWm1JbMo9T	1621764671
aguenther	login_token	5ndx3xNwClN2FamWb2AtOtHciR1HCQzl	1621869622
aguenther	login_token	5XN8Z0U8Cu3PBXOZOM8FHq0J8JYFia4u	1621973486
OSlottosch	login_token	Xwo8TsWBeTOL5ZinNIRKVT5cofdK3EtA	1622476537
schmidt	login	lastLogin	1622908911
admin	login_token	hxRqahcpuRrhS8HqwhrL5uuaUAXel+Xg	1623941738
simon	spreed	signaling_ticket_secret	HpynCngfjsTGLPwJKzrLHWvlvUsykktVxpCgQZtlWQCYPFcWWFTffJoqmMW9mD3fVbXj9ONXwI9tq0i9WBP/Sh+bdq4/oFo+xbyw+v8CXaTdWIFYORv7GeA9Mp75KJ9M4Vv7u6RSvzkwa8WAIkCNzuKXVTAHuTe122Zt8EEYLGtAEc9cxRjOrZmn6eXq8UrzZ7UbNHRRTt9Un6oJEMSm3GGUhXr8GtFalh5RCU6zXTqqV/AMxvvhXLujArYCiYB
Zydek	core	timezone	Europe/Berlin
Zydek	login_token	+boU3LQuCk2+YOxFO+U5JTeR+Vr0bEsB	1618818638
Zydek	dashboard	firstRun	0
schmidt	login_token	94nZe4b2PBAdt3ubN7ZL53FVsYYOLXEY	1618828145
LBBW	lookup_server_connector	update_retries	3
Orke	login_token	Pi1c0yT2QNeDeZiNtNYkxid3TyeLelIl	1618832879
LBBW	avatar	generated	true
LBBW	files	quota	default
LBBW	core	lang	en
LBBW	settings	email	Erik.Schmidt@suedfactoring.de
LBBW	activity	configured	yes
LBBW	password_policy	failedLoginAttempts	0
LBBW	core	templateDirectory	Templates/
LBBW	core	timezone	Europe/Berlin
LBBW	login_token	zhcvEPChHF/HQGy4cYEEV3H8d+Zf/Hlh	1618846310
LBBW	dashboard	firstRun	0
simon	login_token	NuigEiTYV1FFlTYHMR5k4B1foF4N528D	1618860221
simon	login_token	R9bvnFbfcg0Teg9CGlvXHLjFjQelV7Tb	1618860283
simon	login_token	zL9VHl0IU1aMVUKsHJY6zX0RsYCPGkpJ	1620665064
Zydek	login_token	Y1MuTn13cRKB5bbGmZ8WKBaqODECHFxI	1618898260
aguenther	login_token	fuu2JhJ2+8jckntygglZUpwkWElXgxc1	1621588635
simon	recommendations	enabled	false
Zydek	login_token	GDgO+YbGyFJeDHVU/o3eXJ6GPPL7P5Zw	1618907136
Alsdorf	avatar	generated	true
Alsdorf	files	quota	default
Alsdorf	core	lang	en
Zydek	lookup_server_connector	update_retries	4
Zydek	login_token	oihF5657w0LM9xy7jYlOftdOYEjUvIrQ	1618923381
LBBW	login_token	+SvX8vBZqd+sIkQLcLZCjJd7l0v6K6Wf	1618926304
Alsdorf	activity	configured	yes
Alsdorf	password_policy	failedLoginAttempts	0
Alsdorf	core	templateDirectory	Templates/
Alsdorf	core	timezone	Europe/Berlin
AVWal	lookup_server_connector	update_retries	5
Alsdorf	firstrunwizard	show	0
Alsdorf	dashboard	firstRun	0
Alsdorf	login_token	WZljiOv5Q3qClUtcaxFbAVXBGZYEB6lU	1618949955
THof	files	show_grid	1
Alsdorf	login_token	xuDp3u0eYs54hdEGBESWUEpvjrgsVBom	1618980064
Zydek	core	enabled	false
schmidt	accessibility	icons-css	d41d8cd98f00b204e9800998ecf8427e
aguenther	login_token	UiiUSNobOcuqjELTTtevjpCy2kIxTZRZ	1621601870
THof	login	lastLogin	1621354284
THof	login_token	kfK5jpIb6BKVLxQFe7YlQXtjdHc/xuc0	1619171333
schmidt	login_token	snBRTjBtc59ruX39cyFBAvfP7d+AFJPe	1619182740
TKlan	login_token	JqU1dDlBygD49Bo2S61lHPoTqvUUnxWI	1619442590
schmidt	login_token	njyKD0bq2OT1cAM+yu/5c6DwUl5/3o3O	1619518773
aguenther	login_token	6IHrrqmv8Db0M1dG+2pUZHrYugwW6zQi	1621764671
SDahlhaus	dashboard	firstRun	0
aguenther	login_token	RrTnEnucNoHbGxUDh57RMLaDRL6NGtKH	1621793875
Alsdorf	login_token	dAIEDeOqHxhMY5TuT/XXAzNr3tCXzNNh	1619587644
aguenther	login_token	jbDEG1n4tK5V9SwFcc5762HCeIucpQco	1621793875
aguenther	login_token	bZfB0ipJPSiVlRu4wAJKFHXgirH8ExxI	1621869622
schmidt	login_token	kL3omQ9ErnfNnMX8m+HhenyFYcuasrZl	1619692910
ruda	login_token	2NGXBZXO9IKy9tqs51FylSGMR1qu8Ag3	1621953277
THof	login_token	hJZG5JvxAbO6rRq8HKnWSs1hzl8MxBSo	1619708481
schmidt	login_token	N1nJ9/+XPrvoWxQUXijtWj8teMe27toY	1619709260
Alsdorf	login	lastLogin	1620031100
Alsdorf	login_token	9dQj4ja7aqn78oZ2gwtHPv5B3YIxDpuO	1620031100
Zydek	login_token	QXYI/euqfW6yBTw0kENVZcuOvcMlmxuA	1620039554
aguenther	login_token	AIHqIVoErlY6sF6raD5SRaL5TxQcPXih	1622115940
schmidt	login_token	MKGE2du2RI8K0lKallwBWYNbq6PJKj6I	1622908911
MGoemann	login_token	bWFKCrZ5X10ymF/GB8OSUDDA79H99RXA	1620049292
schmidt	login_token	cLy83xKoUBBRSh6jh0wH5Dsnhr16DVzq	1620135913
admin	files	show_grid	1
ruda	login_token	UMrtJE0fbothDjwK02z3LWvay1f1SSwr	1623765231
admin	login_token	QVJCFwZvdRvuHzBJh6VCyT/y29p94l0h	1623939954
admin	login_token	2cdR3IY8in5RLFHOw/+OdlbNUSOflIIw	1623940642
simon	login_token	uKlmnl895Lqi4M8eO+qEWsyVqvm9Kkbj	1623941849
simon	weather_status	lat	50.299
LBBW	login	lastLogin	1620225620
LBBW	login_token	7H1ilF9qUTCDV5wN0u/SfzsGGmaNensh	1620225620
LBBW	firstrunwizard	show	0
simon	weather_status	address	Assenheim, 61194, Deutschland
LBBW	files	file_sorting	mtime
LBBW	files	file_sorting_direction	desc
ruda	login_token	ded7q3NmaIkjg+5Hq+z4IntjEy3hWLGK	1620287001
Kluge	lookup_server_connector	update_retries	4
\.


--
-- Data for Name: oc_privacy_admins; Type: TABLE DATA; Schema: public; Owner: oc_admin
--

COPY public.oc_privacy_admins (id, displayname) FROM stdin;
\.


--
-- Data for Name: oc_properties; Type: TABLE DATA; Schema: public; Owner: oc_admin
--

COPY public.oc_properties (id, userid, propertypath, propertyname, propertyvalue) FROM stdin;
\.


--
-- Data for Name: oc_recent_contact; Type: TABLE DATA; Schema: public; Owner: oc_admin
--

COPY public.oc_recent_contact (id, actor_uid, uid, email, federated_cloud_id, card, last_contact) FROM stdin;
16	admin	simon	\N	simon@www.box.sfsre.de	\\x424547494e3a56434152440d0a56455253494f4e3a342e300d0a50524f4449443a2d2f2f53616272652f2f536162726520564f626a65637420342e332e332f2f454e0d0a5549443a73616272652d766f626a6563742d34343539663538302d663936612d346431612d383564642d3666333765336132646235620d0a5552493a33643136313432342d396630332d343235372d626338622d3130393936306531393161360d0a464e3a53696d6f6e20507265696e6c0d0a43415445474f524945533a526563656e746c7920636f6e7461637465640d0a434c4f55443a73696d6f6e407777772e626f782e73667372652e64650d0a454e443a56434152440d0a	1620670373
17	ruda	simon	\N	simon@www.box.sfsre.de	\\x424547494e3a56434152440d0a56455253494f4e3a342e300d0a50524f4449443a2d2f2f53616272652f2f536162726520564f626a65637420342e332e332f2f454e0d0a5549443a73616272652d766f626a6563742d33336237353936622d356633312d346330652d386633302d6436303736366665346465310d0a5552493a33333137333134622d356562642d343738352d626639372d3137663965613239653032330d0a464e3a53696d6f6e20507265696e6c0d0a43415445474f524945533a526563656e746c7920636f6e7461637465640d0a434c4f55443a73696d6f6e407777772e626f782e73667372652e64650d0a454e443a56434152440d0a	1620676277
18	ruda	aguenther	\N	aguenther@www.box.sfsre.de	\\x424547494e3a56434152440d0a56455253494f4e3a342e300d0a50524f4449443a2d2f2f53616272652f2f536162726520564f626a65637420342e332e332f2f454e0d0a5549443a73616272652d766f626a6563742d38373730616264392d366562342d346430612d383031652d3963336665356266333632320d0a5552493a31623434353835622d616332662d343262642d396231382d3664393666303439626166610d0a464e3a41647269616e2047c3bc6e746865720d0a43415445474f524945533a526563656e746c7920636f6e7461637465640d0a434c4f55443a616775656e74686572407777772e626f782e73667372652e64650d0a454e443a56434152440d0a	1621588138
\.


--
-- Data for Name: oc_richdocuments_assets; Type: TABLE DATA; Schema: public; Owner: oc_admin
--

COPY public.oc_richdocuments_assets (id, uid, fileid, token, "timestamp") FROM stdin;
\.


--
-- Data for Name: oc_richdocuments_direct; Type: TABLE DATA; Schema: public; Owner: oc_admin
--

COPY public.oc_richdocuments_direct (id, token, uid, fileid, "timestamp", template_destination, template_id, share, initiator_host, initiator_token) FROM stdin;
\.


--
-- Data for Name: oc_richdocuments_wopi; Type: TABLE DATA; Schema: public; Owner: oc_admin
--

COPY public.oc_richdocuments_wopi (id, owner_uid, editor_uid, guest_displayname, fileid, version, canwrite, server_host, token, expiry, template_destination, template_id, hide_download, direct, remote_server, remote_server_token, share, token_type) FROM stdin;
1	ruda	ruda	\N	1247	0	t	https://www.box.sfsre.de/	QdPtpZjOByEyMeQKTGN7ia7SKd6AwwM9	1615371332	0	0	f	f			\N	0
2	ruda	THof	\N	3014	0	t	https://www.box.sfsre.de/	lzEjgVdyjmBYw33B0YwW2gCGHJI54Dtc	1617053035	0	0	f	f			\N	0
3	ruda	THof	\N	3011	0	t	https://www.box.sfsre.de/	jPtJ6177vgrLZumF1QdVNhY6cqPf81Xv	1617867343	0	0	f	f			\N	0
\.


--
-- Data for Name: oc_schedulingobjects; Type: TABLE DATA; Schema: public; Owner: oc_admin
--

COPY public.oc_schedulingobjects (id, principaluri, calendardata, uri, lastmodified, etag, size) FROM stdin;
\.


--
-- Data for Name: oc_share; Type: TABLE DATA; Schema: public; Owner: oc_admin
--

COPY public.oc_share (id, share_type, share_with, password, uid_owner, uid_initiator, parent, item_type, item_source, item_target, file_source, file_target, permissions, stime, accepted, expiration, token, mail_send, share_name, password_by_talk, note, hide_download, label) FROM stdin;
2	1	Vita1 Medical	\N	ruda	ruda	\N	folder	751	\N	751	/TradeFinance	31	1615202908	0	\N	\N	0	\N	f	\N	0	\N
3	2	spacher	\N	ruda	ruda	2	folder	751	\N	751	/TradeFinance	31	1615202908	1	\N	\N	0	\N	f	\N	0	\N
4	1	Vita1 Medical	\N	ruda	ruda	\N	folder	762	\N	762	/Vita 1 Medical	31	1615205412	0	\N	\N	0	\N	f	\N	0	\N
5	2	spacher	\N	ruda	ruda	4	folder	762	\N	762	/Vita 1 Medical	31	1615205412	1	\N	\N	0	\N	f	\N	0	\N
33	0	Orke	\N	ruda	ruda	\N	folder	3444	\N	3444	/PPP	31	1618298471	1	\N	\N	0	\N	f	\N	0	\N
8	1	SFS RE IT	\N	ruda	ruda	\N	folder	761	\N	761	/IT-Gesellschaft	31	1615205897	0	\N	\N	0	\N	f	\N	0	\N
9	2	aguenther	\N	ruda	ruda	8	folder	761	\N	761	/IT-Gesellschaft	31	1615205897	1	\N	\N	0	\N	f	\N	0	\N
10	2	schmidt	\N	ruda	ruda	8	folder	761	\N	761	/IT-Gesellschaft	31	1615205897	1	\N	\N	0	\N	f	\N	0	\N
11	2	alemm	\N	ruda	ruda	2	folder	751	\N	751	/TradeFinance	31	1615202908	1	\N	\N	0	\N	f	\N	0	\N
12	2	alemm	\N	ruda	ruda	4	folder	762	\N	762	/Vita 1 Medical	31	1615205412	1	\N	\N	0	\N	f	\N	0	\N
13	0	bhemp	\N	ruda	ruda	\N	folder	762	\N	762	/Vita 1 Medical	31	1615990887	1	\N	\N	0	\N	f	\N	0	\N
14	2	bhemp	\N	ruda	ruda	2	folder	751	\N	751	/TradeFinance	31	1615202908	1	\N	\N	0	\N	f	\N	0	\N
15	2	bhemp	\N	ruda	ruda	4	folder	762	\N	762	/Vita 1 Medical	31	1615205412	1	\N	\N	0	\N	f	\N	0	\N
16	0	tkirmess	\N	ruda	ruda	\N	folder	773	\N	773	/BWA	31	1616059430	1	\N	\N	0	\N	f	\N	0	\N
17	0	tkirmess	\N	ruda	ruda	\N	folder	774	\N	774	/JA	31	1616059455	1	\N	\N	0	\N	f	\N	0	\N
18	2	OSlottosch	\N	ruda	ruda	2	folder	751	\N	751	/TradeFinance	31	1615202908	1	\N	\N	0	\N	f	\N	0	\N
19	2	OSlottosch	\N	ruda	ruda	4	folder	762	\N	762	/Vita 1 Medical	31	1615205412	1	\N	\N	0	\N	f	\N	0	\N
20	0	OSlottosch	\N	ruda	ruda	\N	folder	751	\N	751	/TradeFinance	31	1616060866	1	\N	\N	0	\N	f	\N	0	\N
21	0	THof	\N	ruda	ruda	\N	folder	1822	\N	1822	/Thomas Hof	31	1616575522	1	\N	\N	0	\N	f	\N	0	\N
22	0	SDahlhaus	\N	ruda	ruda	\N	folder	2098	\N	2098	/Harz	31	1616665048	1	\N	\N	0	\N	f	\N	0	\N
24	0	MGoemann	\N	ruda	ruda	\N	folder	2098	\N	2098	/Harz	31	1617092349	1	\N	\N	0	\N	f	\N	0	\N
25	0	KSchostag	\N	ruda	ruda	\N	folder	2098	\N	2098	/Harz	31	1617092662	1	\N	\N	0	\N	f	\N	0	\N
26	0	TKlan	\N	ruda	ruda	\N	folder	2098	\N	2098	/Harz	31	1617092672	1	\N	\N	0	\N	f	\N	0	\N
27	3	\N	\N	ruda	THof	21	file	3112	\N	3112	/Malaga Studentenwoningen	17	1617112457	0	\N	FYCYjY6E9YaqCB5	0	\N	f	\N	0	
28	3	\N	\N	ruda	ruda	\N	folder	3264	\N	3264	/Malaga	17	1617893719	0	\N	SWdkwCypamoLDnG	0	\N	f	\N	0	
29	0	OSlottosch	\N	ruda	ruda	\N	folder	3264	\N	3264	/Malaga	31	1617893723	1	\N	\N	0	\N	f	\N	0	\N
30	0	OSlottosch	\N	ruda	ruda	\N	folder	1822	\N	1822	/Thomas Hof	31	1617966815	1	\N	\N	0	\N	f	\N	0	\N
31	0	OSlottosch	\N	ruda	ruda	\N	file	3342	\N	3342	/Maas Mechelen Belgie.docx	19	1618228349	1	\N	\N	0	\N	f	\N	0	\N
32	0	THof	\N	ruda	ruda	\N	file	3342	\N	3342	/Maas Mechelen Belgie.docx	19	1618228357	1	\N	\N	0	\N	f	\N	0	\N
34	0	Kluge	\N	ruda	ruda	\N	folder	1822	\N	1822	/Thomas Hof	31	1618303301	1	\N	\N	0	\N	f	\N	0	\N
35	0	Zydek	\N	ruda	ruda	\N	folder	2098	\N	2098	/Harz	31	1618472302	1	\N	\N	0	\N	f	\N	0	\N
48	2	simon	\N	ruda	ruda	2	folder	751	\N	751	/TradeFinance	31	1615202908	1	\N	\N	0	\N	f	\N	0	\N
37	0	LBBW	\N	ruda	ruda	\N	folder	1280	\N	1280	/Bank	31	1618845697	1	\N	\N	0	\N	f	\N	0	\N
38	0	LBBW	\N	ruda	ruda	\N	folder	773	\N	773	/BWA	31	1618845728	1	\N	\N	0	\N	f	\N	0	\N
39	0	LBBW	\N	ruda	ruda	\N	folder	774	\N	774	/JA	31	1618845739	1	\N	\N	0	\N	f	\N	0	\N
40	0	LBBW	\N	ruda	ruda	\N	file	2150	\N	2150	/Positiv Liste.xlsx	19	1618845745	1	\N	\N	0	\N	f	\N	0	\N
41	0	LBBW	\N	ruda	ruda	\N	file	2151	\N	2151	/SKM_C30821032515160.pdf	19	1618845759	1	\N	\N	0	\N	f	\N	0	\N
49	2	simon	\N	ruda	ruda	4	folder	762	\N	762	/Vita 1 Medical	31	1615205412	1	\N	\N	0	\N	f	\N	0	\N
45	0	Alsdorf	\N	ruda	ruda	\N	folder	3454	\N	3454	/Bank	31	1618909908	1	\N	\N	0	\N	f	\N	0	\N
46	0	Alsdorf	\N	ruda	ruda	\N	folder	3444	\N	3444	/PPP	31	1618909918	1	\N	\N	0	\N	f	\N	0	\N
47	2	simon	\N	ruda	ruda	8	folder	761	\N	761	/IT-Gesellschaft	31	1615205897	1	\N	\N	0	\N	f	\N	0	\N
50	0	simon	\N	admin	admin	\N	folder	5243	\N	5243	/Test	23	1620670373	1	\N	\N	0	\N	f	please check this folder	0	\N
51	0	simon	\N	ruda	ruda	\N	folder	1822	\N	1822	/Thomas Hof	23	1620676222	1	\N	\N	0	\N	f	\N	0	\N
52	0	simon	\N	ruda	ruda	\N	folder	2098	\N	2098	/Harz	23	1620676240	1	\N	\N	0	\N	f	\N	0	\N
53	0	simon	\N	ruda	ruda	\N	folder	750	\N	750	/WST	23	1620676268	1	\N	\N	0	\N	f	\N	0	\N
54	0	simon	\N	ruda	ruda	\N	folder	761	\N	761	/IT-Gesellschaft	23	1620676277	1	\N	\N	0	\N	f	\N	0	\N
55	0	aguenther	\N	ruda	ruda	\N	folder	3264	\N	3264	/Malaga	23	1621588138	1	\N	\N	0	\N	f	\N	0	\N
\.


--
-- Data for Name: oc_share_external; Type: TABLE DATA; Schema: public; Owner: oc_admin
--

COPY public.oc_share_external (id, parent, share_type, remote, remote_id, share_token, password, name, owner, "user", mountpoint, mountpoint_hash, accepted) FROM stdin;
\.


--
-- Data for Name: oc_storages; Type: TABLE DATA; Schema: public; Owner: oc_admin
--

COPY public.oc_storages (numeric_id, id, available, last_checked) FROM stdin;
1	local::/var/www/html/data/	1	\N
2	home::admin	1	\N
3	home::marcel	1	\N
4	home::ruda	1	\N
5	home::spacher	1	\N
6	home::aguenther	1	\N
7	home::frantzen	1	\N
8	home::schmidt	1	\N
9	home::alemm	1	\N
10	home::bhemp	1	\N
11	home::tkirmess	1	\N
12	home::OSlottosch	1	\N
13	home::THof	1	\N
14	home::SDahlhaus	1	\N
15	home::TBakker	1	\N
16	home::FPor	1	\N
17	home::AVWal	1	\N
18	home::MGoemann	1	\N
19	home::TKlan	1	\N
20	home::KSchostag	1	\N
21	home::simon	1	\N
22	home::Orke	1	\N
23	home::Kluge	1	\N
24	home::Zydek	1	\N
25	home::LBBW	1	\N
26	home::Alsdorf	1	\N
\.


--
-- Data for Name: oc_storages_credentials; Type: TABLE DATA; Schema: public; Owner: oc_admin
--

COPY public.oc_storages_credentials (id, "user", identifier, credentials) FROM stdin;
\.


--
-- Data for Name: oc_systemtag; Type: TABLE DATA; Schema: public; Owner: oc_admin
--

COPY public.oc_systemtag (id, name, visibility, editable) FROM stdin;
\.


--
-- Data for Name: oc_systemtag_group; Type: TABLE DATA; Schema: public; Owner: oc_admin
--

COPY public.oc_systemtag_group (systemtagid, gid) FROM stdin;
\.


--
-- Data for Name: oc_systemtag_object_mapping; Type: TABLE DATA; Schema: public; Owner: oc_admin
--

COPY public.oc_systemtag_object_mapping (objectid, objecttype, systemtagid) FROM stdin;
\.


--
-- Data for Name: oc_talk_attendees; Type: TABLE DATA; Schema: public; Owner: oc_admin
--

COPY public.oc_talk_attendees (id, room_id, actor_type, actor_id, display_name, pin, participant_type, favorite, notification_level, last_joined_call, last_read_message, last_mention_message, read_privacy) FROM stdin;
2	2	users	ruda		\N	3	f	0	0	0	0	0
1	1	users	admin		\N	3	f	0	0	28	0	0
3	3	users	aguenther		\N	3	f	0	0	0	0	0
4	4	users	spacher		\N	3	f	0	0	112	0	0
5	5	users	alemm		\N	3	f	0	0	0	0	0
6	6	users	bhemp		\N	3	f	0	0	0	0	0
7	7	users	OSlottosch		\N	3	f	0	0	0	0	0
8	8	users	FPor		\N	3	f	0	0	0	0	0
9	9	users	THof		\N	3	f	0	0	0	0	0
11	15	users	admin		\N	1	f	0	0	285	0	0
12	15	users	simon		\N	1	f	0	0	285	0	0
10	11	users	simon		\N	3	f	0	0	281	0	0
\.


--
-- Data for Name: oc_talk_bridges; Type: TABLE DATA; Schema: public; Owner: oc_admin
--

COPY public.oc_talk_bridges (id, room_id, json_values, enabled, pid) FROM stdin;
\.


--
-- Data for Name: oc_talk_commands; Type: TABLE DATA; Schema: public; Owner: oc_admin
--

COPY public.oc_talk_commands (id, app, name, command, script, response, enabled) FROM stdin;
1		talk	help	help	1	3
\.


--
-- Data for Name: oc_talk_guestnames; Type: TABLE DATA; Schema: public; Owner: oc_admin
--

COPY public.oc_talk_guestnames (id, session_hash, display_name) FROM stdin;
\.


--
-- Data for Name: oc_talk_internalsignaling; Type: TABLE DATA; Schema: public; Owner: oc_admin
--

COPY public.oc_talk_internalsignaling (id, sender, recipient, message, "timestamp") FROM stdin;
4	6nzyY1tm7b1Rhe9lWXoDXi/tK2QXYtASQjEIP4FJSjmozlbdbm5rf+ZnS8k7lazNLMflsYOY0luCFNaFEfYKu72ZvkQEOKKSbX8qK+667R+Ocp3Zwex+28v6+k1GXevcXJDTZUUC2G6vRbf+gSalI4UgMMnrFf1J+H9ZCZW/x29WRVQmRvmStVOnVCLty9puB3uD+sh9BjFqDn/b1Brfx0CDHHJU4fJn0rVg9qo5VMEmtjhDv0aVPJ0lnbD9vzS	6nzyY1tm7b1Rhe9lWXoDXi/tK2QXYtASQjEIP4FJSjmozlbdbm5rf+ZnS8k7lazNLMflsYOY0luCFNaFEfYKu72ZvkQEOKKSbX8qK+667R+Ocp3Zwex+28v6+k1GXevcXJDTZUUC2G6vRbf+gSalI4UgMMnrFf1J+H9ZCZW/x29WRVQmRvmStVOnVCLty9puB3uD+sh9BjFqDn/b1Brfx0CDHHJU4fJn0rVg9qo5VMEmtjhDv0aVPJ0lnbD9vzS	refresh-participant-list	1620670205
\.


--
-- Data for Name: oc_talk_rooms; Type: TABLE DATA; Schema: public; Owner: oc_admin
--

COPY public.oc_talk_rooms (id, name, token, type, password, active_since, active_guests, last_activity, last_message, object_type, object_id, read_only, lobby_state, lobby_timer, assigned_hpb, sip_enabled, description, listable, call_flag) FROM stdin;
10	Maas Mechelen Belgie.docx	7tima8g8	3		\N	0	2021-04-12 11:52:22	253	file	3342	0	0	\N	\N	0		0	0
11	simon	tdipsvis	4		\N	0	2021-04-13 06:58:47	281			1	0	\N	\N	0		0	0
12	Positiv Liste.xlsx	m2iwc96v	3		\N	0	2021-04-19 15:22:22	282	file	2150	0	0	\N	\N	0		0	0
13	SKM_C30821032515160.pdf	hqyydc7g	3		\N	0	2021-04-19 15:22:29	283	file	2151	0	0	\N	\N	0		0	0
14	LOI RK.pdf	n59zfh3t	3		\N	0	2021-04-20 09:12:02	284	file	3001	0	0	\N	\N	0		0	0
15	["admin","simon"]	tm3dsett	1		\N	0	2021-05-10 18:03:39	285			0	0	\N	\N	0		0	0
1	admin	k8sudgvh	4		\N	0	2021-02-24 18:01:15	28			1	0	\N	\N	0		0	0
2	ruda	drz4m8ty	4		\N	0	2021-02-25 10:30:44	56			1	0	\N	\N	0		0	0
3	aguenther	837o9jbk	4		\N	0	2021-03-08 13:20:14	84			1	0	\N	\N	0		0	0
4	spacher	i7unr2rt	4		\N	0	2021-03-08 17:07:35	112			1	0	\N	\N	0		0	0
5	alemm	nsq27vht	4		\N	0	2021-03-16 11:04:33	140			1	0	\N	\N	0		0	0
6	bhemp	s3ve7xzb	4		\N	0	2021-03-17 16:25:38	168			1	0	\N	\N	0		0	0
7	OSlottosch	tb7t7fjt	4		\N	0	2021-03-18 10:01:16	196			1	0	\N	\N	0		0	0
8	FPor	iw53tsdb	4		\N	0	2021-03-29 11:14:05	224			1	0	\N	\N	0		0	0
9	THof	7qie5vja	4		\N	0	2021-03-29 20:53:43	252			1	0	\N	\N	0		0	0
\.


--
-- Data for Name: oc_talk_sessions; Type: TABLE DATA; Schema: public; Owner: oc_admin
--

COPY public.oc_talk_sessions (id, attendee_id, session_id, in_call, last_ping) FROM stdin;
1	1	yD/BtRu6QNUtUcsI1j2gZ/xmQzNoNjE5BbUFIYteTW6hihuF89gtd+7X8MOMdcUQxfrxTHezn9o2a3I8HfWENlLnFGFxWMozMWSkhdAKo+TsCy7ZI2OJ1+X0U29Hol6wPsS3PJID7Bcseb6y1CQNj5PvNHTykFloyFM2joSFUtIA8jryF/rHU02YBFwFUKhljV7S8omRtEmQiSoF5iK63iV6OePjefzqyK0O5y2vc6xDaQDiH49TTN2A+SzSG2B	0	1614610105
2	4	yLtwF3vhjSL2PfoybwL7legZvUCgIx3JoDLi4HOgebvOJFCggk0c+6ckd1BV6JUNJfe7PVyfNrm3PzJwgIBdVjR9ye+e2lgfCKKRGXlRLSH0Yqed2mdcMl3mlOxFGE4D4LJIm17TB10eWDtb+50mp+4mIq9iDJA11YzXrLy/hisG95HDcnRfF0Igrmah5LMyKdsMOHLfsr0/XD2FdjLWEVTQGJ6+hwU0Nv42A8GePAenMOC9wN2o7QYLWNwkRqU	0	1615223284
6	12	dYP7J1VlgOYrtJ7EqR7OziHJEv/ijs3Ew7tfCokAlyBlC+kwntIAPAKGOhEGeQ/tele6FAJ65xNM1r1EXww9/o/HtITUO8E+vqfLvh9BiFp5EO4AYdyGQhkA3egbcgLmp9N5OuDz8FmcMecCeJVQ/Lj5A7a2RhzuI0mAQE5TyM1oVpUKJ4k5aobKhPb0vsV76jEIMCqaXGRK99cLgq/QSOFmSVrXxucPFG/fgMsRJQDAzVKCpPVyw6d/4OJaRce	0	1623941893
\.


--
-- Data for Name: oc_text_documents; Type: TABLE DATA; Schema: public; Owner: oc_admin
--

COPY public.oc_text_documents (id, current_version, last_saved_version, last_saved_version_time, last_saved_version_etag, base_version_etag) FROM stdin;
3838	0	0	1618298701	e4c3d4c182f3a539f836788771aa4afd	e4c3d4c182f3a539f836788771aa4afd
5404	0	0	1623752765	0c1a47d54df70f0380981d1f396def61	0c1a47d54df70f0380981d1f396def61
\.


--
-- Data for Name: oc_text_sessions; Type: TABLE DATA; Schema: public; Owner: oc_admin
--

COPY public.oc_text_sessions (id, user_id, guest_name, color, token, document_id, last_contact) FROM stdin;
138	admin	\N	#d09e6d	nQnJEoqGGRif8uu2i3v75sVc+tbQiKFj5ct1BW8X5MRxLx+iz3fmB6ycynnw+WUi	5404	1623752772
124	THof	\N	#b6469d	2OrHJwcQGLbo8zEPVh600pFVkqmMz31mtMJtmIrbukv59CKFKZHDFMC2gmq3DD1W	3838	1620813002
\.


--
-- Data for Name: oc_text_steps; Type: TABLE DATA; Schema: public; Owner: oc_admin
--

COPY public.oc_text_steps (id, document_id, session_id, data, version) FROM stdin;
\.


--
-- Data for Name: oc_trusted_servers; Type: TABLE DATA; Schema: public; Owner: oc_admin
--

COPY public.oc_trusted_servers (id, url, url_hash, token, shared_secret, status, sync_token) FROM stdin;
\.


--
-- Data for Name: oc_twofactor_backupcodes; Type: TABLE DATA; Schema: public; Owner: oc_admin
--

COPY public.oc_twofactor_backupcodes (id, user_id, code, used) FROM stdin;
\.


--
-- Data for Name: oc_twofactor_providers; Type: TABLE DATA; Schema: public; Owner: oc_admin
--

COPY public.oc_twofactor_providers (provider_id, uid, enabled) FROM stdin;
backup_codes	admin	0
backup_codes	ruda	0
backup_codes	aguenther	0
backup_codes	spacher	0
backup_codes	schmidt	0
backup_codes	alemm	0
backup_codes	bhemp	0
backup_codes	OSlottosch	0
backup_codes	tkirmess	0
backup_codes	THof	0
backup_codes	TBakker	0
backup_codes	SDahlhaus	0
backup_codes	FPor	0
backup_codes	AVWal	0
backup_codes	TKlan	0
backup_codes	MGoemann	0
backup_codes	simon	0
backup_codes	Orke	0
backup_codes	Kluge	0
backup_codes	Zydek	0
backup_codes	LBBW	0
backup_codes	Alsdorf	0
\.


--
-- Data for Name: oc_user_status; Type: TABLE DATA; Schema: public; Owner: oc_admin
--

COPY public.oc_user_status (id, user_id, status, status_timestamp, is_user_defined, message_id, custom_icon, custom_message, clear_at) FROM stdin;
17	simon	invisible	1618299386	t	\N	\N	\N	\N
20	Zydek	offline	1620676235	f	\N	\N	\N	\N
1	admin	away	1623975056	f	\N	\N	\N	\N
2	ruda	offline	1624045967	f	\N	\N	\N	\N
11	TBakker	offline	1620669800	f	\N	\N	\N	\N
5	schmidt	offline	1622908912	f	\N	\N	\N	\N
3	aguenther	away	1622121393	f	\N	\N	\N	\N
8	OSlottosch	offline	1623750909	f	\N	\N	\N	\N
9	tkirmess	offline	1621588131	f	\N	\N	\N	\N
19	Kluge	offline	1621588135	f	\N	\N	\N	\N
22	Alsdorf	offline	1621588135	f	\N	\N	\N	\N
21	LBBW	offline	1623750909	f	\N	\N	\N	\N
12	SDahlhaus	offline	1621588135	f	\N	\N	\N	\N
10	THof	offline	1623750909	f	\N	\N	\N	\N
16	MGoemann	offline	1621588135	f	\N	\N	\N	\N
15	TKlan	offline	1621588135	f	\N	\N	\N	\N
13	FPor	offline	1621588135	f	\N	\N	\N	\N
4	spacher	offline	1621588135	f	\N	\N	\N	\N
6	alemm	offline	1621588135	f	\N	\N	\N	\N
18	Orke	offline	1621588135	f	\N	\N	\N	\N
7	bhemp	offline	1621588135	f	\N	\N	\N	\N
14	AVWal	offline	1621588135	f	\N	\N	\N	\N
\.


--
-- Data for Name: oc_user_transfer_owner; Type: TABLE DATA; Schema: public; Owner: oc_admin
--

COPY public.oc_user_transfer_owner (id, source_user, target_user, file_id, node_name) FROM stdin;
\.


--
-- Data for Name: oc_users; Type: TABLE DATA; Schema: public; Owner: oc_admin
--

COPY public.oc_users (uid, displayname, password, uid_lower) FROM stdin;
admin	\N	3|$argon2id$v=19$m=65536,t=4,p=1$Qzl0d3V3YUdiYTR2Q0Z5aQ$za501tK57ViLot1QvJiogNRQiVL8WaMAOs5KP2SOPhI	admin
Alsdorf	\N	3|$argon2id$v=19$m=65536,t=4,p=1$UnNvaWxueE5BTEYySGI4Qw$4lqi0CUnnGmjPp4xmrHSKo7wvOTFIHdBzBKTryAewvs	alsdorf
OSlottosch	Oliver Slottosch	3|$argon2id$v=19$m=65536,t=4,p=1$OC4wbGlXYWRtNHp3YnJlSA$z6nKJhCnxA08dcBeQdjWdKHe7QBN056MBiYRfUVXWfE	oslottosch
ruda	Till Ruda	3|$argon2id$v=19$m=65536,t=4,p=1$dnU3M1Z1Z3FQUTV6M2xsNQ$oCAh1wqv+L8MJuvqqUFSxCUJ4dXda+FH/5R15TPid34	ruda
marcel	Marcel Donges	3|$argon2id$v=19$m=65536,t=4,p=1$RUN2d0pjdVFNT3d4enVPRQ$e4vSKWFyZrrufmMkABx/3n3TITq7IBOEG+Wd5AgpiG8	marcel
spacher	Sebastian Pacher	3|$argon2id$v=19$m=65536,t=4,p=1$VlgvdXJFZkdiNG9ZbVQ1Sg$K7v8wCAI4ov6uUU8KnvwmOIkLmkb619zNb1I9RfZRCc	spacher
aguenther	Adrian Günther	3|$argon2id$v=19$m=65536,t=4,p=1$MEFab1VCT0Zsbzh0MnUxcQ$b7j4Jg++AkXsw2aV4cOUlcr30lJ2aXN4Dh4UXaQPXLc	aguenther
frantzen	Heiko Frantzen	3|$argon2id$v=19$m=65536,t=4,p=1$UHJIbXdxRzcuSTNOb0ZYcg$6ZDMdyMUeW4faL0djeRuttoGSEyIayED1lqRR8NNDUo	frantzen
schmidt	Rudolf Schmidt	3|$argon2id$v=19$m=65536,t=4,p=1$ZkxkRFNBTzZzM1hJRFNQTA$T/I0vlg4VfOJGn38v9i3ELXqxDUwELL5Kp2EHt9mz3I	schmidt
alemm	Artur Lemm	3|$argon2id$v=19$m=65536,t=4,p=1$cDZaaVN5WloxSTBJOXFFQQ$Fjn/Joq9zthNL2YZi3V8GJqyIRTNMh1xsDdQe2xClQw	alemm
bhemp	Björn Hemp	3|$argon2id$v=19$m=65536,t=4,p=1$U09IaGVESHR5aTAwdE5VUw$zj1BP1kCYioetVqlWcSmsAf/1V1PWc/Ky+bedmJ2BY0	bhemp
tkirmess	Thibaut Kirmes	3|$argon2id$v=19$m=65536,t=4,p=1$ZWhrYlcxcWNVdUE0U0xYNA$qH9TtvDDBSXlDjqkwrxvyVLnNLiEns59BJCDDGfDkRM	tkirmess
THof	Thomas Hof	3|$argon2id$v=19$m=65536,t=4,p=1$L0prWTRTMWRZeVNVWmxXMQ$RT61C2FmWY+0IE/mqzFxeT25SJuOAyOyCZfvqAOUQ8M	thof
SDahlhaus	Sebastian Dahlhaus	3|$argon2id$v=19$m=65536,t=4,p=1$Q2hPRm5LTVBhMDVmejY3eA$DG5LHK939knW5EZW1GrZZk11s473O2CH42jLaX3UDlo	sdahlhaus
TBakker	Trom Bakker	3|$argon2id$v=19$m=65536,t=4,p=1$MWg4VXcvYk45UVd3MW5DTw$Lw1LAEXzQ6GExYlo3oQ/PBhjGBlisJz3cxlSO0TtFds	tbakker
FPor	Frieso Por	3|$argon2id$v=19$m=65536,t=4,p=1$VjJISW5jRks5NnlHSWlJcA$ANAxQylbt0pQZJzXZ1qKRAMHBHrlPx/ICipwTFKDyuU	fpor
AVWal	Aalder van der Wal	3|$argon2id$v=19$m=65536,t=4,p=1$OWM4OTY4cTIvQzhKenM1SA$NUI4zEkT47XNjHPPcZn/FNZWxQYL5sxrgMfmdd6mmOQ	avwal
MGoemann	Marco Gömann	3|$argon2id$v=19$m=65536,t=4,p=1$YVhULlJ4YkpYRUh1QnAxLw$9uOVegR2BwXrWXwLH86fiwX7/2dsfZIrUvYys8SHkbc	mgoemann
TKlan	Thomas Klan	3|$argon2id$v=19$m=65536,t=4,p=1$YzN5N3lzQjk3a3ZKLjJqVg$vqbQCGdsaqS8o0rb1YPWF/iBfJ0RoE/+EnSgjsUvfio	tklan
KSchostag	Kay Schostag	3|$argon2id$v=19$m=65536,t=4,p=1$MG01R0pkdUNrVlRqQ01wdw$WljqCVpNhaaqc+KiIuWJnLsY6tTJ01+PWAUqaYNFBUk	kschostag
simon	Simon Preinl	3|$argon2id$v=19$m=65536,t=4,p=1$eEN3enRPMi4yUElGc2Z4Rw$kldM5hc9Mhaoz7j5xdcIxJZ3GO63W8gx3Nj7pwfWnoQ	simon
Orke	Ali Orke	3|$argon2id$v=19$m=65536,t=4,p=1$cVlyVG5LeUJ5ajVVVHZ1Qw$tZ2I0lee9rfDXgjYNxQEoZrSUDfehoLy8uAuHa29G88	orke
Kluge	Max Kluge	3|$argon2id$v=19$m=65536,t=4,p=1$cFZ1cXQ0eXNKdHdOa3U1Qw$hlJuklgEMl3azEnxcKnIhZBAEKyfwQfjOjagSntjYYs	kluge
Zydek	Janusch Zydek	3|$argon2id$v=19$m=65536,t=4,p=1$SDR5bFBNcDJibWNUV1Y4eQ$L3EnQjM45wgUR6vWebMFScAFO3n4Po3fczCtMPKWz7w	zydek
LBBW	\N	3|$argon2id$v=19$m=65536,t=4,p=1$b2NpWG5BNGdUU3Vpb29RLw$2+DCg5IzA/Hz+0wmqPaT7rf0CSNjBOzen7lkTPBGISg	lbbw
\.


--
-- Data for Name: oc_vcategory; Type: TABLE DATA; Schema: public; Owner: oc_admin
--

COPY public.oc_vcategory (id, uid, type, category) FROM stdin;
1	THof	files	_$!<Favorite>!$_
2	Orke	files	_$!<Favorite>!$_
\.


--
-- Data for Name: oc_vcategory_to_object; Type: TABLE DATA; Schema: public; Owner: oc_admin
--

COPY public.oc_vcategory_to_object (objid, categoryid, type) FROM stdin;
3003	1	files
3112	1	files
3297	1	files
3445	2	files
\.


--
-- Data for Name: oc_webauthn; Type: TABLE DATA; Schema: public; Owner: oc_admin
--

COPY public.oc_webauthn (id, uid, name, public_key_credential_id, data) FROM stdin;
\.


--
-- Data for Name: oc_whats_new; Type: TABLE DATA; Schema: public; Owner: oc_admin
--

COPY public.oc_whats_new (id, version, etag, last_check, data) FROM stdin;
1	21.0.1	d41d8cd98f00b204e9800998ecf8427e	1620665368	[]
\.


--
-- Name: oc_accounts_data_id_seq; Type: SEQUENCE SET; Schema: public; Owner: oc_admin
--

SELECT pg_catalog.setval('public.oc_accounts_data_id_seq', 432, true);


--
-- Name: oc_activity_activity_id_seq; Type: SEQUENCE SET; Schema: public; Owner: oc_admin
--

SELECT pg_catalog.setval('public.oc_activity_activity_id_seq', 4665, true);


--
-- Name: oc_activity_mq_mail_id_seq; Type: SEQUENCE SET; Schema: public; Owner: oc_admin
--

SELECT pg_catalog.setval('public.oc_activity_mq_mail_id_seq', 41, true);


--
-- Name: oc_addressbookchanges_id_seq; Type: SEQUENCE SET; Schema: public; Owner: oc_admin
--

SELECT pg_catalog.setval('public.oc_addressbookchanges_id_seq', 96, true);


--
-- Name: oc_addressbooks_id_seq; Type: SEQUENCE SET; Schema: public; Owner: oc_admin
--

SELECT pg_catalog.setval('public.oc_addressbooks_id_seq', 23, true);


--
-- Name: oc_authtoken_id_seq; Type: SEQUENCE SET; Schema: public; Owner: oc_admin
--

SELECT pg_catalog.setval('public.oc_authtoken_id_seq', 390, true);


--
-- Name: oc_bruteforce_attempts_id_seq; Type: SEQUENCE SET; Schema: public; Owner: oc_admin
--

SELECT pg_catalog.setval('public.oc_bruteforce_attempts_id_seq', 558, true);


--
-- Name: oc_calendar_invitations_id_seq; Type: SEQUENCE SET; Schema: public; Owner: oc_admin
--

SELECT pg_catalog.setval('public.oc_calendar_invitations_id_seq', 1, false);


--
-- Name: oc_calendar_reminders_id_seq; Type: SEQUENCE SET; Schema: public; Owner: oc_admin
--

SELECT pg_catalog.setval('public.oc_calendar_reminders_id_seq', 1, false);


--
-- Name: oc_calendar_resources_id_seq; Type: SEQUENCE SET; Schema: public; Owner: oc_admin
--

SELECT pg_catalog.setval('public.oc_calendar_resources_id_seq', 1, false);


--
-- Name: oc_calendar_resources_md_id_seq; Type: SEQUENCE SET; Schema: public; Owner: oc_admin
--

SELECT pg_catalog.setval('public.oc_calendar_resources_md_id_seq', 1, false);


--
-- Name: oc_calendar_rooms_id_seq; Type: SEQUENCE SET; Schema: public; Owner: oc_admin
--

SELECT pg_catalog.setval('public.oc_calendar_rooms_id_seq', 1, false);


--
-- Name: oc_calendar_rooms_md_id_seq; Type: SEQUENCE SET; Schema: public; Owner: oc_admin
--

SELECT pg_catalog.setval('public.oc_calendar_rooms_md_id_seq', 1, false);


--
-- Name: oc_calendarchanges_id_seq; Type: SEQUENCE SET; Schema: public; Owner: oc_admin
--

SELECT pg_catalog.setval('public.oc_calendarchanges_id_seq', 9, true);


--
-- Name: oc_calendarobjects_id_seq; Type: SEQUENCE SET; Schema: public; Owner: oc_admin
--

SELECT pg_catalog.setval('public.oc_calendarobjects_id_seq', 1, false);


--
-- Name: oc_calendarobjects_props_id_seq; Type: SEQUENCE SET; Schema: public; Owner: oc_admin
--

SELECT pg_catalog.setval('public.oc_calendarobjects_props_id_seq', 1, false);


--
-- Name: oc_calendars_id_seq; Type: SEQUENCE SET; Schema: public; Owner: oc_admin
--

SELECT pg_catalog.setval('public.oc_calendars_id_seq', 23, true);


--
-- Name: oc_calendarsubscriptions_id_seq; Type: SEQUENCE SET; Schema: public; Owner: oc_admin
--

SELECT pg_catalog.setval('public.oc_calendarsubscriptions_id_seq', 1, false);


--
-- Name: oc_cards_id_seq; Type: SEQUENCE SET; Schema: public; Owner: oc_admin
--

SELECT pg_catalog.setval('public.oc_cards_id_seq', 24, true);


--
-- Name: oc_cards_properties_id_seq; Type: SEQUENCE SET; Schema: public; Owner: oc_admin
--

SELECT pg_catalog.setval('public.oc_cards_properties_id_seq', 397, true);


--
-- Name: oc_collres_collections_id_seq; Type: SEQUENCE SET; Schema: public; Owner: oc_admin
--

SELECT pg_catalog.setval('public.oc_collres_collections_id_seq', 1, false);


--
-- Name: oc_comments_id_seq; Type: SEQUENCE SET; Schema: public; Owner: oc_admin
--

SELECT pg_catalog.setval('public.oc_comments_id_seq', 285, true);


--
-- Name: oc_dav_cal_proxy_id_seq; Type: SEQUENCE SET; Schema: public; Owner: oc_admin
--

SELECT pg_catalog.setval('public.oc_dav_cal_proxy_id_seq', 1, false);


--
-- Name: oc_dav_shares_id_seq; Type: SEQUENCE SET; Schema: public; Owner: oc_admin
--

SELECT pg_catalog.setval('public.oc_dav_shares_id_seq', 1, false);


--
-- Name: oc_direct_edit_id_seq; Type: SEQUENCE SET; Schema: public; Owner: oc_admin
--

SELECT pg_catalog.setval('public.oc_direct_edit_id_seq', 1, false);


--
-- Name: oc_directlink_id_seq; Type: SEQUENCE SET; Schema: public; Owner: oc_admin
--

SELECT pg_catalog.setval('public.oc_directlink_id_seq', 1, false);


--
-- Name: oc_file_locks_id_seq; Type: SEQUENCE SET; Schema: public; Owner: oc_admin
--

SELECT pg_catalog.setval('public.oc_file_locks_id_seq', 19268, true);


--
-- Name: oc_filecache_fileid_seq; Type: SEQUENCE SET; Schema: public; Owner: oc_admin
--

SELECT pg_catalog.setval('public.oc_filecache_fileid_seq', 5432, true);


--
-- Name: oc_files_trash_auto_id_seq; Type: SEQUENCE SET; Schema: public; Owner: oc_admin
--

SELECT pg_catalog.setval('public.oc_files_trash_auto_id_seq', 35, true);


--
-- Name: oc_flow_checks_id_seq; Type: SEQUENCE SET; Schema: public; Owner: oc_admin
--

SELECT pg_catalog.setval('public.oc_flow_checks_id_seq', 1, false);


--
-- Name: oc_flow_operations_id_seq; Type: SEQUENCE SET; Schema: public; Owner: oc_admin
--

SELECT pg_catalog.setval('public.oc_flow_operations_id_seq', 1, false);


--
-- Name: oc_flow_operations_scope_id_seq; Type: SEQUENCE SET; Schema: public; Owner: oc_admin
--

SELECT pg_catalog.setval('public.oc_flow_operations_scope_id_seq', 1, false);


--
-- Name: oc_group_folders_acl_acl_id_seq; Type: SEQUENCE SET; Schema: public; Owner: oc_admin
--

SELECT pg_catalog.setval('public.oc_group_folders_acl_acl_id_seq', 1, false);


--
-- Name: oc_group_folders_folder_id_seq; Type: SEQUENCE SET; Schema: public; Owner: oc_admin
--

SELECT pg_catalog.setval('public.oc_group_folders_folder_id_seq', 1, false);


--
-- Name: oc_group_folders_groups_applicable_id_seq; Type: SEQUENCE SET; Schema: public; Owner: oc_admin
--

SELECT pg_catalog.setval('public.oc_group_folders_groups_applicable_id_seq', 1, false);


--
-- Name: oc_group_folders_trash_trash_id_seq; Type: SEQUENCE SET; Schema: public; Owner: oc_admin
--

SELECT pg_catalog.setval('public.oc_group_folders_trash_trash_id_seq', 1, false);


--
-- Name: oc_jobs_id_seq; Type: SEQUENCE SET; Schema: public; Owner: oc_admin
--

SELECT pg_catalog.setval('public.oc_jobs_id_seq', 365, true);


--
-- Name: oc_login_flow_v2_id_seq; Type: SEQUENCE SET; Schema: public; Owner: oc_admin
--

SELECT pg_catalog.setval('public.oc_login_flow_v2_id_seq', 4, true);


--
-- Name: oc_mail_accounts_id_seq; Type: SEQUENCE SET; Schema: public; Owner: oc_admin
--

SELECT pg_catalog.setval('public.oc_mail_accounts_id_seq', 1, false);


--
-- Name: oc_mail_aliases_id_seq; Type: SEQUENCE SET; Schema: public; Owner: oc_admin
--

SELECT pg_catalog.setval('public.oc_mail_aliases_id_seq', 1, false);


--
-- Name: oc_mail_attachments_id_seq; Type: SEQUENCE SET; Schema: public; Owner: oc_admin
--

SELECT pg_catalog.setval('public.oc_mail_attachments_id_seq', 1, false);


--
-- Name: oc_mail_classifiers_id_seq; Type: SEQUENCE SET; Schema: public; Owner: oc_admin
--

SELECT pg_catalog.setval('public.oc_mail_classifiers_id_seq', 1, false);


--
-- Name: oc_mail_coll_addresses_id_seq; Type: SEQUENCE SET; Schema: public; Owner: oc_admin
--

SELECT pg_catalog.setval('public.oc_mail_coll_addresses_id_seq', 1, false);


--
-- Name: oc_mail_mailboxes_id_seq; Type: SEQUENCE SET; Schema: public; Owner: oc_admin
--

SELECT pg_catalog.setval('public.oc_mail_mailboxes_id_seq', 1, false);


--
-- Name: oc_mail_messages_id_seq; Type: SEQUENCE SET; Schema: public; Owner: oc_admin
--

SELECT pg_catalog.setval('public.oc_mail_messages_id_seq', 1, false);


--
-- Name: oc_mail_recipients_id_seq; Type: SEQUENCE SET; Schema: public; Owner: oc_admin
--

SELECT pg_catalog.setval('public.oc_mail_recipients_id_seq', 1, false);


--
-- Name: oc_mail_trusted_senders_id_seq; Type: SEQUENCE SET; Schema: public; Owner: oc_admin
--

SELECT pg_catalog.setval('public.oc_mail_trusted_senders_id_seq', 1, false);


--
-- Name: oc_mimetypes_id_seq; Type: SEQUENCE SET; Schema: public; Owner: oc_admin
--

SELECT pg_catalog.setval('public.oc_mimetypes_id_seq', 33, true);


--
-- Name: oc_mounts_id_seq; Type: SEQUENCE SET; Schema: public; Owner: oc_admin
--

SELECT pg_catalog.setval('public.oc_mounts_id_seq', 67, true);


--
-- Name: oc_notifications_notification_id_seq; Type: SEQUENCE SET; Schema: public; Owner: oc_admin
--

SELECT pg_catalog.setval('public.oc_notifications_notification_id_seq', 181, true);


--
-- Name: oc_oauth2_access_tokens_id_seq; Type: SEQUENCE SET; Schema: public; Owner: oc_admin
--

SELECT pg_catalog.setval('public.oc_oauth2_access_tokens_id_seq', 1, false);


--
-- Name: oc_oauth2_clients_id_seq; Type: SEQUENCE SET; Schema: public; Owner: oc_admin
--

SELECT pg_catalog.setval('public.oc_oauth2_clients_id_seq', 1, false);


--
-- Name: oc_privacy_admins_id_seq; Type: SEQUENCE SET; Schema: public; Owner: oc_admin
--

SELECT pg_catalog.setval('public.oc_privacy_admins_id_seq', 1, false);


--
-- Name: oc_properties_id_seq; Type: SEQUENCE SET; Schema: public; Owner: oc_admin
--

SELECT pg_catalog.setval('public.oc_properties_id_seq', 1, false);


--
-- Name: oc_recent_contact_id_seq; Type: SEQUENCE SET; Schema: public; Owner: oc_admin
--

SELECT pg_catalog.setval('public.oc_recent_contact_id_seq', 18, true);


--
-- Name: oc_richdocuments_assets_id_seq; Type: SEQUENCE SET; Schema: public; Owner: oc_admin
--

SELECT pg_catalog.setval('public.oc_richdocuments_assets_id_seq', 1, false);


--
-- Name: oc_richdocuments_direct_id_seq; Type: SEQUENCE SET; Schema: public; Owner: oc_admin
--

SELECT pg_catalog.setval('public.oc_richdocuments_direct_id_seq', 1, false);


--
-- Name: oc_richdocuments_wopi_id_seq; Type: SEQUENCE SET; Schema: public; Owner: oc_admin
--

SELECT pg_catalog.setval('public.oc_richdocuments_wopi_id_seq', 3, true);


--
-- Name: oc_schedulingobjects_id_seq; Type: SEQUENCE SET; Schema: public; Owner: oc_admin
--

SELECT pg_catalog.setval('public.oc_schedulingobjects_id_seq', 1, false);


--
-- Name: oc_share_external_id_seq; Type: SEQUENCE SET; Schema: public; Owner: oc_admin
--

SELECT pg_catalog.setval('public.oc_share_external_id_seq', 1, false);


--
-- Name: oc_share_id_seq; Type: SEQUENCE SET; Schema: public; Owner: oc_admin
--

SELECT pg_catalog.setval('public.oc_share_id_seq', 55, true);


--
-- Name: oc_storages_credentials_id_seq; Type: SEQUENCE SET; Schema: public; Owner: oc_admin
--

SELECT pg_catalog.setval('public.oc_storages_credentials_id_seq', 1, false);


--
-- Name: oc_storages_numeric_id_seq; Type: SEQUENCE SET; Schema: public; Owner: oc_admin
--

SELECT pg_catalog.setval('public.oc_storages_numeric_id_seq', 26, true);


--
-- Name: oc_systemtag_id_seq; Type: SEQUENCE SET; Schema: public; Owner: oc_admin
--

SELECT pg_catalog.setval('public.oc_systemtag_id_seq', 1, false);


--
-- Name: oc_talk_attendees_id_seq; Type: SEQUENCE SET; Schema: public; Owner: oc_admin
--

SELECT pg_catalog.setval('public.oc_talk_attendees_id_seq', 12, true);


--
-- Name: oc_talk_bridges_id_seq; Type: SEQUENCE SET; Schema: public; Owner: oc_admin
--

SELECT pg_catalog.setval('public.oc_talk_bridges_id_seq', 1, false);


--
-- Name: oc_talk_commands_id_seq; Type: SEQUENCE SET; Schema: public; Owner: oc_admin
--

SELECT pg_catalog.setval('public.oc_talk_commands_id_seq', 1, true);


--
-- Name: oc_talk_guestnames_id_seq; Type: SEQUENCE SET; Schema: public; Owner: oc_admin
--

SELECT pg_catalog.setval('public.oc_talk_guestnames_id_seq', 1, false);


--
-- Name: oc_talk_internalsignaling_id_seq; Type: SEQUENCE SET; Schema: public; Owner: oc_admin
--

SELECT pg_catalog.setval('public.oc_talk_internalsignaling_id_seq', 9, true);


--
-- Name: oc_talk_rooms_id_seq; Type: SEQUENCE SET; Schema: public; Owner: oc_admin
--

SELECT pg_catalog.setval('public.oc_talk_rooms_id_seq', 15, true);


--
-- Name: oc_talk_sessions_id_seq; Type: SEQUENCE SET; Schema: public; Owner: oc_admin
--

SELECT pg_catalog.setval('public.oc_talk_sessions_id_seq', 6, true);


--
-- Name: oc_text_sessions_id_seq; Type: SEQUENCE SET; Schema: public; Owner: oc_admin
--

SELECT pg_catalog.setval('public.oc_text_sessions_id_seq', 139, true);


--
-- Name: oc_text_steps_id_seq; Type: SEQUENCE SET; Schema: public; Owner: oc_admin
--

SELECT pg_catalog.setval('public.oc_text_steps_id_seq', 47, true);


--
-- Name: oc_trusted_servers_id_seq; Type: SEQUENCE SET; Schema: public; Owner: oc_admin
--

SELECT pg_catalog.setval('public.oc_trusted_servers_id_seq', 1, false);


--
-- Name: oc_twofactor_backupcodes_id_seq; Type: SEQUENCE SET; Schema: public; Owner: oc_admin
--

SELECT pg_catalog.setval('public.oc_twofactor_backupcodes_id_seq', 1, false);


--
-- Name: oc_user_status_id_seq; Type: SEQUENCE SET; Schema: public; Owner: oc_admin
--

SELECT pg_catalog.setval('public.oc_user_status_id_seq', 22, true);


--
-- Name: oc_user_transfer_owner_id_seq; Type: SEQUENCE SET; Schema: public; Owner: oc_admin
--

SELECT pg_catalog.setval('public.oc_user_transfer_owner_id_seq', 1, false);


--
-- Name: oc_vcategory_id_seq; Type: SEQUENCE SET; Schema: public; Owner: oc_admin
--

SELECT pg_catalog.setval('public.oc_vcategory_id_seq', 2, true);


--
-- Name: oc_webauthn_id_seq; Type: SEQUENCE SET; Schema: public; Owner: oc_admin
--

SELECT pg_catalog.setval('public.oc_webauthn_id_seq', 1, false);


--
-- Name: oc_whats_new_id_seq; Type: SEQUENCE SET; Schema: public; Owner: oc_admin
--

SELECT pg_catalog.setval('public.oc_whats_new_id_seq', 1, true);


--
-- Name: oc_accounts_data oc_accounts_data_pkey; Type: CONSTRAINT; Schema: public; Owner: oc_admin
--

ALTER TABLE ONLY public.oc_accounts_data
    ADD CONSTRAINT oc_accounts_data_pkey PRIMARY KEY (id);


--
-- Name: oc_accounts oc_accounts_pkey; Type: CONSTRAINT; Schema: public; Owner: oc_admin
--

ALTER TABLE ONLY public.oc_accounts
    ADD CONSTRAINT oc_accounts_pkey PRIMARY KEY (uid);


--
-- Name: oc_activity_mq oc_activity_mq_pkey; Type: CONSTRAINT; Schema: public; Owner: oc_admin
--

ALTER TABLE ONLY public.oc_activity_mq
    ADD CONSTRAINT oc_activity_mq_pkey PRIMARY KEY (mail_id);


--
-- Name: oc_activity oc_activity_pkey; Type: CONSTRAINT; Schema: public; Owner: oc_admin
--

ALTER TABLE ONLY public.oc_activity
    ADD CONSTRAINT oc_activity_pkey PRIMARY KEY (activity_id);


--
-- Name: oc_addressbookchanges oc_addressbookchanges_pkey; Type: CONSTRAINT; Schema: public; Owner: oc_admin
--

ALTER TABLE ONLY public.oc_addressbookchanges
    ADD CONSTRAINT oc_addressbookchanges_pkey PRIMARY KEY (id);


--
-- Name: oc_addressbooks oc_addressbooks_pkey; Type: CONSTRAINT; Schema: public; Owner: oc_admin
--

ALTER TABLE ONLY public.oc_addressbooks
    ADD CONSTRAINT oc_addressbooks_pkey PRIMARY KEY (id);


--
-- Name: oc_appconfig oc_appconfig_pkey; Type: CONSTRAINT; Schema: public; Owner: oc_admin
--

ALTER TABLE ONLY public.oc_appconfig
    ADD CONSTRAINT oc_appconfig_pkey PRIMARY KEY (appid, configkey);


--
-- Name: oc_authtoken oc_authtoken_pkey; Type: CONSTRAINT; Schema: public; Owner: oc_admin
--

ALTER TABLE ONLY public.oc_authtoken
    ADD CONSTRAINT oc_authtoken_pkey PRIMARY KEY (id);


--
-- Name: oc_bruteforce_attempts oc_bruteforce_attempts_pkey; Type: CONSTRAINT; Schema: public; Owner: oc_admin
--

ALTER TABLE ONLY public.oc_bruteforce_attempts
    ADD CONSTRAINT oc_bruteforce_attempts_pkey PRIMARY KEY (id);


--
-- Name: oc_calendar_invitations oc_calendar_invitations_pkey; Type: CONSTRAINT; Schema: public; Owner: oc_admin
--

ALTER TABLE ONLY public.oc_calendar_invitations
    ADD CONSTRAINT oc_calendar_invitations_pkey PRIMARY KEY (id);


--
-- Name: oc_calendar_reminders oc_calendar_reminders_pkey; Type: CONSTRAINT; Schema: public; Owner: oc_admin
--

ALTER TABLE ONLY public.oc_calendar_reminders
    ADD CONSTRAINT oc_calendar_reminders_pkey PRIMARY KEY (id);


--
-- Name: oc_calendar_resources_md oc_calendar_resources_md_pkey; Type: CONSTRAINT; Schema: public; Owner: oc_admin
--

ALTER TABLE ONLY public.oc_calendar_resources_md
    ADD CONSTRAINT oc_calendar_resources_md_pkey PRIMARY KEY (id);


--
-- Name: oc_calendar_resources oc_calendar_resources_pkey; Type: CONSTRAINT; Schema: public; Owner: oc_admin
--

ALTER TABLE ONLY public.oc_calendar_resources
    ADD CONSTRAINT oc_calendar_resources_pkey PRIMARY KEY (id);


--
-- Name: oc_calendar_rooms_md oc_calendar_rooms_md_pkey; Type: CONSTRAINT; Schema: public; Owner: oc_admin
--

ALTER TABLE ONLY public.oc_calendar_rooms_md
    ADD CONSTRAINT oc_calendar_rooms_md_pkey PRIMARY KEY (id);


--
-- Name: oc_calendar_rooms oc_calendar_rooms_pkey; Type: CONSTRAINT; Schema: public; Owner: oc_admin
--

ALTER TABLE ONLY public.oc_calendar_rooms
    ADD CONSTRAINT oc_calendar_rooms_pkey PRIMARY KEY (id);


--
-- Name: oc_calendarchanges oc_calendarchanges_pkey; Type: CONSTRAINT; Schema: public; Owner: oc_admin
--

ALTER TABLE ONLY public.oc_calendarchanges
    ADD CONSTRAINT oc_calendarchanges_pkey PRIMARY KEY (id);


--
-- Name: oc_calendarobjects oc_calendarobjects_pkey; Type: CONSTRAINT; Schema: public; Owner: oc_admin
--

ALTER TABLE ONLY public.oc_calendarobjects
    ADD CONSTRAINT oc_calendarobjects_pkey PRIMARY KEY (id);


--
-- Name: oc_calendarobjects_props oc_calendarobjects_props_pkey; Type: CONSTRAINT; Schema: public; Owner: oc_admin
--

ALTER TABLE ONLY public.oc_calendarobjects_props
    ADD CONSTRAINT oc_calendarobjects_props_pkey PRIMARY KEY (id);


--
-- Name: oc_calendars oc_calendars_pkey; Type: CONSTRAINT; Schema: public; Owner: oc_admin
--

ALTER TABLE ONLY public.oc_calendars
    ADD CONSTRAINT oc_calendars_pkey PRIMARY KEY (id);


--
-- Name: oc_calendarsubscriptions oc_calendarsubscriptions_pkey; Type: CONSTRAINT; Schema: public; Owner: oc_admin
--

ALTER TABLE ONLY public.oc_calendarsubscriptions
    ADD CONSTRAINT oc_calendarsubscriptions_pkey PRIMARY KEY (id);


--
-- Name: oc_cards oc_cards_pkey; Type: CONSTRAINT; Schema: public; Owner: oc_admin
--

ALTER TABLE ONLY public.oc_cards
    ADD CONSTRAINT oc_cards_pkey PRIMARY KEY (id);


--
-- Name: oc_cards_properties oc_cards_properties_pkey; Type: CONSTRAINT; Schema: public; Owner: oc_admin
--

ALTER TABLE ONLY public.oc_cards_properties
    ADD CONSTRAINT oc_cards_properties_pkey PRIMARY KEY (id);


--
-- Name: oc_collres_accesscache oc_collres_accesscache_pkey; Type: CONSTRAINT; Schema: public; Owner: oc_admin
--

ALTER TABLE ONLY public.oc_collres_accesscache
    ADD CONSTRAINT oc_collres_accesscache_pkey PRIMARY KEY (user_id, collection_id, resource_type, resource_id);


--
-- Name: oc_collres_collections oc_collres_collections_pkey; Type: CONSTRAINT; Schema: public; Owner: oc_admin
--

ALTER TABLE ONLY public.oc_collres_collections
    ADD CONSTRAINT oc_collres_collections_pkey PRIMARY KEY (id);


--
-- Name: oc_collres_resources oc_collres_resources_pkey; Type: CONSTRAINT; Schema: public; Owner: oc_admin
--

ALTER TABLE ONLY public.oc_collres_resources
    ADD CONSTRAINT oc_collres_resources_pkey PRIMARY KEY (collection_id, resource_type, resource_id);


--
-- Name: oc_comments oc_comments_pkey; Type: CONSTRAINT; Schema: public; Owner: oc_admin
--

ALTER TABLE ONLY public.oc_comments
    ADD CONSTRAINT oc_comments_pkey PRIMARY KEY (id);


--
-- Name: oc_comments_read_markers oc_comments_read_markers_pkey; Type: CONSTRAINT; Schema: public; Owner: oc_admin
--

ALTER TABLE ONLY public.oc_comments_read_markers
    ADD CONSTRAINT oc_comments_read_markers_pkey PRIMARY KEY (user_id, object_type, object_id);


--
-- Name: oc_dav_cal_proxy oc_dav_cal_proxy_pkey; Type: CONSTRAINT; Schema: public; Owner: oc_admin
--

ALTER TABLE ONLY public.oc_dav_cal_proxy
    ADD CONSTRAINT oc_dav_cal_proxy_pkey PRIMARY KEY (id);


--
-- Name: oc_dav_shares oc_dav_shares_pkey; Type: CONSTRAINT; Schema: public; Owner: oc_admin
--

ALTER TABLE ONLY public.oc_dav_shares
    ADD CONSTRAINT oc_dav_shares_pkey PRIMARY KEY (id);


--
-- Name: oc_direct_edit oc_direct_edit_pkey; Type: CONSTRAINT; Schema: public; Owner: oc_admin
--

ALTER TABLE ONLY public.oc_direct_edit
    ADD CONSTRAINT oc_direct_edit_pkey PRIMARY KEY (id);


--
-- Name: oc_directlink oc_directlink_pkey; Type: CONSTRAINT; Schema: public; Owner: oc_admin
--

ALTER TABLE ONLY public.oc_directlink
    ADD CONSTRAINT oc_directlink_pkey PRIMARY KEY (id);


--
-- Name: oc_federated_reshares oc_federated_reshares_pkey; Type: CONSTRAINT; Schema: public; Owner: oc_admin
--

ALTER TABLE ONLY public.oc_federated_reshares
    ADD CONSTRAINT oc_federated_reshares_pkey PRIMARY KEY (share_id);


--
-- Name: oc_file_locks oc_file_locks_pkey; Type: CONSTRAINT; Schema: public; Owner: oc_admin
--

ALTER TABLE ONLY public.oc_file_locks
    ADD CONSTRAINT oc_file_locks_pkey PRIMARY KEY (id);


--
-- Name: oc_filecache_extended oc_filecache_extended_pkey; Type: CONSTRAINT; Schema: public; Owner: oc_admin
--

ALTER TABLE ONLY public.oc_filecache_extended
    ADD CONSTRAINT oc_filecache_extended_pkey PRIMARY KEY (fileid);


--
-- Name: oc_filecache oc_filecache_pkey; Type: CONSTRAINT; Schema: public; Owner: oc_admin
--

ALTER TABLE ONLY public.oc_filecache
    ADD CONSTRAINT oc_filecache_pkey PRIMARY KEY (fileid);


--
-- Name: oc_files_trash oc_files_trash_pkey; Type: CONSTRAINT; Schema: public; Owner: oc_admin
--

ALTER TABLE ONLY public.oc_files_trash
    ADD CONSTRAINT oc_files_trash_pkey PRIMARY KEY (auto_id);


--
-- Name: oc_flow_checks oc_flow_checks_pkey; Type: CONSTRAINT; Schema: public; Owner: oc_admin
--

ALTER TABLE ONLY public.oc_flow_checks
    ADD CONSTRAINT oc_flow_checks_pkey PRIMARY KEY (id);


--
-- Name: oc_flow_operations oc_flow_operations_pkey; Type: CONSTRAINT; Schema: public; Owner: oc_admin
--

ALTER TABLE ONLY public.oc_flow_operations
    ADD CONSTRAINT oc_flow_operations_pkey PRIMARY KEY (id);


--
-- Name: oc_flow_operations_scope oc_flow_operations_scope_pkey; Type: CONSTRAINT; Schema: public; Owner: oc_admin
--

ALTER TABLE ONLY public.oc_flow_operations_scope
    ADD CONSTRAINT oc_flow_operations_scope_pkey PRIMARY KEY (id);


--
-- Name: oc_group_admin oc_group_admin_pkey; Type: CONSTRAINT; Schema: public; Owner: oc_admin
--

ALTER TABLE ONLY public.oc_group_admin
    ADD CONSTRAINT oc_group_admin_pkey PRIMARY KEY (gid, uid);


--
-- Name: oc_group_folders_acl oc_group_folders_acl_pkey; Type: CONSTRAINT; Schema: public; Owner: oc_admin
--

ALTER TABLE ONLY public.oc_group_folders_acl
    ADD CONSTRAINT oc_group_folders_acl_pkey PRIMARY KEY (acl_id);


--
-- Name: oc_group_folders_groups oc_group_folders_groups_pkey; Type: CONSTRAINT; Schema: public; Owner: oc_admin
--

ALTER TABLE ONLY public.oc_group_folders_groups
    ADD CONSTRAINT oc_group_folders_groups_pkey PRIMARY KEY (applicable_id);


--
-- Name: oc_group_folders_manage oc_group_folders_manage_pkey; Type: CONSTRAINT; Schema: public; Owner: oc_admin
--

ALTER TABLE ONLY public.oc_group_folders_manage
    ADD CONSTRAINT oc_group_folders_manage_pkey PRIMARY KEY (folder_id, mapping_type, mapping_id);


--
-- Name: oc_group_folders oc_group_folders_pkey; Type: CONSTRAINT; Schema: public; Owner: oc_admin
--

ALTER TABLE ONLY public.oc_group_folders
    ADD CONSTRAINT oc_group_folders_pkey PRIMARY KEY (folder_id);


--
-- Name: oc_group_folders_trash oc_group_folders_trash_pkey; Type: CONSTRAINT; Schema: public; Owner: oc_admin
--

ALTER TABLE ONLY public.oc_group_folders_trash
    ADD CONSTRAINT oc_group_folders_trash_pkey PRIMARY KEY (trash_id);


--
-- Name: oc_group_user oc_group_user_pkey; Type: CONSTRAINT; Schema: public; Owner: oc_admin
--

ALTER TABLE ONLY public.oc_group_user
    ADD CONSTRAINT oc_group_user_pkey PRIMARY KEY (gid, uid);


--
-- Name: oc_groups oc_groups_pkey; Type: CONSTRAINT; Schema: public; Owner: oc_admin
--

ALTER TABLE ONLY public.oc_groups
    ADD CONSTRAINT oc_groups_pkey PRIMARY KEY (gid);


--
-- Name: oc_jobs oc_jobs_pkey; Type: CONSTRAINT; Schema: public; Owner: oc_admin
--

ALTER TABLE ONLY public.oc_jobs
    ADD CONSTRAINT oc_jobs_pkey PRIMARY KEY (id);


--
-- Name: oc_login_flow_v2 oc_login_flow_v2_pkey; Type: CONSTRAINT; Schema: public; Owner: oc_admin
--

ALTER TABLE ONLY public.oc_login_flow_v2
    ADD CONSTRAINT oc_login_flow_v2_pkey PRIMARY KEY (id);


--
-- Name: oc_mail_accounts oc_mail_accounts_pkey; Type: CONSTRAINT; Schema: public; Owner: oc_admin
--

ALTER TABLE ONLY public.oc_mail_accounts
    ADD CONSTRAINT oc_mail_accounts_pkey PRIMARY KEY (id);


--
-- Name: oc_mail_aliases oc_mail_aliases_pkey; Type: CONSTRAINT; Schema: public; Owner: oc_admin
--

ALTER TABLE ONLY public.oc_mail_aliases
    ADD CONSTRAINT oc_mail_aliases_pkey PRIMARY KEY (id);


--
-- Name: oc_mail_attachments oc_mail_attachments_pkey; Type: CONSTRAINT; Schema: public; Owner: oc_admin
--

ALTER TABLE ONLY public.oc_mail_attachments
    ADD CONSTRAINT oc_mail_attachments_pkey PRIMARY KEY (id);


--
-- Name: oc_mail_classifiers oc_mail_classifiers_pkey; Type: CONSTRAINT; Schema: public; Owner: oc_admin
--

ALTER TABLE ONLY public.oc_mail_classifiers
    ADD CONSTRAINT oc_mail_classifiers_pkey PRIMARY KEY (id);


--
-- Name: oc_mail_coll_addresses oc_mail_coll_addresses_pkey; Type: CONSTRAINT; Schema: public; Owner: oc_admin
--

ALTER TABLE ONLY public.oc_mail_coll_addresses
    ADD CONSTRAINT oc_mail_coll_addresses_pkey PRIMARY KEY (id);


--
-- Name: oc_mail_mailboxes oc_mail_mailboxes_pkey; Type: CONSTRAINT; Schema: public; Owner: oc_admin
--

ALTER TABLE ONLY public.oc_mail_mailboxes
    ADD CONSTRAINT oc_mail_mailboxes_pkey PRIMARY KEY (id);


--
-- Name: oc_mail_messages oc_mail_messages_pkey; Type: CONSTRAINT; Schema: public; Owner: oc_admin
--

ALTER TABLE ONLY public.oc_mail_messages
    ADD CONSTRAINT oc_mail_messages_pkey PRIMARY KEY (id);


--
-- Name: oc_mail_recipients oc_mail_recipients_pkey; Type: CONSTRAINT; Schema: public; Owner: oc_admin
--

ALTER TABLE ONLY public.oc_mail_recipients
    ADD CONSTRAINT oc_mail_recipients_pkey PRIMARY KEY (id);


--
-- Name: oc_mail_trusted_senders oc_mail_trusted_senders_pkey; Type: CONSTRAINT; Schema: public; Owner: oc_admin
--

ALTER TABLE ONLY public.oc_mail_trusted_senders
    ADD CONSTRAINT oc_mail_trusted_senders_pkey PRIMARY KEY (id);


--
-- Name: oc_migrations oc_migrations_pkey; Type: CONSTRAINT; Schema: public; Owner: oc_admin
--

ALTER TABLE ONLY public.oc_migrations
    ADD CONSTRAINT oc_migrations_pkey PRIMARY KEY (app, version);


--
-- Name: oc_mimetypes oc_mimetypes_pkey; Type: CONSTRAINT; Schema: public; Owner: oc_admin
--

ALTER TABLE ONLY public.oc_mimetypes
    ADD CONSTRAINT oc_mimetypes_pkey PRIMARY KEY (id);


--
-- Name: oc_mounts oc_mounts_pkey; Type: CONSTRAINT; Schema: public; Owner: oc_admin
--

ALTER TABLE ONLY public.oc_mounts
    ADD CONSTRAINT oc_mounts_pkey PRIMARY KEY (id);


--
-- Name: oc_notifications oc_notifications_pkey; Type: CONSTRAINT; Schema: public; Owner: oc_admin
--

ALTER TABLE ONLY public.oc_notifications
    ADD CONSTRAINT oc_notifications_pkey PRIMARY KEY (notification_id);


--
-- Name: oc_oauth2_access_tokens oc_oauth2_access_tokens_pkey; Type: CONSTRAINT; Schema: public; Owner: oc_admin
--

ALTER TABLE ONLY public.oc_oauth2_access_tokens
    ADD CONSTRAINT oc_oauth2_access_tokens_pkey PRIMARY KEY (id);


--
-- Name: oc_oauth2_clients oc_oauth2_clients_pkey; Type: CONSTRAINT; Schema: public; Owner: oc_admin
--

ALTER TABLE ONLY public.oc_oauth2_clients
    ADD CONSTRAINT oc_oauth2_clients_pkey PRIMARY KEY (id);


--
-- Name: oc_preferences oc_preferences_pkey; Type: CONSTRAINT; Schema: public; Owner: oc_admin
--

ALTER TABLE ONLY public.oc_preferences
    ADD CONSTRAINT oc_preferences_pkey PRIMARY KEY (userid, appid, configkey);


--
-- Name: oc_privacy_admins oc_privacy_admins_pkey; Type: CONSTRAINT; Schema: public; Owner: oc_admin
--

ALTER TABLE ONLY public.oc_privacy_admins
    ADD CONSTRAINT oc_privacy_admins_pkey PRIMARY KEY (id);


--
-- Name: oc_properties oc_properties_pkey; Type: CONSTRAINT; Schema: public; Owner: oc_admin
--

ALTER TABLE ONLY public.oc_properties
    ADD CONSTRAINT oc_properties_pkey PRIMARY KEY (id);


--
-- Name: oc_recent_contact oc_recent_contact_pkey; Type: CONSTRAINT; Schema: public; Owner: oc_admin
--

ALTER TABLE ONLY public.oc_recent_contact
    ADD CONSTRAINT oc_recent_contact_pkey PRIMARY KEY (id);


--
-- Name: oc_richdocuments_assets oc_richdocuments_assets_pkey; Type: CONSTRAINT; Schema: public; Owner: oc_admin
--

ALTER TABLE ONLY public.oc_richdocuments_assets
    ADD CONSTRAINT oc_richdocuments_assets_pkey PRIMARY KEY (id);


--
-- Name: oc_richdocuments_direct oc_richdocuments_direct_pkey; Type: CONSTRAINT; Schema: public; Owner: oc_admin
--

ALTER TABLE ONLY public.oc_richdocuments_direct
    ADD CONSTRAINT oc_richdocuments_direct_pkey PRIMARY KEY (id);


--
-- Name: oc_richdocuments_wopi oc_richdocuments_wopi_pkey; Type: CONSTRAINT; Schema: public; Owner: oc_admin
--

ALTER TABLE ONLY public.oc_richdocuments_wopi
    ADD CONSTRAINT oc_richdocuments_wopi_pkey PRIMARY KEY (id);


--
-- Name: oc_schedulingobjects oc_schedulingobjects_pkey; Type: CONSTRAINT; Schema: public; Owner: oc_admin
--

ALTER TABLE ONLY public.oc_schedulingobjects
    ADD CONSTRAINT oc_schedulingobjects_pkey PRIMARY KEY (id);


--
-- Name: oc_share_external oc_share_external_pkey; Type: CONSTRAINT; Schema: public; Owner: oc_admin
--

ALTER TABLE ONLY public.oc_share_external
    ADD CONSTRAINT oc_share_external_pkey PRIMARY KEY (id);


--
-- Name: oc_share oc_share_pkey; Type: CONSTRAINT; Schema: public; Owner: oc_admin
--

ALTER TABLE ONLY public.oc_share
    ADD CONSTRAINT oc_share_pkey PRIMARY KEY (id);


--
-- Name: oc_storages_credentials oc_storages_credentials_pkey; Type: CONSTRAINT; Schema: public; Owner: oc_admin
--

ALTER TABLE ONLY public.oc_storages_credentials
    ADD CONSTRAINT oc_storages_credentials_pkey PRIMARY KEY (id);


--
-- Name: oc_storages oc_storages_pkey; Type: CONSTRAINT; Schema: public; Owner: oc_admin
--

ALTER TABLE ONLY public.oc_storages
    ADD CONSTRAINT oc_storages_pkey PRIMARY KEY (numeric_id);


--
-- Name: oc_systemtag_group oc_systemtag_group_pkey; Type: CONSTRAINT; Schema: public; Owner: oc_admin
--

ALTER TABLE ONLY public.oc_systemtag_group
    ADD CONSTRAINT oc_systemtag_group_pkey PRIMARY KEY (gid, systemtagid);


--
-- Name: oc_systemtag_object_mapping oc_systemtag_object_mapping_pkey; Type: CONSTRAINT; Schema: public; Owner: oc_admin
--

ALTER TABLE ONLY public.oc_systemtag_object_mapping
    ADD CONSTRAINT oc_systemtag_object_mapping_pkey PRIMARY KEY (objecttype, objectid, systemtagid);


--
-- Name: oc_systemtag oc_systemtag_pkey; Type: CONSTRAINT; Schema: public; Owner: oc_admin
--

ALTER TABLE ONLY public.oc_systemtag
    ADD CONSTRAINT oc_systemtag_pkey PRIMARY KEY (id);


--
-- Name: oc_talk_attendees oc_talk_attendees_pkey; Type: CONSTRAINT; Schema: public; Owner: oc_admin
--

ALTER TABLE ONLY public.oc_talk_attendees
    ADD CONSTRAINT oc_talk_attendees_pkey PRIMARY KEY (id);


--
-- Name: oc_talk_bridges oc_talk_bridges_pkey; Type: CONSTRAINT; Schema: public; Owner: oc_admin
--

ALTER TABLE ONLY public.oc_talk_bridges
    ADD CONSTRAINT oc_talk_bridges_pkey PRIMARY KEY (id);


--
-- Name: oc_talk_commands oc_talk_commands_pkey; Type: CONSTRAINT; Schema: public; Owner: oc_admin
--

ALTER TABLE ONLY public.oc_talk_commands
    ADD CONSTRAINT oc_talk_commands_pkey PRIMARY KEY (id);


--
-- Name: oc_talk_guestnames oc_talk_guestnames_pkey; Type: CONSTRAINT; Schema: public; Owner: oc_admin
--

ALTER TABLE ONLY public.oc_talk_guestnames
    ADD CONSTRAINT oc_talk_guestnames_pkey PRIMARY KEY (id);


--
-- Name: oc_talk_internalsignaling oc_talk_internalsignaling_pkey; Type: CONSTRAINT; Schema: public; Owner: oc_admin
--

ALTER TABLE ONLY public.oc_talk_internalsignaling
    ADD CONSTRAINT oc_talk_internalsignaling_pkey PRIMARY KEY (id);


--
-- Name: oc_talk_rooms oc_talk_rooms_pkey; Type: CONSTRAINT; Schema: public; Owner: oc_admin
--

ALTER TABLE ONLY public.oc_talk_rooms
    ADD CONSTRAINT oc_talk_rooms_pkey PRIMARY KEY (id);


--
-- Name: oc_talk_sessions oc_talk_sessions_pkey; Type: CONSTRAINT; Schema: public; Owner: oc_admin
--

ALTER TABLE ONLY public.oc_talk_sessions
    ADD CONSTRAINT oc_talk_sessions_pkey PRIMARY KEY (id);


--
-- Name: oc_text_documents oc_text_documents_pkey; Type: CONSTRAINT; Schema: public; Owner: oc_admin
--

ALTER TABLE ONLY public.oc_text_documents
    ADD CONSTRAINT oc_text_documents_pkey PRIMARY KEY (id);


--
-- Name: oc_text_sessions oc_text_sessions_pkey; Type: CONSTRAINT; Schema: public; Owner: oc_admin
--

ALTER TABLE ONLY public.oc_text_sessions
    ADD CONSTRAINT oc_text_sessions_pkey PRIMARY KEY (id);


--
-- Name: oc_text_steps oc_text_steps_pkey; Type: CONSTRAINT; Schema: public; Owner: oc_admin
--

ALTER TABLE ONLY public.oc_text_steps
    ADD CONSTRAINT oc_text_steps_pkey PRIMARY KEY (id);


--
-- Name: oc_trusted_servers oc_trusted_servers_pkey; Type: CONSTRAINT; Schema: public; Owner: oc_admin
--

ALTER TABLE ONLY public.oc_trusted_servers
    ADD CONSTRAINT oc_trusted_servers_pkey PRIMARY KEY (id);


--
-- Name: oc_twofactor_backupcodes oc_twofactor_backupcodes_pkey; Type: CONSTRAINT; Schema: public; Owner: oc_admin
--

ALTER TABLE ONLY public.oc_twofactor_backupcodes
    ADD CONSTRAINT oc_twofactor_backupcodes_pkey PRIMARY KEY (id);


--
-- Name: oc_twofactor_providers oc_twofactor_providers_pkey; Type: CONSTRAINT; Schema: public; Owner: oc_admin
--

ALTER TABLE ONLY public.oc_twofactor_providers
    ADD CONSTRAINT oc_twofactor_providers_pkey PRIMARY KEY (provider_id, uid);


--
-- Name: oc_user_status oc_user_status_pkey; Type: CONSTRAINT; Schema: public; Owner: oc_admin
--

ALTER TABLE ONLY public.oc_user_status
    ADD CONSTRAINT oc_user_status_pkey PRIMARY KEY (id);


--
-- Name: oc_user_transfer_owner oc_user_transfer_owner_pkey; Type: CONSTRAINT; Schema: public; Owner: oc_admin
--

ALTER TABLE ONLY public.oc_user_transfer_owner
    ADD CONSTRAINT oc_user_transfer_owner_pkey PRIMARY KEY (id);


--
-- Name: oc_users oc_users_pkey; Type: CONSTRAINT; Schema: public; Owner: oc_admin
--

ALTER TABLE ONLY public.oc_users
    ADD CONSTRAINT oc_users_pkey PRIMARY KEY (uid);


--
-- Name: oc_vcategory oc_vcategory_pkey; Type: CONSTRAINT; Schema: public; Owner: oc_admin
--

ALTER TABLE ONLY public.oc_vcategory
    ADD CONSTRAINT oc_vcategory_pkey PRIMARY KEY (id);


--
-- Name: oc_vcategory_to_object oc_vcategory_to_object_pkey; Type: CONSTRAINT; Schema: public; Owner: oc_admin
--

ALTER TABLE ONLY public.oc_vcategory_to_object
    ADD CONSTRAINT oc_vcategory_to_object_pkey PRIMARY KEY (categoryid, objid, type);


--
-- Name: oc_webauthn oc_webauthn_pkey; Type: CONSTRAINT; Schema: public; Owner: oc_admin
--

ALTER TABLE ONLY public.oc_webauthn
    ADD CONSTRAINT oc_webauthn_pkey PRIMARY KEY (id);


--
-- Name: oc_whats_new oc_whats_new_pkey; Type: CONSTRAINT; Schema: public; Owner: oc_admin
--

ALTER TABLE ONLY public.oc_whats_new
    ADD CONSTRAINT oc_whats_new_pkey PRIMARY KEY (id);


--
-- Name: accounts_data_name; Type: INDEX; Schema: public; Owner: oc_admin
--

CREATE INDEX accounts_data_name ON public.oc_accounts_data USING btree (name);


--
-- Name: accounts_data_uid; Type: INDEX; Schema: public; Owner: oc_admin
--

CREATE INDEX accounts_data_uid ON public.oc_accounts_data USING btree (uid);


--
-- Name: accounts_data_value; Type: INDEX; Schema: public; Owner: oc_admin
--

CREATE INDEX accounts_data_value ON public.oc_accounts_data USING btree (value);


--
-- Name: activity_filter; Type: INDEX; Schema: public; Owner: oc_admin
--

CREATE INDEX activity_filter ON public.oc_activity USING btree (affecteduser, type, app, "timestamp");


--
-- Name: activity_filter_by; Type: INDEX; Schema: public; Owner: oc_admin
--

CREATE INDEX activity_filter_by ON public.oc_activity USING btree (affecteduser, "user", "timestamp");


--
-- Name: activity_object; Type: INDEX; Schema: public; Owner: oc_admin
--

CREATE INDEX activity_object ON public.oc_activity USING btree (object_type, object_id);


--
-- Name: activity_user_time; Type: INDEX; Schema: public; Owner: oc_admin
--

CREATE INDEX activity_user_time ON public.oc_activity USING btree (affecteduser, "timestamp");


--
-- Name: addressbook_index; Type: INDEX; Schema: public; Owner: oc_admin
--

CREATE UNIQUE INDEX addressbook_index ON public.oc_addressbooks USING btree (principaluri, uri);


--
-- Name: addressbookid_synctoken; Type: INDEX; Schema: public; Owner: oc_admin
--

CREATE INDEX addressbookid_synctoken ON public.oc_addressbookchanges USING btree (addressbookid, synctoken);


--
-- Name: amp_latest_send_time; Type: INDEX; Schema: public; Owner: oc_admin
--

CREATE INDEX amp_latest_send_time ON public.oc_activity_mq USING btree (amq_latest_send);


--
-- Name: amp_timestamp_time; Type: INDEX; Schema: public; Owner: oc_admin
--

CREATE INDEX amp_timestamp_time ON public.oc_activity_mq USING btree (amq_timestamp);


--
-- Name: amp_user; Type: INDEX; Schema: public; Owner: oc_admin
--

CREATE INDEX amp_user ON public.oc_activity_mq USING btree (amq_affecteduser);


--
-- Name: appconfig_appid_key; Type: INDEX; Schema: public; Owner: oc_admin
--

CREATE INDEX appconfig_appid_key ON public.oc_appconfig USING btree (appid);


--
-- Name: appconfig_config_key_index; Type: INDEX; Schema: public; Owner: oc_admin
--

CREATE INDEX appconfig_config_key_index ON public.oc_appconfig USING btree (configkey);


--
-- Name: authtoken_last_activity_idx; Type: INDEX; Schema: public; Owner: oc_admin
--

CREATE INDEX authtoken_last_activity_idx ON public.oc_authtoken USING btree (last_activity);


--
-- Name: authtoken_token_index; Type: INDEX; Schema: public; Owner: oc_admin
--

CREATE UNIQUE INDEX authtoken_token_index ON public.oc_authtoken USING btree (token);


--
-- Name: authtoken_uid_index; Type: INDEX; Schema: public; Owner: oc_admin
--

CREATE INDEX authtoken_uid_index ON public.oc_authtoken USING btree (uid);


--
-- Name: bruteforce_attempts_ip; Type: INDEX; Schema: public; Owner: oc_admin
--

CREATE INDEX bruteforce_attempts_ip ON public.oc_bruteforce_attempts USING btree (ip);


--
-- Name: bruteforce_attempts_subnet; Type: INDEX; Schema: public; Owner: oc_admin
--

CREATE INDEX bruteforce_attempts_subnet ON public.oc_bruteforce_attempts USING btree (subnet);


--
-- Name: calendar_invitation_tokens; Type: INDEX; Schema: public; Owner: oc_admin
--

CREATE INDEX calendar_invitation_tokens ON public.oc_calendar_invitations USING btree (token);


--
-- Name: calendar_reminder_objid; Type: INDEX; Schema: public; Owner: oc_admin
--

CREATE INDEX calendar_reminder_objid ON public.oc_calendar_reminders USING btree (object_id);


--
-- Name: calendar_reminder_uidrec; Type: INDEX; Schema: public; Owner: oc_admin
--

CREATE INDEX calendar_reminder_uidrec ON public.oc_calendar_reminders USING btree (uid, recurrence_id);


--
-- Name: calendar_resources_bkdrsc; Type: INDEX; Schema: public; Owner: oc_admin
--

CREATE INDEX calendar_resources_bkdrsc ON public.oc_calendar_resources USING btree (backend_id, resource_id);


--
-- Name: calendar_resources_email; Type: INDEX; Schema: public; Owner: oc_admin
--

CREATE INDEX calendar_resources_email ON public.oc_calendar_resources USING btree (email);


--
-- Name: calendar_resources_md_idk; Type: INDEX; Schema: public; Owner: oc_admin
--

CREATE INDEX calendar_resources_md_idk ON public.oc_calendar_resources_md USING btree (resource_id, key);


--
-- Name: calendar_resources_name; Type: INDEX; Schema: public; Owner: oc_admin
--

CREATE INDEX calendar_resources_name ON public.oc_calendar_resources USING btree (displayname);


--
-- Name: calendar_rooms_bkdrsc; Type: INDEX; Schema: public; Owner: oc_admin
--

CREATE INDEX calendar_rooms_bkdrsc ON public.oc_calendar_rooms USING btree (backend_id, resource_id);


--
-- Name: calendar_rooms_email; Type: INDEX; Schema: public; Owner: oc_admin
--

CREATE INDEX calendar_rooms_email ON public.oc_calendar_rooms USING btree (email);


--
-- Name: calendar_rooms_md_idk; Type: INDEX; Schema: public; Owner: oc_admin
--

CREATE INDEX calendar_rooms_md_idk ON public.oc_calendar_rooms_md USING btree (room_id, key);


--
-- Name: calendar_rooms_name; Type: INDEX; Schema: public; Owner: oc_admin
--

CREATE INDEX calendar_rooms_name ON public.oc_calendar_rooms USING btree (displayname);


--
-- Name: calendarobject_calid_index; Type: INDEX; Schema: public; Owner: oc_admin
--

CREATE INDEX calendarobject_calid_index ON public.oc_calendarobjects_props USING btree (calendarid, calendartype);


--
-- Name: calendarobject_index; Type: INDEX; Schema: public; Owner: oc_admin
--

CREATE INDEX calendarobject_index ON public.oc_calendarobjects_props USING btree (objectid, calendartype);


--
-- Name: calendarobject_name_index; Type: INDEX; Schema: public; Owner: oc_admin
--

CREATE INDEX calendarobject_name_index ON public.oc_calendarobjects_props USING btree (name, calendartype);


--
-- Name: calendarobject_value_index; Type: INDEX; Schema: public; Owner: oc_admin
--

CREATE INDEX calendarobject_value_index ON public.oc_calendarobjects_props USING btree (value, calendartype);


--
-- Name: calendars_index; Type: INDEX; Schema: public; Owner: oc_admin
--

CREATE UNIQUE INDEX calendars_index ON public.oc_calendars USING btree (principaluri, uri);


--
-- Name: calid_type_synctoken; Type: INDEX; Schema: public; Owner: oc_admin
--

CREATE INDEX calid_type_synctoken ON public.oc_calendarchanges USING btree (calendarid, calendartype, synctoken);


--
-- Name: calobjects_index; Type: INDEX; Schema: public; Owner: oc_admin
--

CREATE UNIQUE INDEX calobjects_index ON public.oc_calendarobjects USING btree (calendarid, calendartype, uri);


--
-- Name: calsub_index; Type: INDEX; Schema: public; Owner: oc_admin
--

CREATE UNIQUE INDEX calsub_index ON public.oc_calendarsubscriptions USING btree (principaluri, uri);


--
-- Name: card_contactid_index; Type: INDEX; Schema: public; Owner: oc_admin
--

CREATE INDEX card_contactid_index ON public.oc_cards_properties USING btree (cardid);


--
-- Name: card_name_index; Type: INDEX; Schema: public; Owner: oc_admin
--

CREATE INDEX card_name_index ON public.oc_cards_properties USING btree (name);


--
-- Name: card_value_index; Type: INDEX; Schema: public; Owner: oc_admin
--

CREATE INDEX card_value_index ON public.oc_cards_properties USING btree (value);


--
-- Name: cards_abid; Type: INDEX; Schema: public; Owner: oc_admin
--

CREATE INDEX cards_abid ON public.oc_cards USING btree (addressbookid);


--
-- Name: cards_abiduri; Type: INDEX; Schema: public; Owner: oc_admin
--

CREATE INDEX cards_abiduri ON public.oc_cards USING btree (addressbookid, uri);


--
-- Name: cards_prop_abid; Type: INDEX; Schema: public; Owner: oc_admin
--

CREATE INDEX cards_prop_abid ON public.oc_cards_properties USING btree (addressbookid);


--
-- Name: category_index; Type: INDEX; Schema: public; Owner: oc_admin
--

CREATE INDEX category_index ON public.oc_vcategory USING btree (category);


--
-- Name: collres_user_coll; Type: INDEX; Schema: public; Owner: oc_admin
--

CREATE INDEX collres_user_coll ON public.oc_collres_accesscache USING btree (user_id, collection_id);


--
-- Name: collres_user_res; Type: INDEX; Schema: public; Owner: oc_admin
--

CREATE INDEX collres_user_res ON public.oc_collres_accesscache USING btree (user_id, resource_type, resource_id);


--
-- Name: comments_actor_index; Type: INDEX; Schema: public; Owner: oc_admin
--

CREATE INDEX comments_actor_index ON public.oc_comments USING btree (actor_type, actor_id);


--
-- Name: comments_marker_object_index; Type: INDEX; Schema: public; Owner: oc_admin
--

CREATE INDEX comments_marker_object_index ON public.oc_comments_read_markers USING btree (object_type, object_id);


--
-- Name: comments_object_index; Type: INDEX; Schema: public; Owner: oc_admin
--

CREATE INDEX comments_object_index ON public.oc_comments USING btree (object_type, object_id, creation_timestamp);


--
-- Name: comments_parent_id_index; Type: INDEX; Schema: public; Owner: oc_admin
--

CREATE INDEX comments_parent_id_index ON public.oc_comments USING btree (parent_id);


--
-- Name: comments_topmost_parent_id_idx; Type: INDEX; Schema: public; Owner: oc_admin
--

CREATE INDEX comments_topmost_parent_id_idx ON public.oc_comments USING btree (topmost_parent_id);


--
-- Name: dav_cal_proxy_ioid; Type: INDEX; Schema: public; Owner: oc_admin
--

CREATE INDEX dav_cal_proxy_ioid ON public.oc_dav_cal_proxy USING btree (owner_id);


--
-- Name: dav_cal_proxy_ipid; Type: INDEX; Schema: public; Owner: oc_admin
--

CREATE INDEX dav_cal_proxy_ipid ON public.oc_dav_cal_proxy USING btree (proxy_id);


--
-- Name: dav_cal_proxy_uidx; Type: INDEX; Schema: public; Owner: oc_admin
--

CREATE UNIQUE INDEX dav_cal_proxy_uidx ON public.oc_dav_cal_proxy USING btree (owner_id, proxy_id, permissions);


--
-- Name: dav_shares_index; Type: INDEX; Schema: public; Owner: oc_admin
--

CREATE UNIQUE INDEX dav_shares_index ON public.oc_dav_shares USING btree (principaluri, resourceid, type, publicuri);


--
-- Name: directlink_expiration_idx; Type: INDEX; Schema: public; Owner: oc_admin
--

CREATE INDEX directlink_expiration_idx ON public.oc_directlink USING btree (expiration);


--
-- Name: directlink_token_idx; Type: INDEX; Schema: public; Owner: oc_admin
--

CREATE INDEX directlink_token_idx ON public.oc_directlink USING btree (token);


--
-- Name: fce_ctime_idx; Type: INDEX; Schema: public; Owner: oc_admin
--

CREATE INDEX fce_ctime_idx ON public.oc_filecache_extended USING btree (creation_time);


--
-- Name: fce_utime_idx; Type: INDEX; Schema: public; Owner: oc_admin
--

CREATE INDEX fce_utime_idx ON public.oc_filecache_extended USING btree (upload_time);


--
-- Name: file_source_index; Type: INDEX; Schema: public; Owner: oc_admin
--

CREATE INDEX file_source_index ON public.oc_share USING btree (file_source);


--
-- Name: flow_unique_hash; Type: INDEX; Schema: public; Owner: oc_admin
--

CREATE UNIQUE INDEX flow_unique_hash ON public.oc_flow_checks USING btree (hash);


--
-- Name: flow_unique_scope; Type: INDEX; Schema: public; Owner: oc_admin
--

CREATE UNIQUE INDEX flow_unique_scope ON public.oc_flow_operations_scope USING btree (operation_id, type, value);


--
-- Name: fs_mtime; Type: INDEX; Schema: public; Owner: oc_admin
--

CREATE INDEX fs_mtime ON public.oc_filecache USING btree (mtime);


--
-- Name: fs_parent_name_hash; Type: INDEX; Schema: public; Owner: oc_admin
--

CREATE INDEX fs_parent_name_hash ON public.oc_filecache USING btree (parent, name);


--
-- Name: fs_size; Type: INDEX; Schema: public; Owner: oc_admin
--

CREATE INDEX fs_size ON public.oc_filecache USING btree (size);


--
-- Name: fs_storage_mimepart; Type: INDEX; Schema: public; Owner: oc_admin
--

CREATE INDEX fs_storage_mimepart ON public.oc_filecache USING btree (storage, mimepart);


--
-- Name: fs_storage_mimetype; Type: INDEX; Schema: public; Owner: oc_admin
--

CREATE INDEX fs_storage_mimetype ON public.oc_filecache USING btree (storage, mimetype);


--
-- Name: fs_storage_path_hash; Type: INDEX; Schema: public; Owner: oc_admin
--

CREATE UNIQUE INDEX fs_storage_path_hash ON public.oc_filecache USING btree (storage, path_hash);


--
-- Name: fs_storage_size; Type: INDEX; Schema: public; Owner: oc_admin
--

CREATE INDEX fs_storage_size ON public.oc_filecache USING btree (storage, size, fileid);


--
-- Name: group_admin_uid; Type: INDEX; Schema: public; Owner: oc_admin
--

CREATE INDEX group_admin_uid ON public.oc_group_admin USING btree (uid);


--
-- Name: group_folder; Type: INDEX; Schema: public; Owner: oc_admin
--

CREATE INDEX group_folder ON public.oc_group_folders_groups USING btree (folder_id);


--
-- Name: group_folder_value; Type: INDEX; Schema: public; Owner: oc_admin
--

CREATE INDEX group_folder_value ON public.oc_group_folders_groups USING btree (group_id);


--
-- Name: groups_folder_acl_file; Type: INDEX; Schema: public; Owner: oc_admin
--

CREATE INDEX groups_folder_acl_file ON public.oc_group_folders_acl USING btree (fileid);


--
-- Name: groups_folder_acl_mapping; Type: INDEX; Schema: public; Owner: oc_admin
--

CREATE INDEX groups_folder_acl_mapping ON public.oc_group_folders_acl USING btree (mapping_type, mapping_id);


--
-- Name: groups_folder_acl_unique; Type: INDEX; Schema: public; Owner: oc_admin
--

CREATE UNIQUE INDEX groups_folder_acl_unique ON public.oc_group_folders_acl USING btree (fileid, mapping_type, mapping_id);


--
-- Name: groups_folder_group; Type: INDEX; Schema: public; Owner: oc_admin
--

CREATE UNIQUE INDEX groups_folder_group ON public.oc_group_folders_groups USING btree (folder_id, group_id);


--
-- Name: groups_folder_name; Type: INDEX; Schema: public; Owner: oc_admin
--

CREATE INDEX groups_folder_name ON public.oc_group_folders_trash USING btree (folder_id, name);


--
-- Name: groups_folder_trash_folder; Type: INDEX; Schema: public; Owner: oc_admin
--

CREATE INDEX groups_folder_trash_folder ON public.oc_group_folders_trash USING btree (folder_id);


--
-- Name: groups_folder_trash_unique; Type: INDEX; Schema: public; Owner: oc_admin
--

CREATE UNIQUE INDEX groups_folder_trash_unique ON public.oc_group_folders_trash USING btree (folder_id, name, deleted_time);


--
-- Name: gu_uid_index; Type: INDEX; Schema: public; Owner: oc_admin
--

CREATE INDEX gu_uid_index ON public.oc_group_user USING btree (uid);


--
-- Name: id_index; Type: INDEX; Schema: public; Owner: oc_admin
--

CREATE INDEX id_index ON public.oc_files_trash USING btree (id);


--
-- Name: idx_4d5afeca5f37a13b; Type: INDEX; Schema: public; Owner: oc_admin
--

CREATE INDEX idx_4d5afeca5f37a13b ON public.oc_direct_edit USING btree (token);


--
-- Name: initiator_index; Type: INDEX; Schema: public; Owner: oc_admin
--

CREATE INDEX initiator_index ON public.oc_share USING btree (uid_initiator);


--
-- Name: item_share_type_index; Type: INDEX; Schema: public; Owner: oc_admin
--

CREATE INDEX item_share_type_index ON public.oc_share USING btree (item_type, share_type);


--
-- Name: job_class_index; Type: INDEX; Schema: public; Owner: oc_admin
--

CREATE INDEX job_class_index ON public.oc_jobs USING btree (class);


--
-- Name: last_active; Type: INDEX; Schema: public; Owner: oc_admin
--

CREATE INDEX last_active ON public.oc_talk_rooms USING btree (last_activity);


--
-- Name: lock_key_index; Type: INDEX; Schema: public; Owner: oc_admin
--

CREATE UNIQUE INDEX lock_key_index ON public.oc_file_locks USING btree (key);


--
-- Name: lock_ttl_index; Type: INDEX; Schema: public; Owner: oc_admin
--

CREATE INDEX lock_ttl_index ON public.oc_file_locks USING btree (ttl);


--
-- Name: login_token; Type: INDEX; Schema: public; Owner: oc_admin
--

CREATE UNIQUE INDEX login_token ON public.oc_login_flow_v2 USING btree (login_token);


--
-- Name: mail_attach_userid_index; Type: INDEX; Schema: public; Owner: oc_admin
--

CREATE INDEX mail_attach_userid_index ON public.oc_mail_attachments USING btree (user_id);


--
-- Name: mail_clssfr_accnt_id_type; Type: INDEX; Schema: public; Owner: oc_admin
--

CREATE INDEX mail_clssfr_accnt_id_type ON public.oc_mail_classifiers USING btree (account_id, type);


--
-- Name: mail_coll_addr_email_index; Type: INDEX; Schema: public; Owner: oc_admin
--

CREATE INDEX mail_coll_addr_email_index ON public.oc_mail_coll_addresses USING btree (email);


--
-- Name: mail_coll_addr_userid_index; Type: INDEX; Schema: public; Owner: oc_admin
--

CREATE INDEX mail_coll_addr_userid_index ON public.oc_mail_coll_addresses USING btree (user_id);


--
-- Name: mail_msg_mb_uid_idx; Type: INDEX; Schema: public; Owner: oc_admin
--

CREATE UNIQUE INDEX mail_msg_mb_uid_idx ON public.oc_mail_messages USING btree (uid, mailbox_id);


--
-- Name: mail_msg_sent_idx; Type: INDEX; Schema: public; Owner: oc_admin
--

CREATE INDEX mail_msg_sent_idx ON public.oc_mail_messages USING btree (sent_at);


--
-- Name: mail_recipient_email_idx; Type: INDEX; Schema: public; Owner: oc_admin
--

CREATE INDEX mail_recipient_email_idx ON public.oc_mail_recipients USING btree (email);


--
-- Name: mail_recipient_msg_id_idx; Type: INDEX; Schema: public; Owner: oc_admin
--

CREATE INDEX mail_recipient_msg_id_idx ON public.oc_mail_recipients USING btree (message_id);


--
-- Name: mail_trusted_sender_uniq; Type: INDEX; Schema: public; Owner: oc_admin
--

CREATE UNIQUE INDEX mail_trusted_sender_uniq ON public.oc_mail_trusted_senders USING btree (email, user_id);


--
-- Name: mail_trusted_senders_type; Type: INDEX; Schema: public; Owner: oc_admin
--

CREATE INDEX mail_trusted_senders_type ON public.oc_mail_trusted_senders USING btree (type);


--
-- Name: mail_userid_index; Type: INDEX; Schema: public; Owner: oc_admin
--

CREATE INDEX mail_userid_index ON public.oc_mail_accounts USING btree (user_id);


--
-- Name: mimetype_id_index; Type: INDEX; Schema: public; Owner: oc_admin
--

CREATE UNIQUE INDEX mimetype_id_index ON public.oc_mimetypes USING btree (mimetype);


--
-- Name: mounts_mount_id_index; Type: INDEX; Schema: public; Owner: oc_admin
--

CREATE INDEX mounts_mount_id_index ON public.oc_mounts USING btree (mount_id);


--
-- Name: mounts_root_index; Type: INDEX; Schema: public; Owner: oc_admin
--

CREATE INDEX mounts_root_index ON public.oc_mounts USING btree (root_id);


--
-- Name: mounts_storage_index; Type: INDEX; Schema: public; Owner: oc_admin
--

CREATE INDEX mounts_storage_index ON public.oc_mounts USING btree (storage_id);


--
-- Name: mounts_user_index; Type: INDEX; Schema: public; Owner: oc_admin
--

CREATE INDEX mounts_user_index ON public.oc_mounts USING btree (user_id);


--
-- Name: mounts_user_root_index; Type: INDEX; Schema: public; Owner: oc_admin
--

CREATE UNIQUE INDEX mounts_user_root_index ON public.oc_mounts USING btree (user_id, root_id);


--
-- Name: oauth2_access_client_id_idx; Type: INDEX; Schema: public; Owner: oc_admin
--

CREATE INDEX oauth2_access_client_id_idx ON public.oc_oauth2_access_tokens USING btree (client_id);


--
-- Name: oauth2_access_hash_idx; Type: INDEX; Schema: public; Owner: oc_admin
--

CREATE UNIQUE INDEX oauth2_access_hash_idx ON public.oc_oauth2_access_tokens USING btree (hashed_code);


--
-- Name: oauth2_client_id_idx; Type: INDEX; Schema: public; Owner: oc_admin
--

CREATE UNIQUE INDEX oauth2_client_id_idx ON public.oc_oauth2_clients USING btree (client_identifier);


--
-- Name: oc_notifications_app; Type: INDEX; Schema: public; Owner: oc_admin
--

CREATE INDEX oc_notifications_app ON public.oc_notifications USING btree (app);


--
-- Name: oc_notifications_object; Type: INDEX; Schema: public; Owner: oc_admin
--

CREATE INDEX oc_notifications_object ON public.oc_notifications USING btree (object_type, object_id);


--
-- Name: oc_notifications_timestamp; Type: INDEX; Schema: public; Owner: oc_admin
--

CREATE INDEX oc_notifications_timestamp ON public.oc_notifications USING btree ("timestamp");


--
-- Name: oc_notifications_user; Type: INDEX; Schema: public; Owner: oc_admin
--

CREATE INDEX oc_notifications_user ON public.oc_notifications USING btree ("user");


--
-- Name: oc_notifpushtoken; Type: INDEX; Schema: public; Owner: oc_admin
--

CREATE UNIQUE INDEX oc_notifpushtoken ON public.oc_notifications_pushtokens USING btree (uid, token);


--
-- Name: owner_index; Type: INDEX; Schema: public; Owner: oc_admin
--

CREATE INDEX owner_index ON public.oc_share USING btree (uid_owner);


--
-- Name: parent_index; Type: INDEX; Schema: public; Owner: oc_admin
--

CREATE INDEX parent_index ON public.oc_share USING btree (parent);


--
-- Name: poll_token; Type: INDEX; Schema: public; Owner: oc_admin
--

CREATE UNIQUE INDEX poll_token ON public.oc_login_flow_v2 USING btree (poll_token);


--
-- Name: properties_path_index; Type: INDEX; Schema: public; Owner: oc_admin
--

CREATE INDEX properties_path_index ON public.oc_properties USING btree (userid, propertypath);


--
-- Name: property_index; Type: INDEX; Schema: public; Owner: oc_admin
--

CREATE INDEX property_index ON public.oc_properties USING btree (userid);


--
-- Name: rd_assets_timestamp_idx; Type: INDEX; Schema: public; Owner: oc_admin
--

CREATE UNIQUE INDEX rd_assets_timestamp_idx ON public.oc_richdocuments_assets USING btree ("timestamp");


--
-- Name: rd_assets_token_idx; Type: INDEX; Schema: public; Owner: oc_admin
--

CREATE UNIQUE INDEX rd_assets_token_idx ON public.oc_richdocuments_assets USING btree (token);


--
-- Name: rd_direct_timestamp_idx; Type: INDEX; Schema: public; Owner: oc_admin
--

CREATE INDEX rd_direct_timestamp_idx ON public.oc_richdocuments_direct USING btree ("timestamp");


--
-- Name: rd_direct_token_idx; Type: INDEX; Schema: public; Owner: oc_admin
--

CREATE UNIQUE INDEX rd_direct_token_idx ON public.oc_richdocuments_direct USING btree (token);


--
-- Name: rd_session_token_idx; Type: INDEX; Schema: public; Owner: oc_admin
--

CREATE INDEX rd_session_token_idx ON public.oc_text_sessions USING btree (token);


--
-- Name: rd_steps_did_idx; Type: INDEX; Schema: public; Owner: oc_admin
--

CREATE INDEX rd_steps_did_idx ON public.oc_text_steps USING btree (document_id);


--
-- Name: rd_steps_version_idx; Type: INDEX; Schema: public; Owner: oc_admin
--

CREATE INDEX rd_steps_version_idx ON public.oc_text_steps USING btree (version);


--
-- Name: rd_wopi_token_idx; Type: INDEX; Schema: public; Owner: oc_admin
--

CREATE UNIQUE INDEX rd_wopi_token_idx ON public.oc_richdocuments_wopi USING btree (token);


--
-- Name: recent_contact_actor_uid; Type: INDEX; Schema: public; Owner: oc_admin
--

CREATE INDEX recent_contact_actor_uid ON public.oc_recent_contact USING btree (actor_uid);


--
-- Name: recent_contact_email; Type: INDEX; Schema: public; Owner: oc_admin
--

CREATE INDEX recent_contact_email ON public.oc_recent_contact USING btree (email);


--
-- Name: recent_contact_fed_id; Type: INDEX; Schema: public; Owner: oc_admin
--

CREATE INDEX recent_contact_fed_id ON public.oc_recent_contact USING btree (federated_cloud_id);


--
-- Name: recent_contact_id_uid; Type: INDEX; Schema: public; Owner: oc_admin
--

CREATE INDEX recent_contact_id_uid ON public.oc_recent_contact USING btree (id, actor_uid);


--
-- Name: recent_contact_last_contact; Type: INDEX; Schema: public; Owner: oc_admin
--

CREATE INDEX recent_contact_last_contact ON public.oc_recent_contact USING btree (last_contact);


--
-- Name: recent_contact_uid; Type: INDEX; Schema: public; Owner: oc_admin
--

CREATE INDEX recent_contact_uid ON public.oc_recent_contact USING btree (uid);


--
-- Name: schedulobj_principuri_index; Type: INDEX; Schema: public; Owner: oc_admin
--

CREATE INDEX schedulobj_principuri_index ON public.oc_schedulingobjects USING btree (principaluri);


--
-- Name: sh_external_mp; Type: INDEX; Schema: public; Owner: oc_admin
--

CREATE UNIQUE INDEX sh_external_mp ON public.oc_share_external USING btree ("user", mountpoint_hash);


--
-- Name: sh_external_user; Type: INDEX; Schema: public; Owner: oc_admin
--

CREATE INDEX sh_external_user ON public.oc_share_external USING btree ("user");


--
-- Name: share_with_index; Type: INDEX; Schema: public; Owner: oc_admin
--

CREATE INDEX share_with_index ON public.oc_share USING btree (share_with);


--
-- Name: stocred_ui; Type: INDEX; Schema: public; Owner: oc_admin
--

CREATE UNIQUE INDEX stocred_ui ON public.oc_storages_credentials USING btree ("user", identifier);


--
-- Name: stocred_user; Type: INDEX; Schema: public; Owner: oc_admin
--

CREATE INDEX stocred_user ON public.oc_storages_credentials USING btree ("user");


--
-- Name: storages_id_index; Type: INDEX; Schema: public; Owner: oc_admin
--

CREATE UNIQUE INDEX storages_id_index ON public.oc_storages USING btree (id);


--
-- Name: ta_actor; Type: INDEX; Schema: public; Owner: oc_admin
--

CREATE INDEX ta_actor ON public.oc_talk_attendees USING btree (actor_type, actor_id);


--
-- Name: ta_ident; Type: INDEX; Schema: public; Owner: oc_admin
--

CREATE UNIQUE INDEX ta_ident ON public.oc_talk_attendees USING btree (room_id, actor_type, actor_id);


--
-- Name: ta_room; Type: INDEX; Schema: public; Owner: oc_admin
--

CREATE INDEX ta_room ON public.oc_talk_attendees USING btree (room_id);


--
-- Name: ta_roompin; Type: INDEX; Schema: public; Owner: oc_admin
--

CREATE INDEX ta_roompin ON public.oc_talk_attendees USING btree (room_id, pin);


--
-- Name: tag_ident; Type: INDEX; Schema: public; Owner: oc_admin
--

CREATE UNIQUE INDEX tag_ident ON public.oc_systemtag USING btree (name, visibility, editable);


--
-- Name: tbr_room_id; Type: INDEX; Schema: public; Owner: oc_admin
--

CREATE UNIQUE INDEX tbr_room_id ON public.oc_talk_bridges USING btree (room_id);


--
-- Name: tgn_session_hash; Type: INDEX; Schema: public; Owner: oc_admin
--

CREATE UNIQUE INDEX tgn_session_hash ON public.oc_talk_guestnames USING btree (session_hash);


--
-- Name: timestamp; Type: INDEX; Schema: public; Owner: oc_admin
--

CREATE INDEX "timestamp" ON public.oc_login_flow_v2 USING btree ("timestamp");


--
-- Name: timestamp_index; Type: INDEX; Schema: public; Owner: oc_admin
--

CREATE INDEX timestamp_index ON public.oc_files_trash USING btree ("timestamp");


--
-- Name: tis_recipient_time; Type: INDEX; Schema: public; Owner: oc_admin
--

CREATE INDEX tis_recipient_time ON public.oc_talk_internalsignaling USING btree (recipient, "timestamp");


--
-- Name: token_index; Type: INDEX; Schema: public; Owner: oc_admin
--

CREATE INDEX token_index ON public.oc_share USING btree (token);


--
-- Name: tr_listable; Type: INDEX; Schema: public; Owner: oc_admin
--

CREATE INDEX tr_listable ON public.oc_talk_rooms USING btree (listable);


--
-- Name: tr_room_token; Type: INDEX; Schema: public; Owner: oc_admin
--

CREATE UNIQUE INDEX tr_room_token ON public.oc_talk_rooms USING btree (token);


--
-- Name: ts_attendee; Type: INDEX; Schema: public; Owner: oc_admin
--

CREATE UNIQUE INDEX ts_attendee ON public.oc_talk_sessions USING btree (attendee_id);


--
-- Name: ts_docid_lastcontact; Type: INDEX; Schema: public; Owner: oc_admin
--

CREATE INDEX ts_docid_lastcontact ON public.oc_text_sessions USING btree (document_id, last_contact);


--
-- Name: ts_in_call; Type: INDEX; Schema: public; Owner: oc_admin
--

CREATE INDEX ts_in_call ON public.oc_talk_sessions USING btree (in_call);


--
-- Name: ts_last_ping; Type: INDEX; Schema: public; Owner: oc_admin
--

CREATE INDEX ts_last_ping ON public.oc_talk_sessions USING btree (last_ping);


--
-- Name: ts_session; Type: INDEX; Schema: public; Owner: oc_admin
--

CREATE UNIQUE INDEX ts_session ON public.oc_talk_sessions USING btree (session_id);


--
-- Name: twofactor_backupcodes_uid; Type: INDEX; Schema: public; Owner: oc_admin
--

CREATE INDEX twofactor_backupcodes_uid ON public.oc_twofactor_backupcodes USING btree (user_id);


--
-- Name: twofactor_providers_uid; Type: INDEX; Schema: public; Owner: oc_admin
--

CREATE INDEX twofactor_providers_uid ON public.oc_twofactor_providers USING btree (uid);


--
-- Name: type_index; Type: INDEX; Schema: public; Owner: oc_admin
--

CREATE INDEX type_index ON public.oc_vcategory USING btree (type);


--
-- Name: uid_index; Type: INDEX; Schema: public; Owner: oc_admin
--

CREATE INDEX uid_index ON public.oc_vcategory USING btree (uid);


--
-- Name: uniq_22debd839b6b5fba5e237e06; Type: INDEX; Schema: public; Owner: oc_admin
--

CREATE UNIQUE INDEX uniq_22debd839b6b5fba5e237e06 ON public.oc_mail_mailboxes USING btree (account_id, name);


--
-- Name: url_hash; Type: INDEX; Schema: public; Owner: oc_admin
--

CREATE UNIQUE INDEX url_hash ON public.oc_trusted_servers USING btree (url_hash);


--
-- Name: user_index; Type: INDEX; Schema: public; Owner: oc_admin
--

CREATE INDEX user_index ON public.oc_files_trash USING btree ("user");


--
-- Name: user_status_clr_ix; Type: INDEX; Schema: public; Owner: oc_admin
--

CREATE INDEX user_status_clr_ix ON public.oc_user_status USING btree (clear_at);


--
-- Name: user_status_iud_ix; Type: INDEX; Schema: public; Owner: oc_admin
--

CREATE INDEX user_status_iud_ix ON public.oc_user_status USING btree (is_user_defined, status);


--
-- Name: user_status_tstmp_ix; Type: INDEX; Schema: public; Owner: oc_admin
--

CREATE INDEX user_status_tstmp_ix ON public.oc_user_status USING btree (status_timestamp);


--
-- Name: user_status_uid_ix; Type: INDEX; Schema: public; Owner: oc_admin
--

CREATE UNIQUE INDEX user_status_uid_ix ON public.oc_user_status USING btree (user_id);


--
-- Name: user_uid_lower; Type: INDEX; Schema: public; Owner: oc_admin
--

CREATE INDEX user_uid_lower ON public.oc_users USING btree (uid_lower);


--
-- Name: vcategory_objectd_index; Type: INDEX; Schema: public; Owner: oc_admin
--

CREATE INDEX vcategory_objectd_index ON public.oc_vcategory_to_object USING btree (objid, type);


--
-- Name: version; Type: INDEX; Schema: public; Owner: oc_admin
--

CREATE UNIQUE INDEX version ON public.oc_whats_new USING btree (version);


--
-- Name: version_etag_idx; Type: INDEX; Schema: public; Owner: oc_admin
--

CREATE INDEX version_etag_idx ON public.oc_whats_new USING btree (version, etag);


--
-- Name: webauthn_publickeycredentialid; Type: INDEX; Schema: public; Owner: oc_admin
--

CREATE INDEX webauthn_publickeycredentialid ON public.oc_webauthn USING btree (public_key_credential_id);


--
-- Name: webauthn_uid; Type: INDEX; Schema: public; Owner: oc_admin
--

CREATE INDEX webauthn_uid ON public.oc_webauthn USING btree (uid);


--
--

